Jul 21 15:55:54 user devstack@c-api.service[71052]: INFO cinder.api.openstack.wsgi [None req-95a1dc91-2985-4324-a5ea-368e059f0911 tempest-VolumeTypesAccessTest-1371719573 tempest-VolumeTypesAccessTest-1371719573-project-admin] POST http://10.0.0.210/volume/v3/7101b350dce2474e808a25955178671a/types/07fa8d13-0cc1-4fba-8523-e9ef09e586dc/action
Jul 21 15:55:54 user devstack@c-api.service[71052]: DEBUG cinder.api.openstack.wsgi [None req-95a1dc91-2985-4324-a5ea-368e059f0911 tempest-VolumeTypesAccessTest-1371719573 tempest-VolumeTypesAccessTest-1371719573-project-admin] Action body: b'{"removeProjectAccess": {"project": "f238dc17230f49a5844b49bab43c3b92"}}' {{(pid=71052) get_method /opt/stack/cinder/cinder/api/openstack/wsgi.py:983}}
Jul 21 15:55:54 user devstack@c-api.service[71052]: DEBUG cinder.api.openstack.wsgi [None req-95a1dc91-2985-4324-a5ea-368e059f0911 tempest-VolumeTypesAccessTest-1371719573 tempest-VolumeTypesAccessTest-1371719573-project-admin] Action: 'action', calling method: _removeProjectAccess, body: {"removeProjectAccess": {"project": "f238dc17230f49a5844b49bab43c3b92"}} {{(pid=71052) _process_stack /opt/stack/cinder/cinder/api/openstack/wsgi.py:866}}
Jul 21 15:55:54 user devstack@c-api.service[71052]: INFO cinder.api.openstack.wsgi [None req-95a1dc91-2985-4324-a5ea-368e059f0911 tempest-VolumeTypesAccessTest-1371719573 tempest-VolumeTypesAccessTest-1371719573-project-admin] http://10.0.0.210/volume/v3/7101b350dce2474e808a25955178671a/types/07fa8d13-0cc1-4fba-8523-e9ef09e586dc/action returned with HTTP 202
Jul 21 15:55:54 user devstack@c-api.service[71052]: [pid: 71052|app: 0|req: 42/153] 10.0.0.210 () {64 vars in 1438 bytes} [Fri Jul 21 15:55:54 2023] POST /volume/v3/7101b350dce2474e808a25955178671a/types/07fa8d13-0cc1-4fba-8523-e9ef09e586dc/action => generated 0 bytes in 29 msecs (HTTP/1.1 202) 6 headers in 233 bytes (1 switches on core 0)
Jul 21 15:55:54 user devstack@c-api.service[71054]: DEBUG cinder.api.middleware.request_id [None req-20781384-6004-4709-90ae-9e5ac3c514e2 None None] RequestId filter calling following filter/app {{(pid=71054) _context_setter /opt/stack/cinder/cinder/api/middleware/request_id.py:62}}
Jul 21 15:55:54 user devstack@c-api.service[71054]: INFO cinder.api.openstack.wsgi [None req-20781384-6004-4709-90ae-9e5ac3c514e2 tempest-VolumeTypesAccessTest-1371719573 tempest-VolumeTypesAccessTest-1371719573-project-admin] DELETE http://10.0.0.210/volume/v3/7101b350dce2474e808a25955178671a/types/07fa8d13-0cc1-4fba-8523-e9ef09e586dc
Jul 21 15:55:54 user devstack@c-api.service[71054]: DEBUG cinder.api.openstack.wsgi [None req-20781384-6004-4709-90ae-9e5ac3c514e2 tempest-VolumeTypesAccessTest-1371719573 tempest-VolumeTypesAccessTest-1371719573-project-admin] Empty body provided in request {{(pid=71054) get_body /opt/stack/cinder/cinder/api/openstack/wsgi.py:715}}
Jul 21 15:55:54 user devstack@c-api.service[71054]: DEBUG cinder.api.openstack.wsgi [None req-20781384-6004-4709-90ae-9e5ac3c514e2 tempest-VolumeTypesAccessTest-1371719573 tempest-VolumeTypesAccessTest-1371719573-project-admin] Calling method '_delete' {{(pid=71054) _process_stack /opt/stack/cinder/cinder/api/openstack/wsgi.py:868}}
Jul 21 15:55:54 user devstack@c-api.service[71053]: DEBUG cinder.volume.api [None req-034d57e3-6053-4a12-85b0-95d90c7b8e16 tempest-GroupsTest-1101759647 tempest-GroupsTest-1101759647-project-member] Availability zone cache updated, next update will occur around 2023-07-21 16:55:54.053120. {{(pid=71053) list_availability_zones /opt/stack/cinder/cinder/volume/api.py:155}}
Jul 21 15:55:54 user devstack@c-api.service[71053]: INFO cinder.volume.api [None req-034d57e3-6053-4a12-85b0-95d90c7b8e16 tempest-GroupsTest-1101759647 tempest-GroupsTest-1101759647-project-member] Availability Zones retrieved successfully.
Jul 21 15:55:54 user devstack@c-api.service[71053]: DEBUG cinder.quota [None req-034d57e3-6053-4a12-85b0-95d90c7b8e16 tempest-GroupsTest-1101759647 tempest-GroupsTest-1101759647-project-member] Created reservations ['4b8f246c-2623-456f-9242-31e6ed3b55f9'] {{(pid=71053) reserve /opt/stack/cinder/cinder/quota.py:755}}
Jul 21 15:55:54 user devstack@c-api.service[71054]: DEBUG dbcounter [-] [71054] Writing DB stats cinder:INSERT=5,cinder:SELECT=65,cinder:UPDATE=30 {{(pid=71054) stat_writer /usr/local/lib/python3.10/dist-packages/dbcounter.py:117}}
Jul 21 15:55:54 user devstack@c-api.service[71054]: INFO cinder.api.openstack.wsgi [None req-20781384-6004-4709-90ae-9e5ac3c514e2 tempest-VolumeTypesAccessTest-1371719573 tempest-VolumeTypesAccessTest-1371719573-project-admin] http://10.0.0.210/volume/v3/7101b350dce2474e808a25955178671a/types/07fa8d13-0cc1-4fba-8523-e9ef09e586dc returned with HTTP 202
Jul 21 15:55:54 user devstack@c-api.service[71054]: [pid: 71054|app: 0|req: 52/154] 10.0.0.210 () {62 vars in 1399 bytes} [Fri Jul 21 15:55:54 2023] DELETE /volume/v3/7101b350dce2474e808a25955178671a/types/07fa8d13-0cc1-4fba-8523-e9ef09e586dc => generated 0 bytes in 80 msecs (HTTP/1.1 202) 6 headers in 233 bytes (1 switches on core 0)
Jul 21 15:55:54 user devstack@c-api.service[71052]: DEBUG cinder.api.middleware.request_id [None req-e868325a-1f61-4aa9-af3e-f34c1d5f0f21 None None] RequestId filter calling following filter/app {{(pid=71052) _context_setter /opt/stack/cinder/cinder/api/middleware/request_id.py:62}}
Jul 21 15:55:54 user devstack@c-api.service[71052]: INFO cinder.api.openstack.wsgi [None req-e868325a-1f61-4aa9-af3e-f34c1d5f0f21 tempest-VolumeTypesAccessTest-1371719573 tempest-VolumeTypesAccessTest-1371719573-project-admin] GET http://10.0.0.210/volume/v3/7101b350dce2474e808a25955178671a/types/07fa8d13-0cc1-4fba-8523-e9ef09e586dc
Jul 21 15:55:54 user devstack@c-api.service[71052]: DEBUG cinder.api.openstack.wsgi [None req-e868325a-1f61-4aa9-af3e-f34c1d5f0f21 tempest-VolumeTypesAccessTest-1371719573 tempest-VolumeTypesAccessTest-1371719573-project-admin] Empty body provided in request {{(pid=71052) get_body /opt/stack/cinder/cinder/api/openstack/wsgi.py:715}}
Jul 21 15:55:54 user devstack@c-api.service[71052]: DEBUG cinder.api.openstack.wsgi [None req-e868325a-1f61-4aa9-af3e-f34c1d5f0f21 tempest-VolumeTypesAccessTest-1371719573 tempest-VolumeTypesAccessTest-1371719573-project-admin] Calling method 'show' {{(pid=71052) _process_stack /opt/stack/cinder/cinder/api/openstack/wsgi.py:868}}
Jul 21 15:55:54 user devstack@c-api.service[71052]: INFO cinder.api.openstack.wsgi [None req-e868325a-1f61-4aa9-af3e-f34c1d5f0f21 tempest-VolumeTypesAccessTest-1371719573 tempest-VolumeTypesAccessTest-1371719573-project-admin] http://10.0.0.210/volume/v3/7101b350dce2474e808a25955178671a/types/07fa8d13-0cc1-4fba-8523-e9ef09e586dc returned with HTTP 404
Jul 21 15:55:54 user devstack@c-api.service[71053]: INFO cinder.api.openstack.wsgi [None req-034d57e3-6053-4a12-85b0-95d90c7b8e16 tempest-GroupsTest-1101759647 tempest-GroupsTest-1101759647-project-member] http://10.0.0.210/volume/v3/1f9ecaf411644c3490e766d833cac4f5/groups returned with HTTP 202
Jul 21 15:55:54 user devstack@c-api.service[71052]: [pid: 71052|app: 0|req: 43/155] 10.0.0.210 () {62 vars in 1396 bytes} [Fri Jul 21 15:55:54 2023] GET /volume/v3/7101b350dce2474e808a25955178671a/types/07fa8d13-0cc1-4fba-8523-e9ef09e586dc => generated 114 bytes in 23 msecs (HTTP/1.1 404) 7 headers in 292 bytes (1 switches on core 0)
Jul 21 15:55:54 user devstack@c-api.service[71053]: [pid: 71053|app: 0|req: 61/156] 10.0.0.210 () {66 vars in 1351 bytes} [Fri Jul 21 15:55:53 2023] POST /volume/v3/1f9ecaf411644c3490e766d833cac4f5/groups => generated 104 bytes in 154 msecs (HTTP/1.1 202) 7 headers in 292 bytes (1 switches on core 0)
Jul 21 15:55:54 user devstack@c-api.service[71054]: DEBUG cinder.api.middleware.request_id [None req-8c761bac-655a-4d95-be36-45d558941e3f None None] RequestId filter calling following filter/app {{(pid=71054) _context_setter /opt/stack/cinder/cinder/api/middleware/request_id.py:62}}
Jul 21 15:55:54 user devstack@c-api.service[71054]: INFO cinder.api.openstack.wsgi [None req-8c761bac-655a-4d95-be36-45d558941e3f tempest-GroupsTest-1101759647 tempest-GroupsTest-1101759647-project-member] GET http://10.0.0.210/volume/v3/1f9ecaf411644c3490e766d833cac4f5/groups/f8c0b264-658a-42c3-9328-182825d6ab52
Jul 21 15:55:54 user devstack@c-api.service[71054]: DEBUG cinder.api.openstack.wsgi [None req-8c761bac-655a-4d95-be36-45d558941e3f tempest-GroupsTest-1101759647 tempest-GroupsTest-1101759647-project-member] Empty body provided in request {{(pid=71054) get_body /opt/stack/cinder/cinder/api/openstack/wsgi.py:715}}
Jul 21 15:55:54 user devstack@c-api.service[71054]: DEBUG cinder.api.openstack.wsgi [None req-8c761bac-655a-4d95-be36-45d558941e3f tempest-GroupsTest-1101759647 tempest-GroupsTest-1101759647-project-member] Calling method 'version_select' {{(pid=71054) _process_stack /opt/stack/cinder/cinder/api/openstack/wsgi.py:868}}
Jul 21 15:55:54 user devstack@c-api.service[71054]: DEBUG cinder.api.v3.groups [None req-8c761bac-655a-4d95-be36-45d558941e3f tempest-GroupsTest-1101759647 tempest-GroupsTest-1101759647-project-member] show called for member f8c0b264-658a-42c3-9328-182825d6ab52 {{(pid=71054) show /opt/stack/cinder/cinder/api/v3/groups.py:58}}
Jul 21 15:55:54 user devstack@c-api.service[71054]: /usr/local/lib/python3.10/dist-packages/oslo_context/context.py:100: DeprecationWarning: Policy enforcement is depending on the value of is_admin. This key is deprecated. Please update your policy file to use the standard policy values.
Jul 21 15:55:54 user devstack@c-api.service[71054]: warnings.warn('Policy enforcement is depending on the value of '
Jul 21 15:55:54 user devstack@c-api.service[71054]: INFO cinder.api.openstack.wsgi [None req-8c761bac-655a-4d95-be36-45d558941e3f tempest-GroupsTest-1101759647 tempest-GroupsTest-1101759647-project-member] http://10.0.0.210/volume/v3/1f9ecaf411644c3490e766d833cac4f5/groups/f8c0b264-658a-42c3-9328-182825d6ab52 returned with HTTP 200
Jul 21 15:55:54 user devstack@c-api.service[71054]: [pid: 71054|app: 0|req: 53/157] 10.0.0.210 () {64 vars in 1440 bytes} [Fri Jul 21 15:55:54 2023] GET /volume/v3/1f9ecaf411644c3490e766d833cac4f5/groups/f8c0b264-658a-42c3-9328-182825d6ab52 => generated 332 bytes in 38 msecs (HTTP/1.1 200) 7 headers in 286 bytes (1 switches on core 0)
Jul 21 15:55:54 user devstack@c-api.service[71052]: DEBUG cinder.api.middleware.request_id [None req-cc110b5d-f9f6-4d15-9919-9baa52acbb85 None None] RequestId filter calling following filter/app {{(pid=71052) _context_setter /opt/stack/cinder/cinder/api/middleware/request_id.py:62}}
Jul 21 15:55:54 user devstack@c-api.service[71052]: INFO cinder.api.openstack.wsgi [None req-cc110b5d-f9f6-4d15-9919-9baa52acbb85 tempest-VolumesTransfersV355Test-1140244430 tempest-VolumesTransfersV355Test-1140244430-project-admin] GET http://10.0.0.210/volume/v3/360c75a434d94340a9b640d7648a724a/volumes/db07890a-e846-4568-92c2-4ec46449420e
Jul 21 15:55:54 user devstack@c-api.service[71052]: DEBUG cinder.api.openstack.wsgi [None req-cc110b5d-f9f6-4d15-9919-9baa52acbb85 tempest-VolumesTransfersV355Test-1140244430 tempest-VolumesTransfersV355Test-1140244430-project-admin] Empty body provided in request {{(pid=71052) get_body /opt/stack/cinder/cinder/api/openstack/wsgi.py:715}}
Jul 21 15:55:54 user devstack@c-api.service[71052]: DEBUG cinder.api.openstack.wsgi [None req-cc110b5d-f9f6-4d15-9919-9baa52acbb85 tempest-VolumesTransfersV355Test-1140244430 tempest-VolumesTransfersV355Test-1140244430-project-admin] Calling method 'show' {{(pid=71052) _process_stack /opt/stack/cinder/cinder/api/openstack/wsgi.py:868}}
Jul 21 15:55:54 user devstack@c-api.service[71052]: /usr/local/lib/python3.10/dist-packages/oslo_context/context.py:100: DeprecationWarning: Policy enforcement is depending on the value of is_admin. This key is deprecated. Please update your policy file to use the standard policy values.
Jul 21 15:55:54 user devstack@c-api.service[71052]: warnings.warn('Policy enforcement is depending on the value of '
Jul 21 15:55:54 user devstack@c-api.service[71052]: INFO cinder.volume.api [None req-cc110b5d-f9f6-4d15-9919-9baa52acbb85 tempest-VolumesTransfersV355Test-1140244430 tempest-VolumesTransfersV355Test-1140244430-project-admin] Volume info retrieved successfully.
Jul 21 15:55:54 user devstack@c-api.service[71052]: INFO cinder.api.openstack.wsgi [None req-cc110b5d-f9f6-4d15-9919-9baa52acbb85 tempest-VolumesTransfersV355Test-1140244430 tempest-VolumesTransfersV355Test-1140244430-project-admin] http://10.0.0.210/volume/v3/360c75a434d94340a9b640d7648a724a/volumes/db07890a-e846-4568-92c2-4ec46449420e returned with HTTP 200
Jul 21 15:55:54 user devstack@c-api.service[71052]: [pid: 71052|app: 0|req: 44/158] 10.0.0.210 () {64 vars in 1443 bytes} [Fri Jul 21 15:55:54 2023] GET /volume/v3/360c75a434d94340a9b640d7648a724a/volumes/db07890a-e846-4568-92c2-4ec46449420e => generated 1196 bytes in 85 msecs (HTTP/1.1 200) 7 headers in 287 bytes (2 switches on core 0)
Jul 21 15:55:55 user devstack@c-api.service[71053]: DEBUG cinder.api.middleware.request_id [None req-a9bc9f04-cb55-42f6-8e63-842a6b617885 None None] RequestId filter calling following filter/app {{(pid=71053) _context_setter /opt/stack/cinder/cinder/api/middleware/request_id.py:62}}
Jul 21 15:55:55 user devstack@c-api.service[71053]: INFO cinder.api.openstack.wsgi [None req-a9bc9f04-cb55-42f6-8e63-842a6b617885 tempest-GroupsV314Test-2079105165 tempest-GroupsV314Test-2079105165-project-member] GET http://10.0.0.210/volume/v3/ca7b0e29842943dabd97d54830ecb2c2/volumes/82b09934-1846-4359-925f-1ff1122468b4
Jul 21 15:55:55 user devstack@c-api.service[71053]: DEBUG cinder.api.openstack.wsgi [None req-a9bc9f04-cb55-42f6-8e63-842a6b617885 tempest-GroupsV314Test-2079105165 tempest-GroupsV314Test-2079105165-project-member] Empty body provided in request {{(pid=71053) get_body /opt/stack/cinder/cinder/api/openstack/wsgi.py:715}}
Jul 21 15:55:55 user devstack@c-api.service[71053]: DEBUG cinder.api.openstack.wsgi [None req-a9bc9f04-cb55-42f6-8e63-842a6b617885 tempest-GroupsV314Test-2079105165 tempest-GroupsV314Test-2079105165-project-member] Calling method 'show' {{(pid=71053) _process_stack /opt/stack/cinder/cinder/api/openstack/wsgi.py:868}}
Jul 21 15:55:55 user devstack@c-api.service[71053]: /usr/local/lib/python3.10/dist-packages/oslo_context/context.py:100: DeprecationWarning: Policy enforcement is depending on the value of is_admin. This key is deprecated. Please update your policy file to use the standard policy values.
Jul 21 15:55:55 user devstack@c-api.service[71053]: warnings.warn('Policy enforcement is depending on the value of '
Jul 21 15:55:55 user devstack@c-api.service[71053]: INFO cinder.volume.api [None req-a9bc9f04-cb55-42f6-8e63-842a6b617885 tempest-GroupsV314Test-2079105165 tempest-GroupsV314Test-2079105165-project-member] Volume info retrieved successfully.
Jul 21 15:55:55 user devstack@c-api.service[71053]: WARNING stevedore.named [None req-a9bc9f04-cb55-42f6-8e63-842a6b617885 tempest-GroupsV314Test-2079105165 tempest-GroupsV314Test-2079105165-project-member] Could not load cinder.keymgr.conf_key_mgr.ConfKeyManager
Jul 21 15:55:55 user devstack@c-api.service[71053]: WARNING castellan.key_manager [None req-a9bc9f04-cb55-42f6-8e63-842a6b617885 tempest-GroupsV314Test-2079105165 tempest-GroupsV314Test-2079105165-project-member] Deprecation Warning : cinder.keymgr.conf_key_mgr.ConfKeyManager is not a stevedore based driver, trying to load it as a class: stevedore.exception.NoMatches: No 'castellan.drivers' driver found, looking for 'cinder.keymgr.conf_key_mgr.ConfKeyManager'
Jul 21 15:55:55 user devstack@c-api.service[71053]: DEBUG oslo_db.sqlalchemy.engines [None req-a9bc9f04-cb55-42f6-8e63-842a6b617885 tempest-GroupsV314Test-2079105165 tempest-GroupsV314Test-2079105165-project-member] MySQL server mode set to STRICT_TRANS_TABLES,STRICT_ALL_TABLES,NO_ZERO_IN_DATE,NO_ZERO_DATE,ERROR_FOR_DIVISION_BY_ZERO,TRADITIONAL,NO_ENGINE_SUBSTITUTION {{(pid=71053) _check_effective_sql_mode /usr/local/lib/python3.10/dist-packages/oslo_db/sqlalchemy/engines.py:335}}
Jul 21 15:55:55 user devstack@c-api.service[71053]: /usr/local/lib/python3.10/dist-packages/oslo_context/context.py:100: DeprecationWarning: Policy enforcement is depending on the value of is_admin. This key is deprecated. Please update your policy file to use the standard policy values.
Jul 21 15:55:55 user devstack@c-api.service[71053]: warnings.warn('Policy enforcement is depending on the value of '
Jul 21 15:55:55 user devstack@c-api.service[71053]: INFO cinder.api.openstack.wsgi [None req-a9bc9f04-cb55-42f6-8e63-842a6b617885 tempest-GroupsV314Test-2079105165 tempest-GroupsV314Test-2079105165-project-member] http://10.0.0.210/volume/v3/ca7b0e29842943dabd97d54830ecb2c2/volumes/82b09934-1846-4359-925f-1ff1122468b4 returned with HTTP 200
Jul 21 15:55:55 user devstack@c-api.service[71053]: [pid: 71053|app: 0|req: 62/159] 10.0.0.210 () {64 vars in 1443 bytes} [Fri Jul 21 15:55:55 2023] GET /volume/v3/ca7b0e29842943dabd97d54830ecb2c2/volumes/82b09934-1846-4359-925f-1ff1122468b4 => generated 974 bytes in 67 msecs (HTTP/1.1 200) 7 headers in 286 bytes (1 switches on core 0)
Jul 21 15:55:55 user devstack@c-api.service[71054]: DEBUG cinder.api.middleware.request_id [None req-dbc26b3e-8c50-4f15-bb99-8f5c0711dc9b None None] RequestId filter calling following filter/app {{(pid=71054) _context_setter /opt/stack/cinder/cinder/api/middleware/request_id.py:62}}
Jul 21 15:55:55 user devstack@c-api.service[71054]: INFO cinder.api.openstack.wsgi [None req-dbc26b3e-8c50-4f15-bb99-8f5c0711dc9b tempest-GroupsTest-1101759647 tempest-GroupsTest-1101759647-project-member] GET http://10.0.0.210/volume/v3/1f9ecaf411644c3490e766d833cac4f5/groups/f8c0b264-658a-42c3-9328-182825d6ab52
Jul 21 15:55:55 user devstack@c-api.service[71054]: DEBUG cinder.api.openstack.wsgi [None req-dbc26b3e-8c50-4f15-bb99-8f5c0711dc9b tempest-GroupsTest-1101759647 tempest-GroupsTest-1101759647-project-member] Empty body provided in request {{(pid=71054) get_body /opt/stack/cinder/cinder/api/openstack/wsgi.py:715}}
Jul 21 15:55:55 user devstack@c-api.service[71054]: DEBUG cinder.api.openstack.wsgi [None req-dbc26b3e-8c50-4f15-bb99-8f5c0711dc9b tempest-GroupsTest-1101759647 tempest-GroupsTest-1101759647-project-member] Calling method 'version_select' {{(pid=71054) _process_stack /opt/stack/cinder/cinder/api/openstack/wsgi.py:868}}
Jul 21 15:55:55 user devstack@c-api.service[71054]: DEBUG cinder.api.v3.groups [None req-dbc26b3e-8c50-4f15-bb99-8f5c0711dc9b tempest-GroupsTest-1101759647 tempest-GroupsTest-1101759647-project-member] show called for member f8c0b264-658a-42c3-9328-182825d6ab52 {{(pid=71054) show /opt/stack/cinder/cinder/api/v3/groups.py:58}}
Jul 21 15:55:55 user devstack@c-api.service[71054]: /usr/local/lib/python3.10/dist-packages/oslo_context/context.py:100: DeprecationWarning: Policy enforcement is depending on the value of is_admin. This key is deprecated. Please update your policy file to use the standard policy values.
Jul 21 15:55:55 user devstack@c-api.service[71054]: warnings.warn('Policy enforcement is depending on the value of '
Jul 21 15:55:55 user devstack@c-api.service[71054]: INFO cinder.api.openstack.wsgi [None req-dbc26b3e-8c50-4f15-bb99-8f5c0711dc9b tempest-GroupsTest-1101759647 tempest-GroupsTest-1101759647-project-member] http://10.0.0.210/volume/v3/1f9ecaf411644c3490e766d833cac4f5/groups/f8c0b264-658a-42c3-9328-182825d6ab52 returned with HTTP 200
Jul 21 15:55:55 user devstack@c-api.service[71054]: [pid: 71054|app: 0|req: 54/160] 10.0.0.210 () {64 vars in 1440 bytes} [Fri Jul 21 15:55:55 2023] GET /volume/v3/1f9ecaf411644c3490e766d833cac4f5/groups/f8c0b264-658a-42c3-9328-182825d6ab52 => generated 333 bytes in 30 msecs (HTTP/1.1 200) 7 headers in 286 bytes (1 switches on core 0)
Jul 21 15:55:55 user devstack@c-api.service[71052]: DEBUG cinder.api.middleware.request_id [None req-d00bdd02-ace9-45d6-8072-833670b420b1 None None] RequestId filter calling following filter/app {{(pid=71052) _context_setter /opt/stack/cinder/cinder/api/middleware/request_id.py:62}}
Jul 21 15:55:55 user devstack@c-api.service[71052]: INFO cinder.api.openstack.wsgi [None req-d00bdd02-ace9-45d6-8072-833670b420b1 tempest-GroupsTest-1101759647 tempest-GroupsTest-1101759647-project-member] POST http://10.0.0.210/volume/v3/1f9ecaf411644c3490e766d833cac4f5/volumes
Jul 21 15:55:55 user devstack@c-api.service[71052]: DEBUG cinder.api.openstack.wsgi [None req-d00bdd02-ace9-45d6-8072-833670b420b1 tempest-GroupsTest-1101759647 tempest-GroupsTest-1101759647-project-member] Action: 'create', calling method: create, body: {"volume": {"name": "tempest-volume-1521309392", "volume_type": "8da8fc43-1edc-4b0e-9ff2-18c92d53cec9", "group_id": "f8c0b264-658a-42c3-9328-182825d6ab52", "size": 1}} {{(pid=71052) _process_stack /opt/stack/cinder/cinder/api/openstack/wsgi.py:866}}
Jul 21 15:55:55 user devstack@c-api.service[71052]: DEBUG cinder.api.v3.volumes [None req-d00bdd02-ace9-45d6-8072-833670b420b1 tempest-GroupsTest-1101759647 tempest-GroupsTest-1101759647-project-member] Create volume request body: {'volume': {'name': 'tempest-volume-1521309392', 'volume_type': '8da8fc43-1edc-4b0e-9ff2-18c92d53cec9', 'group_id': 'f8c0b264-658a-42c3-9328-182825d6ab52', 'size': 1}} {{(pid=71052) create /opt/stack/cinder/cinder/api/v3/volumes.py:297}}
Jul 21 15:55:55 user devstack@c-api.service[71052]: /usr/local/lib/python3.10/dist-packages/oslo_context/context.py:100: DeprecationWarning: Policy enforcement is depending on the value of is_admin. This key is deprecated. Please update your policy file to use the standard policy values.
Jul 21 15:55:55 user devstack@c-api.service[71052]: warnings.warn('Policy enforcement is depending on the value of '
Jul 21 15:55:55 user devstack@c-api.service[71052]: INFO cinder.api.v3.volumes [None req-d00bdd02-ace9-45d6-8072-833670b420b1 tempest-GroupsTest-1101759647 tempest-GroupsTest-1101759647-project-member] Create volume of 1 GB
Jul 21 15:55:55 user devstack@c-api.service[71052]: INFO cinder.volume.api [None req-d00bdd02-ace9-45d6-8072-833670b420b1 tempest-GroupsTest-1101759647 tempest-GroupsTest-1101759647-project-member] Availability Zones retrieved successfully.
Jul 21 15:55:55 user devstack@c-api.service[71052]: DEBUG cinder.volume.api [None req-d00bdd02-ace9-45d6-8072-833670b420b1 tempest-GroupsTest-1101759647 tempest-GroupsTest-1101759647-project-member] Flow 'volume_create_api' (4c11b135-18ba-4a64-ab09-6c19ee299923) transitioned into state 'RUNNING' from state 'PENDING' {{(pid=71052) _flow_receiver /usr/local/lib/python3.10/dist-packages/taskflow/listeners/logging.py:141}}
Jul 21 15:55:55 user devstack@c-api.service[71052]: DEBUG cinder.volume.api [None req-d00bdd02-ace9-45d6-8072-833670b420b1 tempest-GroupsTest-1101759647 tempest-GroupsTest-1101759647-project-member] Task 'cinder.volume.flows.api.create_volume.ExtractVolumeRequestTask;volume:create' (e237f6c9-dc24-44a3-9cb9-265e45c85d90) transitioned into state 'RUNNING' from state 'PENDING' {{(pid=71052) _task_receiver /usr/local/lib/python3.10/dist-packages/taskflow/listeners/logging.py:190}}
Jul 21 15:55:55 user devstack@c-api.service[71052]: /usr/local/lib/python3.10/dist-packages/oslo_context/context.py:100: DeprecationWarning: Policy enforcement is depending on the value of is_admin. This key is deprecated. Please update your policy file to use the standard policy values.
Jul 21 15:55:55 user devstack@c-api.service[71052]: warnings.warn('Policy enforcement is depending on the value of '
Jul 21 15:55:55 user devstack@c-api.service[71052]: DEBUG cinder.volume.flows.api.create_volume [None req-d00bdd02-ace9-45d6-8072-833670b420b1 tempest-GroupsTest-1101759647 tempest-GroupsTest-1101759647-project-member] Validating volume size '1' using validate_int {{(pid=71052) _extract_size /opt/stack/cinder/cinder/volume/flows/api/create_volume.py:228}}
Jul 21 15:55:55 user devstack@c-api.service[71052]: DEBUG cinder.volume.api [None req-d00bdd02-ace9-45d6-8072-833670b420b1 tempest-GroupsTest-1101759647 tempest-GroupsTest-1101759647-project-member] Task 'cinder.volume.flows.api.create_volume.ExtractVolumeRequestTask;volume:create' (e237f6c9-dc24-44a3-9cb9-265e45c85d90) transitioned into state 'SUCCESS' from state 'RUNNING' with result '{'size': 1, 'snapshot_id': None, 'source_volid': None, 'volume_type': VolumeType(created_at=2023-07-21T15:55:54Z,deleted=False,deleted_at=None,description=None,extra_specs={},id=8da8fc43-1edc-4b0e-9ff2-18c92d53cec9,is_public=True,name='tempest-GroupsTest-volume-type-637220831',projects=[],qos_specs=,qos_specs_id=None,updated_at=None), 'volume_type_id': '8da8fc43-1edc-4b0e-9ff2-18c92d53cec9', 'encryption_key_id': None, 'qos_specs': None, 'consistencygroup_id': None, 'cgsnapshot_id': None, 'group_id': 'f8c0b264-658a-42c3-9328-182825d6ab52', 'replication_status': 'disabled', 'refresh_az': False, 'backup_id': None, 'multiattach': False, 'availability_zones': ['nova']}' {{(pid=71052) _task_receiver /usr/local/lib/python3.10/dist-packages/taskflow/listeners/logging.py:178}}
Jul 21 15:55:55 user devstack@c-api.service[71052]: DEBUG cinder.volume.api [None req-d00bdd02-ace9-45d6-8072-833670b420b1 tempest-GroupsTest-1101759647 tempest-GroupsTest-1101759647-project-member] Task 'cinder.volume.flows.api.create_volume.QuotaReserveTask;volume:create' (440093c3-9ce7-4527-9a11-f04b675dabe7) transitioned into state 'RUNNING' from state 'PENDING' {{(pid=71052) _task_receiver /usr/local/lib/python3.10/dist-packages/taskflow/listeners/logging.py:190}}
Jul 21 15:55:55 user devstack@c-api.service[71052]: WARNING cinder.quota [None req-d00bdd02-ace9-45d6-8072-833670b420b1 tempest-GroupsTest-1101759647 tempest-GroupsTest-1101759647-project-member] Deprecated: Default quota for resource: volumes_tempest-GroupsTest-volume-type-637220831 is set by the default quota flag: quota_volumes_tempest-GroupsTest-volume-type-637220831, it is now deprecated. Please use the default quota class for default quota.
Jul 21 15:55:55 user devstack@c-api.service[71052]: WARNING cinder.quota [None req-d00bdd02-ace9-45d6-8072-833670b420b1 tempest-GroupsTest-1101759647 tempest-GroupsTest-1101759647-project-member] Deprecated: Default quota for resource: gigabytes_tempest-GroupsTest-volume-type-637220831 is set by the default quota flag: quota_gigabytes_tempest-GroupsTest-volume-type-637220831, it is now deprecated. Please use the default quota class for default quota.
Jul 21 15:55:55 user devstack@c-api.service[71052]: DEBUG dbcounter [-] [71052] Writing DB stats cinder:SELECT=90,cinder:UPDATE=7,cinder:INSERT=3 {{(pid=71052) stat_writer /usr/local/lib/python3.10/dist-packages/dbcounter.py:117}}
Jul 21 15:55:55 user devstack@c-api.service[71052]: DEBUG cinder.quota [None req-d00bdd02-ace9-45d6-8072-833670b420b1 tempest-GroupsTest-1101759647 tempest-GroupsTest-1101759647-project-member] Created reservations ['83a396cb-e200-4d33-850a-1b781ecd019a', 'eb0018d6-1b65-4df1-836f-fd3f422be69b', '4b12dc13-702b-4f8f-bedd-cfc2f0ed145c', 'a3255cca-80d1-4a81-a302-843bdbfcce4d'] {{(pid=71052) reserve /opt/stack/cinder/cinder/quota.py:755}}
Jul 21 15:55:55 user devstack@c-api.service[71052]: DEBUG cinder.volume.api [None req-d00bdd02-ace9-45d6-8072-833670b420b1 tempest-GroupsTest-1101759647 tempest-GroupsTest-1101759647-project-member] Task 'cinder.volume.flows.api.create_volume.QuotaReserveTask;volume:create' (440093c3-9ce7-4527-9a11-f04b675dabe7) transitioned into state 'SUCCESS' from state 'RUNNING' with result '{'reservations': ['83a396cb-e200-4d33-850a-1b781ecd019a', 'eb0018d6-1b65-4df1-836f-fd3f422be69b', '4b12dc13-702b-4f8f-bedd-cfc2f0ed145c', 'a3255cca-80d1-4a81-a302-843bdbfcce4d']}' {{(pid=71052) _task_receiver /usr/local/lib/python3.10/dist-packages/taskflow/listeners/logging.py:178}}
Jul 21 15:55:55 user devstack@c-api.service[71052]: DEBUG cinder.volume.api [None req-d00bdd02-ace9-45d6-8072-833670b420b1 tempest-GroupsTest-1101759647 tempest-GroupsTest-1101759647-project-member] Task 'cinder.volume.flows.api.create_volume.EntryCreateTask;volume:create' (dd2bff87-1d9a-4dea-b70a-258ce3149534) transitioned into state 'RUNNING' from state 'PENDING' {{(pid=71052) _task_receiver /usr/local/lib/python3.10/dist-packages/taskflow/listeners/logging.py:190}}
Jul 21 15:55:55 user devstack@c-api.service[71052]: DEBUG cinder.volume.api [None req-d00bdd02-ace9-45d6-8072-833670b420b1 tempest-GroupsTest-1101759647 tempest-GroupsTest-1101759647-project-member] Task 'cinder.volume.flows.api.create_volume.EntryCreateTask;volume:create' (dd2bff87-1d9a-4dea-b70a-258ce3149534) transitioned into state 'SUCCESS' from state 'RUNNING' with result '{'volume_id': '8262b237-d341-4e27-908e-d861d34f107c', 'volume_properties': VolumeProperties(attach_status='detached',availability_zone='nova',cgsnapshot_id=None,consistencygroup_id=None,display_description=None,display_name='tempest-volume-1521309392',encryption_key_id=None,group_id=f8c0b264-658a-42c3-9328-182825d6ab52,group_type_id=,metadata={},multiattach=False,project_id='1f9ecaf411644c3490e766d833cac4f5',qos_specs=None,replication_status=,reservations=['83a396cb-e200-4d33-850a-1b781ecd019a','eb0018d6-1b65-4df1-836f-fd3f422be69b','4b12dc13-702b-4f8f-bedd-cfc2f0ed145c','a3255cca-80d1-4a81-a302-843bdbfcce4d'],size=1,snapshot_id=None,source_replicaid=,source_volid=None,status='creating',user_id='90f351af7bbe4f999d789276e3786517',volume_type_id=8da8fc43-1edc-4b0e-9ff2-18c92d53cec9), 'volume': Volume(_name_id=None,admin_metadata=,attach_status='detached',availability_zone='nova',bootable=False,cluster=,cluster_name=None,consistencygroup=,consistencygroup_id=None,created_at=2023-07-21T15:55:55Z,deleted=False,deleted_at=None,display_description=None,display_name='tempest-volume-1521309392',ec2_id=None,encryption_key_id=None,glance_metadata=,group=,group_id=f8c0b264-658a-42c3-9328-182825d6ab52,host=None,id=8262b237-d341-4e27-908e-d861d34f107c,launched_at=None,metadata={},migration_status=None,multiattach=False,previous_status=None,project_id='1f9ecaf411644c3490e766d833cac4f5',provider_auth=None,provider_geometry=None,provider_id=None,provider_location=None,replication_driver_data=None,replication_extended_status=None,replication_status=None,scheduled_at=None,service_uuid=None,shared_targets=True,size=1,snapshot_id=None,snapshots=,source_volid=None,status='creating',terminated_at=None,updated_at=None,use_quota=True,user_id='90f351af7bbe4f999d789276e3786517',volume_attachment=VolumeAttachmentList,volume_type=VolumeType(8da8fc43-1edc-4b0e-9ff2-18c92d53cec9),volume_type_id=8da8fc43-1edc-4b0e-9ff2-18c92d53cec9)}' {{(pid=71052) _task_receiver /usr/local/lib/python3.10/dist-packages/taskflow/listeners/logging.py:178}}
Jul 21 15:55:55 user devstack@c-api.service[71052]: DEBUG cinder.volume.api [None req-d00bdd02-ace9-45d6-8072-833670b420b1 tempest-GroupsTest-1101759647 tempest-GroupsTest-1101759647-project-member] Task 'cinder.volume.flows.api.create_volume.QuotaCommitTask;volume:create' (55f6364b-8276-4333-bc72-00cf5545de73) transitioned into state 'RUNNING' from state 'PENDING' {{(pid=71052) _task_receiver /usr/local/lib/python3.10/dist-packages/taskflow/listeners/logging.py:190}}
Jul 21 15:55:55 user devstack@c-api.service[71052]: DEBUG cinder.volume.api [None req-d00bdd02-ace9-45d6-8072-833670b420b1 tempest-GroupsTest-1101759647 tempest-GroupsTest-1101759647-project-member] Task 'cinder.volume.flows.api.create_volume.QuotaCommitTask;volume:create' (55f6364b-8276-4333-bc72-00cf5545de73) transitioned into state 'SUCCESS' from state 'RUNNING' with result '{'volume_properties': VolumeProperties(attach_status='detached',availability_zone='nova',cgsnapshot_id=None,consistencygroup_id=None,display_description=None,display_name='tempest-volume-1521309392',encryption_key_id=None,group_id=f8c0b264-658a-42c3-9328-182825d6ab52,group_type_id=,metadata={},multiattach=False,project_id='1f9ecaf411644c3490e766d833cac4f5',qos_specs=None,replication_status=,reservations=['83a396cb-e200-4d33-850a-1b781ecd019a','eb0018d6-1b65-4df1-836f-fd3f422be69b','4b12dc13-702b-4f8f-bedd-cfc2f0ed145c','a3255cca-80d1-4a81-a302-843bdbfcce4d'],size=1,snapshot_id=None,source_replicaid=,source_volid=None,status='creating',user_id='90f351af7bbe4f999d789276e3786517',volume_type_id=8da8fc43-1edc-4b0e-9ff2-18c92d53cec9)}' {{(pid=71052) _task_receiver /usr/local/lib/python3.10/dist-packages/taskflow/listeners/logging.py:178}}
Jul 21 15:55:55 user devstack@c-api.service[71052]: DEBUG cinder.volume.api [None req-d00bdd02-ace9-45d6-8072-833670b420b1 tempest-GroupsTest-1101759647 tempest-GroupsTest-1101759647-project-member] Task 'cinder.volume.flows.api.create_volume.VolumeCastTask;volume:create' (be93a612-fe6a-43f3-aaa4-05e4fd0b4795) transitioned into state 'RUNNING' from state 'PENDING' {{(pid=71052) _task_receiver /usr/local/lib/python3.10/dist-packages/taskflow/listeners/logging.py:190}}
Jul 21 15:55:55 user devstack@c-api.service[71052]: DEBUG cinder.volume.api [None req-d00bdd02-ace9-45d6-8072-833670b420b1 tempest-GroupsTest-1101759647 tempest-GroupsTest-1101759647-project-member] Task 'cinder.volume.flows.api.create_volume.VolumeCastTask;volume:create' (be93a612-fe6a-43f3-aaa4-05e4fd0b4795) transitioned into state 'SUCCESS' from state 'RUNNING' with result 'None' {{(pid=71052) _task_receiver /usr/local/lib/python3.10/dist-packages/taskflow/listeners/logging.py:178}}
Jul 21 15:55:55 user devstack@c-api.service[71052]: DEBUG cinder.volume.api [None req-d00bdd02-ace9-45d6-8072-833670b420b1 tempest-GroupsTest-1101759647 tempest-GroupsTest-1101759647-project-member] Flow 'volume_create_api' (4c11b135-18ba-4a64-ab09-6c19ee299923) transitioned into state 'SUCCESS' from state 'RUNNING' {{(pid=71052) _flow_receiver /usr/local/lib/python3.10/dist-packages/taskflow/listeners/logging.py:141}}
Jul 21 15:55:55 user devstack@c-api.service[71052]: INFO cinder.volume.api [None req-d00bdd02-ace9-45d6-8072-833670b420b1 tempest-GroupsTest-1101759647 tempest-GroupsTest-1101759647-project-member] Create volume request issued successfully.
Jul 21 15:55:55 user devstack@c-api.service[71052]: WARNING stevedore.named [None req-d00bdd02-ace9-45d6-8072-833670b420b1 tempest-GroupsTest-1101759647 tempest-GroupsTest-1101759647-project-member] Could not load cinder.keymgr.conf_key_mgr.ConfKeyManager
Jul 21 15:55:55 user devstack@c-api.service[71052]: WARNING castellan.key_manager [None req-d00bdd02-ace9-45d6-8072-833670b420b1 tempest-GroupsTest-1101759647 tempest-GroupsTest-1101759647-project-member] Deprecation Warning : cinder.keymgr.conf_key_mgr.ConfKeyManager is not a stevedore based driver, trying to load it as a class: stevedore.exception.NoMatches: No 'castellan.drivers' driver found, looking for 'cinder.keymgr.conf_key_mgr.ConfKeyManager'
Jul 21 15:55:55 user devstack@c-api.service[71052]: DEBUG oslo_db.sqlalchemy.engines [None req-d00bdd02-ace9-45d6-8072-833670b420b1 tempest-GroupsTest-1101759647 tempest-GroupsTest-1101759647-project-member] MySQL server mode set to STRICT_TRANS_TABLES,STRICT_ALL_TABLES,NO_ZERO_IN_DATE,NO_ZERO_DATE,ERROR_FOR_DIVISION_BY_ZERO,TRADITIONAL,NO_ENGINE_SUBSTITUTION {{(pid=71052) _check_effective_sql_mode /usr/local/lib/python3.10/dist-packages/oslo_db/sqlalchemy/engines.py:335}}
Jul 21 15:55:55 user devstack@c-api.service[71052]: /usr/local/lib/python3.10/dist-packages/oslo_context/context.py:100: DeprecationWarning: Policy enforcement is depending on the value of is_admin. This key is deprecated. Please update your policy file to use the standard policy values.
Jul 21 15:55:55 user devstack@c-api.service[71052]: warnings.warn('Policy enforcement is depending on the value of '
Jul 21 15:55:55 user devstack@c-api.service[71052]: INFO cinder.api.openstack.wsgi [None req-d00bdd02-ace9-45d6-8072-833670b420b1 tempest-GroupsTest-1101759647 tempest-GroupsTest-1101759647-project-member] http://10.0.0.210/volume/v3/1f9ecaf411644c3490e766d833cac4f5/volumes returned with HTTP 202
Jul 21 15:55:55 user devstack@c-api.service[71052]: [pid: 71052|app: 0|req: 45/161] 10.0.0.210 () {66 vars in 1354 bytes} [Fri Jul 21 15:55:55 2023] POST /volume/v3/1f9ecaf411644c3490e766d833cac4f5/volumes => generated 878 bytes in 355 msecs (HTTP/1.1 202) 7 headers in 292 bytes (1 switches on core 0)
Jul 21 15:55:55 user devstack@c-api.service[71053]: DEBUG cinder.api.middleware.request_id [None req-34a016b7-a5b3-4a5c-92bd-5ad041f51126 None None] RequestId filter calling following filter/app {{(pid=71053) _context_setter /opt/stack/cinder/cinder/api/middleware/request_id.py:62}}
Jul 21 15:55:55 user devstack@c-api.service[71053]: INFO cinder.api.openstack.wsgi [None req-34a016b7-a5b3-4a5c-92bd-5ad041f51126 tempest-GroupsTest-1101759647 tempest-GroupsTest-1101759647-project-member] GET http://10.0.0.210/volume/v3/1f9ecaf411644c3490e766d833cac4f5/volumes/8262b237-d341-4e27-908e-d861d34f107c
Jul 21 15:55:55 user devstack@c-api.service[71053]: DEBUG cinder.api.openstack.wsgi [None req-34a016b7-a5b3-4a5c-92bd-5ad041f51126 tempest-GroupsTest-1101759647 tempest-GroupsTest-1101759647-project-member] Empty body provided in request {{(pid=71053) get_body /opt/stack/cinder/cinder/api/openstack/wsgi.py:715}}
Jul 21 15:55:55 user devstack@c-api.service[71053]: DEBUG cinder.api.openstack.wsgi [None req-34a016b7-a5b3-4a5c-92bd-5ad041f51126 tempest-GroupsTest-1101759647 tempest-GroupsTest-1101759647-project-member] Calling method 'show' {{(pid=71053) _process_stack /opt/stack/cinder/cinder/api/openstack/wsgi.py:868}}
Jul 21 15:55:55 user devstack@c-api.service[71053]: /usr/local/lib/python3.10/dist-packages/oslo_context/context.py:100: DeprecationWarning: Policy enforcement is depending on the value of is_admin. This key is deprecated. Please update your policy file to use the standard policy values.
Jul 21 15:55:55 user devstack@c-api.service[71053]: warnings.warn('Policy enforcement is depending on the value of '
Jul 21 15:55:55 user devstack@c-api.service[71053]: INFO cinder.volume.api [None req-34a016b7-a5b3-4a5c-92bd-5ad041f51126 tempest-GroupsTest-1101759647 tempest-GroupsTest-1101759647-project-member] Volume info retrieved successfully.
Jul 21 15:55:55 user devstack@c-api.service[71053]: WARNING stevedore.named [None req-34a016b7-a5b3-4a5c-92bd-5ad041f51126 tempest-GroupsTest-1101759647 tempest-GroupsTest-1101759647-project-member] Could not load cinder.keymgr.conf_key_mgr.ConfKeyManager
Jul 21 15:55:55 user devstack@c-api.service[71053]: WARNING castellan.key_manager [None req-34a016b7-a5b3-4a5c-92bd-5ad041f51126 tempest-GroupsTest-1101759647 tempest-GroupsTest-1101759647-project-member] Deprecation Warning : cinder.keymgr.conf_key_mgr.ConfKeyManager is not a stevedore based driver, trying to load it as a class: stevedore.exception.NoMatches: No 'castellan.drivers' driver found, looking for 'cinder.keymgr.conf_key_mgr.ConfKeyManager'
Jul 21 15:55:55 user devstack@c-api.service[71054]: DEBUG cinder.api.middleware.request_id [None req-58c7f6b5-2ea2-4f9a-bfeb-75751f76e7c2 None None] RequestId filter calling following filter/app {{(pid=71054) _context_setter /opt/stack/cinder/cinder/api/middleware/request_id.py:62}}
Jul 21 15:55:55 user devstack@c-api.service[71053]: DEBUG oslo_db.sqlalchemy.engines [None req-34a016b7-a5b3-4a5c-92bd-5ad041f51126 tempest-GroupsTest-1101759647 tempest-GroupsTest-1101759647-project-member] MySQL server mode set to STRICT_TRANS_TABLES,STRICT_ALL_TABLES,NO_ZERO_IN_DATE,NO_ZERO_DATE,ERROR_FOR_DIVISION_BY_ZERO,TRADITIONAL,NO_ENGINE_SUBSTITUTION {{(pid=71053) _check_effective_sql_mode /usr/local/lib/python3.10/dist-packages/oslo_db/sqlalchemy/engines.py:335}}
Jul 21 15:55:55 user devstack@c-api.service[71054]: INFO cinder.api.openstack.wsgi [None req-58c7f6b5-2ea2-4f9a-bfeb-75751f76e7c2 tempest-VolumesTransfersV355Test-1140244430 tempest-VolumesTransfersV355Test-1140244430-project-admin] GET http://10.0.0.210/volume/v3/360c75a434d94340a9b640d7648a724a/volumes/db07890a-e846-4568-92c2-4ec46449420e
Jul 21 15:55:55 user devstack@c-api.service[71054]: DEBUG cinder.api.openstack.wsgi [None req-58c7f6b5-2ea2-4f9a-bfeb-75751f76e7c2 tempest-VolumesTransfersV355Test-1140244430 tempest-VolumesTransfersV355Test-1140244430-project-admin] Empty body provided in request {{(pid=71054) get_body /opt/stack/cinder/cinder/api/openstack/wsgi.py:715}}
Jul 21 15:55:55 user devstack@c-api.service[71054]: DEBUG cinder.api.openstack.wsgi [None req-58c7f6b5-2ea2-4f9a-bfeb-75751f76e7c2 tempest-VolumesTransfersV355Test-1140244430 tempest-VolumesTransfersV355Test-1140244430-project-admin] Calling method 'show' {{(pid=71054) _process_stack /opt/stack/cinder/cinder/api/openstack/wsgi.py:868}}
Jul 21 15:55:55 user devstack@c-api.service[71053]: /usr/local/lib/python3.10/dist-packages/oslo_context/context.py:100: DeprecationWarning: Policy enforcement is depending on the value of is_admin. This key is deprecated. Please update your policy file to use the standard policy values.
Jul 21 15:55:55 user devstack@c-api.service[71053]: warnings.warn('Policy enforcement is depending on the value of '
Jul 21 15:55:55 user devstack@c-api.service[71054]: /usr/local/lib/python3.10/dist-packages/oslo_context/context.py:100: DeprecationWarning: Policy enforcement is depending on the value of is_admin. This key is deprecated. Please update your policy file to use the standard policy values.
Jul 21 15:55:55 user devstack@c-api.service[71054]: warnings.warn('Policy enforcement is depending on the value of '
Jul 21 15:55:55 user devstack@c-api.service[71053]: INFO cinder.api.openstack.wsgi [None req-34a016b7-a5b3-4a5c-92bd-5ad041f51126 tempest-GroupsTest-1101759647 tempest-GroupsTest-1101759647-project-member] http://10.0.0.210/volume/v3/1f9ecaf411644c3490e766d833cac4f5/volumes/8262b237-d341-4e27-908e-d861d34f107c returned with HTTP 200
Jul 21 15:55:55 user devstack@c-api.service[71053]: [pid: 71053|app: 0|req: 63/162] 10.0.0.210 () {64 vars in 1443 bytes} [Fri Jul 21 15:55:55 2023] GET /volume/v3/1f9ecaf411644c3490e766d833cac4f5/volumes/8262b237-d341-4e27-908e-d861d34f107c => generated 946 bytes in 86 msecs (HTTP/1.1 200) 7 headers in 286 bytes (1 switches on core 0)
Jul 21 15:55:55 user devstack@c-api.service[71054]: INFO cinder.volume.api [None req-58c7f6b5-2ea2-4f9a-bfeb-75751f76e7c2 tempest-VolumesTransfersV355Test-1140244430 tempest-VolumesTransfersV355Test-1140244430-project-admin] Volume info retrieved successfully.
Jul 21 15:55:55 user devstack@c-api.service[71054]: INFO cinder.api.openstack.wsgi [None req-58c7f6b5-2ea2-4f9a-bfeb-75751f76e7c2 tempest-VolumesTransfersV355Test-1140244430 tempest-VolumesTransfersV355Test-1140244430-project-admin] http://10.0.0.210/volume/v3/360c75a434d94340a9b640d7648a724a/volumes/db07890a-e846-4568-92c2-4ec46449420e returned with HTTP 200
Jul 21 15:55:55 user devstack@c-api.service[71054]: [pid: 71054|app: 0|req: 55/163] 10.0.0.210 () {64 vars in 1443 bytes} [Fri Jul 21 15:55:55 2023] GET /volume/v3/360c75a434d94340a9b640d7648a724a/volumes/db07890a-e846-4568-92c2-4ec46449420e => generated 1196 bytes in 52 msecs (HTTP/1.1 200) 7 headers in 287 bytes (1 switches on core 0)
Jul 21 15:55:56 user devstack@c-api.service[71052]: DEBUG cinder.api.middleware.request_id [None req-d70563fb-fff5-46c4-bc63-2761b99202d1 None None] RequestId filter calling following filter/app {{(pid=71052) _context_setter /opt/stack/cinder/cinder/api/middleware/request_id.py:62}}
Jul 21 15:55:56 user devstack@c-api.service[71052]: INFO cinder.api.openstack.wsgi [None req-d70563fb-fff5-46c4-bc63-2761b99202d1 tempest-GroupsV314Test-2079105165 tempest-GroupsV314Test-2079105165-project-member] GET http://10.0.0.210/volume/v3/ca7b0e29842943dabd97d54830ecb2c2/volumes/82b09934-1846-4359-925f-1ff1122468b4
Jul 21 15:55:56 user devstack@c-api.service[71052]: DEBUG cinder.api.openstack.wsgi [None req-d70563fb-fff5-46c4-bc63-2761b99202d1 tempest-GroupsV314Test-2079105165 tempest-GroupsV314Test-2079105165-project-member] Empty body provided in request {{(pid=71052) get_body /opt/stack/cinder/cinder/api/openstack/wsgi.py:715}}
Jul 21 15:55:56 user devstack@c-api.service[71052]: DEBUG cinder.api.openstack.wsgi [None req-d70563fb-fff5-46c4-bc63-2761b99202d1 tempest-GroupsV314Test-2079105165 tempest-GroupsV314Test-2079105165-project-member] Calling method 'show' {{(pid=71052) _process_stack /opt/stack/cinder/cinder/api/openstack/wsgi.py:868}}
Jul 21 15:55:56 user devstack@c-api.service[71052]: /usr/local/lib/python3.10/dist-packages/oslo_context/context.py:100: DeprecationWarning: Policy enforcement is depending on the value of is_admin. This key is deprecated. Please update your policy file to use the standard policy values.
Jul 21 15:55:56 user devstack@c-api.service[71052]: warnings.warn('Policy enforcement is depending on the value of '
Jul 21 15:55:56 user devstack@c-api.service[71052]: INFO cinder.volume.api [None req-d70563fb-fff5-46c4-bc63-2761b99202d1 tempest-GroupsV314Test-2079105165 tempest-GroupsV314Test-2079105165-project-member] Volume info retrieved successfully.
Jul 21 15:55:56 user devstack@c-api.service[71052]: WARNING stevedore.named [None req-d70563fb-fff5-46c4-bc63-2761b99202d1 tempest-GroupsV314Test-2079105165 tempest-GroupsV314Test-2079105165-project-member] Could not load cinder.keymgr.conf_key_mgr.ConfKeyManager
Jul 21 15:55:56 user devstack@c-api.service[71052]: WARNING castellan.key_manager [None req-d70563fb-fff5-46c4-bc63-2761b99202d1 tempest-GroupsV314Test-2079105165 tempest-GroupsV314Test-2079105165-project-member] Deprecation Warning : cinder.keymgr.conf_key_mgr.ConfKeyManager is not a stevedore based driver, trying to load it as a class: stevedore.exception.NoMatches: No 'castellan.drivers' driver found, looking for 'cinder.keymgr.conf_key_mgr.ConfKeyManager'
Jul 21 15:55:56 user devstack@c-api.service[71052]: DEBUG oslo_db.sqlalchemy.engines [None req-d70563fb-fff5-46c4-bc63-2761b99202d1 tempest-GroupsV314Test-2079105165 tempest-GroupsV314Test-2079105165-project-member] MySQL server mode set to STRICT_TRANS_TABLES,STRICT_ALL_TABLES,NO_ZERO_IN_DATE,NO_ZERO_DATE,ERROR_FOR_DIVISION_BY_ZERO,TRADITIONAL,NO_ENGINE_SUBSTITUTION {{(pid=71052) _check_effective_sql_mode /usr/local/lib/python3.10/dist-packages/oslo_db/sqlalchemy/engines.py:335}}
Jul 21 15:55:56 user devstack@c-api.service[71052]: /usr/local/lib/python3.10/dist-packages/oslo_context/context.py:100: DeprecationWarning: Policy enforcement is depending on the value of is_admin. This key is deprecated. Please update your policy file to use the standard policy values.
Jul 21 15:55:56 user devstack@c-api.service[71052]: warnings.warn('Policy enforcement is depending on the value of '
Jul 21 15:55:56 user devstack@c-api.service[71052]: INFO cinder.api.openstack.wsgi [None req-d70563fb-fff5-46c4-bc63-2761b99202d1 tempest-GroupsV314Test-2079105165 tempest-GroupsV314Test-2079105165-project-member] http://10.0.0.210/volume/v3/ca7b0e29842943dabd97d54830ecb2c2/volumes/82b09934-1846-4359-925f-1ff1122468b4 returned with HTTP 200
Jul 21 15:55:56 user devstack@c-api.service[71052]: [pid: 71052|app: 0|req: 46/164] 10.0.0.210 () {64 vars in 1443 bytes} [Fri Jul 21 15:55:56 2023] GET /volume/v3/ca7b0e29842943dabd97d54830ecb2c2/volumes/82b09934-1846-4359-925f-1ff1122468b4 => generated 974 bytes in 74 msecs (HTTP/1.1 200) 7 headers in 286 bytes (1 switches on core 0)
Jul 21 15:55:56 user devstack@c-api.service[71053]: DEBUG cinder.api.middleware.request_id [None req-9c5e749a-3dbd-4e7e-86ee-51bd0fdcf4a2 None None] RequestId filter calling following filter/app {{(pid=71053) _context_setter /opt/stack/cinder/cinder/api/middleware/request_id.py:62}}
Jul 21 15:55:56 user devstack@c-api.service[71054]: DEBUG cinder.api.middleware.request_id [None req-0d4b09b4-a460-4d91-9f11-6a00d9988902 None None] RequestId filter calling following filter/app {{(pid=71054) _context_setter /opt/stack/cinder/cinder/api/middleware/request_id.py:62}}
Jul 21 15:55:56 user devstack@c-api.service[71054]: INFO cinder.api.openstack.wsgi [None req-0d4b09b4-a460-4d91-9f11-6a00d9988902 tempest-VolumesTransfersV355Test-1140244430 tempest-VolumesTransfersV355Test-1140244430-project-admin] GET http://10.0.0.210/volume/v3/360c75a434d94340a9b640d7648a724a/volumes/db07890a-e846-4568-92c2-4ec46449420e
Jul 21 15:55:56 user devstack@c-api.service[71053]: INFO cinder.api.openstack.wsgi [None req-9c5e749a-3dbd-4e7e-86ee-51bd0fdcf4a2 tempest-GroupsTest-1101759647 tempest-GroupsTest-1101759647-project-member] GET http://10.0.0.210/volume/v3/1f9ecaf411644c3490e766d833cac4f5/volumes/8262b237-d341-4e27-908e-d861d34f107c
Jul 21 15:55:56 user devstack@c-api.service[71054]: DEBUG cinder.api.openstack.wsgi [None req-0d4b09b4-a460-4d91-9f11-6a00d9988902 tempest-VolumesTransfersV355Test-1140244430 tempest-VolumesTransfersV355Test-1140244430-project-admin] Empty body provided in request {{(pid=71054) get_body /opt/stack/cinder/cinder/api/openstack/wsgi.py:715}}
Jul 21 15:55:56 user devstack@c-api.service[71053]: DEBUG cinder.api.openstack.wsgi [None req-9c5e749a-3dbd-4e7e-86ee-51bd0fdcf4a2 tempest-GroupsTest-1101759647 tempest-GroupsTest-1101759647-project-member] Empty body provided in request {{(pid=71053) get_body /opt/stack/cinder/cinder/api/openstack/wsgi.py:715}}
Jul 21 15:55:56 user devstack@c-api.service[71054]: DEBUG cinder.api.openstack.wsgi [None req-0d4b09b4-a460-4d91-9f11-6a00d9988902 tempest-VolumesTransfersV355Test-1140244430 tempest-VolumesTransfersV355Test-1140244430-project-admin] Calling method 'show' {{(pid=71054) _process_stack /opt/stack/cinder/cinder/api/openstack/wsgi.py:868}}
Jul 21 15:55:56 user devstack@c-api.service[71053]: DEBUG cinder.api.openstack.wsgi [None req-9c5e749a-3dbd-4e7e-86ee-51bd0fdcf4a2 tempest-GroupsTest-1101759647 tempest-GroupsTest-1101759647-project-member] Calling method 'show' {{(pid=71053) _process_stack /opt/stack/cinder/cinder/api/openstack/wsgi.py:868}}
Jul 21 15:55:56 user devstack@c-api.service[71053]: DEBUG dbcounter [-] [71053] Writing DB stats cinder:SELECT=87,cinder:UPDATE=8,cinder:INSERT=5 {{(pid=71053) stat_writer /usr/local/lib/python3.10/dist-packages/dbcounter.py:117}}
