Jul 23 18:49:33 user devstack@c-api.service[71068]: [pid: 71068|app: 0|req: 28/85] 10.0.0.210 () {64 vars in 1506 bytes} [Sun Jul 23 18:49:33 2023] GET /volume/v3/73bbf597b4fe4ea3959b29da8ad35ad4/group_types/0d68be2f-3cc8-4f88-86be-02114b285888/group_specs/key3 => generated 126 bytes in 33 msecs (HTTP/1.1 404) 7 headers in 293 bytes (1 switches on core 0)
Jul 23 18:49:33 user devstack@c-api.service[71069]: DEBUG cinder.api.middleware.request_id [None req-2d6d8fc9-daeb-45a5-9b8b-e457883b412a None None] RequestId filter calling following filter/app {{(pid=71069) _context_setter /opt/stack/cinder/cinder/api/middleware/request_id.py:62}}
Jul 23 18:49:33 user devstack@c-api.service[71069]: INFO cinder.api.openstack.wsgi [None req-2d6d8fc9-daeb-45a5-9b8b-e457883b412a tempest-GroupTypeSpecsTest-1339858552 tempest-GroupTypeSpecsTest-1339858552-project-admin] DELETE http://10.0.0.210/volume/v3/73bbf597b4fe4ea3959b29da8ad35ad4/group_types/0d68be2f-3cc8-4f88-86be-02114b285888
Jul 23 18:49:33 user devstack@c-api.service[71069]: DEBUG cinder.api.openstack.wsgi [None req-2d6d8fc9-daeb-45a5-9b8b-e457883b412a tempest-GroupTypeSpecsTest-1339858552 tempest-GroupTypeSpecsTest-1339858552-project-admin] Empty body provided in request {{(pid=71069) get_body /opt/stack/cinder/cinder/api/openstack/wsgi.py:715}}
Jul 23 18:49:33 user devstack@c-api.service[71069]: DEBUG cinder.api.openstack.wsgi [None req-2d6d8fc9-daeb-45a5-9b8b-e457883b412a tempest-GroupTypeSpecsTest-1339858552 tempest-GroupTypeSpecsTest-1339858552-project-admin] Calling method 'version_select' {{(pid=71069) _process_stack /opt/stack/cinder/cinder/api/openstack/wsgi.py:868}}
Jul 23 18:49:33 user devstack@c-api.service[71069]: DEBUG dbcounter [-] [71069] Writing DB stats cinder:SELECT=95,cinder:UPDATE=2,cinder:INSERT=3 {{(pid=71069) stat_writer /usr/local/lib/python3.10/dist-packages/dbcounter.py:117}}
Jul 23 18:49:33 user devstack@c-api.service[71069]: INFO cinder.api.openstack.wsgi [None req-2d6d8fc9-daeb-45a5-9b8b-e457883b412a tempest-GroupTypeSpecsTest-1339858552 tempest-GroupTypeSpecsTest-1339858552-project-admin] http://10.0.0.210/volume/v3/73bbf597b4fe4ea3959b29da8ad35ad4/group_types/0d68be2f-3cc8-4f88-86be-02114b285888 returned with HTTP 202
Jul 23 18:49:33 user devstack@c-api.service[71069]: [pid: 71069|app: 0|req: 29/86] 10.0.0.210 () {64 vars in 1458 bytes} [Sun Jul 23 18:49:33 2023] DELETE /volume/v3/73bbf597b4fe4ea3959b29da8ad35ad4/group_types/0d68be2f-3cc8-4f88-86be-02114b285888 => generated 0 bytes in 52 msecs (HTTP/1.1 202) 6 headers in 234 bytes (1 switches on core 0)
Jul 23 18:49:34 user devstack@c-api.service[71067]: DEBUG cinder.api.middleware.request_id [None req-de5e4b08-8c1b-4243-ab51-9017860d0a60 None None] RequestId filter calling following filter/app {{(pid=71067) _context_setter /opt/stack/cinder/cinder/api/middleware/request_id.py:62}}
Jul 23 18:49:34 user devstack@c-api.service[71067]: INFO cinder.api.openstack.wsgi [None req-de5e4b08-8c1b-4243-ab51-9017860d0a60 tempest-TaggedBootDevicesTest_v242-1765967889 tempest-TaggedBootDevicesTest_v242-1765967889-project-member] POST http://10.0.0.210/volume/v3/bd81731c2b324088ba1d5c5f4f2b8da9/volumes
Jul 23 18:49:34 user devstack@c-api.service[71067]: DEBUG cinder.api.openstack.wsgi [None req-de5e4b08-8c1b-4243-ab51-9017860d0a60 tempest-TaggedBootDevicesTest_v242-1765967889 tempest-TaggedBootDevicesTest_v242-1765967889-project-member] Action: 'create', calling method: create, body: {"volume": {"size": 1, "display_name": "tempest-TaggedBootDevicesTest_v242-volume-1775057647", "imageRef": "0ddd5893-6f1b-4fee-96d3-85d2004225cc"}} {{(pid=71067) _process_stack /opt/stack/cinder/cinder/api/openstack/wsgi.py:866}}
Jul 23 18:49:34 user devstack@c-api.service[71067]: DEBUG cinder.api.v3.volumes [None req-de5e4b08-8c1b-4243-ab51-9017860d0a60 tempest-TaggedBootDevicesTest_v242-1765967889 tempest-TaggedBootDevicesTest_v242-1765967889-project-member] Create volume request body: {'volume': {'size': 1, 'display_name': 'tempest-TaggedBootDevicesTest_v242-volume-1775057647', 'imageRef': '0ddd5893-6f1b-4fee-96d3-85d2004225cc'}} {{(pid=71067) create /opt/stack/cinder/cinder/api/v3/volumes.py:297}}
Jul 23 18:49:34 user devstack@c-api.service[71068]: DEBUG cinder.api.middleware.request_id [None req-0982009b-dc83-472c-b8c8-240ee9bf1dc9 None None] RequestId filter calling following filter/app {{(pid=71068) _context_setter /opt/stack/cinder/cinder/api/middleware/request_id.py:62}}
Jul 23 18:49:35 user devstack@c-api.service[71068]: INFO cinder.api.openstack.wsgi [None req-0982009b-dc83-472c-b8c8-240ee9bf1dc9 tempest-TestVolumeSwap-2103975141 tempest-TestVolumeSwap-2103975141-project-member] POST http://10.0.0.210/volume/v3/ba307da35e204d1994ad099726df31ab/volumes
Jul 23 18:49:35 user devstack@c-api.service[71068]: DEBUG cinder.api.openstack.wsgi [None req-0982009b-dc83-472c-b8c8-240ee9bf1dc9 tempest-TestVolumeSwap-2103975141 tempest-TestVolumeSwap-2103975141-project-member] Action: 'create', calling method: create, body: {"volume": {"size": 1, "display_name": "tempest-TestVolumeSwap-volume-1899845852"}} {{(pid=71068) _process_stack /opt/stack/cinder/cinder/api/openstack/wsgi.py:866}}
Jul 23 18:49:35 user devstack@c-api.service[71068]: DEBUG cinder.api.v3.volumes [None req-0982009b-dc83-472c-b8c8-240ee9bf1dc9 tempest-TestVolumeSwap-2103975141 tempest-TestVolumeSwap-2103975141-project-member] Create volume request body: {'volume': {'size': 1, 'display_name': 'tempest-TestVolumeSwap-volume-1899845852'}} {{(pid=71068) create /opt/stack/cinder/cinder/api/v3/volumes.py:297}}
Jul 23 18:49:35 user devstack@c-api.service[71068]: INFO cinder.api.v3.volumes [None req-0982009b-dc83-472c-b8c8-240ee9bf1dc9 tempest-TestVolumeSwap-2103975141 tempest-TestVolumeSwap-2103975141-project-member] Create volume of 1 GB
Jul 23 18:49:35 user devstack@c-api.service[71068]: INFO cinder.volume.api [None req-0982009b-dc83-472c-b8c8-240ee9bf1dc9 tempest-TestVolumeSwap-2103975141 tempest-TestVolumeSwap-2103975141-project-member] Availability Zones retrieved successfully.
Jul 23 18:49:35 user devstack@c-api.service[71068]: DEBUG cinder.volume.api [None req-0982009b-dc83-472c-b8c8-240ee9bf1dc9 tempest-TestVolumeSwap-2103975141 tempest-TestVolumeSwap-2103975141-project-member] Flow 'volume_create_api' (97ecc9f1-8655-46f7-94ef-518d95b782c6) transitioned into state 'RUNNING' from state 'PENDING' {{(pid=71068) _flow_receiver /usr/local/lib/python3.10/dist-packages/taskflow/listeners/logging.py:141}}
Jul 23 18:49:35 user devstack@c-api.service[71068]: DEBUG cinder.volume.api [None req-0982009b-dc83-472c-b8c8-240ee9bf1dc9 tempest-TestVolumeSwap-2103975141 tempest-TestVolumeSwap-2103975141-project-member] Task 'cinder.volume.flows.api.create_volume.ExtractVolumeRequestTask;volume:create' (a1706480-5509-4d04-beff-ad81632ab14a) transitioned into state 'RUNNING' from state 'PENDING' {{(pid=71068) _task_receiver /usr/local/lib/python3.10/dist-packages/taskflow/listeners/logging.py:190}}
Jul 23 18:49:35 user devstack@c-api.service[71068]: DEBUG cinder.volume.flows.api.create_volume [None req-0982009b-dc83-472c-b8c8-240ee9bf1dc9 tempest-TestVolumeSwap-2103975141 tempest-TestVolumeSwap-2103975141-project-member] Validating volume size '1' using validate_int {{(pid=71068) _extract_size /opt/stack/cinder/cinder/volume/flows/api/create_volume.py:228}}
Jul 23 18:49:35 user devstack@c-api.service[71068]: DEBUG cinder.volume.api [None req-0982009b-dc83-472c-b8c8-240ee9bf1dc9 tempest-TestVolumeSwap-2103975141 tempest-TestVolumeSwap-2103975141-project-member] Task 'cinder.volume.flows.api.create_volume.ExtractVolumeRequestTask;volume:create' (a1706480-5509-4d04-beff-ad81632ab14a) transitioned into state 'SUCCESS' from state 'RUNNING' with result '{'size': 1, 'snapshot_id': None, 'source_volid': None, 'volume_type': VolumeType(created_at=2023-07-23T18:45:08Z,deleted=False,deleted_at=None,description=None,extra_specs={volume_backend_name='joviandss-2'},id=0c9e9cca-deef-46fd-9169-0a8e89b34353,is_public=True,name='joviandss-2',projects=[],qos_specs=,qos_specs_id=None,updated_at=None), 'volume_type_id': '0c9e9cca-deef-46fd-9169-0a8e89b34353', 'encryption_key_id': None, 'qos_specs': None, 'consistencygroup_id': None, 'cgsnapshot_id': None, 'group_id': None, 'replication_status': 'disabled', 'refresh_az': False, 'backup_id': None, 'multiattach': False, 'availability_zones': ['nova']}' {{(pid=71068) _task_receiver /usr/local/lib/python3.10/dist-packages/taskflow/listeners/logging.py:178}}
Jul 23 18:49:35 user devstack@c-api.service[71068]: DEBUG cinder.volume.api [None req-0982009b-dc83-472c-b8c8-240ee9bf1dc9 tempest-TestVolumeSwap-2103975141 tempest-TestVolumeSwap-2103975141-project-member] Task 'cinder.volume.flows.api.create_volume.QuotaReserveTask;volume:create' (cafa58f0-3824-4aca-b5b3-25df2da429ea) transitioned into state 'RUNNING' from state 'PENDING' {{(pid=71068) _task_receiver /usr/local/lib/python3.10/dist-packages/taskflow/listeners/logging.py:190}}
Jul 23 18:49:35 user devstack@c-api.service[71068]: DEBUG dbcounter [-] [71068] Writing DB stats cinder:SELECT=89,cinder:UPDATE=5,cinder:INSERT=6 {{(pid=71068) stat_writer /usr/local/lib/python3.10/dist-packages/dbcounter.py:117}}
Jul 23 18:49:35 user devstack@c-api.service[71068]: DEBUG cinder.quota [None req-0982009b-dc83-472c-b8c8-240ee9bf1dc9 tempest-TestVolumeSwap-2103975141 tempest-TestVolumeSwap-2103975141-project-member] Created reservations ['c83acb98-8728-4cfb-bf73-54f529f13528', 'a5d44403-35d9-414d-b122-1964526bfe71', '88f5cf23-fb7a-4ff3-86b2-4a8b61ac2156', 'c3e7e870-cf2b-4537-8f9b-315dca8ba2c1'] {{(pid=71068) reserve /opt/stack/cinder/cinder/quota.py:755}}
Jul 23 18:49:35 user devstack@c-api.service[71068]: DEBUG cinder.volume.api [None req-0982009b-dc83-472c-b8c8-240ee9bf1dc9 tempest-TestVolumeSwap-2103975141 tempest-TestVolumeSwap-2103975141-project-member] Task 'cinder.volume.flows.api.create_volume.QuotaReserveTask;volume:create' (cafa58f0-3824-4aca-b5b3-25df2da429ea) transitioned into state 'SUCCESS' from state 'RUNNING' with result '{'reservations': ['c83acb98-8728-4cfb-bf73-54f529f13528', 'a5d44403-35d9-414d-b122-1964526bfe71', '88f5cf23-fb7a-4ff3-86b2-4a8b61ac2156', 'c3e7e870-cf2b-4537-8f9b-315dca8ba2c1']}' {{(pid=71068) _task_receiver /usr/local/lib/python3.10/dist-packages/taskflow/listeners/logging.py:178}}
Jul 23 18:49:35 user devstack@c-api.service[71068]: DEBUG cinder.volume.api [None req-0982009b-dc83-472c-b8c8-240ee9bf1dc9 tempest-TestVolumeSwap-2103975141 tempest-TestVolumeSwap-2103975141-project-member] Task 'cinder.volume.flows.api.create_volume.EntryCreateTask;volume:create' (afe84850-e373-4736-aed8-3ce8b376bac0) transitioned into state 'RUNNING' from state 'PENDING' {{(pid=71068) _task_receiver /usr/local/lib/python3.10/dist-packages/taskflow/listeners/logging.py:190}}
Jul 23 18:49:35 user devstack@c-api.service[71067]: INFO cinder.api.v3.volumes [None req-de5e4b08-8c1b-4243-ab51-9017860d0a60 tempest-TaggedBootDevicesTest_v242-1765967889 tempest-TaggedBootDevicesTest_v242-1765967889-project-member] Create volume of 1 GB
Jul 23 18:49:35 user devstack@c-api.service[71068]: DEBUG cinder.volume.api [None req-0982009b-dc83-472c-b8c8-240ee9bf1dc9 tempest-TestVolumeSwap-2103975141 tempest-TestVolumeSwap-2103975141-project-member] Task 'cinder.volume.flows.api.create_volume.EntryCreateTask;volume:create' (afe84850-e373-4736-aed8-3ce8b376bac0) transitioned into state 'SUCCESS' from state 'RUNNING' with result '{'volume_id': 'c35afa78-258a-4575-9b2a-8cdef9fcd028', 'volume_properties': VolumeProperties(attach_status='detached',availability_zone='nova',cgsnapshot_id=None,consistencygroup_id=None,display_description=None,display_name='tempest-TestVolumeSwap-volume-1899845852',encryption_key_id=None,group_id=None,group_type_id=,metadata={},multiattach=False,project_id='ba307da35e204d1994ad099726df31ab',qos_specs=None,replication_status=,reservations=['c83acb98-8728-4cfb-bf73-54f529f13528','a5d44403-35d9-414d-b122-1964526bfe71','88f5cf23-fb7a-4ff3-86b2-4a8b61ac2156','c3e7e870-cf2b-4537-8f9b-315dca8ba2c1'],size=1,snapshot_id=None,source_replicaid=,source_volid=None,status='creating',user_id='67364ec4daf642a2a56eedff526f0ce8',volume_type_id=0c9e9cca-deef-46fd-9169-0a8e89b34353), 'volume': Volume(_name_id=None,admin_metadata=,attach_status='detached',availability_zone='nova',bootable=False,cluster=,cluster_name=None,consistencygroup=,consistencygroup_id=None,created_at=2023-07-23T18:49:35Z,deleted=False,deleted_at=None,display_description=None,display_name='tempest-TestVolumeSwap-volume-1899845852',ec2_id=None,encryption_key_id=None,glance_metadata=,group=,group_id=None,host=None,id=c35afa78-258a-4575-9b2a-8cdef9fcd028,launched_at=None,metadata={},migration_status=None,multiattach=False,previous_status=None,project_id='ba307da35e204d1994ad099726df31ab',provider_auth=None,provider_geometry=None,provider_id=None,provider_location=None,replication_driver_data=None,replication_extended_status=None,replication_status=None,scheduled_at=None,service_uuid=None,shared_targets=True,size=1,snapshot_id=None,snapshots=,source_volid=None,status='creating',terminated_at=None,updated_at=None,use_quota=True,user_id='67364ec4daf642a2a56eedff526f0ce8',volume_attachment=VolumeAttachmentList,volume_type=VolumeType(0c9e9cca-deef-46fd-9169-0a8e89b34353),volume_type_id=0c9e9cca-deef-46fd-9169-0a8e89b34353)}' {{(pid=71068) _task_receiver /usr/local/lib/python3.10/dist-packages/taskflow/listeners/logging.py:178}}
Jul 23 18:49:35 user devstack@c-api.service[71068]: DEBUG cinder.volume.api [None req-0982009b-dc83-472c-b8c8-240ee9bf1dc9 tempest-TestVolumeSwap-2103975141 tempest-TestVolumeSwap-2103975141-project-member] Task 'cinder.volume.flows.api.create_volume.QuotaCommitTask;volume:create' (c13c7d17-cc87-4c2d-9c03-a88dd82a3534) transitioned into state 'RUNNING' from state 'PENDING' {{(pid=71068) _task_receiver /usr/local/lib/python3.10/dist-packages/taskflow/listeners/logging.py:190}}
Jul 23 18:49:35 user devstack@c-api.service[71067]: INFO cinder.volume.api [None req-de5e4b08-8c1b-4243-ab51-9017860d0a60 tempest-TaggedBootDevicesTest_v242-1765967889 tempest-TaggedBootDevicesTest_v242-1765967889-project-member] Availability Zones retrieved successfully.
Jul 23 18:49:35 user devstack@c-api.service[71067]: DEBUG cinder.volume.api [None req-de5e4b08-8c1b-4243-ab51-9017860d0a60 tempest-TaggedBootDevicesTest_v242-1765967889 tempest-TaggedBootDevicesTest_v242-1765967889-project-member] Flow 'volume_create_api' (802af2c5-34b7-4f44-bf9d-7351b022d8dc) transitioned into state 'RUNNING' from state 'PENDING' {{(pid=71067) _flow_receiver /usr/local/lib/python3.10/dist-packages/taskflow/listeners/logging.py:141}}
Jul 23 18:49:35 user devstack@c-api.service[71068]: DEBUG cinder.volume.api [None req-0982009b-dc83-472c-b8c8-240ee9bf1dc9 tempest-TestVolumeSwap-2103975141 tempest-TestVolumeSwap-2103975141-project-member] Task 'cinder.volume.flows.api.create_volume.QuotaCommitTask;volume:create' (c13c7d17-cc87-4c2d-9c03-a88dd82a3534) transitioned into state 'SUCCESS' from state 'RUNNING' with result '{'volume_properties': VolumeProperties(attach_status='detached',availability_zone='nova',cgsnapshot_id=None,consistencygroup_id=None,display_description=None,display_name='tempest-TestVolumeSwap-volume-1899845852',encryption_key_id=None,group_id=None,group_type_id=,metadata={},multiattach=False,project_id='ba307da35e204d1994ad099726df31ab',qos_specs=None,replication_status=,reservations=['c83acb98-8728-4cfb-bf73-54f529f13528','a5d44403-35d9-414d-b122-1964526bfe71','88f5cf23-fb7a-4ff3-86b2-4a8b61ac2156','c3e7e870-cf2b-4537-8f9b-315dca8ba2c1'],size=1,snapshot_id=None,source_replicaid=,source_volid=None,status='creating',user_id='67364ec4daf642a2a56eedff526f0ce8',volume_type_id=0c9e9cca-deef-46fd-9169-0a8e89b34353)}' {{(pid=71068) _task_receiver /usr/local/lib/python3.10/dist-packages/taskflow/listeners/logging.py:178}}
Jul 23 18:49:35 user devstack@c-api.service[71067]: DEBUG cinder.volume.api [None req-de5e4b08-8c1b-4243-ab51-9017860d0a60 tempest-TaggedBootDevicesTest_v242-1765967889 tempest-TaggedBootDevicesTest_v242-1765967889-project-member] Task 'cinder.volume.flows.api.create_volume.ExtractVolumeRequestTask;volume:create' (2ad7a86d-2b7c-45c1-bfaf-3997895e6ca0) transitioned into state 'RUNNING' from state 'PENDING' {{(pid=71067) _task_receiver /usr/local/lib/python3.10/dist-packages/taskflow/listeners/logging.py:190}}
Jul 23 18:49:35 user devstack@c-api.service[71068]: DEBUG cinder.volume.api [None req-0982009b-dc83-472c-b8c8-240ee9bf1dc9 tempest-TestVolumeSwap-2103975141 tempest-TestVolumeSwap-2103975141-project-member] Task 'cinder.volume.flows.api.create_volume.VolumeCastTask;volume:create' (2dc78f76-aa12-4132-887e-8423facdee0b) transitioned into state 'RUNNING' from state 'PENDING' {{(pid=71068) _task_receiver /usr/local/lib/python3.10/dist-packages/taskflow/listeners/logging.py:190}}
Jul 23 18:49:35 user devstack@c-api.service[71067]: DEBUG cinder.volume.flows.api.create_volume [None req-de5e4b08-8c1b-4243-ab51-9017860d0a60 tempest-TaggedBootDevicesTest_v242-1765967889 tempest-TaggedBootDevicesTest_v242-1765967889-project-member] Validating volume size '1' using validate_int {{(pid=71067) _extract_size /opt/stack/cinder/cinder/volume/flows/api/create_volume.py:228}}
Jul 23 18:49:35 user devstack@c-api.service[71068]: DEBUG cinder.volume.api [None req-0982009b-dc83-472c-b8c8-240ee9bf1dc9 tempest-TestVolumeSwap-2103975141 tempest-TestVolumeSwap-2103975141-project-member] Task 'cinder.volume.flows.api.create_volume.VolumeCastTask;volume:create' (2dc78f76-aa12-4132-887e-8423facdee0b) transitioned into state 'SUCCESS' from state 'RUNNING' with result 'None' {{(pid=71068) _task_receiver /usr/local/lib/python3.10/dist-packages/taskflow/listeners/logging.py:178}}
Jul 23 18:49:35 user devstack@c-api.service[71068]: DEBUG cinder.volume.api [None req-0982009b-dc83-472c-b8c8-240ee9bf1dc9 tempest-TestVolumeSwap-2103975141 tempest-TestVolumeSwap-2103975141-project-member] Flow 'volume_create_api' (97ecc9f1-8655-46f7-94ef-518d95b782c6) transitioned into state 'SUCCESS' from state 'RUNNING' {{(pid=71068) _flow_receiver /usr/local/lib/python3.10/dist-packages/taskflow/listeners/logging.py:141}}
Jul 23 18:49:35 user devstack@c-api.service[71068]: INFO cinder.volume.api [None req-0982009b-dc83-472c-b8c8-240ee9bf1dc9 tempest-TestVolumeSwap-2103975141 tempest-TestVolumeSwap-2103975141-project-member] Create volume request issued successfully.
Jul 23 18:49:35 user devstack@c-api.service[71068]: INFO cinder.api.openstack.wsgi [None req-0982009b-dc83-472c-b8c8-240ee9bf1dc9 tempest-TestVolumeSwap-2103975141 tempest-TestVolumeSwap-2103975141-project-member] http://10.0.0.210/volume/v3/ba307da35e204d1994ad099726df31ab/volumes returned with HTTP 202
Jul 23 18:49:35 user devstack@c-api.service[71068]: [pid: 71068|app: 0|req: 29/87] 10.0.0.210 () {64 vars in 1312 bytes} [Sun Jul 23 18:49:34 2023] POST /volume/v3/ba307da35e204d1994ad099726df31ab/volumes => generated 812 bytes in 408 msecs (HTTP/1.1 202) 7 headers in 291 bytes (1 switches on core 0)
Jul 23 18:49:35 user devstack@c-api.service[71069]: DEBUG cinder.api.middleware.request_id [None req-aedebb89-54ba-4e62-a716-0982cfc35514 None None] RequestId filter calling following filter/app {{(pid=71069) _context_setter /opt/stack/cinder/cinder/api/middleware/request_id.py:62}}
Jul 23 18:49:35 user devstack@c-api.service[71069]: INFO cinder.api.openstack.wsgi [None req-aedebb89-54ba-4e62-a716-0982cfc35514 tempest-TestVolumeSwap-2103975141 tempest-TestVolumeSwap-2103975141-project-member] GET http://10.0.0.210/volume/v3/ba307da35e204d1994ad099726df31ab/volumes/c35afa78-258a-4575-9b2a-8cdef9fcd028
Jul 23 18:49:35 user devstack@c-api.service[71069]: DEBUG cinder.api.openstack.wsgi [None req-aedebb89-54ba-4e62-a716-0982cfc35514 tempest-TestVolumeSwap-2103975141 tempest-TestVolumeSwap-2103975141-project-member] Empty body provided in request {{(pid=71069) get_body /opt/stack/cinder/cinder/api/openstack/wsgi.py:715}}
Jul 23 18:49:35 user devstack@c-api.service[71069]: DEBUG cinder.api.openstack.wsgi [None req-aedebb89-54ba-4e62-a716-0982cfc35514 tempest-TestVolumeSwap-2103975141 tempest-TestVolumeSwap-2103975141-project-member] Calling method 'show' {{(pid=71069) _process_stack /opt/stack/cinder/cinder/api/openstack/wsgi.py:868}}
Jul 23 18:49:35 user devstack@c-api.service[71069]: /usr/local/lib/python3.10/dist-packages/oslo_context/context.py:100: DeprecationWarning: Policy enforcement is depending on the value of is_admin. This key is deprecated. Please update your policy file to use the standard policy values.
Jul 23 18:49:35 user devstack@c-api.service[71069]: warnings.warn('Policy enforcement is depending on the value of '
Jul 23 18:49:35 user devstack@c-api.service[71069]: INFO cinder.volume.api [None req-aedebb89-54ba-4e62-a716-0982cfc35514 tempest-TestVolumeSwap-2103975141 tempest-TestVolumeSwap-2103975141-project-member] Volume info retrieved successfully.
Jul 23 18:49:35 user devstack@c-api.service[71069]: INFO cinder.api.openstack.wsgi [None req-aedebb89-54ba-4e62-a716-0982cfc35514 tempest-TestVolumeSwap-2103975141 tempest-TestVolumeSwap-2103975141-project-member] http://10.0.0.210/volume/v3/ba307da35e204d1994ad099726df31ab/volumes/c35afa78-258a-4575-9b2a-8cdef9fcd028 returned with HTTP 200
Jul 23 18:49:35 user devstack@c-api.service[71069]: [pid: 71069|app: 0|req: 30/88] 10.0.0.210 () {62 vars in 1402 bytes} [Sun Jul 23 18:49:35 2023] GET /volume/v3/ba307da35e204d1994ad099726df31ab/volumes/c35afa78-258a-4575-9b2a-8cdef9fcd028 => generated 880 bytes in 42 msecs (HTTP/1.1 200) 7 headers in 285 bytes (1 switches on core 0)
Jul 23 18:49:35 user devstack@c-api.service[71067]: DEBUG cinder.volume.api [None req-de5e4b08-8c1b-4243-ab51-9017860d0a60 tempest-TaggedBootDevicesTest_v242-1765967889 tempest-TaggedBootDevicesTest_v242-1765967889-project-member] Task 'cinder.volume.flows.api.create_volume.ExtractVolumeRequestTask;volume:create' (2ad7a86d-2b7c-45c1-bfaf-3997895e6ca0) transitioned into state 'SUCCESS' from state 'RUNNING' with result '{'size': 1, 'snapshot_id': None, 'source_volid': None, 'volume_type': VolumeType(created_at=2023-07-23T18:45:08Z,deleted=False,deleted_at=None,description=None,extra_specs={volume_backend_name='joviandss-2'},id=0c9e9cca-deef-46fd-9169-0a8e89b34353,is_public=True,name='joviandss-2',projects=[],qos_specs=,qos_specs_id=None,updated_at=None), 'volume_type_id': '0c9e9cca-deef-46fd-9169-0a8e89b34353', 'encryption_key_id': None, 'qos_specs': None, 'consistencygroup_id': None, 'cgsnapshot_id': None, 'group_id': None, 'replication_status': 'disabled', 'refresh_az': False, 'backup_id': None, 'multiattach': False, 'availability_zones': ['nova']}' {{(pid=71067) _task_receiver /usr/local/lib/python3.10/dist-packages/taskflow/listeners/logging.py:178}}
Jul 23 18:49:35 user devstack@c-api.service[71067]: DEBUG cinder.volume.api [None req-de5e4b08-8c1b-4243-ab51-9017860d0a60 tempest-TaggedBootDevicesTest_v242-1765967889 tempest-TaggedBootDevicesTest_v242-1765967889-project-member] Task 'cinder.volume.flows.api.create_volume.QuotaReserveTask;volume:create' (cd0f6069-9775-4c0a-a70b-9f0c6b7bb5bb) transitioned into state 'RUNNING' from state 'PENDING' {{(pid=71067) _task_receiver /usr/local/lib/python3.10/dist-packages/taskflow/listeners/logging.py:190}}
Jul 23 18:49:35 user devstack@c-api.service[71067]: DEBUG dbcounter [-] [71067] Writing DB stats cinder:SELECT=78,cinder:INSERT=7,cinder:UPDATE=15 {{(pid=71067) stat_writer /usr/local/lib/python3.10/dist-packages/dbcounter.py:117}}
Jul 23 18:49:35 user devstack@c-api.service[71067]: DEBUG cinder.quota [None req-de5e4b08-8c1b-4243-ab51-9017860d0a60 tempest-TaggedBootDevicesTest_v242-1765967889 tempest-TaggedBootDevicesTest_v242-1765967889-project-member] Created reservations ['b2e57f1f-9c36-4ee0-b333-b2976ff43b39', '5cbef619-fb05-4b29-aab2-fecf2e07e1b7', '48beb4f1-8428-44e6-bf35-ce73fa552815', '61813314-29ba-44f5-af66-8aa167e04539'] {{(pid=71067) reserve /opt/stack/cinder/cinder/quota.py:755}}
Jul 23 18:49:35 user devstack@c-api.service[71067]: DEBUG cinder.volume.api [None req-de5e4b08-8c1b-4243-ab51-9017860d0a60 tempest-TaggedBootDevicesTest_v242-1765967889 tempest-TaggedBootDevicesTest_v242-1765967889-project-member] Task 'cinder.volume.flows.api.create_volume.QuotaReserveTask;volume:create' (cd0f6069-9775-4c0a-a70b-9f0c6b7bb5bb) transitioned into state 'SUCCESS' from state 'RUNNING' with result '{'reservations': ['b2e57f1f-9c36-4ee0-b333-b2976ff43b39', '5cbef619-fb05-4b29-aab2-fecf2e07e1b7', '48beb4f1-8428-44e6-bf35-ce73fa552815', '61813314-29ba-44f5-af66-8aa167e04539']}' {{(pid=71067) _task_receiver /usr/local/lib/python3.10/dist-packages/taskflow/listeners/logging.py:178}}
Jul 23 18:49:35 user devstack@c-api.service[71067]: DEBUG cinder.volume.api [None req-de5e4b08-8c1b-4243-ab51-9017860d0a60 tempest-TaggedBootDevicesTest_v242-1765967889 tempest-TaggedBootDevicesTest_v242-1765967889-project-member] Task 'cinder.volume.flows.api.create_volume.EntryCreateTask;volume:create' (f23c40d9-c463-47d6-b4e7-dfc3bd25f271) transitioned into state 'RUNNING' from state 'PENDING' {{(pid=71067) _task_receiver /usr/local/lib/python3.10/dist-packages/taskflow/listeners/logging.py:190}}
Jul 23 18:49:35 user devstack@c-api.service[71067]: DEBUG cinder.volume.api [None req-de5e4b08-8c1b-4243-ab51-9017860d0a60 tempest-TaggedBootDevicesTest_v242-1765967889 tempest-TaggedBootDevicesTest_v242-1765967889-project-member] Task 'cinder.volume.flows.api.create_volume.EntryCreateTask;volume:create' (f23c40d9-c463-47d6-b4e7-dfc3bd25f271) transitioned into state 'SUCCESS' from state 'RUNNING' with result '{'volume_id': 'e3fb3b97-bd90-4fd4-bc87-21a0f6e43991', 'volume_properties': VolumeProperties(attach_status='detached',availability_zone='nova',cgsnapshot_id=None,consistencygroup_id=None,display_description=None,display_name='tempest-TaggedBootDevicesTest_v242-volume-1775057647',encryption_key_id=None,group_id=None,group_type_id=,metadata={},multiattach=False,project_id='bd81731c2b324088ba1d5c5f4f2b8da9',qos_specs=None,replication_status=,reservations=['b2e57f1f-9c36-4ee0-b333-b2976ff43b39','5cbef619-fb05-4b29-aab2-fecf2e07e1b7','48beb4f1-8428-44e6-bf35-ce73fa552815','61813314-29ba-44f5-af66-8aa167e04539'],size=1,snapshot_id=None,source_replicaid=,source_volid=None,status='creating',user_id='13d3afc9222442049e15a22d1821074e',volume_type_id=0c9e9cca-deef-46fd-9169-0a8e89b34353), 'volume': Volume(_name_id=None,admin_metadata=,attach_status='detached',availability_zone='nova',bootable=False,cluster=,cluster_name=None,consistencygroup=,consistencygroup_id=None,created_at=2023-07-23T18:49:35Z,deleted=False,deleted_at=None,display_description=None,display_name='tempest-TaggedBootDevicesTest_v242-volume-1775057647',ec2_id=None,encryption_key_id=None,glance_metadata=,group=,group_id=None,host=None,id=e3fb3b97-bd90-4fd4-bc87-21a0f6e43991,launched_at=None,metadata={},migration_status=None,multiattach=False,previous_status=None,project_id='bd81731c2b324088ba1d5c5f4f2b8da9',provider_auth=None,provider_geometry=None,provider_id=None,provider_location=None,replication_driver_data=None,replication_extended_status=None,replication_status=None,scheduled_at=None,service_uuid=None,shared_targets=True,size=1,snapshot_id=None,snapshots=,source_volid=None,status='creating',terminated_at=None,updated_at=None,use_quota=True,user_id='13d3afc9222442049e15a22d1821074e',volume_attachment=VolumeAttachmentList,volume_type=VolumeType(0c9e9cca-deef-46fd-9169-0a8e89b34353),volume_type_id=0c9e9cca-deef-46fd-9169-0a8e89b34353)}' {{(pid=71067) _task_receiver /usr/local/lib/python3.10/dist-packages/taskflow/listeners/logging.py:178}}
Jul 23 18:49:35 user devstack@c-api.service[71067]: DEBUG cinder.volume.api [None req-de5e4b08-8c1b-4243-ab51-9017860d0a60 tempest-TaggedBootDevicesTest_v242-1765967889 tempest-TaggedBootDevicesTest_v242-1765967889-project-member] Task 'cinder.volume.flows.api.create_volume.QuotaCommitTask;volume:create' (dd10401e-e3f8-4188-9f3f-a9d88a7e13b2) transitioned into state 'RUNNING' from state 'PENDING' {{(pid=71067) _task_receiver /usr/local/lib/python3.10/dist-packages/taskflow/listeners/logging.py:190}}
Jul 23 18:49:35 user devstack@c-api.service[71067]: DEBUG cinder.volume.api [None req-de5e4b08-8c1b-4243-ab51-9017860d0a60 tempest-TaggedBootDevicesTest_v242-1765967889 tempest-TaggedBootDevicesTest_v242-1765967889-project-member] Task 'cinder.volume.flows.api.create_volume.QuotaCommitTask;volume:create' (dd10401e-e3f8-4188-9f3f-a9d88a7e13b2) transitioned into state 'SUCCESS' from state 'RUNNING' with result '{'volume_properties': VolumeProperties(attach_status='detached',availability_zone='nova',cgsnapshot_id=None,consistencygroup_id=None,display_description=None,display_name='tempest-TaggedBootDevicesTest_v242-volume-1775057647',encryption_key_id=None,group_id=None,group_type_id=,metadata={},multiattach=False,project_id='bd81731c2b324088ba1d5c5f4f2b8da9',qos_specs=None,replication_status=,reservations=['b2e57f1f-9c36-4ee0-b333-b2976ff43b39','5cbef619-fb05-4b29-aab2-fecf2e07e1b7','48beb4f1-8428-44e6-bf35-ce73fa552815','61813314-29ba-44f5-af66-8aa167e04539'],size=1,snapshot_id=None,source_replicaid=,source_volid=None,status='creating',user_id='13d3afc9222442049e15a22d1821074e',volume_type_id=0c9e9cca-deef-46fd-9169-0a8e89b34353)}' {{(pid=71067) _task_receiver /usr/local/lib/python3.10/dist-packages/taskflow/listeners/logging.py:178}}
Jul 23 18:49:35 user devstack@c-api.service[71067]: DEBUG cinder.volume.api [None req-de5e4b08-8c1b-4243-ab51-9017860d0a60 tempest-TaggedBootDevicesTest_v242-1765967889 tempest-TaggedBootDevicesTest_v242-1765967889-project-member] Task 'cinder.volume.flows.api.create_volume.VolumeCastTask;volume:create' (360ac60c-a6ee-426f-a8a0-994e132b37fb) transitioned into state 'RUNNING' from state 'PENDING' {{(pid=71067) _task_receiver /usr/local/lib/python3.10/dist-packages/taskflow/listeners/logging.py:190}}
Jul 23 18:49:35 user devstack@c-api.service[71067]: DEBUG cinder.volume.api [None req-de5e4b08-8c1b-4243-ab51-9017860d0a60 tempest-TaggedBootDevicesTest_v242-1765967889 tempest-TaggedBootDevicesTest_v242-1765967889-project-member] Task 'cinder.volume.flows.api.create_volume.VolumeCastTask;volume:create' (360ac60c-a6ee-426f-a8a0-994e132b37fb) transitioned into state 'SUCCESS' from state 'RUNNING' with result 'None' {{(pid=71067) _task_receiver /usr/local/lib/python3.10/dist-packages/taskflow/listeners/logging.py:178}}
Jul 23 18:49:35 user devstack@c-api.service[71067]: DEBUG cinder.volume.api [None req-de5e4b08-8c1b-4243-ab51-9017860d0a60 tempest-TaggedBootDevicesTest_v242-1765967889 tempest-TaggedBootDevicesTest_v242-1765967889-project-member] Flow 'volume_create_api' (802af2c5-34b7-4f44-bf9d-7351b022d8dc) transitioned into state 'SUCCESS' from state 'RUNNING' {{(pid=71067) _flow_receiver /usr/local/lib/python3.10/dist-packages/taskflow/listeners/logging.py:141}}
Jul 23 18:49:35 user devstack@c-api.service[71067]: INFO cinder.volume.api [None req-de5e4b08-8c1b-4243-ab51-9017860d0a60 tempest-TaggedBootDevicesTest_v242-1765967889 tempest-TaggedBootDevicesTest_v242-1765967889-project-member] Create volume request issued successfully.
Jul 23 18:49:35 user devstack@c-api.service[71067]: INFO cinder.api.openstack.wsgi [None req-de5e4b08-8c1b-4243-ab51-9017860d0a60 tempest-TaggedBootDevicesTest_v242-1765967889 tempest-TaggedBootDevicesTest_v242-1765967889-project-member] http://10.0.0.210/volume/v3/bd81731c2b324088ba1d5c5f4f2b8da9/volumes returned with HTTP 202
Jul 23 18:49:35 user devstack@c-api.service[71067]: [pid: 71067|app: 0|req: 30/89] 10.0.0.210 () {64 vars in 1313 bytes} [Sun Jul 23 18:49:34 2023] POST /volume/v3/bd81731c2b324088ba1d5c5f4f2b8da9/volumes => generated 824 bytes in 1195 msecs (HTTP/1.1 202) 7 headers in 291 bytes (1 switches on core 0)
Jul 23 18:49:35 user devstack@c-api.service[71068]: DEBUG cinder.api.middleware.request_id [None req-841729af-4b2c-43dd-a6d1-b14b97e8303c None None] RequestId filter calling following filter/app {{(pid=71068) _context_setter /opt/stack/cinder/cinder/api/middleware/request_id.py:62}}
Jul 23 18:49:35 user devstack@c-api.service[71068]: INFO cinder.api.openstack.wsgi [None req-841729af-4b2c-43dd-a6d1-b14b97e8303c tempest-TaggedBootDevicesTest_v242-1765967889 tempest-TaggedBootDevicesTest_v242-1765967889-project-member] GET http://10.0.0.210/volume/v3/bd81731c2b324088ba1d5c5f4f2b8da9/volumes/e3fb3b97-bd90-4fd4-bc87-21a0f6e43991
Jul 23 18:49:35 user devstack@c-api.service[71068]: DEBUG cinder.api.openstack.wsgi [None req-841729af-4b2c-43dd-a6d1-b14b97e8303c tempest-TaggedBootDevicesTest_v242-1765967889 tempest-TaggedBootDevicesTest_v242-1765967889-project-member] Empty body provided in request {{(pid=71068) get_body /opt/stack/cinder/cinder/api/openstack/wsgi.py:715}}
Jul 23 18:49:35 user devstack@c-api.service[71068]: DEBUG cinder.api.openstack.wsgi [None req-841729af-4b2c-43dd-a6d1-b14b97e8303c tempest-TaggedBootDevicesTest_v242-1765967889 tempest-TaggedBootDevicesTest_v242-1765967889-project-member] Calling method 'show' {{(pid=71068) _process_stack /opt/stack/cinder/cinder/api/openstack/wsgi.py:868}}
Jul 23 18:49:35 user devstack@c-api.service[71068]: /usr/local/lib/python3.10/dist-packages/oslo_context/context.py:100: DeprecationWarning: Policy enforcement is depending on the value of is_admin. This key is deprecated. Please update your policy file to use the standard policy values.
Jul 23 18:49:35 user devstack@c-api.service[71068]: warnings.warn('Policy enforcement is depending on the value of '
Jul 23 18:49:35 user devstack@c-api.service[71068]: INFO cinder.volume.api [None req-841729af-4b2c-43dd-a6d1-b14b97e8303c tempest-TaggedBootDevicesTest_v242-1765967889 tempest-TaggedBootDevicesTest_v242-1765967889-project-member] Volume info retrieved successfully.
Jul 23 18:49:35 user devstack@c-api.service[71068]: INFO cinder.api.openstack.wsgi [None req-841729af-4b2c-43dd-a6d1-b14b97e8303c tempest-TaggedBootDevicesTest_v242-1765967889 tempest-TaggedBootDevicesTest_v242-1765967889-project-member] http://10.0.0.210/volume/v3/bd81731c2b324088ba1d5c5f4f2b8da9/volumes/e3fb3b97-bd90-4fd4-bc87-21a0f6e43991 returned with HTTP 200
Jul 23 18:49:35 user devstack@c-api.service[71068]: [pid: 71068|app: 0|req: 30/90] 10.0.0.210 () {62 vars in 1402 bytes} [Sun Jul 23 18:49:35 2023] GET /volume/v3/bd81731c2b324088ba1d5c5f4f2b8da9/volumes/e3fb3b97-bd90-4fd4-bc87-21a0f6e43991 => generated 892 bytes in 46 msecs (HTTP/1.1 200) 7 headers in 285 bytes (1 switches on core 0)
Jul 23 18:49:35 user devstack@c-api.service[71069]: DEBUG cinder.api.middleware.request_id [None req-d044fe34-3e8c-44e0-bf32-44ea1e444bcb None None] RequestId filter calling following filter/app {{(pid=71069) _context_setter /opt/stack/cinder/cinder/api/middleware/request_id.py:62}}
Jul 23 18:49:36 user devstack@c-api.service[71069]: INFO cinder.api.openstack.wsgi [None req-d044fe34-3e8c-44e0-bf32-44ea1e444bcb tempest-GroupSnapshotsV319Test-223023200 tempest-GroupSnapshotsV319Test-223023200-project-admin] POST http://10.0.0.210/volume/v3/e4f0f22ad3394c93b09766c6ec491180/types
Jul 23 18:49:36 user devstack@c-api.service[71069]: DEBUG cinder.api.openstack.wsgi [None req-d044fe34-3e8c-44e0-bf32-44ea1e444bcb tempest-GroupSnapshotsV319Test-223023200 tempest-GroupSnapshotsV319Test-223023200-project-admin] Action: 'create', calling method: _create, body: {"volume_type": {"name": "tempest-GroupSnapshotsV319Test-volume-type-1759050805"}} {{(pid=71069) _process_stack /opt/stack/cinder/cinder/api/openstack/wsgi.py:866}}
Jul 23 18:49:36 user devstack@c-api.service[71069]: INFO cinder.api.openstack.wsgi [None req-d044fe34-3e8c-44e0-bf32-44ea1e444bcb tempest-GroupSnapshotsV319Test-223023200 tempest-GroupSnapshotsV319Test-223023200-project-admin] http://10.0.0.210/volume/v3/e4f0f22ad3394c93b09766c6ec491180/types returned with HTTP 200
Jul 23 18:49:36 user devstack@c-api.service[71069]: [pid: 71069|app: 0|req: 31/91] 10.0.0.210 () {64 vars in 1306 bytes} [Sun Jul 23 18:49:35 2023] POST /volume/v3/e4f0f22ad3394c93b09766c6ec491180/types => generated 228 bytes in 196 msecs (HTTP/1.1 200) 7 headers in 285 bytes (1 switches on core 0)
Jul 23 18:49:36 user devstack@c-api.service[71067]: DEBUG cinder.api.middleware.request_id [None req-d9a295be-7f57-41e3-b108-69e9c7355fc1 None None] RequestId filter calling following filter/app {{(pid=71067) _context_setter /opt/stack/cinder/cinder/api/middleware/request_id.py:62}}
Jul 23 18:49:36 user devstack@c-api.service[71067]: INFO cinder.api.openstack.wsgi [None req-d9a295be-7f57-41e3-b108-69e9c7355fc1 tempest-GroupSnapshotsV319Test-223023200 tempest-GroupSnapshotsV319Test-223023200-project-admin] POST http://10.0.0.210/volume/v3/e4f0f22ad3394c93b09766c6ec491180/group_types
Jul 23 18:49:36 user devstack@c-api.service[71067]: DEBUG cinder.api.openstack.wsgi [None req-d9a295be-7f57-41e3-b108-69e9c7355fc1 tempest-GroupSnapshotsV319Test-223023200 tempest-GroupSnapshotsV319Test-223023200-project-admin] Action: 'create', calling method: version_select, body: {"group_type": {"name": "tempest-GroupSnapshotsV319Test-group-type-585009920"}} {{(pid=71067) _process_stack /opt/stack/cinder/cinder/api/openstack/wsgi.py:866}}
Jul 23 18:49:36 user devstack@c-api.service[71067]: /usr/local/lib/python3.10/dist-packages/oslo_context/context.py:100: DeprecationWarning: Policy enforcement is depending on the value of is_admin. This key is deprecated. Please update your policy file to use the standard policy values.
Jul 23 18:49:36 user devstack@c-api.service[71067]: warnings.warn('Policy enforcement is depending on the value of '
Jul 23 18:49:36 user devstack@c-api.service[71067]: INFO cinder.api.openstack.wsgi [None req-d9a295be-7f57-41e3-b108-69e9c7355fc1 tempest-GroupSnapshotsV319Test-223023200 tempest-GroupSnapshotsV319Test-223023200-project-admin] http://10.0.0.210/volume/v3/e4f0f22ad3394c93b09766c6ec491180/group_types returned with HTTP 202
Jul 23 18:49:36 user devstack@c-api.service[71067]: [pid: 71067|app: 0|req: 31/92] 10.0.0.210 () {66 vars in 1365 bytes} [Sun Jul 23 18:49:36 2023] POST /volume/v3/e4f0f22ad3394c93b09766c6ec491180/group_types => generated 184 bytes in 41 msecs (HTTP/1.1 202) 7 headers in 292 bytes (1 switches on core 0)
Jul 23 18:49:36 user devstack@c-api.service[71068]: DEBUG cinder.api.middleware.request_id [None req-0b3ebd05-07fa-4ec7-bb2e-bd29f789552b None None] RequestId filter calling following filter/app {{(pid=71068) _context_setter /opt/stack/cinder/cinder/api/middleware/request_id.py:62}}
Jul 23 18:49:36 user devstack@c-api.service[71068]: INFO cinder.api.openstack.wsgi [None req-0b3ebd05-07fa-4ec7-bb2e-bd29f789552b tempest-GroupSnapshotsV319Test-748681472 tempest-GroupSnapshotsV319Test-748681472-project-member] POST http://10.0.0.210/volume/v3/28a72232632b47f9b7d3840a020db4f2/groups
Jul 23 18:49:36 user devstack@c-api.service[71068]: DEBUG cinder.api.openstack.wsgi [None req-0b3ebd05-07fa-4ec7-bb2e-bd29f789552b tempest-GroupSnapshotsV319Test-748681472 tempest-GroupSnapshotsV319Test-748681472-project-member] Action: 'create', calling method: version_select, body: {"group": {"group_type": "a97969dc-4814-4d04-acca-7748c60a8a47", "volume_types": ["4dd09502-6ede-40df-b42d-826c2f9f29ed"], "name": "tempest-GroupSnapshotsV319Test-Group-1764400808"}} {{(pid=71068) _process_stack /opt/stack/cinder/cinder/api/openstack/wsgi.py:866}}
Jul 23 18:49:36 user devstack@c-api.service[71068]: DEBUG cinder.api.v3.groups [None req-0b3ebd05-07fa-4ec7-bb2e-bd29f789552b tempest-GroupSnapshotsV319Test-748681472 tempest-GroupSnapshotsV319Test-748681472-project-member] Creating new group {'group': {'group_type': 'a97969dc-4814-4d04-acca-7748c60a8a47', 'volume_types': ['4dd09502-6ede-40df-b42d-826c2f9f29ed'], 'name': 'tempest-GroupSnapshotsV319Test-Group-1764400808'}} {{(pid=71068) create /opt/stack/cinder/cinder/api/v3/groups.py:190}}
Jul 23 18:49:36 user devstack@c-api.service[71068]: INFO cinder.api.v3.groups [None req-0b3ebd05-07fa-4ec7-bb2e-bd29f789552b tempest-GroupSnapshotsV319Test-748681472 tempest-GroupSnapshotsV319Test-748681472-project-member] Creating group tempest-GroupSnapshotsV319Test-Group-1764400808.
Jul 23 18:49:36 user devstack@c-api.service[71068]: DEBUG cinder.volume.api [None req-0b3ebd05-07fa-4ec7-bb2e-bd29f789552b tempest-GroupSnapshotsV319Test-748681472 tempest-GroupSnapshotsV319Test-748681472-project-member] Availability zone cache updated, next update will occur around 2023-07-23 19:49:36.379038. {{(pid=71068) list_availability_zones /opt/stack/cinder/cinder/volume/api.py:155}}
Jul 23 18:49:36 user devstack@c-api.service[71068]: INFO cinder.volume.api [None req-0b3ebd05-07fa-4ec7-bb2e-bd29f789552b tempest-GroupSnapshotsV319Test-748681472 tempest-GroupSnapshotsV319Test-748681472-project-member] Availability Zones retrieved successfully.
Jul 23 18:49:36 user devstack@c-api.service[71068]: DEBUG cinder.quota [None req-0b3ebd05-07fa-4ec7-bb2e-bd29f789552b tempest-GroupSnapshotsV319Test-748681472 tempest-GroupSnapshotsV319Test-748681472-project-member] Created reservations ['d8cdf80c-db63-4fa1-a9f1-920fc922078e'] {{(pid=71068) reserve /opt/stack/cinder/cinder/quota.py:755}}
Jul 23 18:49:36 user devstack@c-api.service[71068]: INFO cinder.api.openstack.wsgi [None req-0b3ebd05-07fa-4ec7-bb2e-bd29f789552b tempest-GroupSnapshotsV319Test-748681472 tempest-GroupSnapshotsV319Test-748681472-project-member] http://10.0.0.210/volume/v3/28a72232632b47f9b7d3840a020db4f2/groups returned with HTTP 202
Jul 23 18:49:36 user devstack@c-api.service[71068]: [pid: 71068|app: 0|req: 31/93] 10.0.0.210 () {66 vars in 1351 bytes} [Sun Jul 23 18:49:36 2023] POST /volume/v3/28a72232632b47f9b7d3840a020db4f2/groups => generated 116 bytes in 252 msecs (HTTP/1.1 202) 7 headers in 292 bytes (1 switches on core 0)
Jul 23 18:49:36 user devstack@c-api.service[71069]: DEBUG cinder.api.middleware.request_id [None req-786b5908-f773-4e1d-b83a-86c6cf697b5a None None] RequestId filter calling following filter/app {{(pid=71069) _context_setter /opt/stack/cinder/cinder/api/middleware/request_id.py:62}}
Jul 23 18:49:36 user devstack@c-api.service[71069]: INFO cinder.api.openstack.wsgi [None req-786b5908-f773-4e1d-b83a-86c6cf697b5a tempest-GroupSnapshotsV319Test-748681472 tempest-GroupSnapshotsV319Test-748681472-project-member] GET http://10.0.0.210/volume/v3/28a72232632b47f9b7d3840a020db4f2/groups/9042721e-c728-452a-865f-dec8ea215395
Jul 23 18:49:36 user devstack@c-api.service[71069]: DEBUG cinder.api.openstack.wsgi [None req-786b5908-f773-4e1d-b83a-86c6cf697b5a tempest-GroupSnapshotsV319Test-748681472 tempest-GroupSnapshotsV319Test-748681472-project-member] Empty body provided in request {{(pid=71069) get_body /opt/stack/cinder/cinder/api/openstack/wsgi.py:715}}
Jul 23 18:49:36 user devstack@c-api.service[71069]: DEBUG cinder.api.openstack.wsgi [None req-786b5908-f773-4e1d-b83a-86c6cf697b5a tempest-GroupSnapshotsV319Test-748681472 tempest-GroupSnapshotsV319Test-748681472-project-member] Calling method 'version_select' {{(pid=71069) _process_stack /opt/stack/cinder/cinder/api/openstack/wsgi.py:868}}
Jul 23 18:49:36 user devstack@c-api.service[71069]: DEBUG cinder.api.v3.groups [None req-786b5908-f773-4e1d-b83a-86c6cf697b5a tempest-GroupSnapshotsV319Test-748681472 tempest-GroupSnapshotsV319Test-748681472-project-member] show called for member 9042721e-c728-452a-865f-dec8ea215395 {{(pid=71069) show /opt/stack/cinder/cinder/api/v3/groups.py:58}}
Jul 23 18:49:36 user devstack@c-api.service[71067]: DEBUG cinder.api.middleware.request_id [None req-ed0cdd19-34b1-45b5-ab9e-bba970572117 None None] RequestId filter calling following filter/app {{(pid=71067) _context_setter /opt/stack/cinder/cinder/api/middleware/request_id.py:62}}
Jul 23 18:49:36 user devstack@c-api.service[71067]: INFO cinder.api.openstack.wsgi [None req-ed0cdd19-34b1-45b5-ab9e-bba970572117 tempest-TestVolumeSwap-2103975141 tempest-TestVolumeSwap-2103975141-project-member] GET http://10.0.0.210/volume/v3/ba307da35e204d1994ad099726df31ab/volumes/c35afa78-258a-4575-9b2a-8cdef9fcd028
Jul 23 18:49:36 user devstack@c-api.service[71067]: DEBUG cinder.api.openstack.wsgi [None req-ed0cdd19-34b1-45b5-ab9e-bba970572117 tempest-TestVolumeSwap-2103975141 tempest-TestVolumeSwap-2103975141-project-member] Empty body provided in request {{(pid=71067) get_body /opt/stack/cinder/cinder/api/openstack/wsgi.py:715}}
Jul 23 18:49:36 user devstack@c-api.service[71067]: DEBUG cinder.api.openstack.wsgi [None req-ed0cdd19-34b1-45b5-ab9e-bba970572117 tempest-TestVolumeSwap-2103975141 tempest-TestVolumeSwap-2103975141-project-member] Calling method 'show' {{(pid=71067) _process_stack /opt/stack/cinder/cinder/api/openstack/wsgi.py:868}}
Jul 23 18:49:36 user devstack@c-api.service[71069]: /usr/local/lib/python3.10/dist-packages/oslo_context/context.py:100: DeprecationWarning: Policy enforcement is depending on the value of is_admin. This key is deprecated. Please update your policy file to use the standard policy values.
Jul 23 18:49:36 user devstack@c-api.service[71069]: warnings.warn('Policy enforcement is depending on the value of '
Jul 23 18:49:36 user devstack@c-api.service[71067]: /usr/local/lib/python3.10/dist-packages/oslo_context/context.py:100: DeprecationWarning: Policy enforcement is depending on the value of is_admin. This key is deprecated. Please update your policy file to use the standard policy values.
Jul 23 18:49:36 user devstack@c-api.service[71067]: warnings.warn('Policy enforcement is depending on the value of '
Jul 23 18:49:36 user devstack@c-api.service[71069]: INFO cinder.api.openstack.wsgi [None req-786b5908-f773-4e1d-b83a-86c6cf697b5a tempest-GroupSnapshotsV319Test-748681472 tempest-GroupSnapshotsV319Test-748681472-project-member] http://10.0.0.210/volume/v3/28a72232632b47f9b7d3840a020db4f2/groups/9042721e-c728-452a-865f-dec8ea215395 returned with HTTP 200
Jul 23 18:49:36 user devstack@c-api.service[71069]: [pid: 71069|app: 0|req: 32/94] 10.0.0.210 () {64 vars in 1440 bytes} [Sun Jul 23 18:49:36 2023] GET /volume/v3/28a72232632b47f9b7d3840a020db4f2/groups/9042721e-c728-452a-865f-dec8ea215395 => generated 396 bytes in 57 msecs (HTTP/1.1 200) 7 headers in 286 bytes (1 switches on core 0)
Jul 23 18:49:36 user devstack@c-api.service[71067]: INFO cinder.volume.api [None req-ed0cdd19-34b1-45b5-ab9e-bba970572117 tempest-TestVolumeSwap-2103975141 tempest-TestVolumeSwap-2103975141-project-member] Volume info retrieved successfully.
Jul 23 18:49:36 user devstack@c-api.service[71067]: INFO cinder.api.openstack.wsgi [None req-ed0cdd19-34b1-45b5-ab9e-bba970572117 tempest-TestVolumeSwap-2103975141 tempest-TestVolumeSwap-2103975141-project-member] http://10.0.0.210/volume/v3/ba307da35e204d1994ad099726df31ab/volumes/c35afa78-258a-4575-9b2a-8cdef9fcd028 returned with HTTP 200
Jul 23 18:49:36 user devstack@c-api.service[71067]: [pid: 71067|app: 0|req: 32/95] 10.0.0.210 () {62 vars in 1402 bytes} [Sun Jul 23 18:49:36 2023] GET /volume/v3/ba307da35e204d1994ad099726df31ab/volumes/c35afa78-258a-4575-9b2a-8cdef9fcd028 => generated 904 bytes in 93 msecs (HTTP/1.1 200) 7 headers in 285 bytes (1 switches on core 0)
Jul 23 18:49:36 user devstack@c-api.service[71068]: DEBUG cinder.api.middleware.request_id [None req-ae06acb1-ccbd-40ab-996b-ecd11fc4d7f9 None None] RequestId filter calling following filter/app {{(pid=71068) _context_setter /opt/stack/cinder/cinder/api/middleware/request_id.py:62}}
Jul 23 18:49:36 user devstack@c-api.service[71068]: INFO cinder.api.openstack.wsgi [None req-ae06acb1-ccbd-40ab-996b-ecd11fc4d7f9 tempest-TaggedBootDevicesTest_v242-1765967889 tempest-TaggedBootDevicesTest_v242-1765967889-project-member] GET http://10.0.0.210/volume/v3/bd81731c2b324088ba1d5c5f4f2b8da9/volumes/e3fb3b97-bd90-4fd4-bc87-21a0f6e43991
Jul 23 18:49:36 user devstack@c-api.service[71068]: DEBUG cinder.api.openstack.wsgi [None req-ae06acb1-ccbd-40ab-996b-ecd11fc4d7f9 tempest-TaggedBootDevicesTest_v242-1765967889 tempest-TaggedBootDevicesTest_v242-1765967889-project-member] Empty body provided in request {{(pid=71068) get_body /opt/stack/cinder/cinder/api/openstack/wsgi.py:715}}
Jul 23 18:49:36 user devstack@c-api.service[71068]: DEBUG cinder.api.openstack.wsgi [None req-ae06acb1-ccbd-40ab-996b-ecd11fc4d7f9 tempest-TaggedBootDevicesTest_v242-1765967889 tempest-TaggedBootDevicesTest_v242-1765967889-project-member] Calling method 'show' {{(pid=71068) _process_stack /opt/stack/cinder/cinder/api/openstack/wsgi.py:868}}
Jul 23 18:49:36 user devstack@c-api.service[71068]: /usr/local/lib/python3.10/dist-packages/oslo_context/context.py:100: DeprecationWarning: Policy enforcement is depending on the value of is_admin. This key is deprecated. Please update your policy file to use the standard policy values.
Jul 23 18:49:36 user devstack@c-api.service[71068]: warnings.warn('Policy enforcement is depending on the value of '
Jul 23 18:49:36 user devstack@c-api.service[71068]: INFO cinder.volume.api [None req-ae06acb1-ccbd-40ab-996b-ecd11fc4d7f9 tempest-TaggedBootDevicesTest_v242-1765967889 tempest-TaggedBootDevicesTest_v242-1765967889-project-member] Volume info retrieved successfully.
Jul 23 18:49:36 user devstack@c-api.service[71068]: INFO cinder.api.openstack.wsgi [None req-ae06acb1-ccbd-40ab-996b-ecd11fc4d7f9 tempest-TaggedBootDevicesTest_v242-1765967889 tempest-TaggedBootDevicesTest_v242-1765967889-project-member] http://10.0.0.210/volume/v3/bd81731c2b324088ba1d5c5f4f2b8da9/volumes/e3fb3b97-bd90-4fd4-bc87-21a0f6e43991 returned with HTTP 200
Jul 23 18:49:36 user devstack@c-api.service[71068]: [pid: 71068|app: 0|req: 32/96] 10.0.0.210 () {62 vars in 1402 bytes} [Sun Jul 23 18:49:36 2023] GET /volume/v3/bd81731c2b324088ba1d5c5f4f2b8da9/volumes/e3fb3b97-bd90-4fd4-bc87-21a0f6e43991 => generated 916 bytes in 49 msecs (HTTP/1.1 200) 7 headers in 285 bytes (1 switches on core 0)
