Jul 23 18:45:00 user devstack@n-api.service[60660]: INFO nova.api.openstack.requestlog [None req-fe50677f-06a4-4318-9fb2-d7021fa3aa0f None None] 10.0.0.210 "GET /compute/v2.1" status: 200 len: 387 microversion: 2.1 time: 0.001505
Jul 23 18:45:00 user devstack@n-api.service[60660]: [pid: 60660|app: 0|req: 2/7] 10.0.0.210 () {54 vars in 924 bytes} [Sun Jul 23 18:45:00 2023] GET /compute/v2.1 => generated 387 bytes in 3 msecs (HTTP/1.1 200) 9 headers in 357 bytes (1 switches on core 0)
Jul 23 18:45:00 user devstack@n-api.service[60659]: DEBUG nova.api.openstack.wsgi [None req-46fdc168-5a53-4a5f-b736-e5badce1cad9 admin admin] Action: 'create', calling method: >, body: {"flavor": {"id": "d1", "ram": 512, "vcpus": 1, "OS-FLV-EXT-DATA:ephemeral": 0, "os-flavor-access:is_public": true, "swap": 0, "disk": 5, "name": "ds512M", "rxtx_factor": 1.0}} {{(pid=60659) _process_stack /opt/stack/nova/nova/api/openstack/wsgi.py:511}}
Jul 23 18:45:01 user devstack@n-api.service[60659]: INFO nova.api.openstack.requestlog [None req-46fdc168-5a53-4a5f-b736-e5badce1cad9 admin admin] 10.0.0.210 "POST /compute/v2.1/flavors" status: 200 len: 402 microversion: 2.61 time: 0.070110
Jul 23 18:45:01 user devstack@n-api.service[60659]: [pid: 60659|app: 0|req: 4/8] 10.0.0.210 () {64 vars in 1276 bytes} [Sun Jul 23 18:45:00 2023] POST /compute/v2.1/flavors => generated 402 bytes in 71 msecs (HTTP/1.1 200) 9 headers in 359 bytes (1 switches on core 0)
Jul 23 18:45:01 user devstack@n-api.service[60661]: DEBUG nova.api.openstack.wsgi [None req-8c12fca8-4b3c-4bbc-9ac3-59a6d0ad55d2 admin admin] Action: 'create', calling method: >, body: {"extra_specs": {"hw_rng:allowed": "True"}} {{(pid=60661) _process_stack /opt/stack/nova/nova/api/openstack/wsgi.py:511}}
Jul 23 18:45:01 user devstack@n-api.service[60661]: INFO nova.api.openstack.requestlog [None req-8c12fca8-4b3c-4bbc-9ac3-59a6d0ad55d2 admin admin] 10.0.0.210 "POST /compute/v2.1/flavors/d1/os-extra_specs" status: 200 len: 43 microversion: 2.61 time: 0.026358
Jul 23 18:45:01 user devstack@n-api.service[60661]: [pid: 60661|app: 0|req: 3/9] 10.0.0.210 () {64 vars in 1329 bytes} [Sun Jul 23 18:45:01 2023] POST /compute/v2.1/flavors/d1/os-extra_specs => generated 43 bytes in 28 msecs (HTTP/1.1 200) 9 headers in 358 bytes (1 switches on core 0)
Jul 23 18:45:02 user devstack@n-api.service[60660]: DEBUG nova.api.openstack.wsgi [None req-fe50677f-06a4-4318-9fb2-d7021fa3aa0f None None] Calling method '>' {{(pid=60660) _process_stack /opt/stack/nova/nova/api/openstack/wsgi.py:513}}
Jul 23 18:45:02 user devstack@n-api.service[60660]: INFO nova.api.openstack.requestlog [None req-fe50677f-06a4-4318-9fb2-d7021fa3aa0f None None] 10.0.0.210 "GET /compute/v2.1" status: 200 len: 387 microversion: 2.1 time: 0.001285
Jul 23 18:45:02 user devstack@n-api.service[60660]: [pid: 60660|app: 0|req: 3/10] 10.0.0.210 () {54 vars in 924 bytes} [Sun Jul 23 18:45:02 2023] GET /compute/v2.1 => generated 387 bytes in 2 msecs (HTTP/1.1 200) 9 headers in 357 bytes (1 switches on core 0)
Jul 23 18:45:02 user devstack@n-api.service[60659]: DEBUG nova.api.openstack.wsgi [None req-8b9bf173-c11c-4a78-be12-b0dd44f5e82b admin admin] Action: 'create', calling method: >, body: {"flavor": {"swap": 0, "rxtx_factor": 1.0, "disk": 10, "id": "d2", "OS-FLV-EXT-DATA:ephemeral": 0, "vcpus": 1, "ram": 1024, "os-flavor-access:is_public": true, "name": "ds1G"}} {{(pid=60659) _process_stack /opt/stack/nova/nova/api/openstack/wsgi.py:511}}
Jul 23 18:45:02 user devstack@n-api.service[60659]: INFO nova.api.openstack.requestlog [None req-8b9bf173-c11c-4a78-be12-b0dd44f5e82b admin admin] 10.0.0.210 "POST /compute/v2.1/flavors" status: 200 len: 402 microversion: 2.61 time: 0.071378
Jul 23 18:45:02 user devstack@n-api.service[60659]: [pid: 60659|app: 0|req: 5/11] 10.0.0.210 () {64 vars in 1276 bytes} [Sun Jul 23 18:45:02 2023] POST /compute/v2.1/flavors => generated 402 bytes in 73 msecs (HTTP/1.1 200) 9 headers in 359 bytes (1 switches on core 0)
Jul 23 18:45:03 user devstack@n-api.service[60661]: DEBUG nova.api.openstack.wsgi [None req-ff29a146-a4f9-4407-9373-47557b2b8495 admin admin] Action: 'create', calling method: >, body: {"extra_specs": {"hw_rng:allowed": "True"}} {{(pid=60661) _process_stack /opt/stack/nova/nova/api/openstack/wsgi.py:511}}
Jul 23 18:45:03 user devstack@n-api.service[60661]: INFO nova.api.openstack.requestlog [None req-ff29a146-a4f9-4407-9373-47557b2b8495 admin admin] 10.0.0.210 "POST /compute/v2.1/flavors/d2/os-extra_specs" status: 200 len: 43 microversion: 2.61 time: 0.025139
Jul 23 18:45:03 user devstack@n-api.service[60661]: [pid: 60661|app: 0|req: 4/12] 10.0.0.210 () {64 vars in 1329 bytes} [Sun Jul 23 18:45:03 2023] POST /compute/v2.1/flavors/d2/os-extra_specs => generated 43 bytes in 26 msecs (HTTP/1.1 200) 9 headers in 358 bytes (1 switches on core 0)
Jul 23 18:45:04 user devstack@n-api.service[60660]: DEBUG nova.api.openstack.wsgi [None req-fe50677f-06a4-4318-9fb2-d7021fa3aa0f None None] Calling method '>' {{(pid=60660) _process_stack /opt/stack/nova/nova/api/openstack/wsgi.py:513}}
Jul 23 18:45:04 user devstack@n-api.service[60660]: INFO nova.api.openstack.requestlog [None req-fe50677f-06a4-4318-9fb2-d7021fa3aa0f None None] 10.0.0.210 "GET /compute/v2.1" status: 200 len: 387 microversion: 2.1 time: 0.001376
Jul 23 18:45:04 user devstack@n-api.service[60660]: [pid: 60660|app: 0|req: 4/13] 10.0.0.210 () {54 vars in 924 bytes} [Sun Jul 23 18:45:04 2023] GET /compute/v2.1 => generated 387 bytes in 2 msecs (HTTP/1.1 200) 9 headers in 357 bytes (1 switches on core 0)
Jul 23 18:45:04 user devstack@n-api.service[60659]: DEBUG nova.api.openstack.wsgi [None req-98bf4950-5ec8-4955-9b05-525ab270986d admin admin] Action: 'create', calling method: >, body: {"flavor": {"id": "d3", "swap": 0, "ram": 2048, "rxtx_factor": 1.0, "disk": 10, "vcpus": 2, "os-flavor-access:is_public": true, "OS-FLV-EXT-DATA:ephemeral": 0, "name": "ds2G"}} {{(pid=60659) _process_stack /opt/stack/nova/nova/api/openstack/wsgi.py:511}}
Jul 23 18:45:04 user devstack@n-api.service[60659]: INFO nova.api.openstack.requestlog [None req-98bf4950-5ec8-4955-9b05-525ab270986d admin admin] 10.0.0.210 "POST /compute/v2.1/flavors" status: 200 len: 402 microversion: 2.61 time: 0.071651
Jul 23 18:45:04 user devstack@n-api.service[60659]: [pid: 60659|app: 0|req: 6/14] 10.0.0.210 () {64 vars in 1276 bytes} [Sun Jul 23 18:45:04 2023] POST /compute/v2.1/flavors => generated 402 bytes in 73 msecs (HTTP/1.1 200) 9 headers in 359 bytes (1 switches on core 0)
Jul 23 18:45:04 user devstack@n-api.service[60661]: DEBUG nova.api.openstack.wsgi [None req-ff5104c2-f279-45b1-8f5c-d0c3504eaf8c admin admin] Action: 'create', calling method: >, body: {"extra_specs": {"hw_rng:allowed": "True"}} {{(pid=60661) _process_stack /opt/stack/nova/nova/api/openstack/wsgi.py:511}}
Jul 23 18:45:05 user devstack@n-api.service[60661]: INFO nova.api.openstack.requestlog [None req-ff5104c2-f279-45b1-8f5c-d0c3504eaf8c admin admin] 10.0.0.210 "POST /compute/v2.1/flavors/d3/os-extra_specs" status: 200 len: 43 microversion: 2.61 time: 0.025116
Jul 23 18:45:05 user devstack@n-api.service[60661]: [pid: 60661|app: 0|req: 5/15] 10.0.0.210 () {64 vars in 1329 bytes} [Sun Jul 23 18:45:04 2023] POST /compute/v2.1/flavors/d3/os-extra_specs => generated 43 bytes in 26 msecs (HTTP/1.1 200) 9 headers in 358 bytes (1 switches on core 0)
Jul 23 18:45:06 user devstack@n-api.service[60660]: DEBUG nova.api.openstack.wsgi [None req-fe50677f-06a4-4318-9fb2-d7021fa3aa0f None None] Calling method '>' {{(pid=60660) _process_stack /opt/stack/nova/nova/api/openstack/wsgi.py:513}}
Jul 23 18:45:06 user devstack@n-api.service[60660]: INFO nova.api.openstack.requestlog [None req-fe50677f-06a4-4318-9fb2-d7021fa3aa0f None None] 10.0.0.210 "GET /compute/v2.1" status: 200 len: 387 microversion: 2.1 time: 0.001409
Jul 23 18:45:06 user devstack@n-api.service[60660]: [pid: 60660|app: 0|req: 5/16] 10.0.0.210 () {54 vars in 924 bytes} [Sun Jul 23 18:45:06 2023] GET /compute/v2.1 => generated 387 bytes in 2 msecs (HTTP/1.1 200) 9 headers in 357 bytes (1 switches on core 0)
Jul 23 18:45:06 user devstack@n-api.service[60659]: DEBUG nova.api.openstack.wsgi [None req-3d061be8-1d79-41ad-a25b-7116a773b60c admin admin] Action: 'create', calling method: >, body: {"flavor": {"id": "d4", "name": "ds4G", "os-flavor-access:is_public": true, "rxtx_factor": 1.0, "OS-FLV-EXT-DATA:ephemeral": 0, "vcpus": 4, "disk": 20, "ram": 4096, "swap": 0}} {{(pid=60659) _process_stack /opt/stack/nova/nova/api/openstack/wsgi.py:511}}
Jul 23 18:45:06 user devstack@n-api.service[60659]: INFO nova.api.openstack.requestlog [None req-3d061be8-1d79-41ad-a25b-7116a773b60c admin admin] 10.0.0.210 "POST /compute/v2.1/flavors" status: 200 len: 402 microversion: 2.61 time: 0.061774
Jul 23 18:45:06 user devstack@n-api.service[60659]: [pid: 60659|app: 0|req: 7/17] 10.0.0.210 () {64 vars in 1276 bytes} [Sun Jul 23 18:45:06 2023] POST /compute/v2.1/flavors => generated 402 bytes in 63 msecs (HTTP/1.1 200) 9 headers in 359 bytes (1 switches on core 0)
Jul 23 18:45:06 user devstack@n-api.service[60661]: DEBUG nova.api.openstack.wsgi [None req-288ef2f6-c0c4-44f9-ad60-dffd43dfb04c admin admin] Action: 'create', calling method: >, body: {"extra_specs": {"hw_rng:allowed": "True"}} {{(pid=60661) _process_stack /opt/stack/nova/nova/api/openstack/wsgi.py:511}}
Jul 23 18:45:07 user devstack@n-api.service[60661]: INFO nova.api.openstack.requestlog [None req-288ef2f6-c0c4-44f9-ad60-dffd43dfb04c admin admin] 10.0.0.210 "POST /compute/v2.1/flavors/d4/os-extra_specs" status: 200 len: 43 microversion: 2.61 time: 0.025455
Jul 23 18:45:07 user devstack@n-api.service[60661]: [pid: 60661|app: 0|req: 6/18] 10.0.0.210 () {64 vars in 1329 bytes} [Sun Jul 23 18:45:06 2023] POST /compute/v2.1/flavors/d4/os-extra_specs => generated 43 bytes in 27 msecs (HTTP/1.1 200) 9 headers in 358 bytes (1 switches on core 0)
Jul 23 18:45:08 user devstack@n-api.service[60660]: DEBUG nova.api.openstack.wsgi [None req-fe50677f-06a4-4318-9fb2-d7021fa3aa0f None None] Calling method '>' {{(pid=60660) _process_stack /opt/stack/nova/nova/api/openstack/wsgi.py:513}}
Jul 23 18:45:08 user devstack@n-api.service[60660]: INFO nova.api.openstack.requestlog [None req-fe50677f-06a4-4318-9fb2-d7021fa3aa0f None None] 10.0.0.210 "GET /compute/v2.1" status: 200 len: 387 microversion: 2.1 time: 0.001427
Jul 23 18:45:08 user devstack@n-api.service[60660]: [pid: 60660|app: 0|req: 6/19] 10.0.0.210 () {54 vars in 924 bytes} [Sun Jul 23 18:45:08 2023] GET /compute/v2.1 => generated 387 bytes in 2 msecs (HTTP/1.1 200) 9 headers in 357 bytes (1 switches on core 0)
Jul 23 18:45:08 user devstack@n-api.service[60659]: DEBUG nova.api.openstack.wsgi [None req-6e891ba6-d0a0-42fe-9663-bae57a1b8fca admin admin] Calling method '>' {{(pid=60659) _process_stack /opt/stack/nova/nova/api/openstack/wsgi.py:513}}
Jul 23 18:45:08 user devstack@n-api.service[60659]: INFO nova.api.openstack.requestlog [None req-6e891ba6-d0a0-42fe-9663-bae57a1b8fca admin admin] 10.0.0.210 "GET /compute/v2.1/flavors/detail?is_public=True" status: 200 len: 2096 microversion: 2.61 time: 0.077433
Jul 23 18:45:08 user devstack@n-api.service[60659]: [pid: 60659|app: 0|req: 8/20] 10.0.0.210 () {60 vars in 1285 bytes} [Sun Jul 23 18:45:08 2023] GET /compute/v2.1/flavors/detail?is_public=True => generated 2096 bytes in 79 msecs (HTTP/1.1 200) 9 headers in 360 bytes (1 switches on core 0)
Jul 23 18:45:10 user devstack@n-api.service[60661]: DEBUG nova.api.openstack.wsgi [None req-288ef2f6-c0c4-44f9-ad60-dffd43dfb04c admin admin] Calling method '>' {{(pid=60661) _process_stack /opt/stack/nova/nova/api/openstack/wsgi.py:513}}
Jul 23 18:45:10 user devstack@n-api.service[60661]: INFO nova.api.openstack.requestlog [None req-288ef2f6-c0c4-44f9-ad60-dffd43dfb04c admin admin] 10.0.0.210 "GET /compute/v2.1" status: 200 len: 387 microversion: 2.1 time: 0.001618
Jul 23 18:45:10 user devstack@n-api.service[60661]: [pid: 60661|app: 0|req: 7/21] 10.0.0.210 () {54 vars in 924 bytes} [Sun Jul 23 18:45:10 2023] GET /compute/v2.1 => generated 387 bytes in 3 msecs (HTTP/1.1 200) 9 headers in 357 bytes (1 switches on core 0)
Jul 23 18:45:10 user devstack@n-api.service[60660]: DEBUG dbcounter [-] [60660] Writing DB stats nova_api:SELECT=3 {{(pid=60660) stat_writer /usr/local/lib/python3.10/dist-packages/dbcounter.py:117}}
Jul 23 18:45:10 user devstack@n-api.service[60660]: DEBUG dbcounter [-] [60660] Writing DB stats nova_cell0:SELECT=3 {{(pid=60660) stat_writer /usr/local/lib/python3.10/dist-packages/dbcounter.py:117}}
Jul 23 18:45:10 user devstack@n-api.service[60660]: DEBUG dbcounter [-] [60660] Writing DB stats nova_cell1:SELECT=3 {{(pid=60660) stat_writer /usr/local/lib/python3.10/dist-packages/dbcounter.py:117}}
Jul 23 18:45:10 user devstack@n-api.service[60660]: DEBUG dbcounter [-] [60660] Writing DB stats nova_cell0:SELECT=3 {{(pid=60660) stat_writer /usr/local/lib/python3.10/dist-packages/dbcounter.py:117}}
Jul 23 18:45:11 user devstack@n-api.service[60660]: DEBUG nova.api.openstack.wsgi [None req-464417a9-7219-489d-8266-a5aa748ead9e admin admin] Action: 'create', calling method: >, body: {"flavor": {"rxtx_factor": 1.0, "os-flavor-access:is_public": true, "id": "1", "vcpus": 1, "swap": 0, "OS-FLV-EXT-DATA:ephemeral": 0, "disk": 1, "name": "m1.tiny", "ram": 512}} {{(pid=60660) _process_stack /opt/stack/nova/nova/api/openstack/wsgi.py:511}}
Jul 23 18:45:11 user devstack@n-api.service[60660]: INFO nova.api.openstack.requestlog [None req-464417a9-7219-489d-8266-a5aa748ead9e admin admin] 10.0.0.210 "POST /compute/v2.1/flavors" status: 200 len: 400 microversion: 2.61 time: 0.403602
Jul 23 18:45:11 user devstack@n-api.service[60660]: [pid: 60660|app: 0|req: 7/22] 10.0.0.210 () {64 vars in 1276 bytes} [Sun Jul 23 18:45:10 2023] POST /compute/v2.1/flavors => generated 400 bytes in 405 msecs (HTTP/1.1 200) 9 headers in 359 bytes (1 switches on core 0)
Jul 23 18:45:11 user devstack@n-api.service[60659]: DEBUG nova.api.openstack.wsgi [None req-cd82eed0-7d22-4d8e-ba6d-038156ced8e2 admin admin] Action: 'create', calling method: >, body: {"extra_specs": {"hw_rng:allowed": "True"}} {{(pid=60659) _process_stack /opt/stack/nova/nova/api/openstack/wsgi.py:511}}
Jul 23 18:45:11 user devstack@n-api.service[60659]: INFO nova.api.openstack.requestlog [None req-cd82eed0-7d22-4d8e-ba6d-038156ced8e2 admin admin] 10.0.0.210 "POST /compute/v2.1/flavors/1/os-extra_specs" status: 200 len: 43 microversion: 2.61 time: 0.039993
Jul 23 18:45:11 user devstack@n-api.service[60659]: [pid: 60659|app: 0|req: 9/23] 10.0.0.210 () {64 vars in 1326 bytes} [Sun Jul 23 18:45:11 2023] POST /compute/v2.1/flavors/1/os-extra_specs => generated 43 bytes in 42 msecs (HTTP/1.1 200) 9 headers in 358 bytes (1 switches on core 0)
Jul 23 18:45:13 user devstack@n-api.service[60661]: DEBUG nova.api.openstack.wsgi [None req-288ef2f6-c0c4-44f9-ad60-dffd43dfb04c admin admin] Calling method '>' {{(pid=60661) _process_stack /opt/stack/nova/nova/api/openstack/wsgi.py:513}}
Jul 23 18:45:13 user devstack@n-api.service[60661]: INFO nova.api.openstack.requestlog [None req-288ef2f6-c0c4-44f9-ad60-dffd43dfb04c admin admin] 10.0.0.210 "GET /compute/v2.1" status: 200 len: 387 microversion: 2.1 time: 0.001301
Jul 23 18:45:13 user devstack@n-api.service[60661]: [pid: 60661|app: 0|req: 8/24] 10.0.0.210 () {54 vars in 924 bytes} [Sun Jul 23 18:45:13 2023] GET /compute/v2.1 => generated 387 bytes in 2 msecs (HTTP/1.1 200) 9 headers in 357 bytes (1 switches on core 0)
Jul 23 18:45:13 user devstack@n-api.service[60660]: DEBUG nova.api.openstack.wsgi [None req-8e7a2ec9-97ef-4776-a89a-823904b1c425 admin admin] Action: 'create', calling method: >, body: {"flavor": {"vcpus": 1, "disk": 20, "rxtx_factor": 1.0, "OS-FLV-EXT-DATA:ephemeral": 0, "swap": 0, "id": "2", "ram": 2048, "os-flavor-access:is_public": true, "name": "m1.small"}} {{(pid=60660) _process_stack /opt/stack/nova/nova/api/openstack/wsgi.py:511}}
Jul 23 18:45:13 user devstack@n-api.service[60660]: INFO nova.api.openstack.requestlog [None req-8e7a2ec9-97ef-4776-a89a-823904b1c425 admin admin] 10.0.0.210 "POST /compute/v2.1/flavors" status: 200 len: 403 microversion: 2.61 time: 0.066551
Jul 23 18:45:13 user devstack@n-api.service[60660]: [pid: 60660|app: 0|req: 8/25] 10.0.0.210 () {64 vars in 1276 bytes} [Sun Jul 23 18:45:13 2023] POST /compute/v2.1/flavors => generated 403 bytes in 68 msecs (HTTP/1.1 200) 9 headers in 359 bytes (1 switches on core 0)
Jul 23 18:45:13 user devstack@n-api.service[60659]: DEBUG nova.api.openstack.wsgi [None req-7c12ec02-7530-4ff3-b9d4-c328dd5b9c71 admin admin] Action: 'create', calling method: >, body: {"extra_specs": {"hw_rng:allowed": "True"}} {{(pid=60659) _process_stack /opt/stack/nova/nova/api/openstack/wsgi.py:511}}
Jul 23 18:45:13 user devstack@n-api.service[60659]: INFO nova.api.openstack.requestlog [None req-7c12ec02-7530-4ff3-b9d4-c328dd5b9c71 admin admin] 10.0.0.210 "POST /compute/v2.1/flavors/2/os-extra_specs" status: 200 len: 43 microversion: 2.61 time: 0.029168
Jul 23 18:45:13 user devstack@n-api.service[60659]: [pid: 60659|app: 0|req: 10/26] 10.0.0.210 () {64 vars in 1326 bytes} [Sun Jul 23 18:45:13 2023] POST /compute/v2.1/flavors/2/os-extra_specs => generated 43 bytes in 30 msecs (HTTP/1.1 200) 9 headers in 358 bytes (1 switches on core 0)
Jul 23 18:45:15 user devstack@n-api.service[60661]: DEBUG nova.api.openstack.wsgi [None req-288ef2f6-c0c4-44f9-ad60-dffd43dfb04c admin admin] Calling method '>' {{(pid=60661) _process_stack /opt/stack/nova/nova/api/openstack/wsgi.py:513}}
Jul 23 18:45:15 user devstack@n-api.service[60661]: INFO nova.api.openstack.requestlog [None req-288ef2f6-c0c4-44f9-ad60-dffd43dfb04c admin admin] 10.0.0.210 "GET /compute/v2.1" status: 200 len: 387 microversion: 2.1 time: 0.001317
Jul 23 18:45:15 user devstack@n-api.service[60661]: [pid: 60661|app: 0|req: 9/27] 10.0.0.210 () {54 vars in 924 bytes} [Sun Jul 23 18:45:15 2023] GET /compute/v2.1 => generated 387 bytes in 2 msecs (HTTP/1.1 200) 9 headers in 357 bytes (1 switches on core 0)
Jul 23 18:45:15 user devstack@n-api.service[60660]: DEBUG nova.api.openstack.wsgi [None req-2b9e7f42-b61a-4e8c-8d7d-671c690088e1 admin admin] Action: 'create', calling method: >, body: {"flavor": {"swap": 0, "name": "m1.medium", "ram": 4096, "vcpus": 2, "os-flavor-access:is_public": true, "disk": 40, "id": "3", "OS-FLV-EXT-DATA:ephemeral": 0, "rxtx_factor": 1.0}} {{(pid=60660) _process_stack /opt/stack/nova/nova/api/openstack/wsgi.py:511}}
Jul 23 18:45:15 user devstack@n-api.service[60660]: INFO nova.api.openstack.requestlog [None req-2b9e7f42-b61a-4e8c-8d7d-671c690088e1 admin admin] 10.0.0.210 "POST /compute/v2.1/flavors" status: 200 len: 404 microversion: 2.61 time: 0.066476
Jul 23 18:45:15 user devstack@n-api.service[60660]: [pid: 60660|app: 0|req: 9/28] 10.0.0.210 () {64 vars in 1276 bytes} [Sun Jul 23 18:45:15 2023] POST /compute/v2.1/flavors => generated 404 bytes in 68 msecs (HTTP/1.1 200) 9 headers in 359 bytes (1 switches on core 0)
Jul 23 18:45:15 user devstack@n-api.service[60659]: DEBUG nova.api.openstack.wsgi [None req-1e6253be-7cae-4f07-b07a-38b1da64db2f admin admin] Action: 'create', calling method: >, body: {"extra_specs": {"hw_rng:allowed": "True"}} {{(pid=60659) _process_stack /opt/stack/nova/nova/api/openstack/wsgi.py:511}}
Jul 23 18:45:15 user devstack@n-api.service[60659]: INFO nova.api.openstack.requestlog [None req-1e6253be-7cae-4f07-b07a-38b1da64db2f admin admin] 10.0.0.210 "POST /compute/v2.1/flavors/3/os-extra_specs" status: 200 len: 43 microversion: 2.61 time: 0.027172
Jul 23 18:45:15 user devstack@n-api.service[60659]: [pid: 60659|app: 0|req: 11/29] 10.0.0.210 () {64 vars in 1326 bytes} [Sun Jul 23 18:45:15 2023] POST /compute/v2.1/flavors/3/os-extra_specs => generated 43 bytes in 29 msecs (HTTP/1.1 200) 9 headers in 358 bytes (1 switches on core 0)
Jul 23 18:45:17 user devstack@n-api.service[60661]: DEBUG nova.api.openstack.wsgi [None req-288ef2f6-c0c4-44f9-ad60-dffd43dfb04c admin admin] Calling method '>' {{(pid=60661) _process_stack /opt/stack/nova/nova/api/openstack/wsgi.py:513}}
Jul 23 18:45:17 user devstack@n-api.service[60661]: INFO nova.api.openstack.requestlog [None req-288ef2f6-c0c4-44f9-ad60-dffd43dfb04c admin admin] 10.0.0.210 "GET /compute/v2.1" status: 200 len: 387 microversion: 2.1 time: 0.001364
Jul 23 18:45:17 user devstack@n-api.service[60661]: [pid: 60661|app: 0|req: 10/30] 10.0.0.210 () {54 vars in 924 bytes} [Sun Jul 23 18:45:17 2023] GET /compute/v2.1 => generated 387 bytes in 2 msecs (HTTP/1.1 200) 9 headers in 357 bytes (1 switches on core 0)
Jul 23 18:45:17 user devstack@n-api.service[60660]: DEBUG nova.api.openstack.wsgi [None req-9cd88808-2b3c-4200-9d40-f86ee01e84ac admin admin] Action: 'create', calling method: >, body: {"flavor": {"OS-FLV-EXT-DATA:ephemeral": 0, "ram": 8192, "swap": 0, "name": "m1.large", "vcpus": 4, "rxtx_factor": 1.0, "disk": 80, "os-flavor-access:is_public": true, "id": "4"}} {{(pid=60660) _process_stack /opt/stack/nova/nova/api/openstack/wsgi.py:511}}
Jul 23 18:45:17 user devstack@n-api.service[60660]: INFO nova.api.openstack.requestlog [None req-9cd88808-2b3c-4200-9d40-f86ee01e84ac admin admin] 10.0.0.210 "POST /compute/v2.1/flavors" status: 200 len: 403 microversion: 2.61 time: 0.065090
Jul 23 18:45:17 user devstack@n-api.service[60660]: [pid: 60660|app: 0|req: 10/31] 10.0.0.210 () {64 vars in 1276 bytes} [Sun Jul 23 18:45:17 2023] POST /compute/v2.1/flavors => generated 403 bytes in 66 msecs (HTTP/1.1 200) 9 headers in 359 bytes (1 switches on core 0)
Jul 23 18:45:17 user devstack@n-api.service[60659]: DEBUG nova.api.openstack.wsgi [None req-3c120d8e-70e4-4f39-b558-4dd30971263d admin admin] Action: 'create', calling method: >, body: {"extra_specs": {"hw_rng:allowed": "True"}} {{(pid=60659) _process_stack /opt/stack/nova/nova/api/openstack/wsgi.py:511}}
Jul 23 18:45:17 user devstack@n-api.service[60659]: INFO nova.api.openstack.requestlog [None req-3c120d8e-70e4-4f39-b558-4dd30971263d admin admin] 10.0.0.210 "POST /compute/v2.1/flavors/4/os-extra_specs" status: 200 len: 43 microversion: 2.61 time: 0.025331
Jul 23 18:45:17 user devstack@n-api.service[60659]: [pid: 60659|app: 0|req: 12/32] 10.0.0.210 () {64 vars in 1326 bytes} [Sun Jul 23 18:45:17 2023] POST /compute/v2.1/flavors/4/os-extra_specs => generated 43 bytes in 27 msecs (HTTP/1.1 200) 9 headers in 358 bytes (1 switches on core 0)
Jul 23 18:45:19 user devstack@n-api.service[60661]: DEBUG nova.api.openstack.wsgi [None req-288ef2f6-c0c4-44f9-ad60-dffd43dfb04c admin admin] Calling method '>' {{(pid=60661) _process_stack /opt/stack/nova/nova/api/openstack/wsgi.py:513}}
Jul 23 18:45:19 user devstack@n-api.service[60661]: INFO nova.api.openstack.requestlog [None req-288ef2f6-c0c4-44f9-ad60-dffd43dfb04c admin admin] 10.0.0.210 "GET /compute/v2.1" status: 200 len: 387 microversion: 2.1 time: 0.001515
Jul 23 18:45:19 user devstack@n-api.service[60661]: [pid: 60661|app: 0|req: 11/33] 10.0.0.210 () {54 vars in 924 bytes} [Sun Jul 23 18:45:19 2023] GET /compute/v2.1 => generated 387 bytes in 2 msecs (HTTP/1.1 200) 9 headers in 357 bytes (1 switches on core 0)
Jul 23 18:45:19 user devstack@n-api.service[60660]: DEBUG nova.api.openstack.wsgi [None req-72f6d688-e732-4fdc-b5d2-f4b962769c8b admin admin] Action: 'create', calling method: >, body: {"flavor": {"vcpus": 8, "name": "m1.xlarge", "id": "5", "os-flavor-access:is_public": true, "rxtx_factor": 1.0, "swap": 0, "OS-FLV-EXT-DATA:ephemeral": 0, "ram": 16384, "disk": 160}} {{(pid=60660) _process_stack /opt/stack/nova/nova/api/openstack/wsgi.py:511}}
Jul 23 18:45:19 user devstack@n-api.service[60660]: INFO nova.api.openstack.requestlog [None req-72f6d688-e732-4fdc-b5d2-f4b962769c8b admin admin] 10.0.0.210 "POST /compute/v2.1/flavors" status: 200 len: 406 microversion: 2.61 time: 0.065783
Jul 23 18:45:19 user devstack@n-api.service[60660]: [pid: 60660|app: 0|req: 11/34] 10.0.0.210 () {64 vars in 1276 bytes} [Sun Jul 23 18:45:19 2023] POST /compute/v2.1/flavors => generated 406 bytes in 67 msecs (HTTP/1.1 200) 9 headers in 359 bytes (1 switches on core 0)
Jul 23 18:45:19 user devstack@n-api.service[60659]: DEBUG nova.api.openstack.wsgi [None req-f40356bc-94b1-4931-b2b6-7dc4ab311f91 admin admin] Action: 'create', calling method: >, body: {"extra_specs": {"hw_rng:allowed": "True"}} {{(pid=60659) _process_stack /opt/stack/nova/nova/api/openstack/wsgi.py:511}}
Jul 23 18:45:19 user devstack@n-api.service[60659]: INFO nova.api.openstack.requestlog [None req-f40356bc-94b1-4931-b2b6-7dc4ab311f91 admin admin] 10.0.0.210 "POST /compute/v2.1/flavors/5/os-extra_specs" status: 200 len: 43 microversion: 2.61 time: 0.023027
Jul 23 18:45:19 user devstack@n-api.service[60659]: [pid: 60659|app: 0|req: 13/35] 10.0.0.210 () {64 vars in 1326 bytes} [Sun Jul 23 18:45:19 2023] POST /compute/v2.1/flavors/5/os-extra_specs => generated 43 bytes in 25 msecs (HTTP/1.1 200) 9 headers in 358 bytes (1 switches on core 0)
Jul 23 18:45:50 user devstack@n-api.service[60661]: DEBUG nova.api.openstack.wsgi [None req-288ef2f6-c0c4-44f9-ad60-dffd43dfb04c admin admin] Calling method '>' {{(pid=60661) _process_stack /opt/stack/nova/nova/api/openstack/wsgi.py:513}}
Jul 23 18:45:50 user devstack@n-api.service[60661]: INFO nova.api.openstack.requestlog [None req-288ef2f6-c0c4-44f9-ad60-dffd43dfb04c admin admin] 10.0.0.210 "GET /compute/v2.1" status: 200 len: 387 microversion: 2.1 time: 0.002243
Jul 23 18:45:50 user devstack@n-api.service[60661]: [pid: 60661|app: 0|req: 12/36] 10.0.0.210 () {58 vars in 1006 bytes} [Sun Jul 23 18:45:50 2023] GET /compute/v2.1 => generated 387 bytes in 3 msecs (HTTP/1.1 200) 9 headers in 357 bytes (1 switches on core 0)
Jul 23 18:45:50 user devstack@n-api.service[60660]: DEBUG dbcounter [-] [60660] Writing DB stats nova_api:SELECT=15,nova_api:INSERT=5 {{(pid=60660) stat_writer /usr/local/lib/python3.10/dist-packages/dbcounter.py:117}}
Jul 23 18:45:50 user devstack@n-api.service[60660]: DEBUG nova.api.openstack.wsgi [None req-d88e706e-ab4f-4c73-a5a8-144530d2a61f admin admin] Calling method '>' {{(pid=60660) _process_stack /opt/stack/nova/nova/api/openstack/wsgi.py:513}}
Jul 23 18:45:50 user devstack@n-api.service[60660]: DEBUG oslo_concurrency.lockutils [None req-d88e706e-ab4f-4c73-a5a8-144530d2a61f admin admin] Acquiring lock "00000000-0000-0000-0000-000000000000" by "nova.context.set_target_cell..get_or_set_cached_cell_and_set_connections" {{(pid=60660) inner /usr/local/lib/python3.10/dist-packages/oslo_concurrency/lockutils.py:404}}
Jul 23 18:45:50 user devstack@n-api.service[60660]: DEBUG oslo_concurrency.lockutils [None req-d88e706e-ab4f-4c73-a5a8-144530d2a61f admin admin] Lock "00000000-0000-0000-0000-000000000000" acquired by "nova.context.set_target_cell..get_or_set_cached_cell_and_set_connections" :: waited 0.001s {{(pid=60660) inner /usr/local/lib/python3.10/dist-packages/oslo_concurrency/lockutils.py:409}}
Jul 23 18:45:50 user devstack@n-api.service[60660]: DEBUG oslo_concurrency.lockutils [None req-d88e706e-ab4f-4c73-a5a8-144530d2a61f admin admin] Lock "00000000-0000-0000-0000-000000000000" "released" by "nova.context.set_target_cell..get_or_set_cached_cell_and_set_connections" :: held 0.001s {{(pid=60660) inner /usr/local/lib/python3.10/dist-packages/oslo_concurrency/lockutils.py:423}}
Jul 23 18:45:50 user devstack@n-api.service[60660]: DEBUG oslo_concurrency.lockutils [None req-d88e706e-ab4f-4c73-a5a8-144530d2a61f admin admin] Acquiring lock "cf36c0d1-479e-4217-93f1-7514fa0b3255" by "nova.context.set_target_cell..get_or_set_cached_cell_and_set_connections" {{(pid=60660) inner /usr/local/lib/python3.10/dist-packages/oslo_concurrency/lockutils.py:404}}
Jul 23 18:45:50 user devstack@n-api.service[60660]: DEBUG oslo_concurrency.lockutils [None req-d88e706e-ab4f-4c73-a5a8-144530d2a61f admin admin] Lock "cf36c0d1-479e-4217-93f1-7514fa0b3255" acquired by "nova.context.set_target_cell..get_or_set_cached_cell_and_set_connections" :: waited 0.001s {{(pid=60660) inner /usr/local/lib/python3.10/dist-packages/oslo_concurrency/lockutils.py:409}}
Jul 23 18:45:50 user devstack@n-api.service[60660]: DEBUG oslo_concurrency.lockutils [None req-d88e706e-ab4f-4c73-a5a8-144530d2a61f admin admin] Lock "cf36c0d1-479e-4217-93f1-7514fa0b3255" "released" by "nova.context.set_target_cell..get_or_set_cached_cell_and_set_connections" :: held 0.000s {{(pid=60660) inner /usr/local/lib/python3.10/dist-packages/oslo_concurrency/lockutils.py:423}}
Jul 23 18:45:50 user devstack@n-api.service[60660]: INFO nova.api.openstack.requestlog [None req-d88e706e-ab4f-4c73-a5a8-144530d2a61f admin admin] 10.0.0.210 "GET /compute/v2.1/os-services?binary=nova-compute&host=user" status: 200 len: 247 microversion: 2.69 time: 0.085152
Jul 23 18:45:50 user devstack@n-api.service[60660]: [pid: 60660|app: 0|req: 12/37] 10.0.0.210 () {64 vars in 1388 bytes} [Sun Jul 23 18:45:50 2023] GET /compute/v2.1/os-services?binary=nova-compute&host=user => generated 247 bytes in 86 msecs (HTTP/1.1 200) 9 headers in 359 bytes (1 switches on core 0)
Jul 23 18:46:22 user devstack@n-api.service[60659]: DEBUG nova.api.openstack.wsgi [None req-f40356bc-94b1-4931-b2b6-7dc4ab311f91 admin admin] Calling method '>' {{(pid=60659) _process_stack /opt/stack/nova/nova/api/openstack/wsgi.py:513}}
Jul 23 18:46:22 user devstack@n-api.service[60659]: INFO nova.api.openstack.requestlog [None req-f40356bc-94b1-4931-b2b6-7dc4ab311f91 admin admin] 10.0.0.210 "GET /compute/v2.1" status: 200 len: 387 microversion: 2.1 time: 0.002284
Jul 23 18:46:22 user devstack@n-api.service[60659]: [pid: 60659|app: 0|req: 14/38] 10.0.0.210 () {58 vars in 1006 bytes} [Sun Jul 23 18:46:22 2023] GET /compute/v2.1 => generated 387 bytes in 4 msecs (HTTP/1.1 200) 9 headers in 357 bytes (1 switches on core 0)
Jul 23 18:46:22 user devstack@n-api.service[60661]: DEBUG dbcounter [-] [60661] Writing DB stats nova_api:SELECT=32,nova_api:SAVEPOINT=5,nova_api:INSERT=5,nova_api:RELEASE=5 {{(pid=60661) stat_writer /usr/local/lib/python3.10/dist-packages/dbcounter.py:117}}
Jul 23 18:46:22 user devstack@n-api.service[60661]: DEBUG nova.api.openstack.wsgi [None req-003984ae-86b2-4c49-9361-1a0e5d916963 admin admin] Calling method '>' {{(pid=60661) _process_stack /opt/stack/nova/nova/api/openstack/wsgi.py:513}}
Jul 23 18:46:22 user devstack@n-api.service[60661]: INFO nova.api.openstack.requestlog [None req-003984ae-86b2-4c49-9361-1a0e5d916963 admin admin] 10.0.0.210 "GET /compute/v2.1/flavors/detail?is_public=True" status: 200 len: 4182 microversion: 2.61 time: 0.072496
Jul 23 18:46:22 user devstack@n-api.service[60661]: [pid: 60661|app: 0|req: 13/39] 10.0.0.210 () {64 vars in 1367 bytes} [Sun Jul 23 18:46:22 2023] GET /compute/v2.1/flavors/detail?is_public=True => generated 4182 bytes in 74 msecs (HTTP/1.1 200) 9 headers in 360 bytes (1 switches on core 0)
Jul 23 18:46:25 user devstack@n-api.service[60660]: DEBUG nova.api.openstack.wsgi [None req-d88e706e-ab4f-4c73-a5a8-144530d2a61f admin admin] Calling method '>' {{(pid=60660) _process_stack /opt/stack/nova/nova/api/openstack/wsgi.py:513}}
Jul 23 18:46:25 user devstack@n-api.service[60660]: INFO nova.api.openstack.requestlog [None req-d88e706e-ab4f-4c73-a5a8-144530d2a61f admin admin] 10.0.0.210 "GET /compute/v2.1" status: 200 len: 387 microversion: 2.1 time: 0.001477
Jul 23 18:46:25 user devstack@n-api.service[60660]: [pid: 60660|app: 0|req: 13/40] 10.0.0.210 () {58 vars in 1006 bytes} [Sun Jul 23 18:46:25 2023] GET /compute/v2.1 => generated 387 bytes in 2 msecs (HTTP/1.1 200) 9 headers in 357 bytes (1 switches on core 0)
Jul 23 18:46:25 user devstack@n-api.service[60659]: DEBUG dbcounter [-] [60659] Writing DB stats nova_api:SELECT=47,nova_api:INSERT=10,nova_api:SAVEPOINT=5,nova_api:RELEASE=5 {{(pid=60659) stat_writer /usr/local/lib/python3.10/dist-packages/dbcounter.py:117}}
Jul 23 18:46:25 user devstack@n-api.service[60659]: DEBUG nova.api.openstack.wsgi [None req-b9d219e1-9dbc-45a8-b471-60f6defc3f63 admin admin] Calling method '>' {{(pid=60659) _process_stack /opt/stack/nova/nova/api/openstack/wsgi.py:513}}
Jul 23 18:46:25 user devstack@n-api.service[60659]: INFO nova.api.openstack.requestlog [None req-b9d219e1-9dbc-45a8-b471-60f6defc3f63 admin admin] 10.0.0.210 "GET /compute/v2.1/flavors/1" status: 200 len: 424 microversion: 2.61 time: 0.051605
Jul 23 18:46:25 user devstack@n-api.service[60659]: [pid: 60659|app: 0|req: 15/41] 10.0.0.210 () {64 vars in 1310 bytes} [Sun Jul 23 18:46:25 2023] GET /compute/v2.1/flavors/1 => generated 424 bytes in 52 msecs (HTTP/1.1 200) 9 headers in 359 bytes (1 switches on core 0)
Jul 23 18:46:27 user devstack@n-api.service[60661]: DEBUG nova.api.openstack.wsgi [None req-003984ae-86b2-4c49-9361-1a0e5d916963 admin admin] Calling method '>' {{(pid=60661) _process_stack /opt/stack/nova/nova/api/openstack/wsgi.py:513}}
Jul 23 18:46:27 user devstack@n-api.service[60661]: INFO nova.api.openstack.requestlog [None req-003984ae-86b2-4c49-9361-1a0e5d916963 admin admin] 10.0.0.210 "GET /compute/v2.1" status: 200 len: 387 microversion: 2.1 time: 0.001356
Jul 23 18:46:27 user devstack@n-api.service[60661]: [pid: 60661|app: 0|req: 14/42] 10.0.0.210 () {58 vars in 1006 bytes} [Sun Jul 23 18:46:27 2023] GET /compute/v2.1 => generated 387 bytes in 2 msecs (HTTP/1.1 200) 9 headers in 357 bytes (1 switches on core 0)
Jul 23 18:46:27 user devstack@n-api.service[60660]: DEBUG dbcounter [-] [60660] Writing DB stats nova_cell0:SELECT=2 {{(pid=60660) stat_writer /usr/local/lib/python3.10/dist-packages/dbcounter.py:117}}
Jul 23 18:46:27 user devstack@n-api.service[60660]: DEBUG dbcounter [-] [60660] Writing DB stats nova_cell1:SELECT=2 {{(pid=60660) stat_writer /usr/local/lib/python3.10/dist-packages/dbcounter.py:117}}
Jul 23 18:46:27 user devstack@n-api.service[60660]: DEBUG dbcounter [-] [60660] Writing DB stats nova_api:SELECT=4 {{(pid=60660) stat_writer /usr/local/lib/python3.10/dist-packages/dbcounter.py:117}}
Jul 23 18:46:27 user devstack@n-api.service[60660]: DEBUG nova.api.openstack.wsgi [None req-3b1127e9-79a1-4c2b-a857-cb0d482f79f8 admin admin] Calling method '>' {{(pid=60660) _process_stack /opt/stack/nova/nova/api/openstack/wsgi.py:513}}
Jul 23 18:46:27 user devstack@n-api.service[60660]: INFO nova.api.openstack.requestlog [None req-3b1127e9-79a1-4c2b-a857-cb0d482f79f8 admin admin] 10.0.0.210 "GET /compute/v2.1/flavors/2" status: 200 len: 427 microversion: 2.61 time: 0.064085
Jul 23 18:46:27 user devstack@n-api.service[60660]: [pid: 60660|app: 0|req: 14/43] 10.0.0.210 () {64 vars in 1310 bytes} [Sun Jul 23 18:46:27 2023] GET /compute/v2.1/flavors/2 => generated 427 bytes in 66 msecs (HTTP/1.1 200) 9 headers in 359 bytes (1 switches on core 0)
Jul 23 18:48:44 user devstack@n-api.service[60659]: DEBUG dbcounter [-] [60659] Writing DB stats nova_api:SELECT=2 {{(pid=60659) stat_writer /usr/local/lib/python3.10/dist-packages/dbcounter.py:117}}
Jul 23 18:48:44 user devstack@n-api.service[60659]: DEBUG nova.api.openstack.wsgi [None req-c3b59fbf-1a94-4084-b26d-0c8f456b3540 tempest-VolumesNegativeTest-1733767762 tempest-VolumesNegativeTest-1733767762-project-member] Action: 'create', calling method: .version_select at 0x7f3c627bd120>, body: {"volume": {"size": "#$%", "display_name": "tempest-VolumesNegativeTest-Volume-197596454", "metadata": {"Type": "work"}}} {{(pid=60659) _process_stack /opt/stack/nova/nova/api/openstack/wsgi.py:511}}
Jul 23 18:48:44 user devstack@n-api.service[60659]: DEBUG nova.api.openstack.wsgi [None req-c3b59fbf-1a94-4084-b26d-0c8f456b3540 tempest-VolumesNegativeTest-1733767762 tempest-VolumesNegativeTest-1733767762-project-member] Returning 400 to user: Invalid input for field/attribute size. Value: #$%. '#$%' does not match '^[0-9]+$' {{(pid=60659) __call__ /opt/stack/nova/nova/api/openstack/wsgi.py:936}}
Jul 23 18:48:44 user devstack@n-api.service[60659]: INFO nova.api.openstack.requestlog [None req-c3b59fbf-1a94-4084-b26d-0c8f456b3540 tempest-VolumesNegativeTest-1733767762 tempest-VolumesNegativeTest-1733767762-project-member] 10.0.0.210 "POST /compute/v2.1/os-volumes" status: 400 len: 127 microversion: 2.1 time: 0.278935
Jul 23 18:48:44 user devstack@n-api.service[60659]: [pid: 60659|app: 0|req: 16/44] 10.0.0.210 () {64 vars in 1233 bytes} [Sun Jul 23 18:48:44 2023] POST /compute/v2.1/os-volumes => generated 127 bytes in 280 msecs (HTTP/1.1 400) 9 headers in 381 bytes (1 switches on core 0)
Jul 23 18:48:44 user devstack@n-api.service[60661]: DEBUG dbcounter [-] [60661] Writing DB stats nova_api:SELECT=2 {{(pid=60661) stat_writer /usr/local/lib/python3.10/dist-packages/dbcounter.py:117}}
Jul 23 18:48:44 user devstack@n-api.service[60661]: DEBUG nova.api.openstack.wsgi [None req-af41ace5-963f-4fe9-b32a-3320f149f684 tempest-VolumesNegativeTest-1733767762 tempest-VolumesNegativeTest-1733767762-project-member] Action: 'create', calling method: .version_select at 0x7f3c6285af80>, body: {"volume": {"size": "0", "display_name": "tempest-VolumesNegativeTest-Volume-1895112675", "metadata": {"Type": "work"}}} {{(pid=60661) _process_stack /opt/stack/nova/nova/api/openstack/wsgi.py:511}}
Jul 23 18:48:44 user devstack@n-api.service[60661]: DEBUG nova.api.openstack.wsgi [None req-af41ace5-963f-4fe9-b32a-3320f149f684 tempest-VolumesNegativeTest-1733767762 tempest-VolumesNegativeTest-1733767762-project-member] Returning 400 to user: Invalid input for field/attribute size. Value: 0. 0 is less than the minimum of 1 {{(pid=60661) __call__ /opt/stack/nova/nova/api/openstack/wsgi.py:936}}
Jul 23 18:48:44 user devstack@n-api.service[60661]: INFO nova.api.openstack.requestlog [None req-af41ace5-963f-4fe9-b32a-3320f149f684 tempest-VolumesNegativeTest-1733767762 tempest-VolumesNegativeTest-1733767762-project-member] 10.0.0.210 "POST /compute/v2.1/os-volumes" status: 400 len: 125 microversion: 2.1 time: 0.009252
Jul 23 18:48:44 user devstack@n-api.service[60661]: [pid: 60661|app: 0|req: 15/45] 10.0.0.210 () {64 vars in 1233 bytes} [Sun Jul 23 18:48:44 2023] POST /compute/v2.1/os-volumes => generated 125 bytes in 10 msecs (HTTP/1.1 400) 9 headers in 381 bytes (1 switches on core 0)
Jul 23 18:48:44 user devstack@n-api.service[60660]: DEBUG dbcounter [-] [60660] Writing DB stats nova_api:SELECT=2 {{(pid=60660) stat_writer /usr/local/lib/python3.10/dist-packages/dbcounter.py:117}}
Jul 23 18:48:44 user devstack@n-api.service[60660]: DEBUG nova.api.openstack.wsgi [None req-ad907d44-8116-4b7d-8d81-bf21b5f60ec7 tempest-VolumesNegativeTest-1733767762 tempest-VolumesNegativeTest-1733767762-project-member] Action: 'create', calling method: .version_select at 0x7f3c627f81f0>, body: {"volume": {"size": "", "display_name": "tempest-VolumesNegativeTest-Volume-1447645937", "metadata": {"Type": "work"}}} {{(pid=60660) _process_stack /opt/stack/nova/nova/api/openstack/wsgi.py:511}}
Jul 23 18:48:44 user devstack@n-api.service[60660]: DEBUG nova.api.openstack.wsgi [None req-ad907d44-8116-4b7d-8d81-bf21b5f60ec7 tempest-VolumesNegativeTest-1733767762 tempest-VolumesNegativeTest-1733767762-project-member] Returning 400 to user: Invalid input for field/attribute size. Value: . '' does not match '^[0-9]+$' {{(pid=60660) __call__ /opt/stack/nova/nova/api/openstack/wsgi.py:936}}
Jul 23 18:48:44 user devstack@n-api.service[60660]: INFO nova.api.openstack.requestlog [None req-ad907d44-8116-4b7d-8d81-bf21b5f60ec7 tempest-VolumesNegativeTest-1733767762 tempest-VolumesNegativeTest-1733767762-project-member] 10.0.0.210 "POST /compute/v2.1/os-volumes" status: 400 len: 121 microversion: 2.1 time: 0.010476
Jul 23 18:48:44 user devstack@n-api.service[60660]: [pid: 60660|app: 0|req: 15/46] 10.0.0.210 () {64 vars in 1233 bytes} [Sun Jul 23 18:48:44 2023] POST /compute/v2.1/os-volumes => generated 121 bytes in 12 msecs (HTTP/1.1 400) 9 headers in 381 bytes (1 switches on core 0)
Jul 23 18:48:44 user devstack@n-api.service[60659]: DEBUG nova.api.openstack.wsgi [None req-560c457b-3da7-4b38-a608-05207fc7e345 tempest-VolumesNegativeTest-1733767762 tempest-VolumesNegativeTest-1733767762-project-member] Calling method '.version_select at 0x7f3c6319f250>' {{(pid=60659) _process_stack /opt/stack/nova/nova/api/openstack/wsgi.py:513}}
Jul 23 18:48:45 user devstack@n-api.service[60659]: INFO nova.api.openstack.wsgi [None req-560c457b-3da7-4b38-a608-05207fc7e345 tempest-VolumesNegativeTest-1733767762 tempest-VolumesNegativeTest-1733767762-project-member] HTTP exception thrown: Volume tempest-invalid-1897794285 could not be found.
Jul 23 18:48:45 user devstack@n-api.service[60659]: DEBUG nova.api.openstack.wsgi [None req-560c457b-3da7-4b38-a608-05207fc7e345 tempest-VolumesNegativeTest-1733767762 tempest-VolumesNegativeTest-1733767762-project-member] Returning 404 to user: Volume tempest-invalid-1897794285 could not be found. {{(pid=60659) __call__ /opt/stack/nova/nova/api/openstack/wsgi.py:936}}
Jul 23 18:48:45 user devstack@n-api.service[60659]: INFO nova.api.openstack.requestlog [None req-560c457b-3da7-4b38-a608-05207fc7e345 tempest-VolumesNegativeTest-1733767762 tempest-VolumesNegativeTest-1733767762-project-member] 10.0.0.210 "DELETE /compute/v2.1/os-volumes/tempest-invalid-1897794285" status: 404 len: 99 microversion: 2.1 time: 0.319605
Jul 23 18:48:45 user devstack@n-api.service[60659]: [pid: 60659|app: 0|req: 17/47] 10.0.0.210 () {62 vars in 1295 bytes} [Sun Jul 23 18:48:44 2023] DELETE /compute/v2.1/os-volumes/tempest-invalid-1897794285 => generated 99 bytes in 321 msecs (HTTP/1.1 404) 9 headers in 378 bytes (1 switches on core 0)
Jul 23 18:48:45 user devstack@n-api.service[60661]: INFO nova.api.openstack.requestlog [None req-c88f02df-5fe4-4304-a84e-cf5475b82a4c tempest-VolumesNegativeTest-1733767762 tempest-VolumesNegativeTest-1733767762-project-member] 10.0.0.210 "DELETE /compute/v2.1/os-volumes/" status: 404 len: 112 microversion: - time: 0.003554
Jul 23 18:48:45 user devstack@n-api.service[60661]: [pid: 60661|app: 0|req: 16/48] 10.0.0.210 () {62 vars in 1217 bytes} [Sun Jul 23 18:48:45 2023] DELETE /compute/v2.1/os-volumes/ => generated 112 bytes in 5 msecs (HTTP/1.1 404) 5 headers in 228 bytes (1 switches on core 0)
Jul 23 18:48:45 user devstack@n-api.service[60660]: INFO nova.api.openstack.requestlog [None req-87bdbc41-888c-47b1-b0b3-5ca55b890894 tempest-VolumesNegativeTest-1733767762 tempest-VolumesNegativeTest-1733767762-project-member] 10.0.0.210 "GET /compute/v2.1/os-volumes/" status: 404 len: 112 microversion: - time: 0.006538
Jul 23 18:48:45 user devstack@n-api.service[60660]: [pid: 60660|app: 0|req: 16/49] 10.0.0.210 () {62 vars in 1214 bytes} [Sun Jul 23 18:48:45 2023] GET /compute/v2.1/os-volumes/ => generated 112 bytes in 8 msecs (HTTP/1.1 404) 5 headers in 228 bytes (1 switches on core 0)
Jul 23 18:48:45 user devstack@n-api.service[60659]: DEBUG nova.api.openstack.wsgi [None req-e6e2454f-c3ef-4ef7-bae2-b21ed77576a6 tempest-VolumesNegativeTest-1733767762 tempest-VolumesNegativeTest-1733767762-project-member] Calling method '.version_select at 0x7f3c62645510>' {{(pid=60659) _process_stack /opt/stack/nova/nova/api/openstack/wsgi.py:513}}
Jul 23 18:48:46 user devstack@n-api.service[60659]: INFO nova.api.openstack.wsgi [None req-e6e2454f-c3ef-4ef7-bae2-b21ed77576a6 tempest-VolumesNegativeTest-1733767762 tempest-VolumesNegativeTest-1733767762-project-member] HTTP exception thrown: Volume 1f8820be-8a7a-4460-b50d-e63b851588a1 could not be found.
Jul 23 18:48:46 user devstack@n-api.service[60659]: DEBUG nova.api.openstack.wsgi [None req-e6e2454f-c3ef-4ef7-bae2-b21ed77576a6 tempest-VolumesNegativeTest-1733767762 tempest-VolumesNegativeTest-1733767762-project-member] Returning 404 to user: Volume 1f8820be-8a7a-4460-b50d-e63b851588a1 could not be found. {{(pid=60659) __call__ /opt/stack/nova/nova/api/openstack/wsgi.py:936}}
Jul 23 18:48:46 user devstack@n-api.service[60659]: INFO nova.api.openstack.requestlog [None req-e6e2454f-c3ef-4ef7-bae2-b21ed77576a6 tempest-VolumesNegativeTest-1733767762 tempest-VolumesNegativeTest-1733767762-project-member] 10.0.0.210 "DELETE /compute/v2.1/os-volumes/1f8820be-8a7a-4460-b50d-e63b851588a1" status: 404 len: 109 microversion: 2.1 time: 0.791032
Jul 23 18:48:46 user devstack@n-api.service[60659]: [pid: 60659|app: 0|req: 18/50] 10.0.0.210 () {62 vars in 1325 bytes} [Sun Jul 23 18:48:45 2023] DELETE /compute/v2.1/os-volumes/1f8820be-8a7a-4460-b50d-e63b851588a1 => generated 109 bytes in 792 msecs (HTTP/1.1 404) 9 headers in 379 bytes (1 switches on core 0)
Jul 23 18:48:46 user devstack@n-api.service[60661]: DEBUG nova.api.openstack.wsgi [None req-ab5d28f7-e050-4cdc-9f92-f07c897b2414 tempest-VolumesNegativeTest-1733767762 tempest-VolumesNegativeTest-1733767762-project-member] Calling method '.version_select at 0x7f3c6319ab90>' {{(pid=60661) _process_stack /opt/stack/nova/nova/api/openstack/wsgi.py:513}}
Jul 23 18:48:46 user devstack@n-api.service[60661]: INFO nova.api.openstack.wsgi [None req-ab5d28f7-e050-4cdc-9f92-f07c897b2414 tempest-VolumesNegativeTest-1733767762 tempest-VolumesNegativeTest-1733767762-project-member] HTTP exception thrown: Volume d14268bd-be49-4a7b-b03b-f4fb60c19e8e could not be found.
Jul 23 18:48:46 user devstack@n-api.service[60661]: DEBUG nova.api.openstack.wsgi [None req-ab5d28f7-e050-4cdc-9f92-f07c897b2414 tempest-VolumesNegativeTest-1733767762 tempest-VolumesNegativeTest-1733767762-project-member] Returning 404 to user: Volume d14268bd-be49-4a7b-b03b-f4fb60c19e8e could not be found. {{(pid=60661) __call__ /opt/stack/nova/nova/api/openstack/wsgi.py:936}}
Jul 23 18:48:46 user devstack@n-api.service[60661]: INFO nova.api.openstack.requestlog [None req-ab5d28f7-e050-4cdc-9f92-f07c897b2414 tempest-VolumesNegativeTest-1733767762 tempest-VolumesNegativeTest-1733767762-project-member] 10.0.0.210 "GET /compute/v2.1/os-volumes/d14268bd-be49-4a7b-b03b-f4fb60c19e8e" status: 404 len: 109 microversion: 2.1 time: 0.192546
Jul 23 18:48:46 user devstack@n-api.service[60661]: [pid: 60661|app: 0|req: 17/51] 10.0.0.210 () {62 vars in 1322 bytes} [Sun Jul 23 18:48:46 2023] GET /compute/v2.1/os-volumes/d14268bd-be49-4a7b-b03b-f4fb60c19e8e => generated 109 bytes in 193 msecs (HTTP/1.1 404) 9 headers in 379 bytes (1 switches on core 0)
Jul 23 18:49:03 user devstack@n-api.service[60660]: DEBUG nova.api.openstack.wsgi [None req-a160b9a3-6129-4fbc-8810-dbefe6fe92e0 tempest-ServerActionsTestJSON-1335853674 tempest-ServerActionsTestJSON-1335853674-project-member] Action: 'create', calling method: .version_select at 0x7f3c628865f0>, body: {"keypair": {"name": "tempest-keypair-183404468", "public_key": "ecdsa-sha2-nistp384 AAAAE2VjZHNhLXNoYTItbmlzdHAzODQAAAAIbmlzdHAzODQAAABhBCgZm+VaTuzP0fsAQn7A0k21J3VdJqlQN1/8IokE6OV9PgRPRkq3G3+AVM3Wt6iwjC2E4YmuyUsjxlPw7CGNkQITptbLOHbqrRN5Tl7foyNASiN5iSeOxfxyZqwikKs4qA=="}} {{(pid=60660) _process_stack /opt/stack/nova/nova/api/openstack/wsgi.py:511}}
Jul 23 18:49:03 user devstack@n-api.service[60660]: DEBUG nova.quota [None req-a160b9a3-6129-4fbc-8810-dbefe6fe92e0 tempest-ServerActionsTestJSON-1335853674 tempest-ServerActionsTestJSON-1335853674-project-member] Getting quotas for project edfb7ee7be284567bd5d4bb3420ed714. Resources: {'key_pairs'} {{(pid=60660) _get_quotas /opt/stack/nova/nova/quota.py:393}}
Jul 23 18:49:03 user devstack@n-api.service[60660]: DEBUG nova.quota [None req-a160b9a3-6129-4fbc-8810-dbefe6fe92e0 tempest-ServerActionsTestJSON-1335853674 tempest-ServerActionsTestJSON-1335853674-project-member] Getting quotas for user 8c50d30bf26641ba91a735a70ec435b4 and project edfb7ee7be284567bd5d4bb3420ed714. Resources: {'key_pairs'} {{(pid=60660) _get_quotas /opt/stack/nova/nova/quota.py:383}}
Jul 23 18:49:03 user devstack@n-api.service[60660]: INFO nova.api.openstack.requestlog [None req-a160b9a3-6129-4fbc-8810-dbefe6fe92e0 tempest-ServerActionsTestJSON-1335853674 tempest-ServerActionsTestJSON-1335853674-project-member] 10.0.0.210 "POST /compute/v2.1/os-keypairs" status: 200 len: 385 microversion: 2.1 time: 0.278674
Jul 23 18:49:03 user devstack@n-api.service[60660]: [pid: 60660|app: 0|req: 17/52] 10.0.0.210 () {64 vars in 1236 bytes} [Sun Jul 23 18:49:03 2023] POST /compute/v2.1/os-keypairs => generated 385 bytes in 280 msecs (HTTP/1.1 200) 9 headers in 357 bytes (1 switches on core 0)
Jul 23 18:49:05 user devstack@n-api.service[60659]: DEBUG nova.api.openstack.wsgi [None req-9f881460-6cda-44fd-be8b-2b2f62bff493 tempest-DeleteServersTestJSON-2039941965 tempest-DeleteServersTestJSON-2039941965-project-member] Action: 'create', calling method: >, body: {"server": {"name": "tempest-DeleteServersTestJSON-server-320284135", "imageRef": "0ddd5893-6f1b-4fee-96d3-85d2004225cc", "flavorRef": "42", "networks": [{"uuid": "4b0e7d8d-8391-4803-b52c-16393c38cf37"}]}} {{(pid=60659) _process_stack /opt/stack/nova/nova/api/openstack/wsgi.py:511}}
Jul 23 18:49:05 user devstack@n-api.service[60659]: INFO nova.api.openstack.wsgi [None req-9f881460-6cda-44fd-be8b-2b2f62bff493 tempest-DeleteServersTestJSON-2039941965 tempest-DeleteServersTestJSON-2039941965-project-member] HTTP exception thrown: Flavor 42 could not be found.
Jul 23 18:49:05 user devstack@n-api.service[60659]: DEBUG nova.api.openstack.wsgi [None req-9f881460-6cda-44fd-be8b-2b2f62bff493 tempest-DeleteServersTestJSON-2039941965 tempest-DeleteServersTestJSON-2039941965-project-member] Returning 400 to user: Flavor 42 could not be found. {{(pid=60659) __call__ /opt/stack/nova/nova/api/openstack/wsgi.py:936}}
Jul 23 18:49:05 user devstack@n-api.service[60659]: INFO nova.api.openstack.requestlog [None req-9f881460-6cda-44fd-be8b-2b2f62bff493 tempest-DeleteServersTestJSON-2039941965 tempest-DeleteServersTestJSON-2039941965-project-member] 10.0.0.210 "POST /compute/v2.1/servers" status: 400 len: 73 microversion: 2.1 time: 0.071456
Jul 23 18:49:05 user devstack@n-api.service[60659]: [pid: 60659|app: 0|req: 19/53] 10.0.0.210 () {64 vars in 1224 bytes} [Sun Jul 23 18:49:05 2023] POST /compute/v2.1/servers => generated 73 bytes in 73 msecs (HTTP/1.1 400) 9 headers in 380 bytes (1 switches on core 0)
