Apr 14 13:02:45 user devstack@keystone.service[43181]: DEBUG keystone.common.rbac_enforcer.enforcer [None req-dea460b4-d8a2-4504-a579-37a90ce04fd8 None admin] RBAC: Authorization granted {{(pid=43181) enforce_call /opt/stack/keystone/keystone/common/rbac_enforcer/enforcer.py:457}}
Apr 14 13:02:45 user devstack@keystone.service[43181]: WARNING keystone.common.password_hashing [None req-dea460b4-d8a2-4504-a579-37a90ce04fd8 None admin] Truncating password to algorithm specific maximum length 54 characters.
Apr 14 13:02:45 user devstack@keystone.service[43182]: DEBUG keystone.server.flask.request_processing.middleware.auth_context [None req-6afc5868-da79-43cd-a2a1-24a2b1b9bf31 None admin] Validating token access rules against request {{(pid=43182) validate_allowed_request /usr/local/lib/python3.10/dist-packages/keystonemiddleware/auth_token/__init__.py:544}}
Apr 14 13:02:45 user devstack@keystone.service[43181]: DEBUG dbcounter [-] [43181] Writing DB stats keystone:SELECT=100 {{(pid=43181) stat_writer /usr/local/lib/python3.10/dist-packages/dbcounter.py:117}}
Apr 14 13:02:45 user devstack@keystone.service[43180]: DEBUG keystone.server.flask.request_processing.middleware.auth_context [None req-0157234c-f552-4032-aca4-1a634e32a92f None admin] RBAC: auth_context: {'token': , 'domain_id': None, 'trust_id': None, 'trustor_id': None, 'trustee_id': None, 'domain_name': None, 'group_ids': [], 'user_id': 'ffafe253f7ef4f41af9ae2a1962e6cbf', 'user_domain_id': 'default', 'system_scope': 'all', 'project_id': None, 'project_domain_id': None, 'roles': ['admin', 'member', 'reader'], 'is_admin_project': True, 'service_user_id': None, 'service_user_domain_id': None, 'service_project_id': None, 'service_project_domain_id': None, 'service_roles': []} {{(pid=43180) fill_context /opt/stack/keystone/keystone/server/flask/request_processing/middleware/auth_context.py:478}}
Apr 14 13:02:45 user devstack@keystone.service[43180]: DEBUG keystone.server.flask.request_processing.req_logging [None req-0157234c-f552-4032-aca4-1a634e32a92f None admin] REQUEST_METHOD: `GET` {{(pid=43180) log_request_info /opt/stack/keystone/keystone/server/flask/request_processing/req_logging.py:27}}
Apr 14 13:02:45 user devstack@keystone.service[43180]: DEBUG keystone.server.flask.request_processing.req_logging [None req-0157234c-f552-4032-aca4-1a634e32a92f None admin] SCRIPT_NAME: `/identity` {{(pid=43180) log_request_info /opt/stack/keystone/keystone/server/flask/request_processing/req_logging.py:28}}
Apr 14 13:02:45 user devstack@keystone.service[43180]: DEBUG keystone.server.flask.request_processing.req_logging [None req-0157234c-f552-4032-aca4-1a634e32a92f None admin] PATH_INFO: `/v3/roles` {{(pid=43180) log_request_info /opt/stack/keystone/keystone/server/flask/request_processing/req_logging.py:29}}
Apr 14 13:02:45 user devstack@keystone.service[43180]: DEBUG keystone.common.rbac_enforcer.enforcer [None req-0157234c-f552-4032-aca4-1a634e32a92f None admin] RBAC: Adding query filter params (name=member) {{(pid=43180) _extract_filter_values /opt/stack/keystone/keystone/common/rbac_enforcer/enforcer.py:167}}
Apr 14 13:02:45 user devstack@keystone.service[43180]: DEBUG keystone.common.rbac_enforcer.enforcer [None req-0157234c-f552-4032-aca4-1a634e32a92f None admin] RBAC: Authorizing `identity:list_roles()` {{(pid=43180) enforce_call /opt/stack/keystone/keystone/common/rbac_enforcer/enforcer.py:449}}
Apr 14 13:02:45 user devstack@keystone.service[43180]: DEBUG keystone.common.rbac_enforcer.enforcer [None req-0157234c-f552-4032-aca4-1a634e32a92f None admin] RBAC: Authorization granted {{(pid=43180) enforce_call /opt/stack/keystone/keystone/common/rbac_enforcer/enforcer.py:457}}
Apr 14 13:02:45 user devstack@keystone.service[43181]: [pid: 43181|app: 0|req: 71/215] 10.0.0.210 () {60 vars in 1127 bytes} [Fri Apr 14 13:02:45 2023] POST /identity/v3/users => generated 292 bytes in 141 msecs (HTTP/1.1 201) 5 headers in 182 bytes (2 switches on core 0)
Apr 14 13:02:45 user devstack@keystone.service[43180]: [pid: 43180|app: 0|req: 73/216] 10.0.0.210 () {56 vars in 1096 bytes} [Fri Apr 14 13:02:45 2023] GET /identity/v3/roles?name=member => generated 339 bytes in 134 msecs (HTTP/1.1 200) 5 headers in 177 bytes (1 switches on core 0)
Apr 14 13:02:45 user devstack@keystone.service[43181]: DEBUG keystone.server.flask.request_processing.middleware.auth_context [None req-dea460b4-d8a2-4504-a579-37a90ce04fd8 None admin] Authenticating user token {{(pid=43181) process_request /usr/local/lib/python3.10/dist-packages/keystonemiddleware/auth_token/__init__.py:406}}
Apr 14 13:02:45 user devstack@keystone.service[43182]: DEBUG keystone.server.flask.request_processing.middleware.auth_context [None req-996a3598-a065-456c-9a8e-415d2785fd62 None admin] RBAC: auth_context: {'token': , 'domain_id': None, 'trust_id': None, 'trustor_id': None, 'trustee_id': None, 'domain_name': None, 'group_ids': [], 'user_id': 'ffafe253f7ef4f41af9ae2a1962e6cbf', 'user_domain_id': 'default', 'system_scope': 'all', 'project_id': None, 'project_domain_id': None, 'roles': ['admin', 'member', 'reader'], 'is_admin_project': True, 'service_user_id': None, 'service_user_domain_id': None, 'service_project_id': None, 'service_project_domain_id': None, 'service_roles': []} {{(pid=43182) fill_context /opt/stack/keystone/keystone/server/flask/request_processing/middleware/auth_context.py:478}}
Apr 14 13:02:45 user devstack@keystone.service[43182]: DEBUG keystone.server.flask.request_processing.req_logging [None req-996a3598-a065-456c-9a8e-415d2785fd62 None admin] REQUEST_METHOD: `GET` {{(pid=43182) log_request_info /opt/stack/keystone/keystone/server/flask/request_processing/req_logging.py:27}}
Apr 14 13:02:45 user devstack@keystone.service[43182]: DEBUG keystone.server.flask.request_processing.req_logging [None req-996a3598-a065-456c-9a8e-415d2785fd62 None admin] SCRIPT_NAME: `/identity` {{(pid=43182) log_request_info /opt/stack/keystone/keystone/server/flask/request_processing/req_logging.py:28}}
Apr 14 13:02:45 user devstack@keystone.service[43182]: DEBUG keystone.server.flask.request_processing.req_logging [None req-996a3598-a065-456c-9a8e-415d2785fd62 None admin] PATH_INFO: `/v3/roles` {{(pid=43182) log_request_info /opt/stack/keystone/keystone/server/flask/request_processing/req_logging.py:29}}
Apr 14 13:02:45 user devstack@keystone.service[43182]: DEBUG keystone.common.rbac_enforcer.enforcer [None req-996a3598-a065-456c-9a8e-415d2785fd62 None admin] RBAC: Adding query filter params (name=reader) {{(pid=43182) _extract_filter_values /opt/stack/keystone/keystone/common/rbac_enforcer/enforcer.py:167}}
Apr 14 13:02:45 user devstack@keystone.service[43182]: DEBUG keystone.common.rbac_enforcer.enforcer [None req-996a3598-a065-456c-9a8e-415d2785fd62 None admin] RBAC: Authorizing `identity:list_roles()` {{(pid=43182) enforce_call /opt/stack/keystone/keystone/common/rbac_enforcer/enforcer.py:449}}
Apr 14 13:02:45 user devstack@keystone.service[43182]: DEBUG keystone.common.rbac_enforcer.enforcer [None req-996a3598-a065-456c-9a8e-415d2785fd62 None admin] RBAC: Authorization granted {{(pid=43182) enforce_call /opt/stack/keystone/keystone/common/rbac_enforcer/enforcer.py:457}}
Apr 14 13:02:45 user devstack@keystone.service[43182]: [pid: 43182|app: 0|req: 73/217] 10.0.0.210 () {56 vars in 1096 bytes} [Fri Apr 14 13:02:45 2023] GET /identity/v3/roles?name=reader => generated 339 bytes in 133 msecs (HTTP/1.1 200) 5 headers in 177 bytes (1 switches on core 0)
Apr 14 13:02:45 user devstack@keystone.service[43180]: DEBUG keystone.server.flask.request_processing.middleware.auth_context [None req-0157234c-f552-4032-aca4-1a634e32a92f None admin] Authenticating user token {{(pid=43180) process_request /usr/local/lib/python3.10/dist-packages/keystonemiddleware/auth_token/__init__.py:406}}
Apr 14 13:02:46 user devstack@keystone.service[43181]: DEBUG keystone.server.flask.request_processing.middleware.auth_context [None req-dea460b4-d8a2-4504-a579-37a90ce04fd8 None admin] Validating token access rules against request {{(pid=43181) validate_allowed_request /usr/local/lib/python3.10/dist-packages/keystonemiddleware/auth_token/__init__.py:544}}
Apr 14 13:02:46 user devstack@keystone.service[43181]: DEBUG keystone.server.flask.request_processing.middleware.auth_context [None req-018fc0c1-f6e2-4370-b767-79b535e4a487 None admin] RBAC: auth_context: {'token': , 'domain_id': None, 'trust_id': None, 'trustor_id': None, 'trustee_id': None, 'domain_name': None, 'group_ids': [], 'user_id': 'ffafe253f7ef4f41af9ae2a1962e6cbf', 'user_domain_id': 'default', 'system_scope': 'all', 'project_id': None, 'project_domain_id': None, 'roles': ['admin', 'member', 'reader'], 'is_admin_project': True, 'service_user_id': None, 'service_user_domain_id': None, 'service_project_id': None, 'service_project_domain_id': None, 'service_roles': []} {{(pid=43181) fill_context /opt/stack/keystone/keystone/server/flask/request_processing/middleware/auth_context.py:478}}
Apr 14 13:02:46 user devstack@keystone.service[43181]: DEBUG keystone.server.flask.request_processing.req_logging [None req-018fc0c1-f6e2-4370-b767-79b535e4a487 None admin] REQUEST_METHOD: `GET` {{(pid=43181) log_request_info /opt/stack/keystone/keystone/server/flask/request_processing/req_logging.py:27}}
Apr 14 13:02:46 user devstack@keystone.service[43181]: DEBUG keystone.server.flask.request_processing.req_logging [None req-018fc0c1-f6e2-4370-b767-79b535e4a487 None admin] SCRIPT_NAME: `/identity` {{(pid=43181) log_request_info /opt/stack/keystone/keystone/server/flask/request_processing/req_logging.py:28}}
Apr 14 13:02:46 user devstack@keystone.service[43181]: DEBUG keystone.server.flask.request_processing.req_logging [None req-018fc0c1-f6e2-4370-b767-79b535e4a487 None admin] PATH_INFO: `/v3/users/cb08d544d19c4843a03362a2c8a5bf79` {{(pid=43181) log_request_info /opt/stack/keystone/keystone/server/flask/request_processing/req_logging.py:29}}
Apr 14 13:02:46 user devstack@keystone.service[43180]: DEBUG keystone.server.flask.request_processing.middleware.auth_context [None req-0157234c-f552-4032-aca4-1a634e32a92f None admin] Validating token access rules against request {{(pid=43180) validate_allowed_request /usr/local/lib/python3.10/dist-packages/keystonemiddleware/auth_token/__init__.py:544}}
Apr 14 13:02:46 user devstack@keystone.service[43181]: DEBUG keystone.common.rbac_enforcer.enforcer [None req-018fc0c1-f6e2-4370-b767-79b535e4a487 None admin] RBAC: Authorizing `identity:get_user(user_id=cb08d544d19c4843a03362a2c8a5bf79)` {{(pid=43181) enforce_call /opt/stack/keystone/keystone/common/rbac_enforcer/enforcer.py:449}}
Apr 14 13:02:46 user devstack@keystone.service[43181]: DEBUG keystone.common.rbac_enforcer.enforcer [None req-018fc0c1-f6e2-4370-b767-79b535e4a487 None admin] RBAC: Authorization granted {{(pid=43181) enforce_call /opt/stack/keystone/keystone/common/rbac_enforcer/enforcer.py:457}}
Apr 14 13:02:46 user devstack@keystone.service[43181]: [pid: 43181|app: 0|req: 72/218] 10.0.0.210 () {56 vars in 1172 bytes} [Fri Apr 14 13:02:45 2023] GET /identity/v3/users/cb08d544d19c4843a03362a2c8a5bf79 => generated 292 bytes in 136 msecs (HTTP/1.1 200) 5 headers in 177 bytes (1 switches on core 0)
Apr 14 13:02:46 user devstack@keystone.service[43182]: DEBUG keystone.server.flask.request_processing.middleware.auth_context [None req-996a3598-a065-456c-9a8e-415d2785fd62 None admin] Authenticating user token {{(pid=43182) process_request /usr/local/lib/python3.10/dist-packages/keystonemiddleware/auth_token/__init__.py:406}}
Apr 14 13:02:46 user devstack@keystone.service[43180]: DEBUG keystone.server.flask.request_processing.middleware.auth_context [None req-eac232ab-185f-4486-9eb7-b3464d0b0fc1 None admin] RBAC: auth_context: {'token': , 'domain_id': None, 'trust_id': None, 'trustor_id': None, 'trustee_id': None, 'domain_name': None, 'group_ids': [], 'user_id': 'ffafe253f7ef4f41af9ae2a1962e6cbf', 'user_domain_id': 'default', 'system_scope': 'all', 'project_id': None, 'project_domain_id': None, 'roles': ['admin', 'member', 'reader'], 'is_admin_project': True, 'service_user_id': None, 'service_user_domain_id': None, 'service_project_id': None, 'service_project_domain_id': None, 'service_roles': []} {{(pid=43180) fill_context /opt/stack/keystone/keystone/server/flask/request_processing/middleware/auth_context.py:478}}
Apr 14 13:02:46 user devstack@keystone.service[43180]: DEBUG keystone.server.flask.request_processing.req_logging [None req-eac232ab-185f-4486-9eb7-b3464d0b0fc1 None admin] REQUEST_METHOD: `GET` {{(pid=43180) log_request_info /opt/stack/keystone/keystone/server/flask/request_processing/req_logging.py:27}}
Apr 14 13:02:46 user devstack@keystone.service[43180]: DEBUG keystone.server.flask.request_processing.req_logging [None req-eac232ab-185f-4486-9eb7-b3464d0b0fc1 None admin] SCRIPT_NAME: `/identity` {{(pid=43180) log_request_info /opt/stack/keystone/keystone/server/flask/request_processing/req_logging.py:28}}
Apr 14 13:02:46 user devstack@keystone.service[43180]: DEBUG keystone.server.flask.request_processing.req_logging [None req-eac232ab-185f-4486-9eb7-b3464d0b0fc1 None admin] PATH_INFO: `/v3/users/8d4d959731a74c52a14a58e91b9789ae` {{(pid=43180) log_request_info /opt/stack/keystone/keystone/server/flask/request_processing/req_logging.py:29}}
Apr 14 13:02:46 user devstack@keystone.service[43180]: DEBUG keystone.common.rbac_enforcer.enforcer [None req-eac232ab-185f-4486-9eb7-b3464d0b0fc1 None admin] RBAC: Authorizing `identity:get_user(user_id=8d4d959731a74c52a14a58e91b9789ae)` {{(pid=43180) enforce_call /opt/stack/keystone/keystone/common/rbac_enforcer/enforcer.py:449}}
Apr 14 13:02:46 user devstack@keystone.service[43180]: DEBUG keystone.common.rbac_enforcer.enforcer [None req-eac232ab-185f-4486-9eb7-b3464d0b0fc1 None admin] RBAC: Authorization granted {{(pid=43180) enforce_call /opt/stack/keystone/keystone/common/rbac_enforcer/enforcer.py:457}}
Apr 14 13:02:46 user devstack@keystone.service[43180]: [pid: 43180|app: 0|req: 74/219] 10.0.0.210 () {56 vars in 1172 bytes} [Fri Apr 14 13:02:45 2023] GET /identity/v3/users/8d4d959731a74c52a14a58e91b9789ae => generated 296 bytes in 132 msecs (HTTP/1.1 200) 5 headers in 177 bytes (1 switches on core 0)
Apr 14 13:02:46 user devstack@keystone.service[43181]: DEBUG keystone.server.flask.request_processing.middleware.auth_context [None req-018fc0c1-f6e2-4370-b767-79b535e4a487 None admin] Authenticating user token {{(pid=43181) process_request /usr/local/lib/python3.10/dist-packages/keystonemiddleware/auth_token/__init__.py:406}}
Apr 14 13:02:46 user devstack@keystone.service[43182]: DEBUG dbcounter [-] [43182] Writing DB stats keystone:SELECT=100 {{(pid=43182) stat_writer /usr/local/lib/python3.10/dist-packages/dbcounter.py:117}}
Apr 14 13:02:46 user devstack@keystone.service[43181]: DEBUG dbcounter [-] [43181] Writing DB stats keystone:INSERT=3,keystone:SELECT=97 {{(pid=43181) stat_writer /usr/local/lib/python3.10/dist-packages/dbcounter.py:117}}
Apr 14 13:02:46 user devstack@keystone.service[43182]: DEBUG keystone.server.flask.request_processing.middleware.auth_context [None req-996a3598-a065-456c-9a8e-415d2785fd62 None admin] Validating token access rules against request {{(pid=43182) validate_allowed_request /usr/local/lib/python3.10/dist-packages/keystonemiddleware/auth_token/__init__.py:544}}
Apr 14 13:02:46 user devstack@keystone.service[43181]: DEBUG keystone.server.flask.request_processing.middleware.auth_context [None req-018fc0c1-f6e2-4370-b767-79b535e4a487 None admin] Validating token access rules against request {{(pid=43181) validate_allowed_request /usr/local/lib/python3.10/dist-packages/keystonemiddleware/auth_token/__init__.py:544}}
Apr 14 13:02:46 user devstack@keystone.service[43182]: DEBUG keystone.server.flask.request_processing.middleware.auth_context [None req-d85f00ad-a070-4dd5-837b-cfcdb89ae195 None admin] RBAC: auth_context: {'token': , 'domain_id': None, 'trust_id': None, 'trustor_id': None, 'trustee_id': None, 'domain_name': None, 'group_ids': [], 'user_id': 'ffafe253f7ef4f41af9ae2a1962e6cbf', 'user_domain_id': 'default', 'system_scope': 'all', 'project_id': None, 'project_domain_id': None, 'roles': ['admin', 'member', 'reader'], 'is_admin_project': True, 'service_user_id': None, 'service_user_domain_id': None, 'service_project_id': None, 'service_project_domain_id': None, 'service_roles': []} {{(pid=43182) fill_context /opt/stack/keystone/keystone/server/flask/request_processing/middleware/auth_context.py:478}}
Apr 14 13:02:46 user devstack@keystone.service[43182]: DEBUG keystone.server.flask.request_processing.req_logging [None req-d85f00ad-a070-4dd5-837b-cfcdb89ae195 None admin] REQUEST_METHOD: `GET` {{(pid=43182) log_request_info /opt/stack/keystone/keystone/server/flask/request_processing/req_logging.py:27}}
Apr 14 13:02:46 user devstack@keystone.service[43182]: DEBUG keystone.server.flask.request_processing.req_logging [None req-d85f00ad-a070-4dd5-837b-cfcdb89ae195 None admin] SCRIPT_NAME: `/identity` {{(pid=43182) log_request_info /opt/stack/keystone/keystone/server/flask/request_processing/req_logging.py:28}}
Apr 14 13:02:46 user devstack@keystone.service[43182]: DEBUG keystone.server.flask.request_processing.req_logging [None req-d85f00ad-a070-4dd5-837b-cfcdb89ae195 None admin] PATH_INFO: `/v3/role_assignments` {{(pid=43182) log_request_info /opt/stack/keystone/keystone/server/flask/request_processing/req_logging.py:29}}
Apr 14 13:02:46 user devstack@keystone.service[43182]: DEBUG keystone.common.rbac_enforcer.enforcer [None req-d85f00ad-a070-4dd5-837b-cfcdb89ae195 None admin] RBAC: Adding query filter params (role.id=9fca8ff219fe444ba041ebfa990631a1, user.id=cb08d544d19c4843a03362a2c8a5bf79, scope.system=all) {{(pid=43182) _extract_filter_values /opt/stack/keystone/keystone/common/rbac_enforcer/enforcer.py:167}}
Apr 14 13:02:46 user devstack@keystone.service[43182]: DEBUG keystone.common.rbac_enforcer.enforcer [None req-d85f00ad-a070-4dd5-837b-cfcdb89ae195 None admin] RBAC: Authorizing `identity:list_role_assignments()` {{(pid=43182) enforce_call /opt/stack/keystone/keystone/common/rbac_enforcer/enforcer.py:449}}
Apr 14 13:02:46 user devstack@keystone.service[43182]: DEBUG keystone.common.rbac_enforcer.enforcer [None req-d85f00ad-a070-4dd5-837b-cfcdb89ae195 None admin] RBAC: Authorization granted {{(pid=43182) enforce_call /opt/stack/keystone/keystone/common/rbac_enforcer/enforcer.py:457}}
Apr 14 13:02:46 user devstack@keystone.service[43182]: [pid: 43182|app: 0|req: 74/220] 10.0.0.210 () {56 vars in 1303 bytes} [Fri Apr 14 13:02:46 2023] GET /identity/v3/role_assignments?user.id=cb08d544d19c4843a03362a2c8a5bf79&scope.system=all&role.id=9fca8ff219fe444ba041ebfa990631a1 => generated 225 bytes in 137 msecs (HTTP/1.1 200) 5 headers in 177 bytes (1 switches on core 0)
Apr 14 13:02:46 user devstack@keystone.service[43181]: DEBUG keystone.server.flask.request_processing.middleware.auth_context [None req-ac29115e-f163-4b9a-ac9e-1edce9510890 None admin] RBAC: auth_context: {'token': , 'domain_id': None, 'trust_id': None, 'trustor_id': None, 'trustee_id': None, 'domain_name': None, 'group_ids': [], 'user_id': 'ffafe253f7ef4f41af9ae2a1962e6cbf', 'user_domain_id': 'default', 'system_scope': 'all', 'project_id': None, 'project_domain_id': None, 'roles': ['admin', 'member', 'reader'], 'is_admin_project': True, 'service_user_id': None, 'service_user_domain_id': None, 'service_project_id': None, 'service_project_domain_id': None, 'service_roles': []} {{(pid=43181) fill_context /opt/stack/keystone/keystone/server/flask/request_processing/middleware/auth_context.py:478}}
Apr 14 13:02:46 user devstack@keystone.service[43181]: DEBUG keystone.server.flask.request_processing.req_logging [None req-ac29115e-f163-4b9a-ac9e-1edce9510890 None admin] REQUEST_METHOD: `GET` {{(pid=43181) log_request_info /opt/stack/keystone/keystone/server/flask/request_processing/req_logging.py:27}}
Apr 14 13:02:46 user devstack@keystone.service[43181]: DEBUG keystone.server.flask.request_processing.req_logging [None req-ac29115e-f163-4b9a-ac9e-1edce9510890 None admin] SCRIPT_NAME: `/identity` {{(pid=43181) log_request_info /opt/stack/keystone/keystone/server/flask/request_processing/req_logging.py:28}}
Apr 14 13:02:46 user devstack@keystone.service[43181]: DEBUG keystone.server.flask.request_processing.req_logging [None req-ac29115e-f163-4b9a-ac9e-1edce9510890 None admin] PATH_INFO: `/v3/auth/tokens` {{(pid=43181) log_request_info /opt/stack/keystone/keystone/server/flask/request_processing/req_logging.py:29}}
Apr 14 13:02:46 user devstack@keystone.service[43181]: DEBUG keystone.common.rbac_enforcer.enforcer [None req-ac29115e-f163-4b9a-ac9e-1edce9510890 None admin] RBAC: Authorizing `identity:validate_token()` {{(pid=43181) enforce_call /opt/stack/keystone/keystone/common/rbac_enforcer/enforcer.py:449}}
Apr 14 13:02:46 user devstack@keystone.service[43181]: DEBUG keystone.common.rbac_enforcer.enforcer [None req-ac29115e-f163-4b9a-ac9e-1edce9510890 None admin] RBAC: Authorization granted {{(pid=43181) enforce_call /opt/stack/keystone/keystone/common/rbac_enforcer/enforcer.py:457}}
Apr 14 13:02:46 user devstack@keystone.service[43181]: DEBUG dbcounter [-] [43181] Writing DB stats keystone:SELECT=100 {{(pid=43181) stat_writer /usr/local/lib/python3.10/dist-packages/dbcounter.py:117}}
Apr 14 13:02:46 user devstack@keystone.service[43181]: [pid: 43181|app: 0|req: 73/221] 10.0.0.210 () {58 vars in 1277 bytes} [Fri Apr 14 13:02:46 2023] GET /identity/v3/auth/tokens => generated 798 bytes in 275 msecs (HTTP/1.1 200) 6 headers in 358 bytes (1 switches on core 0)
Apr 14 13:02:46 user devstack@keystone.service[43180]: DEBUG keystone.server.flask.request_processing.middleware.auth_context [None req-eac232ab-185f-4486-9eb7-b3464d0b0fc1 None admin] Authenticating user token {{(pid=43180) process_request /usr/local/lib/python3.10/dist-packages/keystonemiddleware/auth_token/__init__.py:406}}
Apr 14 13:02:46 user devstack@keystone.service[43180]: DEBUG dbcounter [-] [43180] Writing DB stats keystone:SELECT=100 {{(pid=43180) stat_writer /usr/local/lib/python3.10/dist-packages/dbcounter.py:117}}
Apr 14 13:02:46 user devstack@keystone.service[43180]: DEBUG keystone.server.flask.request_processing.middleware.auth_context [None req-eac232ab-185f-4486-9eb7-b3464d0b0fc1 None admin] Validating token access rules against request {{(pid=43180) validate_allowed_request /usr/local/lib/python3.10/dist-packages/keystonemiddleware/auth_token/__init__.py:544}}
Apr 14 13:02:46 user devstack@keystone.service[43180]: DEBUG keystone.server.flask.request_processing.middleware.auth_context [None req-05196938-7822-4dde-9f70-a3e701dc47f9 None admin] RBAC: auth_context: {'token': , 'domain_id': None, 'trust_id': None, 'trustor_id': None, 'trustee_id': None, 'domain_name': None, 'group_ids': [], 'user_id': 'ffafe253f7ef4f41af9ae2a1962e6cbf', 'user_domain_id': 'default', 'system_scope': 'all', 'project_id': None, 'project_domain_id': None, 'roles': ['admin', 'member', 'reader'], 'is_admin_project': True, 'service_user_id': None, 'service_user_domain_id': None, 'service_project_id': None, 'service_project_domain_id': None, 'service_roles': []} {{(pid=43180) fill_context /opt/stack/keystone/keystone/server/flask/request_processing/middleware/auth_context.py:478}}
Apr 14 13:02:46 user devstack@keystone.service[43180]: DEBUG keystone.server.flask.request_processing.req_logging [None req-05196938-7822-4dde-9f70-a3e701dc47f9 None admin] REQUEST_METHOD: `GET` {{(pid=43180) log_request_info /opt/stack/keystone/keystone/server/flask/request_processing/req_logging.py:27}}
Apr 14 13:02:46 user devstack@keystone.service[43180]: DEBUG keystone.server.flask.request_processing.req_logging [None req-05196938-7822-4dde-9f70-a3e701dc47f9 None admin] SCRIPT_NAME: `/identity` {{(pid=43180) log_request_info /opt/stack/keystone/keystone/server/flask/request_processing/req_logging.py:28}}
Apr 14 13:02:46 user devstack@keystone.service[43180]: DEBUG keystone.server.flask.request_processing.req_logging [None req-05196938-7822-4dde-9f70-a3e701dc47f9 None admin] PATH_INFO: `/v3/projects/f774b55a0a134f5cb01624ab9d6c53d2` {{(pid=43180) log_request_info /opt/stack/keystone/keystone/server/flask/request_processing/req_logging.py:29}}
Apr 14 13:02:46 user devstack@keystone.service[43180]: DEBUG keystone.common.rbac_enforcer.enforcer [None req-05196938-7822-4dde-9f70-a3e701dc47f9 None admin] RBAC: Authorizing `identity:get_project(project_id=f774b55a0a134f5cb01624ab9d6c53d2)` {{(pid=43180) enforce_call /opt/stack/keystone/keystone/common/rbac_enforcer/enforcer.py:449}}
Apr 14 13:02:46 user devstack@keystone.service[43180]: DEBUG keystone.common.rbac_enforcer.enforcer [None req-05196938-7822-4dde-9f70-a3e701dc47f9 None admin] RBAC: Authorization granted {{(pid=43180) enforce_call /opt/stack/keystone/keystone/common/rbac_enforcer/enforcer.py:457}}
Apr 14 13:02:46 user devstack@keystone.service[43180]: [pid: 43180|app: 0|req: 75/222] 10.0.0.210 () {56 vars in 1181 bytes} [Fri Apr 14 13:02:46 2023] GET /identity/v3/projects/f774b55a0a134f5cb01624ab9d6c53d2 => generated 301 bytes in 125 msecs (HTTP/1.1 200) 5 headers in 177 bytes (1 switches on core 0)
Apr 14 13:02:46 user devstack@keystone.service[43182]: DEBUG keystone.server.flask.request_processing.middleware.auth_context [None req-d85f00ad-a070-4dd5-837b-cfcdb89ae195 None admin] Authenticating user token {{(pid=43182) process_request /usr/local/lib/python3.10/dist-packages/keystonemiddleware/auth_token/__init__.py:406}}
Apr 14 13:02:46 user devstack@keystone.service[43182]: DEBUG keystone.server.flask.request_processing.middleware.auth_context [None req-d85f00ad-a070-4dd5-837b-cfcdb89ae195 None admin] Validating token access rules against request {{(pid=43182) validate_allowed_request /usr/local/lib/python3.10/dist-packages/keystonemiddleware/auth_token/__init__.py:544}}
Apr 14 13:02:46 user devstack@keystone.service[43182]: DEBUG dbcounter [-] [43182] Writing DB stats keystone:SELECT=100 {{(pid=43182) stat_writer /usr/local/lib/python3.10/dist-packages/dbcounter.py:117}}
Apr 14 13:02:46 user devstack@keystone.service[43182]: DEBUG keystone.server.flask.request_processing.middleware.auth_context [None req-f6d7016d-e018-409f-a523-acee1361138a None admin] RBAC: auth_context: {'token': , 'domain_id': None, 'trust_id': None, 'trustor_id': None, 'trustee_id': None, 'domain_name': None, 'group_ids': [], 'user_id': 'ffafe253f7ef4f41af9ae2a1962e6cbf', 'user_domain_id': 'default', 'system_scope': 'all', 'project_id': None, 'project_domain_id': None, 'roles': ['admin', 'member', 'reader'], 'is_admin_project': True, 'service_user_id': None, 'service_user_domain_id': None, 'service_project_id': None, 'service_project_domain_id': None, 'service_roles': []} {{(pid=43182) fill_context /opt/stack/keystone/keystone/server/flask/request_processing/middleware/auth_context.py:478}}
Apr 14 13:02:46 user devstack@keystone.service[43182]: DEBUG keystone.server.flask.request_processing.req_logging [None req-f6d7016d-e018-409f-a523-acee1361138a None admin] REQUEST_METHOD: `GET` {{(pid=43182) log_request_info /opt/stack/keystone/keystone/server/flask/request_processing/req_logging.py:27}}
Apr 14 13:02:46 user devstack@keystone.service[43182]: DEBUG keystone.server.flask.request_processing.req_logging [None req-f6d7016d-e018-409f-a523-acee1361138a None admin] SCRIPT_NAME: `/identity` {{(pid=43182) log_request_info /opt/stack/keystone/keystone/server/flask/request_processing/req_logging.py:28}}
Apr 14 13:02:46 user devstack@keystone.service[43182]: DEBUG keystone.server.flask.request_processing.req_logging [None req-f6d7016d-e018-409f-a523-acee1361138a None admin] PATH_INFO: `/v3/role_assignments` {{(pid=43182) log_request_info /opt/stack/keystone/keystone/server/flask/request_processing/req_logging.py:29}}
Apr 14 13:02:46 user devstack@keystone.service[43182]: DEBUG keystone.common.rbac_enforcer.enforcer [None req-f6d7016d-e018-409f-a523-acee1361138a None admin] RBAC: Adding query filter params (role.id=ddcf5cd95c0146129b37ca2953b36147, scope.project.id=f774b55a0a134f5cb01624ab9d6c53d2, user.id=8d4d959731a74c52a14a58e91b9789ae) {{(pid=43182) _extract_filter_values /opt/stack/keystone/keystone/common/rbac_enforcer/enforcer.py:167}}
Apr 14 13:02:46 user devstack@keystone.service[43182]: DEBUG keystone.common.rbac_enforcer.enforcer [None req-f6d7016d-e018-409f-a523-acee1361138a None admin] RBAC: Authorizing `identity:list_role_assignments()` {{(pid=43182) enforce_call /opt/stack/keystone/keystone/common/rbac_enforcer/enforcer.py:449}}
Apr 14 13:02:46 user devstack@keystone.service[43182]: DEBUG keystone.common.rbac_enforcer.enforcer [None req-f6d7016d-e018-409f-a523-acee1361138a None admin] RBAC: Authorization granted {{(pid=43182) enforce_call /opt/stack/keystone/keystone/common/rbac_enforcer/enforcer.py:457}}
Apr 14 13:02:46 user devstack@keystone.service[43182]: [pid: 43182|app: 0|req: 75/223] 10.0.0.210 () {56 vars in 1369 bytes} [Fri Apr 14 13:02:46 2023] GET /identity/v3/role_assignments?user.id=8d4d959731a74c52a14a58e91b9789ae&scope.project.id=f774b55a0a134f5cb01624ab9d6c53d2&role.id=ddcf5cd95c0146129b37ca2953b36147 => generated 606 bytes in 145 msecs (HTTP/1.1 200) 5 headers in 177 bytes (1 switches on core 0)
Apr 14 13:02:47 user devstack@keystone.service[43181]: DEBUG keystone.server.flask.request_processing.req_logging [None req-f9193d2b-81ba-48f2-befd-854f4a5b53ee None None] REQUEST_METHOD: `GET` {{(pid=43181) log_request_info /opt/stack/keystone/keystone/server/flask/request_processing/req_logging.py:27}}
Apr 14 13:02:47 user devstack@keystone.service[43181]: DEBUG keystone.server.flask.request_processing.req_logging [None req-f9193d2b-81ba-48f2-befd-854f4a5b53ee None None] SCRIPT_NAME: `/identity` {{(pid=43181) log_request_info /opt/stack/keystone/keystone/server/flask/request_processing/req_logging.py:28}}
Apr 14 13:02:47 user devstack@keystone.service[43181]: DEBUG keystone.server.flask.request_processing.req_logging [None req-f9193d2b-81ba-48f2-befd-854f4a5b53ee None None] PATH_INFO: `/` {{(pid=43181) log_request_info /opt/stack/keystone/keystone/server/flask/request_processing/req_logging.py:29}}
Apr 14 13:02:47 user devstack@keystone.service[43181]: [pid: 43181|app: 0|req: 74/224] 10.0.0.210 () {54 vars in 920 bytes} [Fri Apr 14 13:02:47 2023] GET /identity => generated 269 bytes in 4 msecs (HTTP/1.1 300) 6 headers in 233 bytes (1 switches on core 0)
Apr 14 13:02:47 user devstack@keystone.service[43180]: DEBUG keystone.server.flask.request_processing.req_logging [None req-456987c5-c161-4b50-a0b4-39940e5552b4 None None] REQUEST_METHOD: `POST` {{(pid=43180) log_request_info /opt/stack/keystone/keystone/server/flask/request_processing/req_logging.py:27}}
Apr 14 13:02:47 user devstack@keystone.service[43180]: DEBUG keystone.server.flask.request_processing.req_logging [None req-456987c5-c161-4b50-a0b4-39940e5552b4 None None] SCRIPT_NAME: `/identity` {{(pid=43180) log_request_info /opt/stack/keystone/keystone/server/flask/request_processing/req_logging.py:28}}
Apr 14 13:02:47 user devstack@keystone.service[43180]: DEBUG keystone.server.flask.request_processing.req_logging [None req-456987c5-c161-4b50-a0b4-39940e5552b4 None None] PATH_INFO: `/v3/auth/tokens` {{(pid=43180) log_request_info /opt/stack/keystone/keystone/server/flask/request_processing/req_logging.py:29}}
Apr 14 13:02:47 user devstack@keystone.service[43180]: WARNING keystone.common.password_hashing [None req-456987c5-c161-4b50-a0b4-39940e5552b4 None None] Truncating password to algorithm specific maximum length 54 characters.
Apr 14 13:02:47 user devstack@keystone.service[43180]: DEBUG keystone.auth.core [None req-456987c5-c161-4b50-a0b4-39940e5552b4 None None] MFA Rules not processed for user `ffafe253f7ef4f41af9ae2a1962e6cbf`. Rule list: `[]` (Enabled: `True`). {{(pid=43180) check_auth_methods_against_rules /opt/stack/keystone/keystone/auth/core.py:438}}
Apr 14 13:02:47 user devstack@keystone.service[43180]: DEBUG keystone.common.fernet_utils [None req-456987c5-c161-4b50-a0b4-39940e5552b4 None None] Loaded 2 Fernet keys from /etc/keystone/fernet-keys/, but `[fernet_tokens] max_active_keys = 3`; perhaps there have not been enough key rotations to reach `max_active_keys` yet? {{(pid=43180) load_keys /opt/stack/keystone/keystone/common/fernet_utils.py:286}}
Apr 14 13:02:47 user devstack@keystone.service[43180]: DEBUG dbcounter [-] [43180] Writing DB stats keystone:SELECT=100 {{(pid=43180) stat_writer /usr/local/lib/python3.10/dist-packages/dbcounter.py:117}}
Apr 14 13:02:47 user devstack@keystone.service[43180]: [pid: 43180|app: 0|req: 76/225] 10.0.0.210 () {58 vars in 1017 bytes} [Fri Apr 14 13:02:47 2023] POST /identity/v3/auth/tokens => generated 798 bytes in 79 msecs (HTTP/1.1 201) 6 headers in 363 bytes (1 switches on core 0)
Apr 14 13:02:47 user devstack@keystone.service[43182]: DEBUG keystone.server.flask.request_processing.req_logging [None req-32bb8500-b8c5-43a2-9337-6f2c45ad5373 None None] REQUEST_METHOD: `GET` {{(pid=43182) log_request_info /opt/stack/keystone/keystone/server/flask/request_processing/req_logging.py:27}}
Apr 14 13:02:47 user devstack@keystone.service[43182]: DEBUG keystone.server.flask.request_processing.req_logging [None req-32bb8500-b8c5-43a2-9337-6f2c45ad5373 None None] SCRIPT_NAME: `/identity` {{(pid=43182) log_request_info /opt/stack/keystone/keystone/server/flask/request_processing/req_logging.py:28}}
Apr 14 13:02:47 user devstack@keystone.service[43182]: DEBUG keystone.server.flask.request_processing.req_logging [None req-32bb8500-b8c5-43a2-9337-6f2c45ad5373 None None] PATH_INFO: `/` {{(pid=43182) log_request_info /opt/stack/keystone/keystone/server/flask/request_processing/req_logging.py:29}}
Apr 14 13:02:47 user devstack@keystone.service[43182]: [pid: 43182|app: 0|req: 76/226] 10.0.0.210 () {54 vars in 920 bytes} [Fri Apr 14 13:02:47 2023] GET /identity => generated 269 bytes in 3 msecs (HTTP/1.1 300) 6 headers in 233 bytes (1 switches on core 0)
Apr 14 13:02:47 user devstack@keystone.service[43181]: DEBUG keystone.server.flask.request_processing.req_logging [None req-4fa7d1a1-e209-40fa-bf45-f2190be143bc None None] REQUEST_METHOD: `POST` {{(pid=43181) log_request_info /opt/stack/keystone/keystone/server/flask/request_processing/req_logging.py:27}}
Apr 14 13:02:47 user devstack@keystone.service[43181]: DEBUG keystone.server.flask.request_processing.req_logging [None req-4fa7d1a1-e209-40fa-bf45-f2190be143bc None None] SCRIPT_NAME: `/identity` {{(pid=43181) log_request_info /opt/stack/keystone/keystone/server/flask/request_processing/req_logging.py:28}}
Apr 14 13:02:47 user devstack@keystone.service[43181]: DEBUG keystone.server.flask.request_processing.req_logging [None req-4fa7d1a1-e209-40fa-bf45-f2190be143bc None None] PATH_INFO: `/v3/auth/tokens` {{(pid=43181) log_request_info /opt/stack/keystone/keystone/server/flask/request_processing/req_logging.py:29}}
Apr 14 13:02:47 user devstack@keystone.service[43181]: WARNING keystone.common.password_hashing [None req-4fa7d1a1-e209-40fa-bf45-f2190be143bc None None] Truncating password to algorithm specific maximum length 54 characters.
Apr 14 13:02:47 user devstack@keystone.service[43181]: DEBUG keystone.auth.core [None req-4fa7d1a1-e209-40fa-bf45-f2190be143bc None None] MFA Rules not processed for user `ffafe253f7ef4f41af9ae2a1962e6cbf`. Rule list: `[]` (Enabled: `True`). {{(pid=43181) check_auth_methods_against_rules /opt/stack/keystone/keystone/auth/core.py:438}}
Apr 14 13:02:47 user devstack@keystone.service[43181]: DEBUG keystone.common.fernet_utils [None req-4fa7d1a1-e209-40fa-bf45-f2190be143bc None None] Loaded 2 Fernet keys from /etc/keystone/fernet-keys/, but `[fernet_tokens] max_active_keys = 3`; perhaps there have not been enough key rotations to reach `max_active_keys` yet? {{(pid=43181) load_keys /opt/stack/keystone/keystone/common/fernet_utils.py:286}}
Apr 14 13:02:47 user devstack@keystone.service[43180]: DEBUG keystone.server.flask.request_processing.req_logging [None req-605bd19c-080a-470f-8a5c-f962831dd8e9 None None] REQUEST_METHOD: `GET` {{(pid=43180) log_request_info /opt/stack/keystone/keystone/server/flask/request_processing/req_logging.py:27}}
Apr 14 13:02:47 user devstack@keystone.service[43180]: DEBUG keystone.server.flask.request_processing.req_logging [None req-605bd19c-080a-470f-8a5c-f962831dd8e9 None None] SCRIPT_NAME: `/identity` {{(pid=43180) log_request_info /opt/stack/keystone/keystone/server/flask/request_processing/req_logging.py:28}}
Apr 14 13:02:47 user devstack@keystone.service[43180]: DEBUG keystone.server.flask.request_processing.req_logging [None req-605bd19c-080a-470f-8a5c-f962831dd8e9 None None] PATH_INFO: `/` {{(pid=43180) log_request_info /opt/stack/keystone/keystone/server/flask/request_processing/req_logging.py:29}}
Apr 14 13:02:47 user devstack@keystone.service[43180]: [pid: 43180|app: 0|req: 77/227] 10.0.0.210 () {54 vars in 920 bytes} [Fri Apr 14 13:02:47 2023] GET /identity => generated 269 bytes in 3 msecs (HTTP/1.1 300) 6 headers in 233 bytes (1 switches on core 0)
Apr 14 13:02:47 user devstack@keystone.service[43182]: DEBUG keystone.server.flask.request_processing.req_logging [None req-c7b9d2f9-0254-467a-ab6d-e8098502fa97 None None] REQUEST_METHOD: `POST` {{(pid=43182) log_request_info /opt/stack/keystone/keystone/server/flask/request_processing/req_logging.py:27}}
Apr 14 13:02:47 user devstack@keystone.service[43182]: DEBUG keystone.server.flask.request_processing.req_logging [None req-c7b9d2f9-0254-467a-ab6d-e8098502fa97 None None] SCRIPT_NAME: `/identity` {{(pid=43182) log_request_info /opt/stack/keystone/keystone/server/flask/request_processing/req_logging.py:28}}
Apr 14 13:02:47 user devstack@keystone.service[43182]: DEBUG keystone.server.flask.request_processing.req_logging [None req-c7b9d2f9-0254-467a-ab6d-e8098502fa97 None None] PATH_INFO: `/v3/auth/tokens` {{(pid=43182) log_request_info /opt/stack/keystone/keystone/server/flask/request_processing/req_logging.py:29}}
Apr 14 13:02:47 user devstack@keystone.service[43182]: WARNING keystone.common.password_hashing [None req-c7b9d2f9-0254-467a-ab6d-e8098502fa97 None None] Truncating password to algorithm specific maximum length 54 characters.
Apr 14 13:02:47 user devstack@keystone.service[43182]: DEBUG keystone.auth.core [None req-c7b9d2f9-0254-467a-ab6d-e8098502fa97 None None] MFA Rules not processed for user `ffafe253f7ef4f41af9ae2a1962e6cbf`. Rule list: `[]` (Enabled: `True`). {{(pid=43182) check_auth_methods_against_rules /opt/stack/keystone/keystone/auth/core.py:438}}
Apr 14 13:02:47 user devstack@keystone.service[43182]: DEBUG keystone.common.fernet_utils [None req-c7b9d2f9-0254-467a-ab6d-e8098502fa97 None None] Loaded 2 Fernet keys from /etc/keystone/fernet-keys/, but `[fernet_tokens] max_active_keys = 3`; perhaps there have not been enough key rotations to reach `max_active_keys` yet? {{(pid=43182) load_keys /opt/stack/keystone/keystone/common/fernet_utils.py:286}}
Apr 14 13:02:47 user devstack@keystone.service[43181]: [pid: 43181|app: 0|req: 75/228] 10.0.0.210 () {58 vars in 1017 bytes} [Fri Apr 14 13:02:47 2023] POST /identity/v3/auth/tokens => generated 798 bytes in 75 msecs (HTTP/1.1 201) 6 headers in 363 bytes (1 switches on core 0)
Apr 14 13:02:47 user devstack@keystone.service[43182]: [pid: 43182|app: 0|req: 77/229] 10.0.0.210 () {58 vars in 1017 bytes} [Fri Apr 14 13:02:47 2023] POST /identity/v3/auth/tokens => generated 798 bytes in 86 msecs (HTTP/1.1 201) 6 headers in 363 bytes (1 switches on core 0)
Apr 14 13:02:48 user devstack@keystone.service[43180]: DEBUG keystone.server.flask.request_processing.middleware.auth_context [None req-605bd19c-080a-470f-8a5c-f962831dd8e9 None None] Authenticating user token {{(pid=43180) process_request /usr/local/lib/python3.10/dist-packages/keystonemiddleware/auth_token/__init__.py:406}}
Apr 14 13:02:48 user devstack@keystone.service[43180]: DEBUG keystone.server.flask.request_processing.middleware.auth_context [None req-605bd19c-080a-470f-8a5c-f962831dd8e9 None None] Validating token access rules against request {{(pid=43180) validate_allowed_request /usr/local/lib/python3.10/dist-packages/keystonemiddleware/auth_token/__init__.py:544}}
Apr 14 13:02:48 user devstack@keystone.service[43180]: DEBUG keystone.server.flask.request_processing.middleware.auth_context [None req-e64d054f-b726-46bd-8c82-564ccec0296a None admin] RBAC: auth_context: {'token': , 'domain_id': None, 'trust_id': None, 'trustor_id': None, 'trustee_id': None, 'domain_name': None, 'group_ids': [], 'user_id': 'ffafe253f7ef4f41af9ae2a1962e6cbf', 'user_domain_id': 'default', 'system_scope': 'all', 'project_id': None, 'project_domain_id': None, 'roles': ['admin', 'member', 'reader'], 'is_admin_project': True, 'service_user_id': None, 'service_user_domain_id': None, 'service_project_id': None, 'service_project_domain_id': None, 'service_roles': []} {{(pid=43180) fill_context /opt/stack/keystone/keystone/server/flask/request_processing/middleware/auth_context.py:478}}
Apr 14 13:02:48 user devstack@keystone.service[43180]: DEBUG keystone.server.flask.request_processing.req_logging [None req-e64d054f-b726-46bd-8c82-564ccec0296a None admin] REQUEST_METHOD: `GET` {{(pid=43180) log_request_info /opt/stack/keystone/keystone/server/flask/request_processing/req_logging.py:27}}
Apr 14 13:02:48 user devstack@keystone.service[43180]: DEBUG keystone.server.flask.request_processing.req_logging [None req-e64d054f-b726-46bd-8c82-564ccec0296a None admin] SCRIPT_NAME: `/identity` {{(pid=43180) log_request_info /opt/stack/keystone/keystone/server/flask/request_processing/req_logging.py:28}}
Apr 14 13:02:48 user devstack@keystone.service[43180]: DEBUG keystone.server.flask.request_processing.req_logging [None req-e64d054f-b726-46bd-8c82-564ccec0296a None admin] PATH_INFO: `/v3/roles/reader` {{(pid=43180) log_request_info /opt/stack/keystone/keystone/server/flask/request_processing/req_logging.py:29}}
Apr 14 13:02:48 user devstack@keystone.service[43181]: DEBUG keystone.server.flask.request_processing.middleware.auth_context [None req-4fa7d1a1-e209-40fa-bf45-f2190be143bc None None] Authenticating user token {{(pid=43181) process_request /usr/local/lib/python3.10/dist-packages/keystonemiddleware/auth_token/__init__.py:406}}
Apr 14 13:02:48 user devstack@keystone.service[43180]: DEBUG keystone.common.rbac_enforcer.enforcer [None req-e64d054f-b726-46bd-8c82-564ccec0296a None admin] Extracting inferred target data resulted in "NOT FOUND (404)". {{(pid=43180) enforce_call /opt/stack/keystone/keystone/common/rbac_enforcer/enforcer.py:409}}
Apr 14 13:02:48 user devstack@keystone.service[43180]: ERROR keystone.server.flask.application [None req-e64d054f-b726-46bd-8c82-564ccec0296a None admin] Could not find role: reader.: keystone.exception.RoleNotFound: Could not find role: reader.
Apr 14 13:02:48 user devstack@keystone.service[43180]: ERROR keystone.server.flask.application
Traceback (most recent call last):
Apr 14 13:02:48 user devstack@keystone.service[43180]: ERROR keystone.server.flask.application
File "/usr/local/lib/python3.10/dist-packages/flask/app.py", line 1823, in full_dispatch_request
Apr 14 13:02:48 user devstack@keystone.service[43180]: ERROR keystone.server.flask.application rv = self.dispatch_request()
Apr 14 13:02:48 user devstack@keystone.service[43180]: ERROR keystone.server.flask.application
File "/usr/local/lib/python3.10/dist-packages/flask/app.py", line 1799, in dispatch_request
Apr 14 13:02:48 user devstack@keystone.service[43180]: ERROR keystone.server.flask.application return self.ensure_sync(self.view_functions[rule.endpoint])(**view_args)
Apr 14 13:02:48 user devstack@keystone.service[43180]: ERROR keystone.server.flask.application
File "/usr/local/lib/python3.10/dist-packages/flask_restful/__init__.py", line 467, in wrapper
Apr 14 13:02:48 user devstack@keystone.service[43180]: ERROR keystone.server.flask.application resp = resource(*args, **kwargs)
Apr 14 13:02:48 user devstack@keystone.service[43180]: ERROR keystone.server.flask.application
File "/usr/local/lib/python3.10/dist-packages/flask/views.py", line 107, in view
Apr 14 13:02:48 user devstack@keystone.service[43180]: ERROR keystone.server.flask.application return current_app.ensure_sync(self.dispatch_request)(**kwargs)
Apr 14 13:02:48 user devstack@keystone.service[43180]: ERROR keystone.server.flask.application
File "/usr/local/lib/python3.10/dist-packages/flask_restful/__init__.py", line 582, in dispatch_request
Apr 14 13:02:48 user devstack@keystone.service[43180]: ERROR keystone.server.flask.application resp = meth(*args, **kwargs)
Apr 14 13:02:48 user devstack@keystone.service[43180]: ERROR keystone.server.flask.application
File "/opt/stack/keystone/keystone/api/roles.py", line 50, in get
Apr 14 13:02:48 user devstack@keystone.service[43180]: ERROR keystone.server.flask.application return self._get_role(role_id)
Apr 14 13:02:48 user devstack@keystone.service[43180]: ERROR keystone.server.flask.application
File "/opt/stack/keystone/keystone/api/roles.py", line 70, in _get_role
Apr 14 13:02:48 user devstack@keystone.service[43180]: ERROR keystone.server.flask.application ENFORCER.enforce_call(action='identity:get_role')
Apr 14 13:02:48 user devstack@keystone.service[43180]: ERROR keystone.server.flask.application
File "/opt/stack/keystone/keystone/common/rbac_enforcer/enforcer.py", line 402, in enforce_call
Apr 14 13:02:48 user devstack@keystone.service[43180]: ERROR keystone.server.flask.application policy_dict.update(cls._extract_member_target_data(
Apr 14 13:02:48 user devstack@keystone.service[43180]: ERROR keystone.server.flask.application
File "/opt/stack/keystone/keystone/common/rbac_enforcer/enforcer.py", line 234, in _extract_member_target_data
Apr 14 13:02:48 user devstack@keystone.service[43180]: ERROR keystone.server.flask.application member_name: func(flask.request.view_args[key])
Apr 14 13:02:48 user devstack@keystone.service[43180]: ERROR keystone.server.flask.application
File "/opt/stack/keystone/keystone/common/manager.py", line 115, in wrapped
Apr 14 13:02:48 user devstack@keystone.service[43180]: ERROR keystone.server.flask.application __ret_val = __f(*args, **kwargs)
Apr 14 13:02:48 user devstack@keystone.service[43180]: ERROR keystone.server.flask.application
File "/usr/local/lib/python3.10/dist-packages/decorator.py", line 232, in fun
Apr 14 13:02:48 user devstack@keystone.service[43180]: ERROR keystone.server.flask.application return caller(func, *(extras + args), **kw)
Apr 14 13:02:48 user devstack@keystone.service[43180]: ERROR keystone.server.flask.application
File "/usr/local/lib/python3.10/dist-packages/dogpile/cache/region.py", line 1577, in get_or_create_for_user_func
Apr 14 13:02:48 user devstack@keystone.service[43180]: ERROR keystone.server.flask.application return self.get_or_create(
Apr 14 13:02:48 user devstack@keystone.service[43180]: ERROR keystone.server.flask.application
File "/usr/local/lib/python3.10/dist-packages/dogpile/cache/region.py", line 1042, in get_or_create
Apr 14 13:02:48 user devstack@keystone.service[43180]: ERROR keystone.server.flask.application with Lock(
Apr 14 13:02:48 user devstack@keystone.service[43180]: ERROR keystone.server.flask.application
File "/usr/local/lib/python3.10/dist-packages/dogpile/lock.py", line 185, in __enter__
Apr 14 13:02:48 user devstack@keystone.service[43180]: ERROR keystone.server.flask.application return self._enter()
Apr 14 13:02:48 user devstack@keystone.service[43180]: ERROR keystone.server.flask.application
File "/usr/local/lib/python3.10/dist-packages/dogpile/lock.py", line 94, in _enter
Apr 14 13:02:48 user devstack@keystone.service[43180]: ERROR keystone.server.flask.application generated = self._enter_create(value, createdtime)
Apr 14 13:02:48 user devstack@keystone.service[43180]: ERROR keystone.server.flask.application
File "/usr/local/lib/python3.10/dist-packages/dogpile/lock.py", line 178, in _enter_create
Apr 14 13:02:48 user devstack@keystone.service[43180]: ERROR keystone.server.flask.application return self.creator()
Apr 14 13:02:48 user devstack@keystone.service[43180]: ERROR keystone.server.flask.application
File "/usr/local/lib/python3.10/dist-packages/dogpile/cache/region.py", line 995, in gen_value
Apr 14 13:02:48 user devstack@keystone.service[43180]: ERROR keystone.server.flask.application created_value = creator(
Apr 14 13:02:48 user devstack@keystone.service[43180]: ERROR keystone.server.flask.application
File "/opt/stack/keystone/keystone/assignment/core.py", line 1276, in get_role
Apr 14 13:02:48 user devstack@keystone.service[43180]: ERROR keystone.server.flask.application return self.driver.get_role(role_id)
Apr 14 13:02:48 user devstack@keystone.service[43180]: ERROR keystone.server.flask.application
File "/opt/stack/keystone/keystone/assignment/role_backends/sql.py", line 70, in get_role
Apr 14 13:02:48 user devstack@keystone.service[43180]: ERROR keystone.server.flask.application return self._get_role(session, role_id).to_dict()
Apr 14 13:02:48 user devstack@keystone.service[43180]: ERROR keystone.server.flask.application
File "/opt/stack/keystone/keystone/assignment/role_backends/sql.py", line 65, in _get_role
Apr 14 13:02:48 user devstack@keystone.service[43180]: ERROR keystone.server.flask.application raise exception.RoleNotFound(role_id=role_id)
Apr 14 13:02:48 user devstack@keystone.service[43180]: ERROR keystone.server.flask.application keystone.exception.RoleNotFound: Could not find role: reader.
Apr 14 13:02:48 user devstack@keystone.service[43180]: ERROR keystone.server.flask.application
Apr 14 13:02:48 user devstack@keystone.service[43180]: [pid: 43180|app: 0|req: 78/230] 10.0.0.210 () {56 vars in 1094 bytes} [Fri Apr 14 13:02:48 2023] GET /identity/v3/roles/reader => generated 84 bytes in 133 msecs (HTTP/1.1 404) 5 headers in 183 bytes (1 switches on core 0)
