Aug 01 11:48:42 user devstack@keystone.service[43821]: [pid: 43821|app: 0|req: 24/70] 10.0.0.210 () {56 vars in 1172 bytes} [Tue Aug 1 11:48:42 2023] GET /identity/v3/users/8c1f408d98d04135acb010d58514d008 => generated 246 bytes in 117 msecs (HTTP/1.1 200) 5 headers in 177 bytes (2 switches on core 0)
Aug 01 11:48:42 user devstack@keystone.service[43821]: DEBUG keystone.server.flask.request_processing.middleware.auth_context [None req-69e893aa-2ff0-484f-a43b-6575c8269aee None admin] Authenticating user token {{(pid=43821) process_request /usr/local/lib/python3.10/dist-packages/keystonemiddleware/auth_token/__init__.py:406}}
Aug 01 11:48:42 user devstack@keystone.service[43823]: DEBUG keystone.server.flask.request_processing.middleware.auth_context [None req-5c0d99b9-c78f-48f4-ac93-1acd0e7b1367 None admin] Validating token access rules against request {{(pid=43823) validate_allowed_request /usr/local/lib/python3.10/dist-packages/keystonemiddleware/auth_token/__init__.py:544}}
Aug 01 11:48:42 user devstack@keystone.service[43823]: DEBUG keystone.server.flask.request_processing.middleware.auth_context [None req-3fb97964-c8f9-41ab-9323-37d09644ccf6 None admin] RBAC: auth_context: {'token': , 'domain_id': None, 'trust_id': None, 'trustor_id': None, 'trustee_id': None, 'domain_name': None, 'group_ids': [], 'user_id': '8c1f408d98d04135acb010d58514d008', 'user_domain_id': 'default', 'system_scope': 'all', 'project_id': None, 'project_domain_id': None, 'roles': ['admin', 'member', 'reader'], 'is_admin_project': True, 'service_user_id': None, 'service_user_domain_id': None, 'service_project_id': None, 'service_project_domain_id': None, 'service_roles': []} {{(pid=43823) fill_context /opt/stack/keystone/keystone/server/flask/request_processing/middleware/auth_context.py:480}}
Aug 01 11:48:42 user devstack@keystone.service[43823]: DEBUG keystone.server.flask.request_processing.req_logging [None req-3fb97964-c8f9-41ab-9323-37d09644ccf6 None admin] REQUEST_METHOD: `GET` {{(pid=43823) log_request_info /opt/stack/keystone/keystone/server/flask/request_processing/req_logging.py:27}}
Aug 01 11:48:42 user devstack@keystone.service[43823]: DEBUG keystone.server.flask.request_processing.req_logging [None req-3fb97964-c8f9-41ab-9323-37d09644ccf6 None admin] SCRIPT_NAME: `/identity` {{(pid=43823) log_request_info /opt/stack/keystone/keystone/server/flask/request_processing/req_logging.py:28}}
Aug 01 11:48:42 user devstack@keystone.service[43823]: DEBUG keystone.server.flask.request_processing.req_logging [None req-3fb97964-c8f9-41ab-9323-37d09644ccf6 None admin] PATH_INFO: `/v3/users/b218985dfcb14b8b807ce6533808f4d1` {{(pid=43823) log_request_info /opt/stack/keystone/keystone/server/flask/request_processing/req_logging.py:29}}
Aug 01 11:48:42 user devstack@keystone.service[43823]: DEBUG keystone.common.rbac_enforcer.enforcer [None req-3fb97964-c8f9-41ab-9323-37d09644ccf6 None admin] RBAC: Authorizing `identity:get_user(user_id=b218985dfcb14b8b807ce6533808f4d1)` {{(pid=43823) enforce_call /opt/stack/keystone/keystone/common/rbac_enforcer/enforcer.py:449}}
Aug 01 11:48:42 user devstack@keystone.service[43823]: DEBUG keystone.common.rbac_enforcer.enforcer [None req-3fb97964-c8f9-41ab-9323-37d09644ccf6 None admin] RBAC: Authorization granted {{(pid=43823) enforce_call /opt/stack/keystone/keystone/common/rbac_enforcer/enforcer.py:457}}
Aug 01 11:48:42 user devstack@keystone.service[43823]: [pid: 43823|app: 0|req: 26/71] 10.0.0.210 () {56 vars in 1172 bytes} [Tue Aug 1 11:48:42 2023] GET /identity/v3/users/b218985dfcb14b8b807ce6533808f4d1 => generated 274 bytes in 131 msecs (HTTP/1.1 200) 5 headers in 177 bytes (2 switches on core 0)
Aug 01 11:48:42 user devstack@keystone.service[43823]: DEBUG keystone.server.flask.request_processing.middleware.auth_context [None req-3fb97964-c8f9-41ab-9323-37d09644ccf6 None admin] Authenticating user token {{(pid=43823) process_request /usr/local/lib/python3.10/dist-packages/keystonemiddleware/auth_token/__init__.py:406}}
Aug 01 11:48:42 user devstack@keystone.service[43822]: DEBUG keystone.server.flask.request_processing.middleware.auth_context [None req-904b83a3-1345-4804-83c6-dccef33fb555 None admin] Validating token access rules against request {{(pid=43822) validate_allowed_request /usr/local/lib/python3.10/dist-packages/keystonemiddleware/auth_token/__init__.py:544}}
Aug 01 11:48:42 user devstack@keystone.service[43822]: DEBUG dbcounter [-] [43822] Writing DB stats keystone:SELECT=100 {{(pid=43822) stat_writer /usr/local/lib/python3.10/dist-packages/dbcounter.py:117}}
Aug 01 11:48:42 user devstack@keystone.service[43821]: DEBUG keystone.server.flask.request_processing.middleware.auth_context [None req-69e893aa-2ff0-484f-a43b-6575c8269aee None admin] Validating token access rules against request {{(pid=43821) validate_allowed_request /usr/local/lib/python3.10/dist-packages/keystonemiddleware/auth_token/__init__.py:544}}
Aug 01 11:48:42 user devstack@keystone.service[43821]: DEBUG dbcounter [-] [43821] Writing DB stats keystone:SELECT=100 {{(pid=43821) stat_writer /usr/local/lib/python3.10/dist-packages/dbcounter.py:117}}
Aug 01 11:48:42 user devstack@keystone.service[43822]: DEBUG keystone.server.flask.request_processing.middleware.auth_context [None req-1eabc80c-d1d4-4bd0-81c6-a0bdf20751b4 None admin] RBAC: auth_context: {'token': , 'domain_id': None, 'trust_id': None, 'trustor_id': None, 'trustee_id': None, 'domain_name': None, 'group_ids': [], 'user_id': '8c1f408d98d04135acb010d58514d008', 'user_domain_id': 'default', 'system_scope': 'all', 'project_id': None, 'project_domain_id': None, 'roles': ['admin', 'member', 'reader'], 'is_admin_project': True, 'service_user_id': None, 'service_user_domain_id': None, 'service_project_id': None, 'service_project_domain_id': None, 'service_roles': []} {{(pid=43822) fill_context /opt/stack/keystone/keystone/server/flask/request_processing/middleware/auth_context.py:480}}
Aug 01 11:48:42 user devstack@keystone.service[43822]: DEBUG keystone.server.flask.request_processing.req_logging [None req-1eabc80c-d1d4-4bd0-81c6-a0bdf20751b4 None admin] REQUEST_METHOD: `GET` {{(pid=43822) log_request_info /opt/stack/keystone/keystone/server/flask/request_processing/req_logging.py:27}}
Aug 01 11:48:42 user devstack@keystone.service[43822]: DEBUG keystone.server.flask.request_processing.req_logging [None req-1eabc80c-d1d4-4bd0-81c6-a0bdf20751b4 None admin] SCRIPT_NAME: `/identity` {{(pid=43822) log_request_info /opt/stack/keystone/keystone/server/flask/request_processing/req_logging.py:28}}
Aug 01 11:48:42 user devstack@keystone.service[43822]: DEBUG keystone.server.flask.request_processing.req_logging [None req-1eabc80c-d1d4-4bd0-81c6-a0bdf20751b4 None admin] PATH_INFO: `/v3/roles` {{(pid=43822) log_request_info /opt/stack/keystone/keystone/server/flask/request_processing/req_logging.py:29}}
Aug 01 11:48:42 user devstack@keystone.service[43822]: DEBUG keystone.common.rbac_enforcer.enforcer [None req-1eabc80c-d1d4-4bd0-81c6-a0bdf20751b4 None admin] RBAC: Adding query filter params (name=anotherrole) {{(pid=43822) _extract_filter_values /opt/stack/keystone/keystone/common/rbac_enforcer/enforcer.py:167}}
Aug 01 11:48:42 user devstack@keystone.service[43822]: DEBUG keystone.common.rbac_enforcer.enforcer [None req-1eabc80c-d1d4-4bd0-81c6-a0bdf20751b4 None admin] RBAC: Authorizing `identity:list_roles()` {{(pid=43822) enforce_call /opt/stack/keystone/keystone/common/rbac_enforcer/enforcer.py:449}}
Aug 01 11:48:42 user devstack@keystone.service[43822]: DEBUG keystone.common.rbac_enforcer.enforcer [None req-1eabc80c-d1d4-4bd0-81c6-a0bdf20751b4 None admin] RBAC: Authorization granted {{(pid=43822) enforce_call /opt/stack/keystone/keystone/common/rbac_enforcer/enforcer.py:457}}
Aug 01 11:48:43 user devstack@keystone.service[43822]: [pid: 43822|app: 0|req: 22/72] 10.0.0.210 () {56 vars in 1106 bytes} [Tue Aug 1 11:48:42 2023] GET /identity/v3/roles?name=anotherrole => generated 332 bytes in 138 msecs (HTTP/1.1 200) 5 headers in 177 bytes (2 switches on core 0)
Aug 01 11:48:43 user devstack@keystone.service[43822]: DEBUG keystone.server.flask.request_processing.middleware.auth_context [None req-1eabc80c-d1d4-4bd0-81c6-a0bdf20751b4 None admin] Authenticating user token {{(pid=43822) process_request /usr/local/lib/python3.10/dist-packages/keystonemiddleware/auth_token/__init__.py:406}}
Aug 01 11:48:43 user devstack@keystone.service[43821]: DEBUG keystone.server.flask.request_processing.middleware.auth_context [None req-f1c4058e-52e8-4bed-a557-6c11e07bc3d1 None admin] RBAC: auth_context: {'token': , 'domain_id': None, 'trust_id': None, 'trustor_id': None, 'trustee_id': None, 'domain_name': None, 'group_ids': [], 'user_id': '8c1f408d98d04135acb010d58514d008', 'user_domain_id': 'default', 'system_scope': 'all', 'project_id': None, 'project_domain_id': None, 'roles': ['admin', 'member', 'reader'], 'is_admin_project': True, 'service_user_id': None, 'service_user_domain_id': None, 'service_project_id': None, 'service_project_domain_id': None, 'service_roles': []} {{(pid=43821) fill_context /opt/stack/keystone/keystone/server/flask/request_processing/middleware/auth_context.py:480}}
Aug 01 11:48:43 user devstack@keystone.service[43821]: DEBUG keystone.server.flask.request_processing.req_logging [None req-f1c4058e-52e8-4bed-a557-6c11e07bc3d1 None admin] REQUEST_METHOD: `GET` {{(pid=43821) log_request_info /opt/stack/keystone/keystone/server/flask/request_processing/req_logging.py:27}}
Aug 01 11:48:43 user devstack@keystone.service[43821]: DEBUG keystone.server.flask.request_processing.req_logging [None req-f1c4058e-52e8-4bed-a557-6c11e07bc3d1 None admin] SCRIPT_NAME: `/identity` {{(pid=43821) log_request_info /opt/stack/keystone/keystone/server/flask/request_processing/req_logging.py:28}}
Aug 01 11:48:43 user devstack@keystone.service[43821]: DEBUG keystone.server.flask.request_processing.req_logging [None req-f1c4058e-52e8-4bed-a557-6c11e07bc3d1 None admin] PATH_INFO: `/v3/roles/member` {{(pid=43821) log_request_info /opt/stack/keystone/keystone/server/flask/request_processing/req_logging.py:29}}
Aug 01 11:48:43 user devstack@keystone.service[43821]: DEBUG keystone.common.rbac_enforcer.enforcer [None req-f1c4058e-52e8-4bed-a557-6c11e07bc3d1 None admin] Extracting inferred target data resulted in "NOT FOUND (404)". {{(pid=43821) enforce_call /opt/stack/keystone/keystone/common/rbac_enforcer/enforcer.py:409}}
Aug 01 11:48:43 user devstack@keystone.service[43823]: DEBUG keystone.server.flask.request_processing.middleware.auth_context [None req-3fb97964-c8f9-41ab-9323-37d09644ccf6 None admin] Validating token access rules against request {{(pid=43823) validate_allowed_request /usr/local/lib/python3.10/dist-packages/keystonemiddleware/auth_token/__init__.py:544}}
Aug 01 11:48:43 user devstack@keystone.service[43821]: ERROR keystone.server.flask.application [None req-f1c4058e-52e8-4bed-a557-6c11e07bc3d1 None admin] Could not find role: member.: keystone.exception.RoleNotFound: Could not find role: member.
Aug 01 11:48:43 user devstack@keystone.service[43821]: ERROR keystone.server.flask.application
Traceback (most recent call last):
Aug 01 11:48:43 user devstack@keystone.service[43821]: ERROR keystone.server.flask.application
File "/usr/local/lib/python3.10/dist-packages/flask/app.py", line 1823, in full_dispatch_request
Aug 01 11:48:43 user devstack@keystone.service[43821]: ERROR keystone.server.flask.application rv = self.dispatch_request()
Aug 01 11:48:43 user devstack@keystone.service[43821]: ERROR keystone.server.flask.application
File "/usr/local/lib/python3.10/dist-packages/flask/app.py", line 1799, in dispatch_request
Aug 01 11:48:43 user devstack@keystone.service[43821]: ERROR keystone.server.flask.application return self.ensure_sync(self.view_functions[rule.endpoint])(**view_args)
Aug 01 11:48:43 user devstack@keystone.service[43821]: ERROR keystone.server.flask.application
File "/usr/local/lib/python3.10/dist-packages/flask_restful/__init__.py", line 467, in wrapper
Aug 01 11:48:43 user devstack@keystone.service[43821]: ERROR keystone.server.flask.application resp = resource(*args, **kwargs)
Aug 01 11:48:43 user devstack@keystone.service[43821]: ERROR keystone.server.flask.application
File "/usr/local/lib/python3.10/dist-packages/flask/views.py", line 107, in view
Aug 01 11:48:43 user devstack@keystone.service[43821]: ERROR keystone.server.flask.application return current_app.ensure_sync(self.dispatch_request)(**kwargs)
Aug 01 11:48:43 user devstack@keystone.service[43821]: ERROR keystone.server.flask.application
File "/usr/local/lib/python3.10/dist-packages/flask_restful/__init__.py", line 582, in dispatch_request
Aug 01 11:48:43 user devstack@keystone.service[43821]: ERROR keystone.server.flask.application resp = meth(*args, **kwargs)
Aug 01 11:48:43 user devstack@keystone.service[43821]: ERROR keystone.server.flask.application
File "/opt/stack/keystone/keystone/api/roles.py", line 50, in get
Aug 01 11:48:43 user devstack@keystone.service[43821]: ERROR keystone.server.flask.application return self._get_role(role_id)
Aug 01 11:48:43 user devstack@keystone.service[43821]: ERROR keystone.server.flask.application
File "/opt/stack/keystone/keystone/api/roles.py", line 70, in _get_role
Aug 01 11:48:43 user devstack@keystone.service[43821]: ERROR keystone.server.flask.application ENFORCER.enforce_call(action='identity:get_role')
Aug 01 11:48:43 user devstack@keystone.service[43821]: ERROR keystone.server.flask.application
File "/opt/stack/keystone/keystone/common/rbac_enforcer/enforcer.py", line 402, in enforce_call
Aug 01 11:48:43 user devstack@keystone.service[43821]: ERROR keystone.server.flask.application policy_dict.update(cls._extract_member_target_data(
Aug 01 11:48:43 user devstack@keystone.service[43821]: ERROR keystone.server.flask.application
File "/opt/stack/keystone/keystone/common/rbac_enforcer/enforcer.py", line 234, in _extract_member_target_data
Aug 01 11:48:43 user devstack@keystone.service[43821]: ERROR keystone.server.flask.application member_name: func(flask.request.view_args[key])
Aug 01 11:48:43 user devstack@keystone.service[43821]: ERROR keystone.server.flask.application
File "/opt/stack/keystone/keystone/common/manager.py", line 115, in wrapped
Aug 01 11:48:43 user devstack@keystone.service[43821]: ERROR keystone.server.flask.application __ret_val = __f(*args, **kwargs)
Aug 01 11:48:43 user devstack@keystone.service[43821]: ERROR keystone.server.flask.application
File "/usr/local/lib/python3.10/dist-packages/decorator.py", line 232, in fun
Aug 01 11:48:43 user devstack@keystone.service[43821]: ERROR keystone.server.flask.application return caller(func, *(extras + args), **kw)
Aug 01 11:48:43 user devstack@keystone.service[43821]: ERROR keystone.server.flask.application
File "/usr/local/lib/python3.10/dist-packages/dogpile/cache/region.py", line 1577, in get_or_create_for_user_func
Aug 01 11:48:43 user devstack@keystone.service[43821]: ERROR keystone.server.flask.application return self.get_or_create(
Aug 01 11:48:43 user devstack@keystone.service[43821]: ERROR keystone.server.flask.application
File "/usr/local/lib/python3.10/dist-packages/dogpile/cache/region.py", line 1042, in get_or_create
Aug 01 11:48:43 user devstack@keystone.service[43821]: ERROR keystone.server.flask.application with Lock(
Aug 01 11:48:43 user devstack@keystone.service[43821]: ERROR keystone.server.flask.application
File "/usr/local/lib/python3.10/dist-packages/dogpile/lock.py", line 185, in __enter__
Aug 01 11:48:43 user devstack@keystone.service[43821]: ERROR keystone.server.flask.application return self._enter()
Aug 01 11:48:43 user devstack@keystone.service[43821]: ERROR keystone.server.flask.application
File "/usr/local/lib/python3.10/dist-packages/dogpile/lock.py", line 94, in _enter
Aug 01 11:48:43 user devstack@keystone.service[43821]: ERROR keystone.server.flask.application generated = self._enter_create(value, createdtime)
Aug 01 11:48:43 user devstack@keystone.service[43821]: ERROR keystone.server.flask.application
File "/usr/local/lib/python3.10/dist-packages/dogpile/lock.py", line 178, in _enter_create
Aug 01 11:48:43 user devstack@keystone.service[43821]: ERROR keystone.server.flask.application return self.creator()
Aug 01 11:48:43 user devstack@keystone.service[43821]: ERROR keystone.server.flask.application
File "/usr/local/lib/python3.10/dist-packages/dogpile/cache/region.py", line 995, in gen_value
Aug 01 11:48:43 user devstack@keystone.service[43821]: ERROR keystone.server.flask.application created_value = creator(
Aug 01 11:48:43 user devstack@keystone.service[43821]: ERROR keystone.server.flask.application
File "/opt/stack/keystone/keystone/assignment/core.py", line 1276, in get_role
Aug 01 11:48:43 user devstack@keystone.service[43821]: ERROR keystone.server.flask.application return self.driver.get_role(role_id)
Aug 01 11:48:43 user devstack@keystone.service[43821]: ERROR keystone.server.flask.application
File "/opt/stack/keystone/keystone/assignment/role_backends/sql.py", line 70, in get_role
Aug 01 11:48:43 user devstack@keystone.service[43821]: ERROR keystone.server.flask.application return self._get_role(session, role_id).to_dict()
Aug 01 11:48:43 user devstack@keystone.service[43821]: ERROR keystone.server.flask.application
File "/opt/stack/keystone/keystone/assignment/role_backends/sql.py", line 65, in _get_role
Aug 01 11:48:43 user devstack@keystone.service[43821]: ERROR keystone.server.flask.application raise exception.RoleNotFound(role_id=role_id)
Aug 01 11:48:43 user devstack@keystone.service[43821]: ERROR keystone.server.flask.application keystone.exception.RoleNotFound: Could not find role: member.
Aug 01 11:48:43 user devstack@keystone.service[43821]: ERROR keystone.server.flask.application
Aug 01 11:48:43 user devstack@keystone.service[43821]: [pid: 43821|app: 0|req: 25/73] 10.0.0.210 () {56 vars in 1094 bytes} [Tue Aug 1 11:48:42 2023] GET /identity/v3/roles/member => generated 84 bytes in 139 msecs (HTTP/1.1 404) 5 headers in 183 bytes (1 switches on core 0)
Aug 01 11:48:43 user devstack@keystone.service[43821]: DEBUG keystone.server.flask.request_processing.middleware.auth_context [None req-f1c4058e-52e8-4bed-a557-6c11e07bc3d1 None admin] Authenticating user token {{(pid=43821) process_request /usr/local/lib/python3.10/dist-packages/keystonemiddleware/auth_token/__init__.py:406}}
Aug 01 11:48:43 user devstack@keystone.service[43823]: DEBUG keystone.server.flask.request_processing.middleware.auth_context [None req-74f3c6ed-a5a3-4fb1-9d98-b1edae747002 None admin] RBAC: auth_context: {'token': , 'domain_id': None, 'trust_id': None, 'trustor_id': None, 'trustee_id': None, 'domain_name': None, 'group_ids': [], 'user_id': '8c1f408d98d04135acb010d58514d008', 'user_domain_id': 'default', 'system_scope': 'all', 'project_id': None, 'project_domain_id': None, 'roles': ['admin', 'member', 'reader'], 'is_admin_project': True, 'service_user_id': None, 'service_user_domain_id': None, 'service_project_id': None, 'service_project_domain_id': None, 'service_roles': []} {{(pid=43823) fill_context /opt/stack/keystone/keystone/server/flask/request_processing/middleware/auth_context.py:480}}
Aug 01 11:48:43 user devstack@keystone.service[43823]: DEBUG keystone.server.flask.request_processing.req_logging [None req-74f3c6ed-a5a3-4fb1-9d98-b1edae747002 None admin] REQUEST_METHOD: `GET` {{(pid=43823) log_request_info /opt/stack/keystone/keystone/server/flask/request_processing/req_logging.py:27}}
Aug 01 11:48:43 user devstack@keystone.service[43823]: DEBUG keystone.server.flask.request_processing.req_logging [None req-74f3c6ed-a5a3-4fb1-9d98-b1edae747002 None admin] SCRIPT_NAME: `/identity` {{(pid=43823) log_request_info /opt/stack/keystone/keystone/server/flask/request_processing/req_logging.py:28}}
Aug 01 11:48:43 user devstack@keystone.service[43823]: DEBUG keystone.server.flask.request_processing.req_logging [None req-74f3c6ed-a5a3-4fb1-9d98-b1edae747002 None admin] PATH_INFO: `/v3/projects/d97b2430316947db9982a329754c414a` {{(pid=43823) log_request_info /opt/stack/keystone/keystone/server/flask/request_processing/req_logging.py:29}}
Aug 01 11:48:43 user devstack@keystone.service[43823]: DEBUG keystone.common.rbac_enforcer.enforcer [None req-74f3c6ed-a5a3-4fb1-9d98-b1edae747002 None admin] RBAC: Authorizing `identity:get_project(project_id=d97b2430316947db9982a329754c414a)` {{(pid=43823) enforce_call /opt/stack/keystone/keystone/common/rbac_enforcer/enforcer.py:449}}
Aug 01 11:48:43 user devstack@keystone.service[43823]: DEBUG keystone.common.rbac_enforcer.enforcer [None req-74f3c6ed-a5a3-4fb1-9d98-b1edae747002 None admin] RBAC: Authorization granted {{(pid=43823) enforce_call /opt/stack/keystone/keystone/common/rbac_enforcer/enforcer.py:457}}
Aug 01 11:48:43 user devstack@keystone.service[43823]: [pid: 43823|app: 0|req: 27/74] 10.0.0.210 () {56 vars in 1181 bytes} [Tue Aug 1 11:48:42 2023] GET /identity/v3/projects/d97b2430316947db9982a329754c414a => generated 297 bytes in 119 msecs (HTTP/1.1 200) 5 headers in 177 bytes (1 switches on core 0)
Aug 01 11:48:43 user devstack@keystone.service[43823]: DEBUG keystone.server.flask.request_processing.middleware.auth_context [None req-74f3c6ed-a5a3-4fb1-9d98-b1edae747002 None admin] Authenticating user token {{(pid=43823) process_request /usr/local/lib/python3.10/dist-packages/keystonemiddleware/auth_token/__init__.py:406}}
Aug 01 11:48:43 user devstack@keystone.service[43823]: DEBUG dbcounter [-] [43823] Writing DB stats keystone:SELECT=100 {{(pid=43823) stat_writer /usr/local/lib/python3.10/dist-packages/dbcounter.py:117}}
Aug 01 11:48:43 user devstack@keystone.service[43822]: DEBUG keystone.server.flask.request_processing.middleware.auth_context [None req-1eabc80c-d1d4-4bd0-81c6-a0bdf20751b4 None admin] Validating token access rules against request {{(pid=43822) validate_allowed_request /usr/local/lib/python3.10/dist-packages/keystonemiddleware/auth_token/__init__.py:544}}
Aug 01 11:48:43 user devstack@keystone.service[43822]: DEBUG keystone.server.flask.request_processing.middleware.auth_context [None req-6b2ca2cb-d603-4e7a-a566-6a3cfba95962 None admin] RBAC: auth_context: {'token': , 'domain_id': None, 'trust_id': None, 'trustor_id': None, 'trustee_id': None, 'domain_name': None, 'group_ids': [], 'user_id': '8c1f408d98d04135acb010d58514d008', 'user_domain_id': 'default', 'system_scope': 'all', 'project_id': None, 'project_domain_id': None, 'roles': ['admin', 'member', 'reader'], 'is_admin_project': True, 'service_user_id': None, 'service_user_domain_id': None, 'service_project_id': None, 'service_project_domain_id': None, 'service_roles': []} {{(pid=43822) fill_context /opt/stack/keystone/keystone/server/flask/request_processing/middleware/auth_context.py:480}}
Aug 01 11:48:43 user devstack@keystone.service[43822]: DEBUG keystone.server.flask.request_processing.req_logging [None req-6b2ca2cb-d603-4e7a-a566-6a3cfba95962 None admin] REQUEST_METHOD: `GET` {{(pid=43822) log_request_info /opt/stack/keystone/keystone/server/flask/request_processing/req_logging.py:27}}
Aug 01 11:48:43 user devstack@keystone.service[43822]: DEBUG keystone.server.flask.request_processing.req_logging [None req-6b2ca2cb-d603-4e7a-a566-6a3cfba95962 None admin] SCRIPT_NAME: `/identity` {{(pid=43822) log_request_info /opt/stack/keystone/keystone/server/flask/request_processing/req_logging.py:28}}
Aug 01 11:48:43 user devstack@keystone.service[43822]: DEBUG keystone.server.flask.request_processing.req_logging [None req-6b2ca2cb-d603-4e7a-a566-6a3cfba95962 None admin] PATH_INFO: `/v3/domains/default` {{(pid=43822) log_request_info /opt/stack/keystone/keystone/server/flask/request_processing/req_logging.py:29}}
Aug 01 11:48:43 user devstack@keystone.service[43822]: DEBUG keystone.common.rbac_enforcer.enforcer [None req-6b2ca2cb-d603-4e7a-a566-6a3cfba95962 None admin] RBAC: Authorizing `identity:get_domain(domain_id=default)` {{(pid=43822) enforce_call /opt/stack/keystone/keystone/common/rbac_enforcer/enforcer.py:449}}
Aug 01 11:48:43 user devstack@keystone.service[43822]: DEBUG keystone.common.rbac_enforcer.enforcer [None req-6b2ca2cb-d603-4e7a-a566-6a3cfba95962 None admin] RBAC: Authorization granted {{(pid=43822) enforce_call /opt/stack/keystone/keystone/common/rbac_enforcer/enforcer.py:457}}
Aug 01 11:48:43 user devstack@keystone.service[43822]: [pid: 43822|app: 0|req: 23/75] 10.0.0.210 () {56 vars in 1103 bytes} [Tue Aug 1 11:48:43 2023] GET /identity/v3/domains/default => generated 198 bytes in 124 msecs (HTTP/1.1 200) 5 headers in 177 bytes (1 switches on core 0)
Aug 01 11:48:43 user devstack@keystone.service[43822]: DEBUG keystone.server.flask.request_processing.middleware.auth_context [None req-6b2ca2cb-d603-4e7a-a566-6a3cfba95962 None admin] Authenticating user token {{(pid=43822) process_request /usr/local/lib/python3.10/dist-packages/keystonemiddleware/auth_token/__init__.py:406}}
Aug 01 11:48:43 user devstack@keystone.service[43821]: DEBUG keystone.server.flask.request_processing.middleware.auth_context [None req-f1c4058e-52e8-4bed-a557-6c11e07bc3d1 None admin] Validating token access rules against request {{(pid=43821) validate_allowed_request /usr/local/lib/python3.10/dist-packages/keystonemiddleware/auth_token/__init__.py:544}}
Aug 01 11:48:43 user devstack@keystone.service[43823]: DEBUG keystone.server.flask.request_processing.middleware.auth_context [None req-74f3c6ed-a5a3-4fb1-9d98-b1edae747002 None admin] Validating token access rules against request {{(pid=43823) validate_allowed_request /usr/local/lib/python3.10/dist-packages/keystonemiddleware/auth_token/__init__.py:544}}
Aug 01 11:48:43 user devstack@keystone.service[43821]: DEBUG keystone.server.flask.request_processing.middleware.auth_context [None req-e3962c43-67c1-4c7e-9df4-b0f6fcd66b0f None admin] RBAC: auth_context: {'token': , 'domain_id': None, 'trust_id': None, 'trustor_id': None, 'trustee_id': None, 'domain_name': None, 'group_ids': [], 'user_id': '8c1f408d98d04135acb010d58514d008', 'user_domain_id': 'default', 'system_scope': 'all', 'project_id': None, 'project_domain_id': None, 'roles': ['admin', 'member', 'reader'], 'is_admin_project': True, 'service_user_id': None, 'service_user_domain_id': None, 'service_project_id': None, 'service_project_domain_id': None, 'service_roles': []} {{(pid=43821) fill_context /opt/stack/keystone/keystone/server/flask/request_processing/middleware/auth_context.py:480}}
Aug 01 11:48:43 user devstack@keystone.service[43821]: DEBUG keystone.server.flask.request_processing.req_logging [None req-e3962c43-67c1-4c7e-9df4-b0f6fcd66b0f None admin] REQUEST_METHOD: `GET` {{(pid=43821) log_request_info /opt/stack/keystone/keystone/server/flask/request_processing/req_logging.py:27}}
Aug 01 11:48:43 user devstack@keystone.service[43821]: DEBUG keystone.server.flask.request_processing.req_logging [None req-e3962c43-67c1-4c7e-9df4-b0f6fcd66b0f None admin] SCRIPT_NAME: `/identity` {{(pid=43821) log_request_info /opt/stack/keystone/keystone/server/flask/request_processing/req_logging.py:28}}
Aug 01 11:48:43 user devstack@keystone.service[43821]: DEBUG keystone.server.flask.request_processing.req_logging [None req-e3962c43-67c1-4c7e-9df4-b0f6fcd66b0f None admin] PATH_INFO: `/v3/projects/d97b2430316947db9982a329754c414a` {{(pid=43821) log_request_info /opt/stack/keystone/keystone/server/flask/request_processing/req_logging.py:29}}
Aug 01 11:48:43 user devstack@keystone.service[43821]: DEBUG keystone.common.rbac_enforcer.enforcer [None req-e3962c43-67c1-4c7e-9df4-b0f6fcd66b0f None admin] RBAC: Authorizing `identity:get_project(project_id=d97b2430316947db9982a329754c414a)` {{(pid=43821) enforce_call /opt/stack/keystone/keystone/common/rbac_enforcer/enforcer.py:449}}
Aug 01 11:48:43 user devstack@keystone.service[43821]: DEBUG keystone.common.rbac_enforcer.enforcer [None req-e3962c43-67c1-4c7e-9df4-b0f6fcd66b0f None admin] RBAC: Authorization granted {{(pid=43821) enforce_call /opt/stack/keystone/keystone/common/rbac_enforcer/enforcer.py:457}}
Aug 01 11:48:43 user devstack@keystone.service[43822]: DEBUG dbcounter [-] [43822] Writing DB stats keystone:SELECT=100 {{(pid=43822) stat_writer /usr/local/lib/python3.10/dist-packages/dbcounter.py:117}}
Aug 01 11:48:43 user devstack@keystone.service[43821]: [pid: 43821|app: 0|req: 26/76] 10.0.0.210 () {56 vars in 1181 bytes} [Tue Aug 1 11:48:43 2023] GET /identity/v3/projects/d97b2430316947db9982a329754c414a => generated 297 bytes in 134 msecs (HTTP/1.1 200) 5 headers in 177 bytes (1 switches on core 0)
Aug 01 11:48:43 user devstack@keystone.service[43821]: DEBUG keystone.server.flask.request_processing.middleware.auth_context [None req-e3962c43-67c1-4c7e-9df4-b0f6fcd66b0f None admin] Authenticating user token {{(pid=43821) process_request /usr/local/lib/python3.10/dist-packages/keystonemiddleware/auth_token/__init__.py:406}}
Aug 01 11:48:43 user devstack@keystone.service[43823]: DEBUG keystone.server.flask.request_processing.middleware.auth_context [None req-e4bdbd45-83dc-4740-b5ff-aad084ec8c68 None admin] RBAC: auth_context: {'token': , 'domain_id': None, 'trust_id': None, 'trustor_id': None, 'trustee_id': None, 'domain_name': None, 'group_ids': [], 'user_id': '8c1f408d98d04135acb010d58514d008', 'user_domain_id': 'default', 'system_scope': 'all', 'project_id': None, 'project_domain_id': None, 'roles': ['admin', 'member', 'reader'], 'is_admin_project': True, 'service_user_id': None, 'service_user_domain_id': None, 'service_project_id': None, 'service_project_domain_id': None, 'service_roles': []} {{(pid=43823) fill_context /opt/stack/keystone/keystone/server/flask/request_processing/middleware/auth_context.py:480}}
Aug 01 11:48:43 user devstack@keystone.service[43823]: DEBUG keystone.server.flask.request_processing.req_logging [None req-e4bdbd45-83dc-4740-b5ff-aad084ec8c68 None admin] REQUEST_METHOD: `GET` {{(pid=43823) log_request_info /opt/stack/keystone/keystone/server/flask/request_processing/req_logging.py:27}}
Aug 01 11:48:43 user devstack@keystone.service[43823]: DEBUG keystone.server.flask.request_processing.req_logging [None req-e4bdbd45-83dc-4740-b5ff-aad084ec8c68 None admin] SCRIPT_NAME: `/identity` {{(pid=43823) log_request_info /opt/stack/keystone/keystone/server/flask/request_processing/req_logging.py:28}}
Aug 01 11:48:43 user devstack@keystone.service[43823]: DEBUG keystone.server.flask.request_processing.req_logging [None req-e4bdbd45-83dc-4740-b5ff-aad084ec8c68 None admin] PATH_INFO: `/v3/users/b218985dfcb14b8b807ce6533808f4d1` {{(pid=43823) log_request_info /opt/stack/keystone/keystone/server/flask/request_processing/req_logging.py:29}}
Aug 01 11:48:43 user devstack@keystone.service[43823]: DEBUG keystone.common.rbac_enforcer.enforcer [None req-e4bdbd45-83dc-4740-b5ff-aad084ec8c68 None admin] RBAC: Authorizing `identity:get_user(user_id=b218985dfcb14b8b807ce6533808f4d1)` {{(pid=43823) enforce_call /opt/stack/keystone/keystone/common/rbac_enforcer/enforcer.py:449}}
Aug 01 11:48:43 user devstack@keystone.service[43823]: DEBUG keystone.common.rbac_enforcer.enforcer [None req-e4bdbd45-83dc-4740-b5ff-aad084ec8c68 None admin] RBAC: Authorization granted {{(pid=43823) enforce_call /opt/stack/keystone/keystone/common/rbac_enforcer/enforcer.py:457}}
Aug 01 11:48:43 user devstack@keystone.service[43823]: [pid: 43823|app: 0|req: 28/77] 10.0.0.210 () {56 vars in 1172 bytes} [Tue Aug 1 11:48:43 2023] GET /identity/v3/users/b218985dfcb14b8b807ce6533808f4d1 => generated 274 bytes in 116 msecs (HTTP/1.1 200) 5 headers in 177 bytes (1 switches on core 0)
Aug 01 11:48:43 user devstack@keystone.service[43823]: DEBUG keystone.server.flask.request_processing.middleware.auth_context [None req-e4bdbd45-83dc-4740-b5ff-aad084ec8c68 None admin] Authenticating user token {{(pid=43823) process_request /usr/local/lib/python3.10/dist-packages/keystonemiddleware/auth_token/__init__.py:406}}
Aug 01 11:48:43 user devstack@keystone.service[43821]: DEBUG dbcounter [-] [43821] Writing DB stats keystone:SELECT=100 {{(pid=43821) stat_writer /usr/local/lib/python3.10/dist-packages/dbcounter.py:117}}
Aug 01 11:48:43 user devstack@keystone.service[43822]: DEBUG keystone.server.flask.request_processing.middleware.auth_context [None req-6b2ca2cb-d603-4e7a-a566-6a3cfba95962 None admin] Validating token access rules against request {{(pid=43822) validate_allowed_request /usr/local/lib/python3.10/dist-packages/keystonemiddleware/auth_token/__init__.py:544}}
Aug 01 11:48:43 user devstack@keystone.service[43822]: DEBUG keystone.server.flask.request_processing.middleware.auth_context [None req-e24bca7a-d447-4e76-a07d-2ce0d87f6bdc None admin] RBAC: auth_context: {'token': , 'domain_id': None, 'trust_id': None, 'trustor_id': None, 'trustee_id': None, 'domain_name': None, 'group_ids': [], 'user_id': '8c1f408d98d04135acb010d58514d008', 'user_domain_id': 'default', 'system_scope': 'all', 'project_id': None, 'project_domain_id': None, 'roles': ['admin', 'member', 'reader'], 'is_admin_project': True, 'service_user_id': None, 'service_user_domain_id': None, 'service_project_id': None, 'service_project_domain_id': None, 'service_roles': []} {{(pid=43822) fill_context /opt/stack/keystone/keystone/server/flask/request_processing/middleware/auth_context.py:480}}
Aug 01 11:48:43 user devstack@keystone.service[43822]: DEBUG keystone.server.flask.request_processing.req_logging [None req-e24bca7a-d447-4e76-a07d-2ce0d87f6bdc None admin] REQUEST_METHOD: `GET` {{(pid=43822) log_request_info /opt/stack/keystone/keystone/server/flask/request_processing/req_logging.py:27}}
Aug 01 11:48:43 user devstack@keystone.service[43822]: DEBUG keystone.server.flask.request_processing.req_logging [None req-e24bca7a-d447-4e76-a07d-2ce0d87f6bdc None admin] SCRIPT_NAME: `/identity` {{(pid=43822) log_request_info /opt/stack/keystone/keystone/server/flask/request_processing/req_logging.py:28}}
Aug 01 11:48:43 user devstack@keystone.service[43822]: DEBUG keystone.server.flask.request_processing.req_logging [None req-e24bca7a-d447-4e76-a07d-2ce0d87f6bdc None admin] PATH_INFO: `/v3/roles` {{(pid=43822) log_request_info /opt/stack/keystone/keystone/server/flask/request_processing/req_logging.py:29}}
Aug 01 11:48:43 user devstack@keystone.service[43822]: DEBUG keystone.common.rbac_enforcer.enforcer [None req-e24bca7a-d447-4e76-a07d-2ce0d87f6bdc None admin] RBAC: Adding query filter params (name=member) {{(pid=43822) _extract_filter_values /opt/stack/keystone/keystone/common/rbac_enforcer/enforcer.py:167}}
Aug 01 11:48:43 user devstack@keystone.service[43822]: DEBUG keystone.common.rbac_enforcer.enforcer [None req-e24bca7a-d447-4e76-a07d-2ce0d87f6bdc None admin] RBAC: Authorizing `identity:list_roles()` {{(pid=43822) enforce_call /opt/stack/keystone/keystone/common/rbac_enforcer/enforcer.py:449}}
Aug 01 11:48:43 user devstack@keystone.service[43822]: DEBUG keystone.common.rbac_enforcer.enforcer [None req-e24bca7a-d447-4e76-a07d-2ce0d87f6bdc None admin] RBAC: Authorization granted {{(pid=43822) enforce_call /opt/stack/keystone/keystone/common/rbac_enforcer/enforcer.py:457}}
Aug 01 11:48:43 user devstack@keystone.service[43822]: [pid: 43822|app: 0|req: 24/78] 10.0.0.210 () {56 vars in 1096 bytes} [Tue Aug 1 11:48:43 2023] GET /identity/v3/roles?name=member => generated 339 bytes in 124 msecs (HTTP/1.1 200) 5 headers in 177 bytes (1 switches on core 0)
Aug 01 11:48:43 user devstack@keystone.service[43822]: DEBUG keystone.server.flask.request_processing.middleware.auth_context [None req-e24bca7a-d447-4e76-a07d-2ce0d87f6bdc None admin] Authenticating user token {{(pid=43822) process_request /usr/local/lib/python3.10/dist-packages/keystonemiddleware/auth_token/__init__.py:406}}
Aug 01 11:48:43 user devstack@keystone.service[43823]: DEBUG dbcounter [-] [43823] Writing DB stats keystone:SELECT=100 {{(pid=43823) stat_writer /usr/local/lib/python3.10/dist-packages/dbcounter.py:117}}
Aug 01 11:48:43 user devstack@keystone.service[43821]: DEBUG keystone.server.flask.request_processing.middleware.auth_context [None req-e3962c43-67c1-4c7e-9df4-b0f6fcd66b0f None admin] Validating token access rules against request {{(pid=43821) validate_allowed_request /usr/local/lib/python3.10/dist-packages/keystonemiddleware/auth_token/__init__.py:544}}
Aug 01 11:48:43 user devstack@keystone.service[43823]: DEBUG keystone.server.flask.request_processing.middleware.auth_context [None req-e4bdbd45-83dc-4740-b5ff-aad084ec8c68 None admin] Validating token access rules against request {{(pid=43823) validate_allowed_request /usr/local/lib/python3.10/dist-packages/keystonemiddleware/auth_token/__init__.py:544}}
Aug 01 11:48:43 user devstack@keystone.service[43823]: DEBUG keystone.server.flask.request_processing.middleware.auth_context [None req-0cb00cd2-d56d-4632-84d6-418ca8d85fb7 None admin] RBAC: auth_context: {'token': , 'domain_id': None, 'trust_id': None, 'trustor_id': None, 'trustee_id': None, 'domain_name': None, 'group_ids': [], 'user_id': '8c1f408d98d04135acb010d58514d008', 'user_domain_id': 'default', 'system_scope': 'all', 'project_id': None, 'project_domain_id': None, 'roles': ['admin', 'member', 'reader'], 'is_admin_project': True, 'service_user_id': None, 'service_user_domain_id': None, 'service_project_id': None, 'service_project_domain_id': None, 'service_roles': []} {{(pid=43823) fill_context /opt/stack/keystone/keystone/server/flask/request_processing/middleware/auth_context.py:480}}
Aug 01 11:48:43 user devstack@keystone.service[43823]: DEBUG keystone.server.flask.request_processing.req_logging [None req-0cb00cd2-d56d-4632-84d6-418ca8d85fb7 None admin] REQUEST_METHOD: `POST` {{(pid=43823) log_request_info /opt/stack/keystone/keystone/server/flask/request_processing/req_logging.py:27}}
Aug 01 11:48:43 user devstack@keystone.service[43823]: DEBUG keystone.server.flask.request_processing.req_logging [None req-0cb00cd2-d56d-4632-84d6-418ca8d85fb7 None admin] SCRIPT_NAME: `/identity` {{(pid=43823) log_request_info /opt/stack/keystone/keystone/server/flask/request_processing/req_logging.py:28}}
Aug 01 11:48:43 user devstack@keystone.service[43823]: DEBUG keystone.server.flask.request_processing.req_logging [None req-0cb00cd2-d56d-4632-84d6-418ca8d85fb7 None admin] PATH_INFO: `/v3/users` {{(pid=43823) log_request_info /opt/stack/keystone/keystone/server/flask/request_processing/req_logging.py:29}}
Aug 01 11:48:43 user devstack@keystone.service[43821]: DEBUG keystone.server.flask.request_processing.middleware.auth_context [None req-3aa4058e-d3fc-4ae1-ae56-cca7bd399388 None admin] RBAC: auth_context: {'token': , 'domain_id': None, 'trust_id': None, 'trustor_id': None, 'trustee_id': None, 'domain_name': None, 'group_ids': [], 'user_id': '8c1f408d98d04135acb010d58514d008', 'user_domain_id': 'default', 'system_scope': 'all', 'project_id': None, 'project_domain_id': None, 'roles': ['admin', 'member', 'reader'], 'is_admin_project': True, 'service_user_id': None, 'service_user_domain_id': None, 'service_project_id': None, 'service_project_domain_id': None, 'service_roles': []} {{(pid=43821) fill_context /opt/stack/keystone/keystone/server/flask/request_processing/middleware/auth_context.py:480}}
Aug 01 11:48:43 user devstack@keystone.service[43823]: DEBUG keystone.common.rbac_enforcer.enforcer [None req-0cb00cd2-d56d-4632-84d6-418ca8d85fb7 None admin] RBAC: Authorizing `identity:create_user()` {{(pid=43823) enforce_call /opt/stack/keystone/keystone/common/rbac_enforcer/enforcer.py:449}}
Aug 01 11:48:43 user devstack@keystone.service[43821]: DEBUG keystone.server.flask.request_processing.req_logging [None req-3aa4058e-d3fc-4ae1-ae56-cca7bd399388 None admin] REQUEST_METHOD: `PUT` {{(pid=43821) log_request_info /opt/stack/keystone/keystone/server/flask/request_processing/req_logging.py:27}}
Aug 01 11:48:43 user devstack@keystone.service[43821]: DEBUG keystone.server.flask.request_processing.req_logging [None req-3aa4058e-d3fc-4ae1-ae56-cca7bd399388 None admin] SCRIPT_NAME: `/identity` {{(pid=43821) log_request_info /opt/stack/keystone/keystone/server/flask/request_processing/req_logging.py:28}}
Aug 01 11:48:43 user devstack@keystone.service[43821]: DEBUG keystone.server.flask.request_processing.req_logging [None req-3aa4058e-d3fc-4ae1-ae56-cca7bd399388 None admin] PATH_INFO: `/v3/projects/d97b2430316947db9982a329754c414a/users/8c1f408d98d04135acb010d58514d008/roles/2b23435a91734d5eaa01f196e3e58cc3` {{(pid=43821) log_request_info /opt/stack/keystone/keystone/server/flask/request_processing/req_logging.py:29}}
Aug 01 11:48:43 user devstack@keystone.service[43823]: DEBUG keystone.common.rbac_enforcer.enforcer [None req-0cb00cd2-d56d-4632-84d6-418ca8d85fb7 None admin] RBAC: Authorization granted {{(pid=43823) enforce_call /opt/stack/keystone/keystone/common/rbac_enforcer/enforcer.py:457}}
Aug 01 11:48:43 user devstack@keystone.service[43821]: DEBUG keystone.common.rbac_enforcer.enforcer [None req-3aa4058e-d3fc-4ae1-ae56-cca7bd399388 None admin] RBAC: Authorizing `identity:create_grant(project_id=d97b2430316947db9982a329754c414a, user_id=8c1f408d98d04135acb010d58514d008, role_id=2b23435a91734d5eaa01f196e3e58cc3)` {{(pid=43821) enforce_call /opt/stack/keystone/keystone/common/rbac_enforcer/enforcer.py:449}}
Aug 01 11:48:43 user devstack@keystone.service[43821]: DEBUG keystone.common.rbac_enforcer.enforcer [None req-3aa4058e-d3fc-4ae1-ae56-cca7bd399388 None admin] RBAC: Authorization granted {{(pid=43821) enforce_call /opt/stack/keystone/keystone/common/rbac_enforcer/enforcer.py:457}}
Aug 01 11:48:43 user devstack@keystone.service[43823]: WARNING keystone.common.password_hashing [None req-0cb00cd2-d56d-4632-84d6-418ca8d85fb7 None admin] Truncating password to algorithm specific maximum length 54 characters.
Aug 01 11:48:43 user devstack@keystone.service[43821]: [pid: 43821|app: 0|req: 27/79] 10.0.0.210 () {58 vars in 1434 bytes} [Tue Aug 1 11:48:43 2023] PUT /identity/v3/projects/d97b2430316947db9982a329754c414a/users/8c1f408d98d04135acb010d58514d008/roles/2b23435a91734d5eaa01f196e3e58cc3 => generated 0 bytes in 143 msecs (HTTP/1.1 204) 3 headers in 132 bytes (0 switches on core 0)
Aug 01 11:48:43 user devstack@keystone.service[43821]: DEBUG keystone.server.flask.request_processing.middleware.auth_context [None req-3aa4058e-d3fc-4ae1-ae56-cca7bd399388 None admin] Authenticating user token {{(pid=43821) process_request /usr/local/lib/python3.10/dist-packages/keystonemiddleware/auth_token/__init__.py:406}}
Aug 01 11:48:43 user devstack@keystone.service[43823]: [pid: 43823|app: 0|req: 29/80] 10.0.0.210 () {60 vars in 1127 bytes} [Tue Aug 1 11:48:43 2023] POST /identity/v3/users => generated 288 bytes in 139 msecs (HTTP/1.1 201) 5 headers in 182 bytes (1 switches on core 0)
Aug 01 11:48:43 user devstack@keystone.service[43823]: DEBUG keystone.server.flask.request_processing.middleware.auth_context [None req-0cb00cd2-d56d-4632-84d6-418ca8d85fb7 None admin] Authenticating user token {{(pid=43823) process_request /usr/local/lib/python3.10/dist-packages/keystonemiddleware/auth_token/__init__.py:406}}
Aug 01 11:48:43 user devstack@keystone.service[43822]: DEBUG keystone.server.flask.request_processing.middleware.auth_context [None req-e24bca7a-d447-4e76-a07d-2ce0d87f6bdc None admin] Validating token access rules against request {{(pid=43822) validate_allowed_request /usr/local/lib/python3.10/dist-packages/keystonemiddleware/auth_token/__init__.py:544}}
Aug 01 11:48:43 user devstack@keystone.service[43822]: DEBUG dbcounter [-] [43822] Writing DB stats keystone:SELECT=100 {{(pid=43822) stat_writer /usr/local/lib/python3.10/dist-packages/dbcounter.py:117}}
Aug 01 11:48:43 user devstack@keystone.service[43822]: DEBUG keystone.server.flask.request_processing.middleware.auth_context [None req-d8aee897-de40-4777-adda-35250aaae663 None admin] RBAC: auth_context: {'token': , 'domain_id': None, 'trust_id': None, 'trustor_id': None, 'trustee_id': None, 'domain_name': None, 'group_ids': [], 'user_id': '8c1f408d98d04135acb010d58514d008', 'user_domain_id': 'default', 'system_scope': 'all', 'project_id': None, 'project_domain_id': None, 'roles': ['admin', 'member', 'reader'], 'is_admin_project': True, 'service_user_id': None, 'service_user_domain_id': None, 'service_project_id': None, 'service_project_domain_id': None, 'service_roles': []} {{(pid=43822) fill_context /opt/stack/keystone/keystone/server/flask/request_processing/middleware/auth_context.py:480}}
Aug 01 11:48:43 user devstack@keystone.service[43822]: DEBUG keystone.server.flask.request_processing.req_logging [None req-d8aee897-de40-4777-adda-35250aaae663 None admin] REQUEST_METHOD: `PUT` {{(pid=43822) log_request_info /opt/stack/keystone/keystone/server/flask/request_processing/req_logging.py:27}}
Aug 01 11:48:43 user devstack@keystone.service[43822]: DEBUG keystone.server.flask.request_processing.req_logging [None req-d8aee897-de40-4777-adda-35250aaae663 None admin] SCRIPT_NAME: `/identity` {{(pid=43822) log_request_info /opt/stack/keystone/keystone/server/flask/request_processing/req_logging.py:28}}
Aug 01 11:48:43 user devstack@keystone.service[43822]: DEBUG keystone.server.flask.request_processing.req_logging [None req-d8aee897-de40-4777-adda-35250aaae663 None admin] PATH_INFO: `/v3/projects/d97b2430316947db9982a329754c414a/users/b218985dfcb14b8b807ce6533808f4d1/roles/aacd248665c14636b1af3dfc046ee7c8` {{(pid=43822) log_request_info /opt/stack/keystone/keystone/server/flask/request_processing/req_logging.py:29}}
Aug 01 11:48:43 user devstack@keystone.service[43822]: DEBUG keystone.common.rbac_enforcer.enforcer [None req-d8aee897-de40-4777-adda-35250aaae663 None admin] RBAC: Authorizing `identity:create_grant(project_id=d97b2430316947db9982a329754c414a, user_id=b218985dfcb14b8b807ce6533808f4d1, role_id=aacd248665c14636b1af3dfc046ee7c8)` {{(pid=43822) enforce_call /opt/stack/keystone/keystone/common/rbac_enforcer/enforcer.py:449}}
Aug 01 11:48:43 user devstack@keystone.service[43822]: DEBUG keystone.common.rbac_enforcer.enforcer [None req-d8aee897-de40-4777-adda-35250aaae663 None admin] RBAC: Authorization granted {{(pid=43822) enforce_call /opt/stack/keystone/keystone/common/rbac_enforcer/enforcer.py:457}}
Aug 01 11:48:43 user devstack@keystone.service[43822]: [pid: 43822|app: 0|req: 25/81] 10.0.0.210 () {58 vars in 1434 bytes} [Tue Aug 1 11:48:43 2023] PUT /identity/v3/projects/d97b2430316947db9982a329754c414a/users/b218985dfcb14b8b807ce6533808f4d1/roles/aacd248665c14636b1af3dfc046ee7c8 => generated 0 bytes in 138 msecs (HTTP/1.1 204) 3 headers in 132 bytes (0 switches on core 0)
Aug 01 11:48:43 user devstack@keystone.service[43821]: DEBUG dbcounter [-] [43821] Writing DB stats keystone:SELECT=99,keystone:INSERT=1 {{(pid=43821) stat_writer /usr/local/lib/python3.10/dist-packages/dbcounter.py:117}}
Aug 01 11:48:43 user devstack@keystone.service[43821]: DEBUG keystone.server.flask.request_processing.middleware.auth_context [None req-3aa4058e-d3fc-4ae1-ae56-cca7bd399388 None admin] Validating token access rules against request {{(pid=43821) validate_allowed_request /usr/local/lib/python3.10/dist-packages/keystonemiddleware/auth_token/__init__.py:544}}
Aug 01 11:48:43 user devstack@keystone.service[43823]: DEBUG keystone.server.flask.request_processing.middleware.auth_context [None req-0cb00cd2-d56d-4632-84d6-418ca8d85fb7 None admin] Validating token access rules against request {{(pid=43823) validate_allowed_request /usr/local/lib/python3.10/dist-packages/keystonemiddleware/auth_token/__init__.py:544}}
Aug 01 11:48:43 user devstack@keystone.service[43821]: DEBUG keystone.server.flask.request_processing.middleware.auth_context [None req-a053a7a4-4f58-4db0-b1fc-57a2f29448ca None admin] RBAC: auth_context: {'token': , 'domain_id': None, 'trust_id': None, 'trustor_id': None, 'trustee_id': None, 'domain_name': None, 'group_ids': [], 'user_id': '8c1f408d98d04135acb010d58514d008', 'user_domain_id': 'default', 'system_scope': 'all', 'project_id': None, 'project_domain_id': None, 'roles': ['admin', 'member', 'reader'], 'is_admin_project': True, 'service_user_id': None, 'service_user_domain_id': None, 'service_project_id': None, 'service_project_domain_id': None, 'service_roles': []} {{(pid=43821) fill_context /opt/stack/keystone/keystone/server/flask/request_processing/middleware/auth_context.py:480}}
Aug 01 11:48:43 user devstack@keystone.service[43823]: DEBUG keystone.server.flask.request_processing.middleware.auth_context [None req-39025c89-c40d-4594-acfc-0564fbba9913 None admin] RBAC: auth_context: {'token': , 'domain_id': None, 'trust_id': None, 'trustor_id': None, 'trustee_id': None, 'domain_name': None, 'group_ids': [], 'user_id': '8c1f408d98d04135acb010d58514d008', 'user_domain_id': 'default', 'system_scope': 'all', 'project_id': None, 'project_domain_id': None, 'roles': ['admin', 'member', 'reader'], 'is_admin_project': True, 'service_user_id': None, 'service_user_domain_id': None, 'service_project_id': None, 'service_project_domain_id': None, 'service_roles': []} {{(pid=43823) fill_context /opt/stack/keystone/keystone/server/flask/request_processing/middleware/auth_context.py:480}}
Aug 01 11:48:43 user devstack@keystone.service[43821]: DEBUG keystone.server.flask.request_processing.req_logging [None req-a053a7a4-4f58-4db0-b1fc-57a2f29448ca None admin] REQUEST_METHOD: `GET` {{(pid=43821) log_request_info /opt/stack/keystone/keystone/server/flask/request_processing/req_logging.py:27}}
Aug 01 11:48:43 user devstack@keystone.service[43821]: DEBUG keystone.server.flask.request_processing.req_logging [None req-a053a7a4-4f58-4db0-b1fc-57a2f29448ca None admin] SCRIPT_NAME: `/identity` {{(pid=43821) log_request_info /opt/stack/keystone/keystone/server/flask/request_processing/req_logging.py:28}}
Aug 01 11:48:43 user devstack@keystone.service[43823]: DEBUG keystone.server.flask.request_processing.req_logging [None req-39025c89-c40d-4594-acfc-0564fbba9913 None admin] REQUEST_METHOD: `GET` {{(pid=43823) log_request_info /opt/stack/keystone/keystone/server/flask/request_processing/req_logging.py:27}}
