Aug 01 18:11:48 user devstack@keystone.service[43862]: DEBUG keystone.server.flask.request_processing.middleware.auth_context [None req-e3b3533d-fec8-4c78-bdb9-4cbd1abb795c None admin] RBAC: auth_context: {'token': , 'domain_id': None, 'trust_id': None, 'trustor_id': None, 'trustee_id': None, 'domain_name': None, 'group_ids': [], 'user_id': 'f1b2b6f0b3424eec8f30b6a86b88c031', 'user_domain_id': 'default', 'system_scope': 'all', 'project_id': None, 'project_domain_id': None, 'roles': ['admin', 'member', 'reader'], 'is_admin_project': True, 'service_user_id': None, 'service_user_domain_id': None, 'service_project_id': None, 'service_project_domain_id': None, 'service_roles': []} {{(pid=43862) fill_context /opt/stack/keystone/keystone/server/flask/request_processing/middleware/auth_context.py:480}}
Aug 01 18:11:48 user devstack@keystone.service[43862]: DEBUG keystone.server.flask.request_processing.req_logging [None req-e3b3533d-fec8-4c78-bdb9-4cbd1abb795c None admin] REQUEST_METHOD: `GET` {{(pid=43862) log_request_info /opt/stack/keystone/keystone/server/flask/request_processing/req_logging.py:27}}
Aug 01 18:11:48 user devstack@keystone.service[43862]: DEBUG keystone.server.flask.request_processing.req_logging [None req-e3b3533d-fec8-4c78-bdb9-4cbd1abb795c None admin] SCRIPT_NAME: `/identity` {{(pid=43862) log_request_info /opt/stack/keystone/keystone/server/flask/request_processing/req_logging.py:28}}
Aug 01 18:11:48 user devstack@keystone.service[43862]: DEBUG keystone.server.flask.request_processing.req_logging [None req-e3b3533d-fec8-4c78-bdb9-4cbd1abb795c None admin] PATH_INFO: `/v3/users/5d6bfab529804215874c49fc6f8f3f32` {{(pid=43862) log_request_info /opt/stack/keystone/keystone/server/flask/request_processing/req_logging.py:29}}
Aug 01 18:11:48 user devstack@keystone.service[43862]: DEBUG keystone.common.rbac_enforcer.enforcer [None req-e3b3533d-fec8-4c78-bdb9-4cbd1abb795c None admin] RBAC: Authorizing `identity:get_user(user_id=5d6bfab529804215874c49fc6f8f3f32)` {{(pid=43862) enforce_call /opt/stack/keystone/keystone/common/rbac_enforcer/enforcer.py:449}}
Aug 01 18:11:48 user devstack@keystone.service[43863]: DEBUG keystone.server.flask.request_processing.middleware.auth_context [None req-0994607b-d228-4676-ab52-c66ae8b5893b None admin] RBAC: auth_context: {'token': , 'domain_id': None, 'trust_id': None, 'trustor_id': None, 'trustee_id': None, 'domain_name': None, 'group_ids': [], 'user_id': 'f1b2b6f0b3424eec8f30b6a86b88c031', 'user_domain_id': 'default', 'system_scope': 'all', 'project_id': None, 'project_domain_id': None, 'roles': ['admin', 'member', 'reader'], 'is_admin_project': True, 'service_user_id': None, 'service_user_domain_id': None, 'service_project_id': None, 'service_project_domain_id': None, 'service_roles': []} {{(pid=43863) fill_context /opt/stack/keystone/keystone/server/flask/request_processing/middleware/auth_context.py:480}}
Aug 01 18:11:48 user devstack@keystone.service[43863]: DEBUG keystone.server.flask.request_processing.req_logging [None req-0994607b-d228-4676-ab52-c66ae8b5893b None admin] REQUEST_METHOD: `GET` {{(pid=43863) log_request_info /opt/stack/keystone/keystone/server/flask/request_processing/req_logging.py:27}}
Aug 01 18:11:48 user devstack@keystone.service[43862]: DEBUG keystone.common.rbac_enforcer.enforcer [None req-e3b3533d-fec8-4c78-bdb9-4cbd1abb795c None admin] RBAC: Authorization granted {{(pid=43862) enforce_call /opt/stack/keystone/keystone/common/rbac_enforcer/enforcer.py:457}}
Aug 01 18:11:48 user devstack@keystone.service[43863]: DEBUG keystone.server.flask.request_processing.req_logging [None req-0994607b-d228-4676-ab52-c66ae8b5893b None admin] SCRIPT_NAME: `/identity` {{(pid=43863) log_request_info /opt/stack/keystone/keystone/server/flask/request_processing/req_logging.py:28}}
Aug 01 18:11:48 user devstack@keystone.service[43863]: DEBUG keystone.server.flask.request_processing.req_logging [None req-0994607b-d228-4676-ab52-c66ae8b5893b None admin] PATH_INFO: `/v3/auth/tokens` {{(pid=43863) log_request_info /opt/stack/keystone/keystone/server/flask/request_processing/req_logging.py:29}}
Aug 01 18:11:48 user devstack@keystone.service[43862]: [pid: 43862|app: 0|req: 37/112] 10.0.0.210 () {56 vars in 1172 bytes} [Tue Aug 1 18:11:48 2023] GET /identity/v3/users/5d6bfab529804215874c49fc6f8f3f32 => generated 274 bytes in 139 msecs (HTTP/1.1 200) 5 headers in 177 bytes (1 switches on core 0)
Aug 01 18:11:48 user devstack@keystone.service[43862]: DEBUG keystone.server.flask.request_processing.middleware.auth_context [None req-e3b3533d-fec8-4c78-bdb9-4cbd1abb795c None admin] Authenticating user token {{(pid=43862) process_request /usr/local/lib/python3.10/dist-packages/keystonemiddleware/auth_token/__init__.py:406}}
Aug 01 18:11:48 user devstack@keystone.service[43864]: DEBUG keystone.server.flask.request_processing.middleware.auth_context [None req-e676e051-09f8-4261-880c-b2c19e931faf None admin] Validating token access rules against request {{(pid=43864) validate_allowed_request /usr/local/lib/python3.10/dist-packages/keystonemiddleware/auth_token/__init__.py:544}}
Aug 01 18:11:48 user devstack@keystone.service[43864]: DEBUG keystone.server.flask.request_processing.middleware.auth_context [None req-a9fc89c9-34cb-4897-ae40-dcd3aeabf145 None admin] RBAC: auth_context: {'token': , 'domain_id': None, 'trust_id': None, 'trustor_id': None, 'trustee_id': None, 'domain_name': None, 'group_ids': [], 'user_id': 'f1b2b6f0b3424eec8f30b6a86b88c031', 'user_domain_id': 'default', 'system_scope': 'all', 'project_id': None, 'project_domain_id': None, 'roles': ['admin', 'member', 'reader'], 'is_admin_project': True, 'service_user_id': None, 'service_user_domain_id': None, 'service_project_id': None, 'service_project_domain_id': None, 'service_roles': []} {{(pid=43864) fill_context /opt/stack/keystone/keystone/server/flask/request_processing/middleware/auth_context.py:480}}
Aug 01 18:11:48 user devstack@keystone.service[43864]: DEBUG keystone.server.flask.request_processing.req_logging [None req-a9fc89c9-34cb-4897-ae40-dcd3aeabf145 None admin] REQUEST_METHOD: `GET` {{(pid=43864) log_request_info /opt/stack/keystone/keystone/server/flask/request_processing/req_logging.py:27}}
Aug 01 18:11:48 user devstack@keystone.service[43864]: DEBUG keystone.server.flask.request_processing.req_logging [None req-a9fc89c9-34cb-4897-ae40-dcd3aeabf145 None admin] SCRIPT_NAME: `/identity` {{(pid=43864) log_request_info /opt/stack/keystone/keystone/server/flask/request_processing/req_logging.py:28}}
Aug 01 18:11:48 user devstack@keystone.service[43864]: DEBUG keystone.server.flask.request_processing.req_logging [None req-a9fc89c9-34cb-4897-ae40-dcd3aeabf145 None admin] PATH_INFO: `/v3/projects/9524866f3ec948eea4f44e5080521c57` {{(pid=43864) log_request_info /opt/stack/keystone/keystone/server/flask/request_processing/req_logging.py:29}}
Aug 01 18:11:48 user devstack@keystone.service[43864]: DEBUG keystone.common.rbac_enforcer.enforcer [None req-a9fc89c9-34cb-4897-ae40-dcd3aeabf145 None admin] RBAC: Authorizing `identity:get_project(project_id=9524866f3ec948eea4f44e5080521c57)` {{(pid=43864) enforce_call /opt/stack/keystone/keystone/common/rbac_enforcer/enforcer.py:449}}
Aug 01 18:11:48 user devstack@keystone.service[43863]: DEBUG keystone.common.rbac_enforcer.enforcer [None req-0994607b-d228-4676-ab52-c66ae8b5893b None admin] RBAC: Authorizing `identity:validate_token()` {{(pid=43863) enforce_call /opt/stack/keystone/keystone/common/rbac_enforcer/enforcer.py:449}}
Aug 01 18:11:48 user devstack@keystone.service[43864]: DEBUG keystone.common.rbac_enforcer.enforcer [None req-a9fc89c9-34cb-4897-ae40-dcd3aeabf145 None admin] RBAC: Authorization granted {{(pid=43864) enforce_call /opt/stack/keystone/keystone/common/rbac_enforcer/enforcer.py:457}}
Aug 01 18:11:48 user devstack@keystone.service[43863]: DEBUG keystone.common.rbac_enforcer.enforcer [None req-0994607b-d228-4676-ab52-c66ae8b5893b None admin] RBAC: Authorization granted {{(pid=43863) enforce_call /opt/stack/keystone/keystone/common/rbac_enforcer/enforcer.py:457}}
Aug 01 18:11:48 user devstack@keystone.service[43864]: [pid: 43864|app: 0|req: 36/113] 10.0.0.210 () {56 vars in 1181 bytes} [Tue Aug 1 18:11:48 2023] GET /identity/v3/projects/9524866f3ec948eea4f44e5080521c57 => generated 297 bytes in 122 msecs (HTTP/1.1 200) 5 headers in 177 bytes (1 switches on core 0)
Aug 01 18:11:48 user devstack@keystone.service[43864]: DEBUG keystone.server.flask.request_processing.middleware.auth_context [None req-a9fc89c9-34cb-4897-ae40-dcd3aeabf145 None admin] Authenticating user token {{(pid=43864) process_request /usr/local/lib/python3.10/dist-packages/keystonemiddleware/auth_token/__init__.py:406}}
Aug 01 18:11:48 user devstack@keystone.service[43862]: DEBUG keystone.server.flask.request_processing.middleware.auth_context [None req-e3b3533d-fec8-4c78-bdb9-4cbd1abb795c None admin] Validating token access rules against request {{(pid=43862) validate_allowed_request /usr/local/lib/python3.10/dist-packages/keystonemiddleware/auth_token/__init__.py:544}}
Aug 01 18:11:48 user devstack@keystone.service[43862]: DEBUG keystone.server.flask.request_processing.middleware.auth_context [None req-1da21ba4-9fa2-4095-9556-4854b99299b2 None admin] RBAC: auth_context: {'token': , 'domain_id': None, 'trust_id': None, 'trustor_id': None, 'trustee_id': None, 'domain_name': None, 'group_ids': [], 'user_id': 'f1b2b6f0b3424eec8f30b6a86b88c031', 'user_domain_id': 'default', 'system_scope': 'all', 'project_id': None, 'project_domain_id': None, 'roles': ['admin', 'member', 'reader'], 'is_admin_project': True, 'service_user_id': None, 'service_user_domain_id': None, 'service_project_id': None, 'service_project_domain_id': None, 'service_roles': []} {{(pid=43862) fill_context /opt/stack/keystone/keystone/server/flask/request_processing/middleware/auth_context.py:480}}
Aug 01 18:11:48 user devstack@keystone.service[43862]: DEBUG keystone.server.flask.request_processing.req_logging [None req-1da21ba4-9fa2-4095-9556-4854b99299b2 None admin] REQUEST_METHOD: `GET` {{(pid=43862) log_request_info /opt/stack/keystone/keystone/server/flask/request_processing/req_logging.py:27}}
Aug 01 18:11:48 user devstack@keystone.service[43862]: DEBUG keystone.server.flask.request_processing.req_logging [None req-1da21ba4-9fa2-4095-9556-4854b99299b2 None admin] SCRIPT_NAME: `/identity` {{(pid=43862) log_request_info /opt/stack/keystone/keystone/server/flask/request_processing/req_logging.py:28}}
Aug 01 18:11:48 user devstack@keystone.service[43862]: DEBUG keystone.server.flask.request_processing.req_logging [None req-1da21ba4-9fa2-4095-9556-4854b99299b2 None admin] PATH_INFO: `/v3/roles/member` {{(pid=43862) log_request_info /opt/stack/keystone/keystone/server/flask/request_processing/req_logging.py:29}}
Aug 01 18:11:48 user devstack@keystone.service[43862]: DEBUG keystone.common.rbac_enforcer.enforcer [None req-1da21ba4-9fa2-4095-9556-4854b99299b2 None admin] Extracting inferred target data resulted in "NOT FOUND (404)". {{(pid=43862) enforce_call /opt/stack/keystone/keystone/common/rbac_enforcer/enforcer.py:409}}
Aug 01 18:11:48 user devstack@keystone.service[43862]: ERROR keystone.server.flask.application [None req-1da21ba4-9fa2-4095-9556-4854b99299b2 None admin] Could not find role: member.: keystone.exception.RoleNotFound: Could not find role: member.
Aug 01 18:11:48 user devstack@keystone.service[43862]: ERROR keystone.server.flask.application
Traceback (most recent call last):
Aug 01 18:11:48 user devstack@keystone.service[43862]: ERROR keystone.server.flask.application
File "/usr/local/lib/python3.10/dist-packages/flask/app.py", line 1823, in full_dispatch_request
Aug 01 18:11:48 user devstack@keystone.service[43862]: ERROR keystone.server.flask.application rv = self.dispatch_request()
Aug 01 18:11:48 user devstack@keystone.service[43862]: ERROR keystone.server.flask.application
File "/usr/local/lib/python3.10/dist-packages/flask/app.py", line 1799, in dispatch_request
Aug 01 18:11:48 user devstack@keystone.service[43862]: ERROR keystone.server.flask.application return self.ensure_sync(self.view_functions[rule.endpoint])(**view_args)
Aug 01 18:11:48 user devstack@keystone.service[43862]: ERROR keystone.server.flask.application
File "/usr/local/lib/python3.10/dist-packages/flask_restful/__init__.py", line 467, in wrapper
Aug 01 18:11:48 user devstack@keystone.service[43862]: ERROR keystone.server.flask.application resp = resource(*args, **kwargs)
Aug 01 18:11:48 user devstack@keystone.service[43862]: ERROR keystone.server.flask.application
File "/usr/local/lib/python3.10/dist-packages/flask/views.py", line 107, in view
Aug 01 18:11:48 user devstack@keystone.service[43862]: ERROR keystone.server.flask.application return current_app.ensure_sync(self.dispatch_request)(**kwargs)
Aug 01 18:11:48 user devstack@keystone.service[43862]: ERROR keystone.server.flask.application
File "/usr/local/lib/python3.10/dist-packages/flask_restful/__init__.py", line 582, in dispatch_request
Aug 01 18:11:48 user devstack@keystone.service[43862]: ERROR keystone.server.flask.application resp = meth(*args, **kwargs)
Aug 01 18:11:48 user devstack@keystone.service[43862]: ERROR keystone.server.flask.application
File "/opt/stack/keystone/keystone/api/roles.py", line 50, in get
Aug 01 18:11:48 user devstack@keystone.service[43862]: ERROR keystone.server.flask.application return self._get_role(role_id)
Aug 01 18:11:48 user devstack@keystone.service[43862]: ERROR keystone.server.flask.application
File "/opt/stack/keystone/keystone/api/roles.py", line 70, in _get_role
Aug 01 18:11:48 user devstack@keystone.service[43862]: ERROR keystone.server.flask.application ENFORCER.enforce_call(action='identity:get_role')
Aug 01 18:11:48 user devstack@keystone.service[43862]: ERROR keystone.server.flask.application
File "/opt/stack/keystone/keystone/common/rbac_enforcer/enforcer.py", line 402, in enforce_call
Aug 01 18:11:48 user devstack@keystone.service[43862]: ERROR keystone.server.flask.application policy_dict.update(cls._extract_member_target_data(
Aug 01 18:11:48 user devstack@keystone.service[43862]: ERROR keystone.server.flask.application
File "/opt/stack/keystone/keystone/common/rbac_enforcer/enforcer.py", line 234, in _extract_member_target_data
Aug 01 18:11:48 user devstack@keystone.service[43862]: ERROR keystone.server.flask.application member_name: func(flask.request.view_args[key])
Aug 01 18:11:48 user devstack@keystone.service[43862]: ERROR keystone.server.flask.application
File "/opt/stack/keystone/keystone/common/manager.py", line 115, in wrapped
Aug 01 18:11:48 user devstack@keystone.service[43862]: ERROR keystone.server.flask.application __ret_val = __f(*args, **kwargs)
Aug 01 18:11:48 user devstack@keystone.service[43862]: ERROR keystone.server.flask.application
File "/usr/local/lib/python3.10/dist-packages/decorator.py", line 232, in fun
Aug 01 18:11:48 user devstack@keystone.service[43862]: ERROR keystone.server.flask.application return caller(func, *(extras + args), **kw)
Aug 01 18:11:48 user devstack@keystone.service[43862]: ERROR keystone.server.flask.application
File "/usr/local/lib/python3.10/dist-packages/dogpile/cache/region.py", line 1577, in get_or_create_for_user_func
Aug 01 18:11:48 user devstack@keystone.service[43862]: ERROR keystone.server.flask.application return self.get_or_create(
Aug 01 18:11:48 user devstack@keystone.service[43862]: ERROR keystone.server.flask.application
File "/usr/local/lib/python3.10/dist-packages/dogpile/cache/region.py", line 1042, in get_or_create
Aug 01 18:11:48 user devstack@keystone.service[43862]: ERROR keystone.server.flask.application with Lock(
Aug 01 18:11:48 user devstack@keystone.service[43862]: ERROR keystone.server.flask.application
File "/usr/local/lib/python3.10/dist-packages/dogpile/lock.py", line 185, in __enter__
Aug 01 18:11:48 user devstack@keystone.service[43862]: ERROR keystone.server.flask.application return self._enter()
Aug 01 18:11:48 user devstack@keystone.service[43862]: ERROR keystone.server.flask.application
File "/usr/local/lib/python3.10/dist-packages/dogpile/lock.py", line 94, in _enter
Aug 01 18:11:48 user devstack@keystone.service[43862]: ERROR keystone.server.flask.application generated = self._enter_create(value, createdtime)
Aug 01 18:11:48 user devstack@keystone.service[43862]: ERROR keystone.server.flask.application
File "/usr/local/lib/python3.10/dist-packages/dogpile/lock.py", line 178, in _enter_create
Aug 01 18:11:48 user devstack@keystone.service[43862]: ERROR keystone.server.flask.application return self.creator()
Aug 01 18:11:48 user devstack@keystone.service[43862]: ERROR keystone.server.flask.application
File "/usr/local/lib/python3.10/dist-packages/dogpile/cache/region.py", line 995, in gen_value
Aug 01 18:11:48 user devstack@keystone.service[43862]: ERROR keystone.server.flask.application created_value = creator(
Aug 01 18:11:48 user devstack@keystone.service[43862]: ERROR keystone.server.flask.application
File "/opt/stack/keystone/keystone/assignment/core.py", line 1276, in get_role
Aug 01 18:11:48 user devstack@keystone.service[43862]: ERROR keystone.server.flask.application return self.driver.get_role(role_id)
Aug 01 18:11:48 user devstack@keystone.service[43862]: ERROR keystone.server.flask.application
File "/opt/stack/keystone/keystone/assignment/role_backends/sql.py", line 70, in get_role
Aug 01 18:11:48 user devstack@keystone.service[43862]: ERROR keystone.server.flask.application return self._get_role(session, role_id).to_dict()
Aug 01 18:11:48 user devstack@keystone.service[43862]: ERROR keystone.server.flask.application
File "/opt/stack/keystone/keystone/assignment/role_backends/sql.py", line 65, in _get_role
Aug 01 18:11:48 user devstack@keystone.service[43862]: ERROR keystone.server.flask.application raise exception.RoleNotFound(role_id=role_id)
Aug 01 18:11:48 user devstack@keystone.service[43862]: ERROR keystone.server.flask.application keystone.exception.RoleNotFound: Could not find role: member.
Aug 01 18:11:48 user devstack@keystone.service[43862]: ERROR keystone.server.flask.application
Aug 01 18:11:48 user devstack@keystone.service[43862]: [pid: 43862|app: 0|req: 38/114] 10.0.0.210 () {56 vars in 1094 bytes} [Tue Aug 1 18:11:48 2023] GET /identity/v3/roles/member => generated 84 bytes in 139 msecs (HTTP/1.1 404) 5 headers in 183 bytes (1 switches on core 0)
Aug 01 18:11:48 user devstack@keystone.service[43862]: DEBUG keystone.server.flask.request_processing.middleware.auth_context [None req-1da21ba4-9fa2-4095-9556-4854b99299b2 None admin] Authenticating user token {{(pid=43862) process_request /usr/local/lib/python3.10/dist-packages/keystonemiddleware/auth_token/__init__.py:406}}
Aug 01 18:11:48 user devstack@keystone.service[43864]: DEBUG keystone.server.flask.request_processing.middleware.auth_context [None req-a9fc89c9-34cb-4897-ae40-dcd3aeabf145 None admin] Validating token access rules against request {{(pid=43864) validate_allowed_request /usr/local/lib/python3.10/dist-packages/keystonemiddleware/auth_token/__init__.py:544}}
Aug 01 18:11:48 user devstack@keystone.service[43863]: [pid: 43863|app: 0|req: 41/115] 10.0.0.210 () {58 vars in 1277 bytes} [Tue Aug 1 18:11:48 2023] GET /identity/v3/auth/tokens => generated 798 bytes in 297 msecs (HTTP/1.1 200) 6 headers in 358 bytes (1 switches on core 0)
Aug 01 18:11:48 user devstack@keystone.service[43863]: DEBUG keystone.server.flask.request_processing.middleware.auth_context [None req-0994607b-d228-4676-ab52-c66ae8b5893b None admin] Authenticating user token {{(pid=43863) process_request /usr/local/lib/python3.10/dist-packages/keystonemiddleware/auth_token/__init__.py:406}}
Aug 01 18:11:48 user devstack@keystone.service[43864]: DEBUG keystone.server.flask.request_processing.middleware.auth_context [None req-823fe4e8-cbb8-4f1b-a8b2-4f470ae926ff None admin] RBAC: auth_context: {'token': , 'domain_id': None, 'trust_id': None, 'trustor_id': None, 'trustee_id': None, 'domain_name': None, 'group_ids': [], 'user_id': 'f1b2b6f0b3424eec8f30b6a86b88c031', 'user_domain_id': 'default', 'system_scope': 'all', 'project_id': None, 'project_domain_id': None, 'roles': ['admin', 'member', 'reader'], 'is_admin_project': True, 'service_user_id': None, 'service_user_domain_id': None, 'service_project_id': None, 'service_project_domain_id': None, 'service_roles': []} {{(pid=43864) fill_context /opt/stack/keystone/keystone/server/flask/request_processing/middleware/auth_context.py:480}}
Aug 01 18:11:48 user devstack@keystone.service[43864]: DEBUG keystone.server.flask.request_processing.req_logging [None req-823fe4e8-cbb8-4f1b-a8b2-4f470ae926ff None admin] REQUEST_METHOD: `GET` {{(pid=43864) log_request_info /opt/stack/keystone/keystone/server/flask/request_processing/req_logging.py:27}}
Aug 01 18:11:48 user devstack@keystone.service[43864]: DEBUG keystone.server.flask.request_processing.req_logging [None req-823fe4e8-cbb8-4f1b-a8b2-4f470ae926ff None admin] SCRIPT_NAME: `/identity` {{(pid=43864) log_request_info /opt/stack/keystone/keystone/server/flask/request_processing/req_logging.py:28}}
Aug 01 18:11:48 user devstack@keystone.service[43864]: DEBUG keystone.server.flask.request_processing.req_logging [None req-823fe4e8-cbb8-4f1b-a8b2-4f470ae926ff None admin] PATH_INFO: `/v3/auth/tokens` {{(pid=43864) log_request_info /opt/stack/keystone/keystone/server/flask/request_processing/req_logging.py:29}}
Aug 01 18:11:49 user devstack@keystone.service[43862]: DEBUG keystone.server.flask.request_processing.middleware.auth_context [None req-1da21ba4-9fa2-4095-9556-4854b99299b2 None admin] Validating token access rules against request {{(pid=43862) validate_allowed_request /usr/local/lib/python3.10/dist-packages/keystonemiddleware/auth_token/__init__.py:544}}
Aug 01 18:11:49 user devstack@keystone.service[43863]: DEBUG keystone.server.flask.request_processing.middleware.auth_context [None req-0994607b-d228-4676-ab52-c66ae8b5893b None admin] Validating token access rules against request {{(pid=43863) validate_allowed_request /usr/local/lib/python3.10/dist-packages/keystonemiddleware/auth_token/__init__.py:544}}
Aug 01 18:11:49 user devstack@keystone.service[43864]: DEBUG keystone.common.rbac_enforcer.enforcer [None req-823fe4e8-cbb8-4f1b-a8b2-4f470ae926ff None admin] RBAC: Authorizing `identity:validate_token()` {{(pid=43864) enforce_call /opt/stack/keystone/keystone/common/rbac_enforcer/enforcer.py:449}}
Aug 01 18:11:49 user devstack@keystone.service[43864]: DEBUG keystone.common.rbac_enforcer.enforcer [None req-823fe4e8-cbb8-4f1b-a8b2-4f470ae926ff None admin] RBAC: Authorization granted {{(pid=43864) enforce_call /opt/stack/keystone/keystone/common/rbac_enforcer/enforcer.py:457}}
Aug 01 18:11:49 user devstack@keystone.service[43862]: DEBUG keystone.server.flask.request_processing.middleware.auth_context [None req-b040d63e-aa7b-4c78-b767-8958a0ecab62 None admin] RBAC: auth_context: {'token': , 'domain_id': None, 'trust_id': None, 'trustor_id': None, 'trustee_id': None, 'domain_name': None, 'group_ids': [], 'user_id': 'f1b2b6f0b3424eec8f30b6a86b88c031', 'user_domain_id': 'default', 'system_scope': 'all', 'project_id': None, 'project_domain_id': None, 'roles': ['admin', 'member', 'reader'], 'is_admin_project': True, 'service_user_id': None, 'service_user_domain_id': None, 'service_project_id': None, 'service_project_domain_id': None, 'service_roles': []} {{(pid=43862) fill_context /opt/stack/keystone/keystone/server/flask/request_processing/middleware/auth_context.py:480}}
Aug 01 18:11:49 user devstack@keystone.service[43862]: DEBUG keystone.server.flask.request_processing.req_logging [None req-b040d63e-aa7b-4c78-b767-8958a0ecab62 None admin] REQUEST_METHOD: `GET` {{(pid=43862) log_request_info /opt/stack/keystone/keystone/server/flask/request_processing/req_logging.py:27}}
Aug 01 18:11:49 user devstack@keystone.service[43862]: DEBUG keystone.server.flask.request_processing.req_logging [None req-b040d63e-aa7b-4c78-b767-8958a0ecab62 None admin] SCRIPT_NAME: `/identity` {{(pid=43862) log_request_info /opt/stack/keystone/keystone/server/flask/request_processing/req_logging.py:28}}
Aug 01 18:11:49 user devstack@keystone.service[43862]: DEBUG keystone.server.flask.request_processing.req_logging [None req-b040d63e-aa7b-4c78-b767-8958a0ecab62 None admin] PATH_INFO: `/v3/auth/tokens` {{(pid=43862) log_request_info /opt/stack/keystone/keystone/server/flask/request_processing/req_logging.py:29}}
Aug 01 18:11:49 user devstack@keystone.service[43863]: DEBUG keystone.server.flask.request_processing.middleware.auth_context [None req-3120b69c-b350-4f45-94a8-d9b1af9a9fac None admin] RBAC: auth_context: {'token': , 'domain_id': None, 'trust_id': None, 'trustor_id': None, 'trustee_id': None, 'domain_name': None, 'group_ids': [], 'user_id': 'f1b2b6f0b3424eec8f30b6a86b88c031', 'user_domain_id': 'default', 'system_scope': 'all', 'project_id': None, 'project_domain_id': None, 'roles': ['admin', 'member', 'reader'], 'is_admin_project': True, 'service_user_id': None, 'service_user_domain_id': None, 'service_project_id': None, 'service_project_domain_id': None, 'service_roles': []} {{(pid=43863) fill_context /opt/stack/keystone/keystone/server/flask/request_processing/middleware/auth_context.py:480}}
Aug 01 18:11:49 user devstack@keystone.service[43863]: DEBUG keystone.server.flask.request_processing.req_logging [None req-3120b69c-b350-4f45-94a8-d9b1af9a9fac None admin] REQUEST_METHOD: `PUT` {{(pid=43863) log_request_info /opt/stack/keystone/keystone/server/flask/request_processing/req_logging.py:27}}
Aug 01 18:11:49 user devstack@keystone.service[43863]: DEBUG keystone.server.flask.request_processing.req_logging [None req-3120b69c-b350-4f45-94a8-d9b1af9a9fac None admin] SCRIPT_NAME: `/identity` {{(pid=43863) log_request_info /opt/stack/keystone/keystone/server/flask/request_processing/req_logging.py:28}}
Aug 01 18:11:49 user devstack@keystone.service[43863]: DEBUG keystone.server.flask.request_processing.req_logging [None req-3120b69c-b350-4f45-94a8-d9b1af9a9fac None admin] PATH_INFO: `/v3/projects/9524866f3ec948eea4f44e5080521c57/users/54abfdd802e8461d80a6ff6b7ec14449/roles/4fc3b351126a4cb188ba0a350b60dbfc` {{(pid=43863) log_request_info /opt/stack/keystone/keystone/server/flask/request_processing/req_logging.py:29}}
Aug 01 18:11:49 user devstack@keystone.service[43863]: DEBUG keystone.common.rbac_enforcer.enforcer [None req-3120b69c-b350-4f45-94a8-d9b1af9a9fac None admin] RBAC: Authorizing `identity:create_grant(project_id=9524866f3ec948eea4f44e5080521c57, user_id=54abfdd802e8461d80a6ff6b7ec14449, role_id=4fc3b351126a4cb188ba0a350b60dbfc)` {{(pid=43863) enforce_call /opt/stack/keystone/keystone/common/rbac_enforcer/enforcer.py:449}}
Aug 01 18:11:49 user devstack@keystone.service[43863]: DEBUG keystone.common.rbac_enforcer.enforcer [None req-3120b69c-b350-4f45-94a8-d9b1af9a9fac None admin] RBAC: Authorization granted {{(pid=43863) enforce_call /opt/stack/keystone/keystone/common/rbac_enforcer/enforcer.py:457}}
Aug 01 18:11:49 user devstack@keystone.service[43863]: [pid: 43863|app: 0|req: 42/116] 10.0.0.210 () {58 vars in 1434 bytes} [Tue Aug 1 18:11:48 2023] PUT /identity/v3/projects/9524866f3ec948eea4f44e5080521c57/users/54abfdd802e8461d80a6ff6b7ec14449/roles/4fc3b351126a4cb188ba0a350b60dbfc => generated 0 bytes in 128 msecs (HTTP/1.1 204) 3 headers in 132 bytes (0 switches on core 0)
Aug 01 18:11:49 user devstack@keystone.service[43863]: DEBUG keystone.server.flask.request_processing.middleware.auth_context [None req-3120b69c-b350-4f45-94a8-d9b1af9a9fac None admin] Authenticating user token {{(pid=43863) process_request /usr/local/lib/python3.10/dist-packages/keystonemiddleware/auth_token/__init__.py:406}}
Aug 01 18:11:49 user devstack@keystone.service[43862]: DEBUG keystone.common.rbac_enforcer.enforcer [None req-b040d63e-aa7b-4c78-b767-8958a0ecab62 None admin] RBAC: Authorizing `identity:validate_token()` {{(pid=43862) enforce_call /opt/stack/keystone/keystone/common/rbac_enforcer/enforcer.py:449}}
Aug 01 18:11:49 user devstack@keystone.service[43862]: DEBUG keystone.common.rbac_enforcer.enforcer [None req-b040d63e-aa7b-4c78-b767-8958a0ecab62 None admin] RBAC: Authorization granted {{(pid=43862) enforce_call /opt/stack/keystone/keystone/common/rbac_enforcer/enforcer.py:457}}
Aug 01 18:11:49 user devstack@keystone.service[43864]: [pid: 43864|app: 0|req: 37/117] 10.0.0.210 () {58 vars in 1277 bytes} [Tue Aug 1 18:11:48 2023] GET /identity/v3/auth/tokens => generated 798 bytes in 270 msecs (HTTP/1.1 200) 6 headers in 358 bytes (1 switches on core 0)
Aug 01 18:11:49 user devstack@keystone.service[43864]: DEBUG keystone.server.flask.request_processing.middleware.auth_context [None req-823fe4e8-cbb8-4f1b-a8b2-4f470ae926ff None admin] Authenticating user token {{(pid=43864) process_request /usr/local/lib/python3.10/dist-packages/keystonemiddleware/auth_token/__init__.py:406}}
Aug 01 18:11:49 user devstack@keystone.service[43863]: DEBUG keystone.server.flask.request_processing.middleware.auth_context [None req-3120b69c-b350-4f45-94a8-d9b1af9a9fac None admin] Validating token access rules against request {{(pid=43863) validate_allowed_request /usr/local/lib/python3.10/dist-packages/keystonemiddleware/auth_token/__init__.py:544}}
Aug 01 18:11:49 user devstack@keystone.service[43863]: DEBUG keystone.server.flask.request_processing.middleware.auth_context [None req-716f1ac5-c39a-445f-b3a6-9fcdb07289a8 None admin] RBAC: auth_context: {'token': , 'domain_id': None, 'trust_id': None, 'trustor_id': None, 'trustee_id': None, 'domain_name': None, 'group_ids': [], 'user_id': 'f1b2b6f0b3424eec8f30b6a86b88c031', 'user_domain_id': 'default', 'system_scope': 'all', 'project_id': None, 'project_domain_id': None, 'roles': ['admin', 'member', 'reader'], 'is_admin_project': True, 'service_user_id': None, 'service_user_domain_id': None, 'service_project_id': None, 'service_project_domain_id': None, 'service_roles': []} {{(pid=43863) fill_context /opt/stack/keystone/keystone/server/flask/request_processing/middleware/auth_context.py:480}}
Aug 01 18:11:49 user devstack@keystone.service[43863]: DEBUG keystone.server.flask.request_processing.req_logging [None req-716f1ac5-c39a-445f-b3a6-9fcdb07289a8 None admin] REQUEST_METHOD: `GET` {{(pid=43863) log_request_info /opt/stack/keystone/keystone/server/flask/request_processing/req_logging.py:27}}
Aug 01 18:11:49 user devstack@keystone.service[43863]: DEBUG keystone.server.flask.request_processing.req_logging [None req-716f1ac5-c39a-445f-b3a6-9fcdb07289a8 None admin] SCRIPT_NAME: `/identity` {{(pid=43863) log_request_info /opt/stack/keystone/keystone/server/flask/request_processing/req_logging.py:28}}
Aug 01 18:11:49 user devstack@keystone.service[43863]: DEBUG keystone.server.flask.request_processing.req_logging [None req-716f1ac5-c39a-445f-b3a6-9fcdb07289a8 None admin] PATH_INFO: `/v3/roles` {{(pid=43863) log_request_info /opt/stack/keystone/keystone/server/flask/request_processing/req_logging.py:29}}
Aug 01 18:11:49 user devstack@keystone.service[43863]: DEBUG keystone.common.rbac_enforcer.enforcer [None req-716f1ac5-c39a-445f-b3a6-9fcdb07289a8 None admin] RBAC: Adding query filter params (name=member) {{(pid=43863) _extract_filter_values /opt/stack/keystone/keystone/common/rbac_enforcer/enforcer.py:167}}
Aug 01 18:11:49 user devstack@keystone.service[43863]: DEBUG keystone.common.rbac_enforcer.enforcer [None req-716f1ac5-c39a-445f-b3a6-9fcdb07289a8 None admin] RBAC: Authorizing `identity:list_roles()` {{(pid=43863) enforce_call /opt/stack/keystone/keystone/common/rbac_enforcer/enforcer.py:449}}
Aug 01 18:11:49 user devstack@keystone.service[43863]: DEBUG keystone.common.rbac_enforcer.enforcer [None req-716f1ac5-c39a-445f-b3a6-9fcdb07289a8 None admin] RBAC: Authorization granted {{(pid=43863) enforce_call /opt/stack/keystone/keystone/common/rbac_enforcer/enforcer.py:457}}
Aug 01 18:11:49 user devstack@keystone.service[43863]: [pid: 43863|app: 0|req: 43/118] 10.0.0.210 () {56 vars in 1096 bytes} [Tue Aug 1 18:11:49 2023] GET /identity/v3/roles?name=member => generated 339 bytes in 126 msecs (HTTP/1.1 200) 5 headers in 177 bytes (1 switches on core 0)
Aug 01 18:11:49 user devstack@keystone.service[43863]: DEBUG keystone.server.flask.request_processing.middleware.auth_context [None req-716f1ac5-c39a-445f-b3a6-9fcdb07289a8 None admin] Authenticating user token {{(pid=43863) process_request /usr/local/lib/python3.10/dist-packages/keystonemiddleware/auth_token/__init__.py:406}}
Aug 01 18:11:49 user devstack@keystone.service[43862]: [pid: 43862|app: 0|req: 39/119] 10.0.0.210 () {58 vars in 1277 bytes} [Tue Aug 1 18:11:48 2023] GET /identity/v3/auth/tokens => generated 798 bytes in 278 msecs (HTTP/1.1 200) 6 headers in 358 bytes (1 switches on core 0)
Aug 01 18:11:49 user devstack@keystone.service[43864]: DEBUG keystone.server.flask.request_processing.middleware.auth_context [None req-823fe4e8-cbb8-4f1b-a8b2-4f470ae926ff None admin] Validating token access rules against request {{(pid=43864) validate_allowed_request /usr/local/lib/python3.10/dist-packages/keystonemiddleware/auth_token/__init__.py:544}}
Aug 01 18:11:49 user devstack@keystone.service[43862]: DEBUG keystone.server.flask.request_processing.middleware.auth_context [None req-b040d63e-aa7b-4c78-b767-8958a0ecab62 None admin] Authenticating user token {{(pid=43862) process_request /usr/local/lib/python3.10/dist-packages/keystonemiddleware/auth_token/__init__.py:406}}
Aug 01 18:11:49 user devstack@keystone.service[43864]: DEBUG keystone.server.flask.request_processing.middleware.auth_context [None req-0f8daebf-15cb-4ed3-80f9-5bbe5a196f99 None admin] RBAC: auth_context: {'token': , 'domain_id': None, 'trust_id': None, 'trustor_id': None, 'trustee_id': None, 'domain_name': None, 'group_ids': [], 'user_id': 'f1b2b6f0b3424eec8f30b6a86b88c031', 'user_domain_id': 'default', 'system_scope': 'all', 'project_id': None, 'project_domain_id': None, 'roles': ['admin', 'member', 'reader'], 'is_admin_project': True, 'service_user_id': None, 'service_user_domain_id': None, 'service_project_id': None, 'service_project_domain_id': None, 'service_roles': []} {{(pid=43864) fill_context /opt/stack/keystone/keystone/server/flask/request_processing/middleware/auth_context.py:480}}
Aug 01 18:11:49 user devstack@keystone.service[43864]: DEBUG keystone.server.flask.request_processing.req_logging [None req-0f8daebf-15cb-4ed3-80f9-5bbe5a196f99 None admin] REQUEST_METHOD: `GET` {{(pid=43864) log_request_info /opt/stack/keystone/keystone/server/flask/request_processing/req_logging.py:27}}
Aug 01 18:11:49 user devstack@keystone.service[43864]: DEBUG keystone.server.flask.request_processing.req_logging [None req-0f8daebf-15cb-4ed3-80f9-5bbe5a196f99 None admin] SCRIPT_NAME: `/identity` {{(pid=43864) log_request_info /opt/stack/keystone/keystone/server/flask/request_processing/req_logging.py:28}}
Aug 01 18:11:49 user devstack@keystone.service[43864]: DEBUG keystone.server.flask.request_processing.req_logging [None req-0f8daebf-15cb-4ed3-80f9-5bbe5a196f99 None admin] PATH_INFO: `/v3/projects/9524866f3ec948eea4f44e5080521c57` {{(pid=43864) log_request_info /opt/stack/keystone/keystone/server/flask/request_processing/req_logging.py:29}}
Aug 01 18:11:49 user devstack@keystone.service[43864]: DEBUG keystone.common.rbac_enforcer.enforcer [None req-0f8daebf-15cb-4ed3-80f9-5bbe5a196f99 None admin] RBAC: Authorizing `identity:get_project(project_id=9524866f3ec948eea4f44e5080521c57)` {{(pid=43864) enforce_call /opt/stack/keystone/keystone/common/rbac_enforcer/enforcer.py:449}}
Aug 01 18:11:49 user devstack@keystone.service[43864]: DEBUG keystone.common.rbac_enforcer.enforcer [None req-0f8daebf-15cb-4ed3-80f9-5bbe5a196f99 None admin] RBAC: Authorization granted {{(pid=43864) enforce_call /opt/stack/keystone/keystone/common/rbac_enforcer/enforcer.py:457}}
Aug 01 18:11:49 user devstack@keystone.service[43864]: [pid: 43864|app: 0|req: 38/120] 10.0.0.210 () {56 vars in 1181 bytes} [Tue Aug 1 18:11:49 2023] GET /identity/v3/projects/9524866f3ec948eea4f44e5080521c57 => generated 297 bytes in 123 msecs (HTTP/1.1 200) 5 headers in 177 bytes (1 switches on core 0)
Aug 01 18:11:49 user devstack@keystone.service[43864]: DEBUG keystone.server.flask.request_processing.middleware.auth_context [None req-0f8daebf-15cb-4ed3-80f9-5bbe5a196f99 None admin] Authenticating user token {{(pid=43864) process_request /usr/local/lib/python3.10/dist-packages/keystonemiddleware/auth_token/__init__.py:406}}
Aug 01 18:11:49 user devstack@keystone.service[43863]: DEBUG keystone.server.flask.request_processing.middleware.auth_context [None req-716f1ac5-c39a-445f-b3a6-9fcdb07289a8 None admin] Validating token access rules against request {{(pid=43863) validate_allowed_request /usr/local/lib/python3.10/dist-packages/keystonemiddleware/auth_token/__init__.py:544}}
Aug 01 18:11:49 user devstack@keystone.service[43862]: DEBUG keystone.server.flask.request_processing.middleware.auth_context [None req-b040d63e-aa7b-4c78-b767-8958a0ecab62 None admin] Validating token access rules against request {{(pid=43862) validate_allowed_request /usr/local/lib/python3.10/dist-packages/keystonemiddleware/auth_token/__init__.py:544}}
Aug 01 18:11:49 user devstack@keystone.service[43863]: DEBUG keystone.server.flask.request_processing.middleware.auth_context [None req-f700b25a-1c37-4064-89b5-693b790e4199 None admin] RBAC: auth_context: {'token': , 'domain_id': None, 'trust_id': None, 'trustor_id': None, 'trustee_id': None, 'domain_name': None, 'group_ids': [], 'user_id': 'f1b2b6f0b3424eec8f30b6a86b88c031', 'user_domain_id': 'default', 'system_scope': 'all', 'project_id': None, 'project_domain_id': None, 'roles': ['admin', 'member', 'reader'], 'is_admin_project': True, 'service_user_id': None, 'service_user_domain_id': None, 'service_project_id': None, 'service_project_domain_id': None, 'service_roles': []} {{(pid=43863) fill_context /opt/stack/keystone/keystone/server/flask/request_processing/middleware/auth_context.py:480}}
Aug 01 18:11:49 user devstack@keystone.service[43863]: DEBUG keystone.server.flask.request_processing.req_logging [None req-f700b25a-1c37-4064-89b5-693b790e4199 None admin] REQUEST_METHOD: `GET` {{(pid=43863) log_request_info /opt/stack/keystone/keystone/server/flask/request_processing/req_logging.py:27}}
Aug 01 18:11:49 user devstack@keystone.service[43863]: DEBUG keystone.server.flask.request_processing.req_logging [None req-f700b25a-1c37-4064-89b5-693b790e4199 None admin] SCRIPT_NAME: `/identity` {{(pid=43863) log_request_info /opt/stack/keystone/keystone/server/flask/request_processing/req_logging.py:28}}
Aug 01 18:11:49 user devstack@keystone.service[43862]: DEBUG keystone.server.flask.request_processing.middleware.auth_context [None req-caa445e2-3596-4f94-9644-cab63e794ad8 None admin] RBAC: auth_context: {'token': , 'domain_id': None, 'trust_id': None, 'trustor_id': None, 'trustee_id': None, 'domain_name': None, 'group_ids': [], 'user_id': 'f1b2b6f0b3424eec8f30b6a86b88c031', 'user_domain_id': 'default', 'system_scope': 'all', 'project_id': None, 'project_domain_id': None, 'roles': ['admin', 'member', 'reader'], 'is_admin_project': True, 'service_user_id': None, 'service_user_domain_id': None, 'service_project_id': None, 'service_project_domain_id': None, 'service_roles': []} {{(pid=43862) fill_context /opt/stack/keystone/keystone/server/flask/request_processing/middleware/auth_context.py:480}}
Aug 01 18:11:49 user devstack@keystone.service[43863]: DEBUG keystone.server.flask.request_processing.req_logging [None req-f700b25a-1c37-4064-89b5-693b790e4199 None admin] PATH_INFO: `/v3/projects/9524866f3ec948eea4f44e5080521c57` {{(pid=43863) log_request_info /opt/stack/keystone/keystone/server/flask/request_processing/req_logging.py:29}}
Aug 01 18:11:49 user devstack@keystone.service[43862]: DEBUG keystone.server.flask.request_processing.req_logging [None req-caa445e2-3596-4f94-9644-cab63e794ad8 None admin] REQUEST_METHOD: `GET` {{(pid=43862) log_request_info /opt/stack/keystone/keystone/server/flask/request_processing/req_logging.py:27}}
Aug 01 18:11:49 user devstack@keystone.service[43862]: DEBUG keystone.server.flask.request_processing.req_logging [None req-caa445e2-3596-4f94-9644-cab63e794ad8 None admin] SCRIPT_NAME: `/identity` {{(pid=43862) log_request_info /opt/stack/keystone/keystone/server/flask/request_processing/req_logging.py:28}}
Aug 01 18:11:49 user devstack@keystone.service[43863]: DEBUG keystone.common.rbac_enforcer.enforcer [None req-f700b25a-1c37-4064-89b5-693b790e4199 None admin] RBAC: Authorizing `identity:get_project(project_id=9524866f3ec948eea4f44e5080521c57)` {{(pid=43863) enforce_call /opt/stack/keystone/keystone/common/rbac_enforcer/enforcer.py:449}}
Aug 01 18:11:49 user devstack@keystone.service[43862]: DEBUG keystone.server.flask.request_processing.req_logging [None req-caa445e2-3596-4f94-9644-cab63e794ad8 None admin] PATH_INFO: `/v3/users/5d6bfab529804215874c49fc6f8f3f32` {{(pid=43862) log_request_info /opt/stack/keystone/keystone/server/flask/request_processing/req_logging.py:29}}
Aug 01 18:11:49 user devstack@keystone.service[43862]: DEBUG keystone.common.rbac_enforcer.enforcer [None req-caa445e2-3596-4f94-9644-cab63e794ad8 None admin] RBAC: Authorizing `identity:get_user(user_id=5d6bfab529804215874c49fc6f8f3f32)` {{(pid=43862) enforce_call /opt/stack/keystone/keystone/common/rbac_enforcer/enforcer.py:449}}
Aug 01 18:11:49 user devstack@keystone.service[43863]: DEBUG keystone.common.rbac_enforcer.enforcer [None req-f700b25a-1c37-4064-89b5-693b790e4199 None admin] RBAC: Authorization granted {{(pid=43863) enforce_call /opt/stack/keystone/keystone/common/rbac_enforcer/enforcer.py:457}}
Aug 01 18:11:49 user devstack@keystone.service[43862]: DEBUG keystone.common.rbac_enforcer.enforcer [None req-caa445e2-3596-4f94-9644-cab63e794ad8 None admin] RBAC: Authorization granted {{(pid=43862) enforce_call /opt/stack/keystone/keystone/common/rbac_enforcer/enforcer.py:457}}
Aug 01 18:11:49 user devstack@keystone.service[43863]: [pid: 43863|app: 0|req: 44/121] 10.0.0.210 () {56 vars in 1181 bytes} [Tue Aug 1 18:11:49 2023] GET /identity/v3/projects/9524866f3ec948eea4f44e5080521c57 => generated 297 bytes in 139 msecs (HTTP/1.1 200) 5 headers in 177 bytes (1 switches on core 0)
Aug 01 18:11:49 user devstack@keystone.service[43863]: DEBUG keystone.server.flask.request_processing.middleware.auth_context [None req-f700b25a-1c37-4064-89b5-693b790e4199 None admin] Authenticating user token {{(pid=43863) process_request /usr/local/lib/python3.10/dist-packages/keystonemiddleware/auth_token/__init__.py:406}}
Aug 01 18:11:49 user devstack@keystone.service[43862]: [pid: 43862|app: 0|req: 40/122] 10.0.0.210 () {56 vars in 1172 bytes} [Tue Aug 1 18:11:49 2023] GET /identity/v3/users/5d6bfab529804215874c49fc6f8f3f32 => generated 274 bytes in 132 msecs (HTTP/1.1 200) 5 headers in 177 bytes (1 switches on core 0)
Aug 01 18:11:49 user devstack@keystone.service[43862]: DEBUG keystone.server.flask.request_processing.middleware.auth_context [None req-caa445e2-3596-4f94-9644-cab63e794ad8 None admin] Authenticating user token {{(pid=43862) process_request /usr/local/lib/python3.10/dist-packages/keystonemiddleware/auth_token/__init__.py:406}}
Aug 01 18:11:49 user devstack@keystone.service[43864]: DEBUG keystone.server.flask.request_processing.middleware.auth_context [None req-0f8daebf-15cb-4ed3-80f9-5bbe5a196f99 None admin] Validating token access rules against request {{(pid=43864) validate_allowed_request /usr/local/lib/python3.10/dist-packages/keystonemiddleware/auth_token/__init__.py:544}}
Aug 01 18:11:49 user devstack@keystone.service[43864]: DEBUG keystone.server.flask.request_processing.middleware.auth_context [None req-a1ca7ebb-7d7e-48f2-9ea1-c655bc4fc616 None admin] RBAC: auth_context: {'token': , 'domain_id': None, 'trust_id': None, 'trustor_id': None, 'trustee_id': None, 'domain_name': None, 'group_ids': [], 'user_id': 'f1b2b6f0b3424eec8f30b6a86b88c031', 'user_domain_id': 'default', 'system_scope': 'all', 'project_id': None, 'project_domain_id': None, 'roles': ['admin', 'member', 'reader'], 'is_admin_project': True, 'service_user_id': None, 'service_user_domain_id': None, 'service_project_id': None, 'service_project_domain_id': None, 'service_roles': []} {{(pid=43864) fill_context /opt/stack/keystone/keystone/server/flask/request_processing/middleware/auth_context.py:480}}
Aug 01 18:11:49 user devstack@keystone.service[43864]: DEBUG keystone.server.flask.request_processing.req_logging [None req-a1ca7ebb-7d7e-48f2-9ea1-c655bc4fc616 None admin] REQUEST_METHOD: `GET` {{(pid=43864) log_request_info /opt/stack/keystone/keystone/server/flask/request_processing/req_logging.py:27}}
Aug 01 18:11:49 user devstack@keystone.service[43864]: DEBUG keystone.server.flask.request_processing.req_logging [None req-a1ca7ebb-7d7e-48f2-9ea1-c655bc4fc616 None admin] SCRIPT_NAME: `/identity` {{(pid=43864) log_request_info /opt/stack/keystone/keystone/server/flask/request_processing/req_logging.py:28}}
Aug 01 18:11:49 user devstack@keystone.service[43864]: DEBUG keystone.server.flask.request_processing.req_logging [None req-a1ca7ebb-7d7e-48f2-9ea1-c655bc4fc616 None admin] PATH_INFO: `/v3/projects/9524866f3ec948eea4f44e5080521c57` {{(pid=43864) log_request_info /opt/stack/keystone/keystone/server/flask/request_processing/req_logging.py:29}}
Aug 01 18:11:49 user devstack@keystone.service[43864]: DEBUG keystone.common.rbac_enforcer.enforcer [None req-a1ca7ebb-7d7e-48f2-9ea1-c655bc4fc616 None admin] RBAC: Authorizing `identity:get_project(project_id=9524866f3ec948eea4f44e5080521c57)` {{(pid=43864) enforce_call /opt/stack/keystone/keystone/common/rbac_enforcer/enforcer.py:449}}
Aug 01 18:11:49 user devstack@keystone.service[43864]: DEBUG keystone.common.rbac_enforcer.enforcer [None req-a1ca7ebb-7d7e-48f2-9ea1-c655bc4fc616 None admin] RBAC: Authorization granted {{(pid=43864) enforce_call /opt/stack/keystone/keystone/common/rbac_enforcer/enforcer.py:457}}
Aug 01 18:11:49 user devstack@keystone.service[43864]: [pid: 43864|app: 0|req: 39/123] 10.0.0.210 () {56 vars in 1181 bytes} [Tue Aug 1 18:11:49 2023] GET /identity/v3/projects/9524866f3ec948eea4f44e5080521c57 => generated 297 bytes in 136 msecs (HTTP/1.1 200) 5 headers in 177 bytes (1 switches on core 0)
Aug 01 18:11:49 user devstack@keystone.service[43864]: DEBUG keystone.server.flask.request_processing.middleware.auth_context [None req-a1ca7ebb-7d7e-48f2-9ea1-c655bc4fc616 None admin] Authenticating user token {{(pid=43864) process_request /usr/local/lib/python3.10/dist-packages/keystonemiddleware/auth_token/__init__.py:406}}
Aug 01 18:11:49 user devstack@keystone.service[43863]: DEBUG keystone.server.flask.request_processing.middleware.auth_context [None req-f700b25a-1c37-4064-89b5-693b790e4199 None admin] Validating token access rules against request {{(pid=43863) validate_allowed_request /usr/local/lib/python3.10/dist-packages/keystonemiddleware/auth_token/__init__.py:544}}
Aug 01 18:11:49 user devstack@keystone.service[43862]: DEBUG keystone.server.flask.request_processing.middleware.auth_context [None req-caa445e2-3596-4f94-9644-cab63e794ad8 None admin] Validating token access rules against request {{(pid=43862) validate_allowed_request /usr/local/lib/python3.10/dist-packages/keystonemiddleware/auth_token/__init__.py:544}}
Aug 01 18:11:49 user devstack@keystone.service[43863]: DEBUG keystone.server.flask.request_processing.middleware.auth_context [None req-48a05eec-039c-4822-9971-a3a894a8599b None admin] RBAC: auth_context: {'token': , 'domain_id': None, 'trust_id': None, 'trustor_id': None, 'trustee_id': None, 'domain_name': None, 'group_ids': [], 'user_id': 'f1b2b6f0b3424eec8f30b6a86b88c031', 'user_domain_id': 'default', 'system_scope': 'all', 'project_id': None, 'project_domain_id': None, 'roles': ['admin', 'member', 'reader'], 'is_admin_project': True, 'service_user_id': None, 'service_user_domain_id': None, 'service_project_id': None, 'service_project_domain_id': None, 'service_roles': []} {{(pid=43863) fill_context /opt/stack/keystone/keystone/server/flask/request_processing/middleware/auth_context.py:480}}
Aug 01 18:11:49 user devstack@keystone.service[43863]: DEBUG keystone.server.flask.request_processing.req_logging [None req-48a05eec-039c-4822-9971-a3a894a8599b None admin] REQUEST_METHOD: `GET` {{(pid=43863) log_request_info /opt/stack/keystone/keystone/server/flask/request_processing/req_logging.py:27}}
Aug 01 18:11:49 user devstack@keystone.service[43863]: DEBUG keystone.server.flask.request_processing.req_logging [None req-48a05eec-039c-4822-9971-a3a894a8599b None admin] SCRIPT_NAME: `/identity` {{(pid=43863) log_request_info /opt/stack/keystone/keystone/server/flask/request_processing/req_logging.py:28}}
Aug 01 18:11:49 user devstack@keystone.service[43863]: DEBUG keystone.server.flask.request_processing.req_logging [None req-48a05eec-039c-4822-9971-a3a894a8599b None admin] PATH_INFO: `/v3/role_assignments` {{(pid=43863) log_request_info /opt/stack/keystone/keystone/server/flask/request_processing/req_logging.py:29}}
Aug 01 18:11:49 user devstack@keystone.service[43863]: DEBUG keystone.common.rbac_enforcer.enforcer [None req-48a05eec-039c-4822-9971-a3a894a8599b None admin] RBAC: Adding query filter params (role.id=1e6ee813d0df46ed87e3a045457e3a98, scope.project.id=9524866f3ec948eea4f44e5080521c57, user.id=f1b2b6f0b3424eec8f30b6a86b88c031) {{(pid=43863) _extract_filter_values /opt/stack/keystone/keystone/common/rbac_enforcer/enforcer.py:167}}
Aug 01 18:11:49 user devstack@keystone.service[43863]: DEBUG keystone.common.rbac_enforcer.enforcer [None req-48a05eec-039c-4822-9971-a3a894a8599b None admin] RBAC: Authorizing `identity:list_role_assignments()` {{(pid=43863) enforce_call /opt/stack/keystone/keystone/common/rbac_enforcer/enforcer.py:449}}
