Aug 01 21:09:40 user devstack@keystone.service[43874]: DEBUG keystone.server.flask.request_processing.middleware.auth_context [None req-04231450-b592-4a92-bcaf-a8540da26ad0 None admin] RBAC: auth_context: {'token': , 'domain_id': None, 'trust_id': None, 'trustor_id': None, 'trustee_id': None, 'domain_name': None, 'group_ids': [], 'user_id': 'cb2dbebf2dff4f71b825e5b37f3713cb', 'user_domain_id': 'default', 'system_scope': 'all', 'project_id': None, 'project_domain_id': None, 'roles': ['admin', 'member', 'reader'], 'is_admin_project': True, 'service_user_id': None, 'service_user_domain_id': None, 'service_project_id': None, 'service_project_domain_id': None, 'service_roles': []} {{(pid=43874) fill_context /opt/stack/keystone/keystone/server/flask/request_processing/middleware/auth_context.py:480}}
Aug 01 21:09:40 user devstack@keystone.service[43874]: DEBUG keystone.server.flask.request_processing.req_logging [None req-04231450-b592-4a92-bcaf-a8540da26ad0 None admin] REQUEST_METHOD: `GET` {{(pid=43874) log_request_info /opt/stack/keystone/keystone/server/flask/request_processing/req_logging.py:27}}
Aug 01 21:09:40 user devstack@keystone.service[43874]: DEBUG keystone.server.flask.request_processing.req_logging [None req-04231450-b592-4a92-bcaf-a8540da26ad0 None admin] SCRIPT_NAME: `/identity` {{(pid=43874) log_request_info /opt/stack/keystone/keystone/server/flask/request_processing/req_logging.py:28}}
Aug 01 21:09:40 user devstack@keystone.service[43874]: DEBUG keystone.server.flask.request_processing.req_logging [None req-04231450-b592-4a92-bcaf-a8540da26ad0 None admin] PATH_INFO: `/v3/users/c181858bad3d495f9a3018636874c3b2` {{(pid=43874) log_request_info /opt/stack/keystone/keystone/server/flask/request_processing/req_logging.py:29}}
Aug 01 21:09:40 user devstack@keystone.service[43875]: DEBUG keystone.server.flask.request_processing.middleware.auth_context [None req-ad95c4b0-8791-42e0-9e8c-206bd5875745 None admin] RBAC: auth_context: {'token': , 'domain_id': None, 'trust_id': None, 'trustor_id': None, 'trustee_id': None, 'domain_name': None, 'group_ids': [], 'user_id': 'cb2dbebf2dff4f71b825e5b37f3713cb', 'user_domain_id': 'default', 'system_scope': 'all', 'project_id': None, 'project_domain_id': None, 'roles': ['admin', 'member', 'reader'], 'is_admin_project': True, 'service_user_id': None, 'service_user_domain_id': None, 'service_project_id': None, 'service_project_domain_id': None, 'service_roles': []} {{(pid=43875) fill_context /opt/stack/keystone/keystone/server/flask/request_processing/middleware/auth_context.py:480}}
Aug 01 21:09:40 user devstack@keystone.service[43875]: DEBUG keystone.server.flask.request_processing.req_logging [None req-ad95c4b0-8791-42e0-9e8c-206bd5875745 None admin] REQUEST_METHOD: `GET` {{(pid=43875) log_request_info /opt/stack/keystone/keystone/server/flask/request_processing/req_logging.py:27}}
Aug 01 21:09:40 user devstack@keystone.service[43875]: DEBUG keystone.server.flask.request_processing.req_logging [None req-ad95c4b0-8791-42e0-9e8c-206bd5875745 None admin] SCRIPT_NAME: `/identity` {{(pid=43875) log_request_info /opt/stack/keystone/keystone/server/flask/request_processing/req_logging.py:28}}
Aug 01 21:09:40 user devstack@keystone.service[43875]: DEBUG keystone.server.flask.request_processing.req_logging [None req-ad95c4b0-8791-42e0-9e8c-206bd5875745 None admin] PATH_INFO: `/v3/auth/tokens` {{(pid=43875) log_request_info /opt/stack/keystone/keystone/server/flask/request_processing/req_logging.py:29}}
Aug 01 21:09:40 user devstack@keystone.service[43874]: DEBUG keystone.common.rbac_enforcer.enforcer [None req-04231450-b592-4a92-bcaf-a8540da26ad0 None admin] RBAC: Authorizing `identity:get_user(user_id=c181858bad3d495f9a3018636874c3b2)` {{(pid=43874) enforce_call /opt/stack/keystone/keystone/common/rbac_enforcer/enforcer.py:449}}
Aug 01 21:09:40 user devstack@keystone.service[43874]: DEBUG keystone.common.rbac_enforcer.enforcer [None req-04231450-b592-4a92-bcaf-a8540da26ad0 None admin] RBAC: Authorization granted {{(pid=43874) enforce_call /opt/stack/keystone/keystone/common/rbac_enforcer/enforcer.py:457}}
Aug 01 21:09:40 user devstack@keystone.service[43874]: [pid: 43874|app: 0|req: 40/112] 10.0.0.210 () {56 vars in 1172 bytes} [Tue Aug 1 21:09:40 2023] GET /identity/v3/users/c181858bad3d495f9a3018636874c3b2 => generated 288 bytes in 135 msecs (HTTP/1.1 200) 5 headers in 177 bytes (1 switches on core 0)
Aug 01 21:09:40 user devstack@keystone.service[43874]: DEBUG keystone.server.flask.request_processing.middleware.auth_context [None req-04231450-b592-4a92-bcaf-a8540da26ad0 None admin] Authenticating user token {{(pid=43874) process_request /usr/local/lib/python3.10/dist-packages/keystonemiddleware/auth_token/__init__.py:406}}
Aug 01 21:09:40 user devstack@keystone.service[43873]: DEBUG keystone.server.flask.request_processing.middleware.auth_context [None req-13575e26-6c49-44c4-a096-63f73edda78a None admin] Validating token access rules against request {{(pid=43873) validate_allowed_request /usr/local/lib/python3.10/dist-packages/keystonemiddleware/auth_token/__init__.py:544}}
Aug 01 21:09:40 user devstack@keystone.service[43873]: DEBUG keystone.server.flask.request_processing.middleware.auth_context [None req-5ba1659f-2c9d-4c54-968a-201481c3e6dc None admin] RBAC: auth_context: {'token': , 'domain_id': None, 'trust_id': None, 'trustor_id': None, 'trustee_id': None, 'domain_name': None, 'group_ids': [], 'user_id': 'cb2dbebf2dff4f71b825e5b37f3713cb', 'user_domain_id': 'default', 'system_scope': 'all', 'project_id': None, 'project_domain_id': None, 'roles': ['admin', 'member', 'reader'], 'is_admin_project': True, 'service_user_id': None, 'service_user_domain_id': None, 'service_project_id': None, 'service_project_domain_id': None, 'service_roles': []} {{(pid=43873) fill_context /opt/stack/keystone/keystone/server/flask/request_processing/middleware/auth_context.py:480}}
Aug 01 21:09:40 user devstack@keystone.service[43875]: DEBUG keystone.common.rbac_enforcer.enforcer [None req-ad95c4b0-8791-42e0-9e8c-206bd5875745 None admin] RBAC: Authorizing `identity:validate_token()` {{(pid=43875) enforce_call /opt/stack/keystone/keystone/common/rbac_enforcer/enforcer.py:449}}
Aug 01 21:09:40 user devstack@keystone.service[43873]: DEBUG keystone.server.flask.request_processing.req_logging [None req-5ba1659f-2c9d-4c54-968a-201481c3e6dc None admin] REQUEST_METHOD: `GET` {{(pid=43873) log_request_info /opt/stack/keystone/keystone/server/flask/request_processing/req_logging.py:27}}
Aug 01 21:09:40 user devstack@keystone.service[43873]: DEBUG keystone.server.flask.request_processing.req_logging [None req-5ba1659f-2c9d-4c54-968a-201481c3e6dc None admin] SCRIPT_NAME: `/identity` {{(pid=43873) log_request_info /opt/stack/keystone/keystone/server/flask/request_processing/req_logging.py:28}}
Aug 01 21:09:40 user devstack@keystone.service[43875]: DEBUG keystone.common.rbac_enforcer.enforcer [None req-ad95c4b0-8791-42e0-9e8c-206bd5875745 None admin] RBAC: Authorization granted {{(pid=43875) enforce_call /opt/stack/keystone/keystone/common/rbac_enforcer/enforcer.py:457}}
Aug 01 21:09:40 user devstack@keystone.service[43873]: DEBUG keystone.server.flask.request_processing.req_logging [None req-5ba1659f-2c9d-4c54-968a-201481c3e6dc None admin] PATH_INFO: `/v3/roles/member` {{(pid=43873) log_request_info /opt/stack/keystone/keystone/server/flask/request_processing/req_logging.py:29}}
Aug 01 21:09:40 user devstack@keystone.service[43873]: DEBUG keystone.common.rbac_enforcer.enforcer [None req-5ba1659f-2c9d-4c54-968a-201481c3e6dc None admin] Extracting inferred target data resulted in "NOT FOUND (404)". {{(pid=43873) enforce_call /opt/stack/keystone/keystone/common/rbac_enforcer/enforcer.py:409}}
Aug 01 21:09:40 user devstack@keystone.service[43873]: ERROR keystone.server.flask.application [None req-5ba1659f-2c9d-4c54-968a-201481c3e6dc None admin] Could not find role: member.: keystone.exception.RoleNotFound: Could not find role: member.
Aug 01 21:09:40 user devstack@keystone.service[43873]: ERROR keystone.server.flask.application
Traceback (most recent call last):
Aug 01 21:09:40 user devstack@keystone.service[43873]: ERROR keystone.server.flask.application
File "/usr/local/lib/python3.10/dist-packages/flask/app.py", line 1823, in full_dispatch_request
Aug 01 21:09:40 user devstack@keystone.service[43873]: ERROR keystone.server.flask.application rv = self.dispatch_request()
Aug 01 21:09:40 user devstack@keystone.service[43873]: ERROR keystone.server.flask.application
File "/usr/local/lib/python3.10/dist-packages/flask/app.py", line 1799, in dispatch_request
Aug 01 21:09:40 user devstack@keystone.service[43873]: ERROR keystone.server.flask.application return self.ensure_sync(self.view_functions[rule.endpoint])(**view_args)
Aug 01 21:09:40 user devstack@keystone.service[43873]: ERROR keystone.server.flask.application
File "/usr/local/lib/python3.10/dist-packages/flask_restful/__init__.py", line 467, in wrapper
Aug 01 21:09:40 user devstack@keystone.service[43873]: ERROR keystone.server.flask.application resp = resource(*args, **kwargs)
Aug 01 21:09:40 user devstack@keystone.service[43873]: ERROR keystone.server.flask.application
File "/usr/local/lib/python3.10/dist-packages/flask/views.py", line 107, in view
Aug 01 21:09:40 user devstack@keystone.service[43873]: ERROR keystone.server.flask.application return current_app.ensure_sync(self.dispatch_request)(**kwargs)
Aug 01 21:09:40 user devstack@keystone.service[43873]: ERROR keystone.server.flask.application
File "/usr/local/lib/python3.10/dist-packages/flask_restful/__init__.py", line 582, in dispatch_request
Aug 01 21:09:40 user devstack@keystone.service[43873]: ERROR keystone.server.flask.application resp = meth(*args, **kwargs)
Aug 01 21:09:40 user devstack@keystone.service[43873]: ERROR keystone.server.flask.application
File "/opt/stack/keystone/keystone/api/roles.py", line 50, in get
Aug 01 21:09:40 user devstack@keystone.service[43873]: ERROR keystone.server.flask.application return self._get_role(role_id)
Aug 01 21:09:40 user devstack@keystone.service[43873]: ERROR keystone.server.flask.application
File "/opt/stack/keystone/keystone/api/roles.py", line 70, in _get_role
Aug 01 21:09:40 user devstack@keystone.service[43873]: ERROR keystone.server.flask.application ENFORCER.enforce_call(action='identity:get_role')
Aug 01 21:09:40 user devstack@keystone.service[43873]: ERROR keystone.server.flask.application
File "/opt/stack/keystone/keystone/common/rbac_enforcer/enforcer.py", line 402, in enforce_call
Aug 01 21:09:40 user devstack@keystone.service[43873]: ERROR keystone.server.flask.application policy_dict.update(cls._extract_member_target_data(
Aug 01 21:09:40 user devstack@keystone.service[43873]: ERROR keystone.server.flask.application
File "/opt/stack/keystone/keystone/common/rbac_enforcer/enforcer.py", line 234, in _extract_member_target_data
Aug 01 21:09:40 user devstack@keystone.service[43873]: ERROR keystone.server.flask.application member_name: func(flask.request.view_args[key])
Aug 01 21:09:40 user devstack@keystone.service[43873]: ERROR keystone.server.flask.application
File "/opt/stack/keystone/keystone/common/manager.py", line 115, in wrapped
Aug 01 21:09:40 user devstack@keystone.service[43873]: ERROR keystone.server.flask.application __ret_val = __f(*args, **kwargs)
Aug 01 21:09:40 user devstack@keystone.service[43873]: ERROR keystone.server.flask.application
File "/usr/local/lib/python3.10/dist-packages/decorator.py", line 232, in fun
Aug 01 21:09:40 user devstack@keystone.service[43873]: ERROR keystone.server.flask.application return caller(func, *(extras + args), **kw)
Aug 01 21:09:40 user devstack@keystone.service[43873]: ERROR keystone.server.flask.application
File "/usr/local/lib/python3.10/dist-packages/dogpile/cache/region.py", line 1577, in get_or_create_for_user_func
Aug 01 21:09:40 user devstack@keystone.service[43873]: ERROR keystone.server.flask.application return self.get_or_create(
Aug 01 21:09:40 user devstack@keystone.service[43873]: ERROR keystone.server.flask.application
File "/usr/local/lib/python3.10/dist-packages/dogpile/cache/region.py", line 1042, in get_or_create
Aug 01 21:09:40 user devstack@keystone.service[43873]: ERROR keystone.server.flask.application with Lock(
Aug 01 21:09:40 user devstack@keystone.service[43873]: ERROR keystone.server.flask.application
File "/usr/local/lib/python3.10/dist-packages/dogpile/lock.py", line 185, in __enter__
Aug 01 21:09:40 user devstack@keystone.service[43873]: ERROR keystone.server.flask.application return self._enter()
Aug 01 21:09:40 user devstack@keystone.service[43873]: ERROR keystone.server.flask.application
File "/usr/local/lib/python3.10/dist-packages/dogpile/lock.py", line 94, in _enter
Aug 01 21:09:40 user devstack@keystone.service[43873]: ERROR keystone.server.flask.application generated = self._enter_create(value, createdtime)
Aug 01 21:09:40 user devstack@keystone.service[43873]: ERROR keystone.server.flask.application
File "/usr/local/lib/python3.10/dist-packages/dogpile/lock.py", line 178, in _enter_create
Aug 01 21:09:40 user devstack@keystone.service[43873]: ERROR keystone.server.flask.application return self.creator()
Aug 01 21:09:40 user devstack@keystone.service[43873]: ERROR keystone.server.flask.application
File "/usr/local/lib/python3.10/dist-packages/dogpile/cache/region.py", line 995, in gen_value
Aug 01 21:09:40 user devstack@keystone.service[43873]: ERROR keystone.server.flask.application created_value = creator(
Aug 01 21:09:40 user devstack@keystone.service[43873]: ERROR keystone.server.flask.application
File "/opt/stack/keystone/keystone/assignment/core.py", line 1276, in get_role
Aug 01 21:09:40 user devstack@keystone.service[43873]: ERROR keystone.server.flask.application return self.driver.get_role(role_id)
Aug 01 21:09:40 user devstack@keystone.service[43873]: ERROR keystone.server.flask.application
File "/opt/stack/keystone/keystone/assignment/role_backends/sql.py", line 70, in get_role
Aug 01 21:09:40 user devstack@keystone.service[43873]: ERROR keystone.server.flask.application return self._get_role(session, role_id).to_dict()
Aug 01 21:09:40 user devstack@keystone.service[43873]: ERROR keystone.server.flask.application
File "/opt/stack/keystone/keystone/assignment/role_backends/sql.py", line 65, in _get_role
Aug 01 21:09:40 user devstack@keystone.service[43873]: ERROR keystone.server.flask.application raise exception.RoleNotFound(role_id=role_id)
Aug 01 21:09:40 user devstack@keystone.service[43873]: ERROR keystone.server.flask.application keystone.exception.RoleNotFound: Could not find role: member.
Aug 01 21:09:40 user devstack@keystone.service[43873]: ERROR keystone.server.flask.application
Aug 01 21:09:40 user devstack@keystone.service[43873]: [pid: 43873|app: 0|req: 36/113] 10.0.0.210 () {56 vars in 1094 bytes} [Tue Aug 1 21:09:40 2023] GET /identity/v3/roles/member => generated 84 bytes in 147 msecs (HTTP/1.1 404) 5 headers in 183 bytes (1 switches on core 0)
Aug 01 21:09:40 user devstack@keystone.service[43873]: DEBUG keystone.server.flask.request_processing.middleware.auth_context [None req-5ba1659f-2c9d-4c54-968a-201481c3e6dc None admin] Authenticating user token {{(pid=43873) process_request /usr/local/lib/python3.10/dist-packages/keystonemiddleware/auth_token/__init__.py:406}}
Aug 01 21:09:40 user devstack@keystone.service[43874]: DEBUG keystone.server.flask.request_processing.middleware.auth_context [None req-04231450-b592-4a92-bcaf-a8540da26ad0 None admin] Validating token access rules against request {{(pid=43874) validate_allowed_request /usr/local/lib/python3.10/dist-packages/keystonemiddleware/auth_token/__init__.py:544}}
Aug 01 21:09:40 user devstack@keystone.service[43874]: DEBUG keystone.server.flask.request_processing.middleware.auth_context [None req-4f608b4f-1027-4659-b8c7-f1538f8f2920 None admin] RBAC: auth_context: {'token': , 'domain_id': None, 'trust_id': None, 'trustor_id': None, 'trustee_id': None, 'domain_name': None, 'group_ids': [], 'user_id': 'cb2dbebf2dff4f71b825e5b37f3713cb', 'user_domain_id': 'default', 'system_scope': 'all', 'project_id': None, 'project_domain_id': None, 'roles': ['admin', 'member', 'reader'], 'is_admin_project': True, 'service_user_id': None, 'service_user_domain_id': None, 'service_project_id': None, 'service_project_domain_id': None, 'service_roles': []} {{(pid=43874) fill_context /opt/stack/keystone/keystone/server/flask/request_processing/middleware/auth_context.py:480}}
Aug 01 21:09:40 user devstack@keystone.service[43874]: DEBUG keystone.server.flask.request_processing.req_logging [None req-4f608b4f-1027-4659-b8c7-f1538f8f2920 None admin] REQUEST_METHOD: `GET` {{(pid=43874) log_request_info /opt/stack/keystone/keystone/server/flask/request_processing/req_logging.py:27}}
Aug 01 21:09:40 user devstack@keystone.service[43874]: DEBUG keystone.server.flask.request_processing.req_logging [None req-4f608b4f-1027-4659-b8c7-f1538f8f2920 None admin] SCRIPT_NAME: `/identity` {{(pid=43874) log_request_info /opt/stack/keystone/keystone/server/flask/request_processing/req_logging.py:28}}
Aug 01 21:09:40 user devstack@keystone.service[43874]: DEBUG keystone.server.flask.request_processing.req_logging [None req-4f608b4f-1027-4659-b8c7-f1538f8f2920 None admin] PATH_INFO: `/v3/auth/tokens` {{(pid=43874) log_request_info /opt/stack/keystone/keystone/server/flask/request_processing/req_logging.py:29}}
Aug 01 21:09:40 user devstack@keystone.service[43875]: [pid: 43875|app: 0|req: 38/114] 10.0.0.210 () {58 vars in 1277 bytes} [Tue Aug 1 21:09:40 2023] GET /identity/v3/auth/tokens => generated 798 bytes in 259 msecs (HTTP/1.1 200) 6 headers in 358 bytes (1 switches on core 0)
Aug 01 21:09:40 user devstack@keystone.service[43875]: DEBUG keystone.server.flask.request_processing.middleware.auth_context [None req-ad95c4b0-8791-42e0-9e8c-206bd5875745 None admin] Authenticating user token {{(pid=43875) process_request /usr/local/lib/python3.10/dist-packages/keystonemiddleware/auth_token/__init__.py:406}}
Aug 01 21:09:40 user devstack@keystone.service[43873]: DEBUG keystone.server.flask.request_processing.middleware.auth_context [None req-5ba1659f-2c9d-4c54-968a-201481c3e6dc None admin] Validating token access rules against request {{(pid=43873) validate_allowed_request /usr/local/lib/python3.10/dist-packages/keystonemiddleware/auth_token/__init__.py:544}}
Aug 01 21:09:40 user devstack@keystone.service[43874]: DEBUG keystone.common.rbac_enforcer.enforcer [None req-4f608b4f-1027-4659-b8c7-f1538f8f2920 None admin] RBAC: Authorizing `identity:validate_token()` {{(pid=43874) enforce_call /opt/stack/keystone/keystone/common/rbac_enforcer/enforcer.py:449}}
Aug 01 21:09:40 user devstack@keystone.service[43874]: DEBUG keystone.common.rbac_enforcer.enforcer [None req-4f608b4f-1027-4659-b8c7-f1538f8f2920 None admin] RBAC: Authorization granted {{(pid=43874) enforce_call /opt/stack/keystone/keystone/common/rbac_enforcer/enforcer.py:457}}
Aug 01 21:09:40 user devstack@keystone.service[43873]: DEBUG keystone.server.flask.request_processing.middleware.auth_context [None req-d07a5864-ca26-4e01-bf25-4fe8e89c8812 None admin] RBAC: auth_context: {'token': , 'domain_id': None, 'trust_id': None, 'trustor_id': None, 'trustee_id': None, 'domain_name': None, 'group_ids': [], 'user_id': 'cb2dbebf2dff4f71b825e5b37f3713cb', 'user_domain_id': 'default', 'system_scope': 'all', 'project_id': None, 'project_domain_id': None, 'roles': ['admin', 'member', 'reader'], 'is_admin_project': True, 'service_user_id': None, 'service_user_domain_id': None, 'service_project_id': None, 'service_project_domain_id': None, 'service_roles': []} {{(pid=43873) fill_context /opt/stack/keystone/keystone/server/flask/request_processing/middleware/auth_context.py:480}}
Aug 01 21:09:40 user devstack@keystone.service[43873]: DEBUG keystone.server.flask.request_processing.req_logging [None req-d07a5864-ca26-4e01-bf25-4fe8e89c8812 None admin] REQUEST_METHOD: `GET` {{(pid=43873) log_request_info /opt/stack/keystone/keystone/server/flask/request_processing/req_logging.py:27}}
Aug 01 21:09:40 user devstack@keystone.service[43873]: DEBUG keystone.server.flask.request_processing.req_logging [None req-d07a5864-ca26-4e01-bf25-4fe8e89c8812 None admin] SCRIPT_NAME: `/identity` {{(pid=43873) log_request_info /opt/stack/keystone/keystone/server/flask/request_processing/req_logging.py:28}}
Aug 01 21:09:40 user devstack@keystone.service[43873]: DEBUG keystone.server.flask.request_processing.req_logging [None req-d07a5864-ca26-4e01-bf25-4fe8e89c8812 None admin] PATH_INFO: `/v3/auth/tokens` {{(pid=43873) log_request_info /opt/stack/keystone/keystone/server/flask/request_processing/req_logging.py:29}}
Aug 01 21:09:40 user devstack@keystone.service[43875]: DEBUG keystone.server.flask.request_processing.middleware.auth_context [None req-ad95c4b0-8791-42e0-9e8c-206bd5875745 None admin] Validating token access rules against request {{(pid=43875) validate_allowed_request /usr/local/lib/python3.10/dist-packages/keystonemiddleware/auth_token/__init__.py:544}}
Aug 01 21:09:40 user devstack@keystone.service[43873]: DEBUG keystone.common.rbac_enforcer.enforcer [None req-d07a5864-ca26-4e01-bf25-4fe8e89c8812 None admin] RBAC: Authorizing `identity:validate_token()` {{(pid=43873) enforce_call /opt/stack/keystone/keystone/common/rbac_enforcer/enforcer.py:449}}
Aug 01 21:09:40 user devstack@keystone.service[43873]: DEBUG keystone.common.rbac_enforcer.enforcer [None req-d07a5864-ca26-4e01-bf25-4fe8e89c8812 None admin] RBAC: Authorization granted {{(pid=43873) enforce_call /opt/stack/keystone/keystone/common/rbac_enforcer/enforcer.py:457}}
Aug 01 21:09:40 user devstack@keystone.service[43875]: DEBUG keystone.server.flask.request_processing.middleware.auth_context [None req-a655eea5-76d0-4257-b049-0646bf0adc83 None admin] RBAC: auth_context: {'token': , 'domain_id': None, 'trust_id': None, 'trustor_id': None, 'trustee_id': None, 'domain_name': None, 'group_ids': [], 'user_id': 'cb2dbebf2dff4f71b825e5b37f3713cb', 'user_domain_id': 'default', 'system_scope': 'all', 'project_id': None, 'project_domain_id': None, 'roles': ['admin', 'member', 'reader'], 'is_admin_project': True, 'service_user_id': None, 'service_user_domain_id': None, 'service_project_id': None, 'service_project_domain_id': None, 'service_roles': []} {{(pid=43875) fill_context /opt/stack/keystone/keystone/server/flask/request_processing/middleware/auth_context.py:480}}
Aug 01 21:09:40 user devstack@keystone.service[43875]: DEBUG keystone.server.flask.request_processing.req_logging [None req-a655eea5-76d0-4257-b049-0646bf0adc83 None admin] REQUEST_METHOD: `GET` {{(pid=43875) log_request_info /opt/stack/keystone/keystone/server/flask/request_processing/req_logging.py:27}}
Aug 01 21:09:40 user devstack@keystone.service[43875]: DEBUG keystone.server.flask.request_processing.req_logging [None req-a655eea5-76d0-4257-b049-0646bf0adc83 None admin] SCRIPT_NAME: `/identity` {{(pid=43875) log_request_info /opt/stack/keystone/keystone/server/flask/request_processing/req_logging.py:28}}
Aug 01 21:09:40 user devstack@keystone.service[43875]: DEBUG keystone.server.flask.request_processing.req_logging [None req-a655eea5-76d0-4257-b049-0646bf0adc83 None admin] PATH_INFO: `/v3/projects/605b65817f1e4c8d8fe2a7fef7e4f340` {{(pid=43875) log_request_info /opt/stack/keystone/keystone/server/flask/request_processing/req_logging.py:29}}
Aug 01 21:09:40 user devstack@keystone.service[43875]: DEBUG keystone.common.rbac_enforcer.enforcer [None req-a655eea5-76d0-4257-b049-0646bf0adc83 None admin] RBAC: Authorizing `identity:get_project(project_id=605b65817f1e4c8d8fe2a7fef7e4f340)` {{(pid=43875) enforce_call /opt/stack/keystone/keystone/common/rbac_enforcer/enforcer.py:449}}
Aug 01 21:09:40 user devstack@keystone.service[43875]: DEBUG keystone.common.rbac_enforcer.enforcer [None req-a655eea5-76d0-4257-b049-0646bf0adc83 None admin] RBAC: Authorization granted {{(pid=43875) enforce_call /opt/stack/keystone/keystone/common/rbac_enforcer/enforcer.py:457}}
Aug 01 21:09:40 user devstack@keystone.service[43875]: [pid: 43875|app: 0|req: 39/115] 10.0.0.210 () {56 vars in 1181 bytes} [Tue Aug 1 21:09:40 2023] GET /identity/v3/projects/605b65817f1e4c8d8fe2a7fef7e4f340 => generated 297 bytes in 118 msecs (HTTP/1.1 200) 5 headers in 177 bytes (1 switches on core 0)
Aug 01 21:09:40 user devstack@keystone.service[43875]: DEBUG keystone.server.flask.request_processing.middleware.auth_context [None req-a655eea5-76d0-4257-b049-0646bf0adc83 None admin] Authenticating user token {{(pid=43875) process_request /usr/local/lib/python3.10/dist-packages/keystonemiddleware/auth_token/__init__.py:406}}
Aug 01 21:09:40 user devstack@keystone.service[43874]: [pid: 43874|app: 0|req: 41/116] 10.0.0.210 () {58 vars in 1277 bytes} [Tue Aug 1 21:09:40 2023] GET /identity/v3/auth/tokens => generated 798 bytes in 260 msecs (HTTP/1.1 200) 6 headers in 358 bytes (1 switches on core 0)
Aug 01 21:09:40 user devstack@keystone.service[43874]: DEBUG keystone.server.flask.request_processing.middleware.auth_context [None req-4f608b4f-1027-4659-b8c7-f1538f8f2920 None admin] Authenticating user token {{(pid=43874) process_request /usr/local/lib/python3.10/dist-packages/keystonemiddleware/auth_token/__init__.py:406}}
Aug 01 21:09:40 user devstack@keystone.service[43873]: [pid: 43873|app: 0|req: 37/117] 10.0.0.210 () {58 vars in 1277 bytes} [Tue Aug 1 21:09:40 2023] GET /identity/v3/auth/tokens => generated 798 bytes in 264 msecs (HTTP/1.1 200) 6 headers in 358 bytes (1 switches on core 0)
Aug 01 21:09:40 user devstack@keystone.service[43873]: DEBUG keystone.server.flask.request_processing.middleware.auth_context [None req-d07a5864-ca26-4e01-bf25-4fe8e89c8812 None admin] Authenticating user token {{(pid=43873) process_request /usr/local/lib/python3.10/dist-packages/keystonemiddleware/auth_token/__init__.py:406}}
Aug 01 21:09:40 user devstack@keystone.service[43875]: DEBUG keystone.server.flask.request_processing.middleware.auth_context [None req-a655eea5-76d0-4257-b049-0646bf0adc83 None admin] Validating token access rules against request {{(pid=43875) validate_allowed_request /usr/local/lib/python3.10/dist-packages/keystonemiddleware/auth_token/__init__.py:544}}
Aug 01 21:09:40 user devstack@keystone.service[43874]: DEBUG keystone.server.flask.request_processing.middleware.auth_context [None req-4f608b4f-1027-4659-b8c7-f1538f8f2920 None admin] Validating token access rules against request {{(pid=43874) validate_allowed_request /usr/local/lib/python3.10/dist-packages/keystonemiddleware/auth_token/__init__.py:544}}
Aug 01 21:09:41 user devstack@keystone.service[43874]: DEBUG keystone.server.flask.request_processing.middleware.auth_context [None req-f0a8e146-e607-4ced-a0be-3e9aa870e8e5 None admin] RBAC: auth_context: {'token': , 'domain_id': None, 'trust_id': None, 'trustor_id': None, 'trustee_id': None, 'domain_name': None, 'group_ids': [], 'user_id': 'cb2dbebf2dff4f71b825e5b37f3713cb', 'user_domain_id': 'default', 'system_scope': 'all', 'project_id': None, 'project_domain_id': None, 'roles': ['admin', 'member', 'reader'], 'is_admin_project': True, 'service_user_id': None, 'service_user_domain_id': None, 'service_project_id': None, 'service_project_domain_id': None, 'service_roles': []} {{(pid=43874) fill_context /opt/stack/keystone/keystone/server/flask/request_processing/middleware/auth_context.py:480}}
Aug 01 21:09:41 user devstack@keystone.service[43874]: DEBUG keystone.server.flask.request_processing.req_logging [None req-f0a8e146-e607-4ced-a0be-3e9aa870e8e5 None admin] REQUEST_METHOD: `GET` {{(pid=43874) log_request_info /opt/stack/keystone/keystone/server/flask/request_processing/req_logging.py:27}}
Aug 01 21:09:41 user devstack@keystone.service[43874]: DEBUG keystone.server.flask.request_processing.req_logging [None req-f0a8e146-e607-4ced-a0be-3e9aa870e8e5 None admin] SCRIPT_NAME: `/identity` {{(pid=43874) log_request_info /opt/stack/keystone/keystone/server/flask/request_processing/req_logging.py:28}}
Aug 01 21:09:41 user devstack@keystone.service[43874]: DEBUG keystone.server.flask.request_processing.req_logging [None req-f0a8e146-e607-4ced-a0be-3e9aa870e8e5 None admin] PATH_INFO: `/v3/projects/605b65817f1e4c8d8fe2a7fef7e4f340` {{(pid=43874) log_request_info /opt/stack/keystone/keystone/server/flask/request_processing/req_logging.py:29}}
Aug 01 21:09:41 user devstack@keystone.service[43874]: DEBUG keystone.common.rbac_enforcer.enforcer [None req-f0a8e146-e607-4ced-a0be-3e9aa870e8e5 None admin] RBAC: Authorizing `identity:get_project(project_id=605b65817f1e4c8d8fe2a7fef7e4f340)` {{(pid=43874) enforce_call /opt/stack/keystone/keystone/common/rbac_enforcer/enforcer.py:449}}
Aug 01 21:09:41 user devstack@keystone.service[43875]: DEBUG keystone.server.flask.request_processing.middleware.auth_context [None req-7196b749-44d9-4f78-9e5a-63f2ffdc91dd None admin] RBAC: auth_context: {'token': , 'domain_id': None, 'trust_id': None, 'trustor_id': None, 'trustee_id': None, 'domain_name': None, 'group_ids': [], 'user_id': 'cb2dbebf2dff4f71b825e5b37f3713cb', 'user_domain_id': 'default', 'system_scope': 'all', 'project_id': None, 'project_domain_id': None, 'roles': ['admin', 'member', 'reader'], 'is_admin_project': True, 'service_user_id': None, 'service_user_domain_id': None, 'service_project_id': None, 'service_project_domain_id': None, 'service_roles': []} {{(pid=43875) fill_context /opt/stack/keystone/keystone/server/flask/request_processing/middleware/auth_context.py:480}}
Aug 01 21:09:41 user devstack@keystone.service[43875]: DEBUG keystone.server.flask.request_processing.req_logging [None req-7196b749-44d9-4f78-9e5a-63f2ffdc91dd None admin] REQUEST_METHOD: `GET` {{(pid=43875) log_request_info /opt/stack/keystone/keystone/server/flask/request_processing/req_logging.py:27}}
Aug 01 21:09:41 user devstack@keystone.service[43875]: DEBUG keystone.server.flask.request_processing.req_logging [None req-7196b749-44d9-4f78-9e5a-63f2ffdc91dd None admin] SCRIPT_NAME: `/identity` {{(pid=43875) log_request_info /opt/stack/keystone/keystone/server/flask/request_processing/req_logging.py:28}}
Aug 01 21:09:41 user devstack@keystone.service[43874]: DEBUG keystone.common.rbac_enforcer.enforcer [None req-f0a8e146-e607-4ced-a0be-3e9aa870e8e5 None admin] RBAC: Authorization granted {{(pid=43874) enforce_call /opt/stack/keystone/keystone/common/rbac_enforcer/enforcer.py:457}}
Aug 01 21:09:41 user devstack@keystone.service[43875]: DEBUG keystone.server.flask.request_processing.req_logging [None req-7196b749-44d9-4f78-9e5a-63f2ffdc91dd None admin] PATH_INFO: `/v3/roles` {{(pid=43875) log_request_info /opt/stack/keystone/keystone/server/flask/request_processing/req_logging.py:29}}
Aug 01 21:09:41 user devstack@keystone.service[43875]: DEBUG keystone.common.rbac_enforcer.enforcer [None req-7196b749-44d9-4f78-9e5a-63f2ffdc91dd None admin] RBAC: Adding query filter params (name=member) {{(pid=43875) _extract_filter_values /opt/stack/keystone/keystone/common/rbac_enforcer/enforcer.py:167}}
Aug 01 21:09:41 user devstack@keystone.service[43875]: DEBUG keystone.common.rbac_enforcer.enforcer [None req-7196b749-44d9-4f78-9e5a-63f2ffdc91dd None admin] RBAC: Authorizing `identity:list_roles()` {{(pid=43875) enforce_call /opt/stack/keystone/keystone/common/rbac_enforcer/enforcer.py:449}}
Aug 01 21:09:41 user devstack@keystone.service[43874]: [pid: 43874|app: 0|req: 42/118] 10.0.0.210 () {56 vars in 1181 bytes} [Tue Aug 1 21:09:40 2023] GET /identity/v3/projects/605b65817f1e4c8d8fe2a7fef7e4f340 => generated 297 bytes in 114 msecs (HTTP/1.1 200) 5 headers in 177 bytes (1 switches on core 0)
Aug 01 21:09:41 user devstack@keystone.service[43874]: DEBUG keystone.server.flask.request_processing.middleware.auth_context [None req-f0a8e146-e607-4ced-a0be-3e9aa870e8e5 None admin] Authenticating user token {{(pid=43874) process_request /usr/local/lib/python3.10/dist-packages/keystonemiddleware/auth_token/__init__.py:406}}
Aug 01 21:09:41 user devstack@keystone.service[43875]: DEBUG keystone.common.rbac_enforcer.enforcer [None req-7196b749-44d9-4f78-9e5a-63f2ffdc91dd None admin] RBAC: Authorization granted {{(pid=43875) enforce_call /opt/stack/keystone/keystone/common/rbac_enforcer/enforcer.py:457}}
Aug 01 21:09:41 user devstack@keystone.service[43875]: [pid: 43875|app: 0|req: 40/119] 10.0.0.210 () {56 vars in 1096 bytes} [Tue Aug 1 21:09:40 2023] GET /identity/v3/roles?name=member => generated 339 bytes in 137 msecs (HTTP/1.1 200) 5 headers in 177 bytes (1 switches on core 0)
Aug 01 21:09:41 user devstack@keystone.service[43875]: DEBUG keystone.server.flask.request_processing.middleware.auth_context [None req-7196b749-44d9-4f78-9e5a-63f2ffdc91dd None admin] Authenticating user token {{(pid=43875) process_request /usr/local/lib/python3.10/dist-packages/keystonemiddleware/auth_token/__init__.py:406}}
Aug 01 21:09:41 user devstack@keystone.service[43873]: DEBUG keystone.server.flask.request_processing.middleware.auth_context [None req-d07a5864-ca26-4e01-bf25-4fe8e89c8812 None admin] Validating token access rules against request {{(pid=43873) validate_allowed_request /usr/local/lib/python3.10/dist-packages/keystonemiddleware/auth_token/__init__.py:544}}
Aug 01 21:09:41 user devstack@keystone.service[43873]: DEBUG keystone.server.flask.request_processing.middleware.auth_context [None req-cd7c28e3-307c-4a33-bc8b-dad6d7cff2f6 None admin] RBAC: auth_context: {'token': , 'domain_id': None, 'trust_id': None, 'trustor_id': None, 'trustee_id': None, 'domain_name': None, 'group_ids': [], 'user_id': 'cb2dbebf2dff4f71b825e5b37f3713cb', 'user_domain_id': 'default', 'system_scope': 'all', 'project_id': None, 'project_domain_id': None, 'roles': ['admin', 'member', 'reader'], 'is_admin_project': True, 'service_user_id': None, 'service_user_domain_id': None, 'service_project_id': None, 'service_project_domain_id': None, 'service_roles': []} {{(pid=43873) fill_context /opt/stack/keystone/keystone/server/flask/request_processing/middleware/auth_context.py:480}}
Aug 01 21:09:41 user devstack@keystone.service[43873]: DEBUG keystone.server.flask.request_processing.req_logging [None req-cd7c28e3-307c-4a33-bc8b-dad6d7cff2f6 None admin] REQUEST_METHOD: `PUT` {{(pid=43873) log_request_info /opt/stack/keystone/keystone/server/flask/request_processing/req_logging.py:27}}
Aug 01 21:09:41 user devstack@keystone.service[43873]: DEBUG keystone.server.flask.request_processing.req_logging [None req-cd7c28e3-307c-4a33-bc8b-dad6d7cff2f6 None admin] SCRIPT_NAME: `/identity` {{(pid=43873) log_request_info /opt/stack/keystone/keystone/server/flask/request_processing/req_logging.py:28}}
Aug 01 21:09:41 user devstack@keystone.service[43873]: DEBUG keystone.server.flask.request_processing.req_logging [None req-cd7c28e3-307c-4a33-bc8b-dad6d7cff2f6 None admin] PATH_INFO: `/v3/projects/605b65817f1e4c8d8fe2a7fef7e4f340/users/c181858bad3d495f9a3018636874c3b2/roles/ad7082dfe847428f8ea46b0497505c92` {{(pid=43873) log_request_info /opt/stack/keystone/keystone/server/flask/request_processing/req_logging.py:29}}
Aug 01 21:09:41 user devstack@keystone.service[43873]: DEBUG keystone.common.rbac_enforcer.enforcer [None req-cd7c28e3-307c-4a33-bc8b-dad6d7cff2f6 None admin] RBAC: Authorizing `identity:create_grant(project_id=605b65817f1e4c8d8fe2a7fef7e4f340, user_id=c181858bad3d495f9a3018636874c3b2, role_id=ad7082dfe847428f8ea46b0497505c92)` {{(pid=43873) enforce_call /opt/stack/keystone/keystone/common/rbac_enforcer/enforcer.py:449}}
Aug 01 21:09:41 user devstack@keystone.service[43873]: DEBUG keystone.common.rbac_enforcer.enforcer [None req-cd7c28e3-307c-4a33-bc8b-dad6d7cff2f6 None admin] RBAC: Authorization granted {{(pid=43873) enforce_call /opt/stack/keystone/keystone/common/rbac_enforcer/enforcer.py:457}}
Aug 01 21:09:41 user devstack@keystone.service[43873]: [pid: 43873|app: 0|req: 38/120] 10.0.0.210 () {58 vars in 1434 bytes} [Tue Aug 1 21:09:40 2023] PUT /identity/v3/projects/605b65817f1e4c8d8fe2a7fef7e4f340/users/c181858bad3d495f9a3018636874c3b2/roles/ad7082dfe847428f8ea46b0497505c92 => generated 0 bytes in 130 msecs (HTTP/1.1 204) 3 headers in 132 bytes (0 switches on core 0)
Aug 01 21:09:41 user devstack@keystone.service[43873]: DEBUG keystone.server.flask.request_processing.middleware.auth_context [None req-cd7c28e3-307c-4a33-bc8b-dad6d7cff2f6 None admin] Authenticating user token {{(pid=43873) process_request /usr/local/lib/python3.10/dist-packages/keystonemiddleware/auth_token/__init__.py:406}}
Aug 01 21:09:41 user devstack@keystone.service[43874]: DEBUG keystone.server.flask.request_processing.middleware.auth_context [None req-f0a8e146-e607-4ced-a0be-3e9aa870e8e5 None admin] Validating token access rules against request {{(pid=43874) validate_allowed_request /usr/local/lib/python3.10/dist-packages/keystonemiddleware/auth_token/__init__.py:544}}
Aug 01 21:09:41 user devstack@keystone.service[43874]: DEBUG keystone.server.flask.request_processing.middleware.auth_context [None req-e4fe72db-49e5-4424-848f-a8ef3c9f6267 None admin] RBAC: auth_context: {'token': , 'domain_id': None, 'trust_id': None, 'trustor_id': None, 'trustee_id': None, 'domain_name': None, 'group_ids': [], 'user_id': 'cb2dbebf2dff4f71b825e5b37f3713cb', 'user_domain_id': 'default', 'system_scope': 'all', 'project_id': None, 'project_domain_id': None, 'roles': ['admin', 'member', 'reader'], 'is_admin_project': True, 'service_user_id': None, 'service_user_domain_id': None, 'service_project_id': None, 'service_project_domain_id': None, 'service_roles': []} {{(pid=43874) fill_context /opt/stack/keystone/keystone/server/flask/request_processing/middleware/auth_context.py:480}}
Aug 01 21:09:41 user devstack@keystone.service[43874]: DEBUG keystone.server.flask.request_processing.req_logging [None req-e4fe72db-49e5-4424-848f-a8ef3c9f6267 None admin] REQUEST_METHOD: `GET` {{(pid=43874) log_request_info /opt/stack/keystone/keystone/server/flask/request_processing/req_logging.py:27}}
Aug 01 21:09:41 user devstack@keystone.service[43874]: DEBUG keystone.server.flask.request_processing.req_logging [None req-e4fe72db-49e5-4424-848f-a8ef3c9f6267 None admin] SCRIPT_NAME: `/identity` {{(pid=43874) log_request_info /opt/stack/keystone/keystone/server/flask/request_processing/req_logging.py:28}}
Aug 01 21:09:41 user devstack@keystone.service[43874]: DEBUG keystone.server.flask.request_processing.req_logging [None req-e4fe72db-49e5-4424-848f-a8ef3c9f6267 None admin] PATH_INFO: `/v3/projects/605b65817f1e4c8d8fe2a7fef7e4f340` {{(pid=43874) log_request_info /opt/stack/keystone/keystone/server/flask/request_processing/req_logging.py:29}}
Aug 01 21:09:41 user devstack@keystone.service[43874]: DEBUG keystone.common.rbac_enforcer.enforcer [None req-e4fe72db-49e5-4424-848f-a8ef3c9f6267 None admin] RBAC: Authorizing `identity:get_project(project_id=605b65817f1e4c8d8fe2a7fef7e4f340)` {{(pid=43874) enforce_call /opt/stack/keystone/keystone/common/rbac_enforcer/enforcer.py:449}}
Aug 01 21:09:41 user devstack@keystone.service[43874]: DEBUG keystone.common.rbac_enforcer.enforcer [None req-e4fe72db-49e5-4424-848f-a8ef3c9f6267 None admin] RBAC: Authorization granted {{(pid=43874) enforce_call /opt/stack/keystone/keystone/common/rbac_enforcer/enforcer.py:457}}
Aug 01 21:09:41 user devstack@keystone.service[43874]: [pid: 43874|app: 0|req: 43/121] 10.0.0.210 () {56 vars in 1181 bytes} [Tue Aug 1 21:09:41 2023] GET /identity/v3/projects/605b65817f1e4c8d8fe2a7fef7e4f340 => generated 297 bytes in 132 msecs (HTTP/1.1 200) 5 headers in 177 bytes (1 switches on core 0)
Aug 01 21:09:41 user devstack@keystone.service[43874]: DEBUG keystone.server.flask.request_processing.middleware.auth_context [None req-e4fe72db-49e5-4424-848f-a8ef3c9f6267 None admin] Authenticating user token {{(pid=43874) process_request /usr/local/lib/python3.10/dist-packages/keystonemiddleware/auth_token/__init__.py:406}}
Aug 01 21:09:41 user devstack@keystone.service[43873]: DEBUG keystone.server.flask.request_processing.middleware.auth_context [None req-cd7c28e3-307c-4a33-bc8b-dad6d7cff2f6 None admin] Validating token access rules against request {{(pid=43873) validate_allowed_request /usr/local/lib/python3.10/dist-packages/keystonemiddleware/auth_token/__init__.py:544}}
Aug 01 21:09:41 user devstack@keystone.service[43875]: DEBUG keystone.server.flask.request_processing.middleware.auth_context [None req-7196b749-44d9-4f78-9e5a-63f2ffdc91dd None admin] Validating token access rules against request {{(pid=43875) validate_allowed_request /usr/local/lib/python3.10/dist-packages/keystonemiddleware/auth_token/__init__.py:544}}
Aug 01 21:09:41 user devstack@keystone.service[43873]: DEBUG keystone.server.flask.request_processing.middleware.auth_context [None req-0fa65b39-1d22-4510-b881-eb68ab94280a None admin] RBAC: auth_context: {'token': , 'domain_id': None, 'trust_id': None, 'trustor_id': None, 'trustee_id': None, 'domain_name': None, 'group_ids': [], 'user_id': 'cb2dbebf2dff4f71b825e5b37f3713cb', 'user_domain_id': 'default', 'system_scope': 'all', 'project_id': None, 'project_domain_id': None, 'roles': ['admin', 'member', 'reader'], 'is_admin_project': True, 'service_user_id': None, 'service_user_domain_id': None, 'service_project_id': None, 'service_project_domain_id': None, 'service_roles': []} {{(pid=43873) fill_context /opt/stack/keystone/keystone/server/flask/request_processing/middleware/auth_context.py:480}}
Aug 01 21:09:41 user devstack@keystone.service[43873]: DEBUG keystone.server.flask.request_processing.req_logging [None req-0fa65b39-1d22-4510-b881-eb68ab94280a None admin] REQUEST_METHOD: `GET` {{(pid=43873) log_request_info /opt/stack/keystone/keystone/server/flask/request_processing/req_logging.py:27}}
Aug 01 21:09:41 user devstack@keystone.service[43873]: DEBUG keystone.server.flask.request_processing.req_logging [None req-0fa65b39-1d22-4510-b881-eb68ab94280a None admin] SCRIPT_NAME: `/identity` {{(pid=43873) log_request_info /opt/stack/keystone/keystone/server/flask/request_processing/req_logging.py:28}}
Aug 01 21:09:41 user devstack@keystone.service[43873]: DEBUG keystone.server.flask.request_processing.req_logging [None req-0fa65b39-1d22-4510-b881-eb68ab94280a None admin] PATH_INFO: `/v3/role_assignments` {{(pid=43873) log_request_info /opt/stack/keystone/keystone/server/flask/request_processing/req_logging.py:29}}
Aug 01 21:09:41 user devstack@keystone.service[43873]: DEBUG keystone.common.rbac_enforcer.enforcer [None req-0fa65b39-1d22-4510-b881-eb68ab94280a None admin] RBAC: Adding query filter params (role.id=e21fc74beae5438cbe2c152fa86728e1, scope.project.id=605b65817f1e4c8d8fe2a7fef7e4f340, user.id=cb2dbebf2dff4f71b825e5b37f3713cb) {{(pid=43873) _extract_filter_values /opt/stack/keystone/keystone/common/rbac_enforcer/enforcer.py:167}}
Aug 01 21:09:41 user devstack@keystone.service[43873]: DEBUG keystone.common.rbac_enforcer.enforcer [None req-0fa65b39-1d22-4510-b881-eb68ab94280a None admin] RBAC: Authorizing `identity:list_role_assignments()` {{(pid=43873) enforce_call /opt/stack/keystone/keystone/common/rbac_enforcer/enforcer.py:449}}
Aug 01 21:09:41 user devstack@keystone.service[43873]: DEBUG keystone.common.rbac_enforcer.enforcer [None req-0fa65b39-1d22-4510-b881-eb68ab94280a None admin] RBAC: Authorization granted {{(pid=43873) enforce_call /opt/stack/keystone/keystone/common/rbac_enforcer/enforcer.py:457}}
Aug 01 21:09:41 user devstack@keystone.service[43873]: [pid: 43873|app: 0|req: 39/122] 10.0.0.210 () {56 vars in 1369 bytes} [Tue Aug 1 21:09:41 2023] GET /identity/v3/role_assignments?user.id=cb2dbebf2dff4f71b825e5b37f3713cb&scope.project.id=605b65817f1e4c8d8fe2a7fef7e4f340&role.id=e21fc74beae5438cbe2c152fa86728e1 => generated 606 bytes in 133 msecs (HTTP/1.1 200) 5 headers in 177 bytes (1 switches on core 0)
Aug 01 21:09:41 user devstack@keystone.service[43873]: DEBUG keystone.server.flask.request_processing.middleware.auth_context [None req-0fa65b39-1d22-4510-b881-eb68ab94280a None admin] Authenticating user token {{(pid=43873) process_request /usr/local/lib/python3.10/dist-packages/keystonemiddleware/auth_token/__init__.py:406}}
Aug 01 21:09:41 user devstack@keystone.service[43874]: DEBUG keystone.server.flask.request_processing.middleware.auth_context [None req-e4fe72db-49e5-4424-848f-a8ef3c9f6267 None admin] Validating token access rules against request {{(pid=43874) validate_allowed_request /usr/local/lib/python3.10/dist-packages/keystonemiddleware/auth_token/__init__.py:544}}
Aug 01 21:09:41 user devstack@keystone.service[43875]: DEBUG keystone.server.flask.request_processing.middleware.auth_context [None req-ad1d7fef-7569-481a-b8ef-e4f3e1bbe42e None admin] RBAC: auth_context: {'token': , 'domain_id': None, 'trust_id': None, 'trustor_id': None, 'trustee_id': None, 'domain_name': None, 'group_ids': [], 'user_id': 'cb2dbebf2dff4f71b825e5b37f3713cb', 'user_domain_id': 'default', 'system_scope': 'all', 'project_id': None, 'project_domain_id': None, 'roles': ['admin', 'member', 'reader'], 'is_admin_project': True, 'service_user_id': None, 'service_user_domain_id': None, 'service_project_id': None, 'service_project_domain_id': None, 'service_roles': []} {{(pid=43875) fill_context /opt/stack/keystone/keystone/server/flask/request_processing/middleware/auth_context.py:480}}
Aug 01 21:09:41 user devstack@keystone.service[43875]: DEBUG keystone.server.flask.request_processing.req_logging [None req-ad1d7fef-7569-481a-b8ef-e4f3e1bbe42e None admin] REQUEST_METHOD: `GET` {{(pid=43875) log_request_info /opt/stack/keystone/keystone/server/flask/request_processing/req_logging.py:27}}
Aug 01 21:09:41 user devstack@keystone.service[43875]: DEBUG keystone.server.flask.request_processing.req_logging [None req-ad1d7fef-7569-481a-b8ef-e4f3e1bbe42e None admin] SCRIPT_NAME: `/identity` {{(pid=43875) log_request_info /opt/stack/keystone/keystone/server/flask/request_processing/req_logging.py:28}}
Aug 01 21:09:41 user devstack@keystone.service[43875]: DEBUG keystone.server.flask.request_processing.req_logging [None req-ad1d7fef-7569-481a-b8ef-e4f3e1bbe42e None admin] PATH_INFO: `/v3/projects/605b65817f1e4c8d8fe2a7fef7e4f340` {{(pid=43875) log_request_info /opt/stack/keystone/keystone/server/flask/request_processing/req_logging.py:29}}
Aug 01 21:09:41 user devstack@keystone.service[43875]: DEBUG keystone.common.rbac_enforcer.enforcer [None req-ad1d7fef-7569-481a-b8ef-e4f3e1bbe42e None admin] RBAC: Authorizing `identity:get_project(project_id=605b65817f1e4c8d8fe2a7fef7e4f340)` {{(pid=43875) enforce_call /opt/stack/keystone/keystone/common/rbac_enforcer/enforcer.py:449}}
Aug 01 21:09:41 user devstack@keystone.service[43875]: DEBUG keystone.common.rbac_enforcer.enforcer [None req-ad1d7fef-7569-481a-b8ef-e4f3e1bbe42e None admin] RBAC: Authorization granted {{(pid=43875) enforce_call /opt/stack/keystone/keystone/common/rbac_enforcer/enforcer.py:457}}
Aug 01 21:09:41 user devstack@keystone.service[43875]: [pid: 43875|app: 0|req: 41/123] 10.0.0.210 () {56 vars in 1181 bytes} [Tue Aug 1 21:09:41 2023] GET /identity/v3/projects/605b65817f1e4c8d8fe2a7fef7e4f340 => generated 297 bytes in 236 msecs (HTTP/1.1 200) 5 headers in 177 bytes (1 switches on core 0)
Aug 01 21:09:41 user devstack@keystone.service[43875]: DEBUG keystone.server.flask.request_processing.middleware.auth_context [None req-ad1d7fef-7569-481a-b8ef-e4f3e1bbe42e None admin] Authenticating user token {{(pid=43875) process_request /usr/local/lib/python3.10/dist-packages/keystonemiddleware/auth_token/__init__.py:406}}
Aug 01 21:09:41 user devstack@keystone.service[43874]: DEBUG keystone.server.flask.request_processing.middleware.auth_context [None req-534a202a-c3a8-4303-ab7f-5df04921b000 None admin] RBAC: auth_context: {'token': , 'domain_id': None, 'trust_id': None, 'trustor_id': None, 'trustee_id': None, 'domain_name': None, 'group_ids': [], 'user_id': 'cb2dbebf2dff4f71b825e5b37f3713cb', 'user_domain_id': 'default', 'system_scope': 'all', 'project_id': None, 'project_domain_id': None, 'roles': ['admin', 'member', 'reader'], 'is_admin_project': True, 'service_user_id': None, 'service_user_domain_id': None, 'service_project_id': None, 'service_project_domain_id': None, 'service_roles': []} {{(pid=43874) fill_context /opt/stack/keystone/keystone/server/flask/request_processing/middleware/auth_context.py:480}}
Aug 01 21:09:41 user devstack@keystone.service[43874]: DEBUG keystone.server.flask.request_processing.req_logging [None req-534a202a-c3a8-4303-ab7f-5df04921b000 None admin] REQUEST_METHOD: `GET` {{(pid=43874) log_request_info /opt/stack/keystone/keystone/server/flask/request_processing/req_logging.py:27}}
Aug 01 21:09:41 user devstack@keystone.service[43874]: DEBUG keystone.server.flask.request_processing.req_logging [None req-534a202a-c3a8-4303-ab7f-5df04921b000 None admin] SCRIPT_NAME: `/identity` {{(pid=43874) log_request_info /opt/stack/keystone/keystone/server/flask/request_processing/req_logging.py:28}}
Aug 01 21:09:41 user devstack@keystone.service[43874]: DEBUG keystone.server.flask.request_processing.req_logging [None req-534a202a-c3a8-4303-ab7f-5df04921b000 None admin] PATH_INFO: `/v3/users/7de9b47d024c49a4a6e5d46ddea606de` {{(pid=43874) log_request_info /opt/stack/keystone/keystone/server/flask/request_processing/req_logging.py:29}}
Aug 01 21:09:41 user devstack@keystone.service[43874]: DEBUG keystone.common.rbac_enforcer.enforcer [None req-534a202a-c3a8-4303-ab7f-5df04921b000 None admin] RBAC: Authorizing `identity:get_user(user_id=7de9b47d024c49a4a6e5d46ddea606de)` {{(pid=43874) enforce_call /opt/stack/keystone/keystone/common/rbac_enforcer/enforcer.py:449}}
Aug 01 21:09:41 user devstack@keystone.service[43874]: DEBUG keystone.common.rbac_enforcer.enforcer [None req-534a202a-c3a8-4303-ab7f-5df04921b000 None admin] RBAC: Authorization granted {{(pid=43874) enforce_call /opt/stack/keystone/keystone/common/rbac_enforcer/enforcer.py:457}}
