Apr 12 06:22:06 user devstack@c-api.service[72500]: [pid: 72500|app: 0|req: 97/277] 10.0.0.210 () {62 vars in 1402 bytes} [Wed Apr 12 06:22:06 2023] GET /volume/v3/880a9aa73fd34b2a94154bf441e9dd40/volumes/ac2c28f3-2ecb-41f6-b97b-b8749353655b => generated 918 bytes in 136 msecs (HTTP/1.1 200) 7 headers in 285 bytes (1 switches on core 0)
Apr 12 06:22:06 user devstack@c-api.service[72500]: DEBUG cinder.api.middleware.request_id [None req-a4f1eca2-f5af-4d2a-aad1-ce3b876e18d2 None None] RequestId filter calling following filter/app {{(pid=72500) _context_setter /opt/stack/cinder/cinder/api/middleware/request_id.py:62}}
Apr 12 06:22:06 user devstack@c-api.service[72500]: INFO cinder.api.openstack.wsgi [None req-a4f1eca2-f5af-4d2a-aad1-ce3b876e18d2 tempest-TaggedBootDevicesTest_v242-1197354508 tempest-TaggedBootDevicesTest_v242-1197354508-project-member] GET http://10.0.0.210/volume/v3/e313922ba234462285d20a4f1f2d88d0/volumes/6938de6c-91d6-44b2-af51-33e34e241f29
Apr 12 06:22:06 user devstack@c-api.service[72500]: DEBUG cinder.api.openstack.wsgi [None req-a4f1eca2-f5af-4d2a-aad1-ce3b876e18d2 tempest-TaggedBootDevicesTest_v242-1197354508 tempest-TaggedBootDevicesTest_v242-1197354508-project-member] Empty body provided in request {{(pid=72500) get_body /opt/stack/cinder/cinder/api/openstack/wsgi.py:715}}
Apr 12 06:22:06 user devstack@c-api.service[72500]: DEBUG cinder.api.openstack.wsgi [None req-a4f1eca2-f5af-4d2a-aad1-ce3b876e18d2 tempest-TaggedBootDevicesTest_v242-1197354508 tempest-TaggedBootDevicesTest_v242-1197354508-project-member] Calling method 'show' {{(pid=72500) _process_stack /opt/stack/cinder/cinder/api/openstack/wsgi.py:868}}
Apr 12 06:22:06 user devstack@c-api.service[72500]: /usr/local/lib/python3.10/dist-packages/oslo_context/context.py:100: DeprecationWarning: Policy enforcement is depending on the value of is_admin. This key is deprecated. Please update your policy file to use the standard policy values.
Apr 12 06:22:06 user devstack@c-api.service[72500]: warnings.warn('Policy enforcement is depending on the value of '
Apr 12 06:22:06 user devstack@c-api.service[72500]: INFO cinder.volume.api [None req-a4f1eca2-f5af-4d2a-aad1-ce3b876e18d2 tempest-TaggedBootDevicesTest_v242-1197354508 tempest-TaggedBootDevicesTest_v242-1197354508-project-member] Volume info retrieved successfully.
Apr 12 06:22:06 user devstack@c-api.service[72501]: INFO cinder.api.openstack.wsgi [None req-9950bb21-4eb8-4bc2-94fb-52f5b49afb0e tempest-GroupSnapshotsTest-2133346524 tempest-GroupSnapshotsTest-2133346524-project-member] http://10.0.0.210/volume/v3/6cf2de76110d43f5a543577870210488/group_snapshots returned with HTTP 202
Apr 12 06:22:06 user devstack@c-api.service[72501]: [pid: 72501|app: 0|req: 89/278] 10.0.0.210 () {66 vars in 1378 bytes} [Wed Apr 12 06:22:06 2023] POST /volume/v3/6cf2de76110d43f5a543577870210488/group_snapshots => generated 186 bytes in 313 msecs (HTTP/1.1 202) 7 headers in 292 bytes (1 switches on core 0)
Apr 12 06:22:06 user devstack@c-api.service[72500]: INFO cinder.api.openstack.wsgi [None req-a4f1eca2-f5af-4d2a-aad1-ce3b876e18d2 tempest-TaggedBootDevicesTest_v242-1197354508 tempest-TaggedBootDevicesTest_v242-1197354508-project-member] http://10.0.0.210/volume/v3/e313922ba234462285d20a4f1f2d88d0/volumes/6938de6c-91d6-44b2-af51-33e34e241f29 returned with HTTP 200
Apr 12 06:22:06 user devstack@c-api.service[72500]: [pid: 72500|app: 0|req: 98/279] 10.0.0.210 () {62 vars in 1402 bytes} [Wed Apr 12 06:22:06 2023] GET /volume/v3/e313922ba234462285d20a4f1f2d88d0/volumes/6938de6c-91d6-44b2-af51-33e34e241f29 => generated 974 bytes in 71 msecs (HTTP/1.1 200) 7 headers in 285 bytes (1 switches on core 0)
Apr 12 06:22:06 user devstack@c-api.service[72501]: DEBUG cinder.api.middleware.request_id [None req-c2eea253-0d4a-4ff1-b986-acf82c567f06 None None] RequestId filter calling following filter/app {{(pid=72501) _context_setter /opt/stack/cinder/cinder/api/middleware/request_id.py:62}}
Apr 12 06:22:06 user devstack@c-api.service[72500]: DEBUG cinder.api.middleware.request_id [None req-1586add2-e562-4ae6-b6d2-60bb45c9f3a7 None None] RequestId filter calling following filter/app {{(pid=72500) _context_setter /opt/stack/cinder/cinder/api/middleware/request_id.py:62}}
Apr 12 06:22:06 user devstack@c-api.service[72500]: INFO cinder.api.openstack.wsgi [None req-1586add2-e562-4ae6-b6d2-60bb45c9f3a7 tempest-GroupSnapshotsTest-2133346524 tempest-GroupSnapshotsTest-2133346524-project-member] GET http://10.0.0.210/volume/v3/6cf2de76110d43f5a543577870210488/group_snapshots/8999a735-dc37-4cf2-8e2b-e40d49d909f1
Apr 12 06:22:06 user devstack@c-api.service[72500]: DEBUG cinder.api.openstack.wsgi [None req-1586add2-e562-4ae6-b6d2-60bb45c9f3a7 tempest-GroupSnapshotsTest-2133346524 tempest-GroupSnapshotsTest-2133346524-project-member] Empty body provided in request {{(pid=72500) get_body /opt/stack/cinder/cinder/api/openstack/wsgi.py:715}}
Apr 12 06:22:06 user devstack@c-api.service[72500]: DEBUG cinder.api.openstack.wsgi [None req-1586add2-e562-4ae6-b6d2-60bb45c9f3a7 tempest-GroupSnapshotsTest-2133346524 tempest-GroupSnapshotsTest-2133346524-project-member] Calling method 'version_select' {{(pid=72500) _process_stack /opt/stack/cinder/cinder/api/openstack/wsgi.py:868}}
Apr 12 06:22:06 user devstack@c-api.service[72500]: DEBUG cinder.api.v3.group_snapshots [None req-1586add2-e562-4ae6-b6d2-60bb45c9f3a7 tempest-GroupSnapshotsTest-2133346524 tempest-GroupSnapshotsTest-2133346524-project-member] show called for member 8999a735-dc37-4cf2-8e2b-e40d49d909f1 {{(pid=72500) show /opt/stack/cinder/cinder/api/v3/group_snapshots.py:58}}
Apr 12 06:22:06 user devstack@c-api.service[72501]: INFO cinder.api.openstack.wsgi [None req-c2eea253-0d4a-4ff1-b986-acf82c567f06 tempest-TaggedAttachmentsTest-1179204824 tempest-TaggedAttachmentsTest-1179204824-project-member] POST http://10.0.0.210/volume/v3/96d2a1b102d54e8194741137e193436f/volumes
Apr 12 06:22:06 user devstack@c-api.service[72501]: DEBUG cinder.api.openstack.wsgi [None req-c2eea253-0d4a-4ff1-b986-acf82c567f06 tempest-TaggedAttachmentsTest-1179204824 tempest-TaggedAttachmentsTest-1179204824-project-member] Action: 'create', calling method: create, body: {"volume": {"size": 1, "display_name": "tempest-TaggedAttachmentsTest-volume-1995203384"}} {{(pid=72501) _process_stack /opt/stack/cinder/cinder/api/openstack/wsgi.py:866}}
Apr 12 06:22:06 user devstack@c-api.service[72501]: DEBUG cinder.api.v3.volumes [None req-c2eea253-0d4a-4ff1-b986-acf82c567f06 tempest-TaggedAttachmentsTest-1179204824 tempest-TaggedAttachmentsTest-1179204824-project-member] Create volume request body: {'volume': {'size': 1, 'display_name': 'tempest-TaggedAttachmentsTest-volume-1995203384'}} {{(pid=72501) create /opt/stack/cinder/cinder/api/v3/volumes.py:297}}
Apr 12 06:22:06 user devstack@c-api.service[72500]: /usr/local/lib/python3.10/dist-packages/oslo_context/context.py:100: DeprecationWarning: Policy enforcement is depending on the value of is_admin. This key is deprecated. Please update your policy file to use the standard policy values.
Apr 12 06:22:06 user devstack@c-api.service[72500]: warnings.warn('Policy enforcement is depending on the value of '
Apr 12 06:22:06 user devstack@c-api.service[72501]: INFO cinder.api.v3.volumes [None req-c2eea253-0d4a-4ff1-b986-acf82c567f06 tempest-TaggedAttachmentsTest-1179204824 tempest-TaggedAttachmentsTest-1179204824-project-member] Create volume of 1 GB
Apr 12 06:22:06 user devstack@c-api.service[72501]: /usr/local/lib/python3.10/dist-packages/oslo_context/context.py:100: DeprecationWarning: Policy enforcement is depending on the value of is_admin. This key is deprecated. Please update your policy file to use the standard policy values.
Apr 12 06:22:06 user devstack@c-api.service[72501]: warnings.warn('Policy enforcement is depending on the value of '
Apr 12 06:22:06 user devstack@c-api.service[72501]: INFO cinder.volume.api [None req-c2eea253-0d4a-4ff1-b986-acf82c567f06 tempest-TaggedAttachmentsTest-1179204824 tempest-TaggedAttachmentsTest-1179204824-project-member] Availability Zones retrieved successfully.
Apr 12 06:22:06 user devstack@c-api.service[72500]: INFO cinder.api.openstack.wsgi [None req-1586add2-e562-4ae6-b6d2-60bb45c9f3a7 tempest-GroupSnapshotsTest-2133346524 tempest-GroupSnapshotsTest-2133346524-project-member] http://10.0.0.210/volume/v3/6cf2de76110d43f5a543577870210488/group_snapshots/8999a735-dc37-4cf2-8e2b-e40d49d909f1 returned with HTTP 200
Apr 12 06:22:06 user devstack@c-api.service[72500]: [pid: 72500|app: 0|req: 99/280] 10.0.0.210 () {64 vars in 1467 bytes} [Wed Apr 12 06:22:06 2023] GET /volume/v3/6cf2de76110d43f5a543577870210488/group_snapshots/8999a735-dc37-4cf2-8e2b-e40d49d909f1 => generated 325 bytes in 28 msecs (HTTP/1.1 200) 7 headers in 286 bytes (1 switches on core 0)
Apr 12 06:22:06 user devstack@c-api.service[72501]: INFO cinder.action_track [None req-c2eea253-0d4a-4ff1-b986-acf82c567f06 tempest-TaggedAttachmentsTest-1179204824 tempest-TaggedAttachmentsTest-1179204824-project-member] ACTION:'volume_create' MSG:'taskflow get_flow() created' FILE:/opt/stack/cinder/cinder/volume/api.py:362:create RSC:None
Apr 12 06:22:06 user devstack@c-api.service[72501]: DEBUG cinder.volume.api [None req-c2eea253-0d4a-4ff1-b986-acf82c567f06 tempest-TaggedAttachmentsTest-1179204824 tempest-TaggedAttachmentsTest-1179204824-project-member] Flow 'volume_create_api' (eca14021-66d3-4296-ae54-07e0c1d54dda) transitioned into state 'RUNNING' from state 'PENDING' {{(pid=72501) _flow_receiver /usr/local/lib/python3.10/dist-packages/taskflow/listeners/logging.py:141}}
Apr 12 06:22:06 user devstack@c-api.service[72501]: DEBUG cinder.volume.api [None req-c2eea253-0d4a-4ff1-b986-acf82c567f06 tempest-TaggedAttachmentsTest-1179204824 tempest-TaggedAttachmentsTest-1179204824-project-member] Task 'cinder.volume.flows.api.create_volume.ExtractVolumeRequestTask;volume:create' (32cae1de-1987-49b8-b8ec-0ea4c8511c4d) transitioned into state 'RUNNING' from state 'PENDING' {{(pid=72501) _task_receiver /usr/local/lib/python3.10/dist-packages/taskflow/listeners/logging.py:190}}
Apr 12 06:22:06 user devstack@c-api.service[72501]: DEBUG cinder.volume.flows.api.create_volume [None req-c2eea253-0d4a-4ff1-b986-acf82c567f06 tempest-TaggedAttachmentsTest-1179204824 tempest-TaggedAttachmentsTest-1179204824-project-member] Validating volume size '1' using validate_int {{(pid=72501) _extract_size /opt/stack/cinder/cinder/volume/flows/api/create_volume.py:228}}
Apr 12 06:22:06 user devstack@c-api.service[72501]: DEBUG cinder.volume.api [None req-c2eea253-0d4a-4ff1-b986-acf82c567f06 tempest-TaggedAttachmentsTest-1179204824 tempest-TaggedAttachmentsTest-1179204824-project-member] Task 'cinder.volume.flows.api.create_volume.ExtractVolumeRequestTask;volume:create' (32cae1de-1987-49b8-b8ec-0ea4c8511c4d) transitioned into state 'SUCCESS' from state 'RUNNING' with result '{'size': 1, 'snapshot_id': None, 'source_volid': None, 'volume_type': VolumeType(created_at=2023-04-12T06:17:48Z,deleted=False,deleted_at=None,description=None,extra_specs={volume_backend_name='joviandss-2'},id=e0e0be60-6fb6-4d45-a78c-55d792af9857,is_public=True,name='joviandss-2',projects=[],qos_specs=,qos_specs_id=None,updated_at=None), 'volume_type_id': 'e0e0be60-6fb6-4d45-a78c-55d792af9857', 'encryption_key_id': None, 'qos_specs': None, 'consistencygroup_id': None, 'cgsnapshot_id': None, 'group_id': None, 'replication_status': 'disabled', 'refresh_az': False, 'backup_id': None, 'multiattach': False, 'availability_zones': ['nova']}' {{(pid=72501) _task_receiver /usr/local/lib/python3.10/dist-packages/taskflow/listeners/logging.py:178}}
Apr 12 06:22:06 user devstack@c-api.service[72501]: DEBUG cinder.volume.api [None req-c2eea253-0d4a-4ff1-b986-acf82c567f06 tempest-TaggedAttachmentsTest-1179204824 tempest-TaggedAttachmentsTest-1179204824-project-member] Task 'cinder.volume.flows.api.create_volume.QuotaReserveTask;volume:create' (d3f74476-a31f-4eb5-ab23-cda880b2c237) transitioned into state 'RUNNING' from state 'PENDING' {{(pid=72501) _task_receiver /usr/local/lib/python3.10/dist-packages/taskflow/listeners/logging.py:190}}
Apr 12 06:22:06 user devstack@c-api.service[72502]: INFO cinder.transfer.api [None req-356b9c7e-4a14-476a-b2e1-61d7b54018b1 tempest-VolumesTransfersTest-382636807 tempest-VolumesTransfersTest-382636807-project-member] Volume 617c227c-3388-4abd-9ffd-12322592b77d has been transferred.
Apr 12 06:22:06 user devstack@c-api.service[72502]: INFO cinder.api.openstack.wsgi [None req-356b9c7e-4a14-476a-b2e1-61d7b54018b1 tempest-VolumesTransfersTest-382636807 tempest-VolumesTransfersTest-382636807-project-member] http://10.0.0.210/volume/v3/002e3d4b37924f55b679ed397d8017ea/os-volume-transfer/e6812416-c420-4b0d-acae-5fb1061fbe5a/accept returned with HTTP 202
Apr 12 06:22:06 user devstack@c-api.service[72501]: DEBUG cinder.quota [None req-c2eea253-0d4a-4ff1-b986-acf82c567f06 tempest-TaggedAttachmentsTest-1179204824 tempest-TaggedAttachmentsTest-1179204824-project-member] Created reservations ['b9c791bc-e97b-495e-8a61-41c05009a1fc', 'b9dec112-32f8-4b9a-ac2e-842701d2ae5a', 'd95ab606-60c6-4f62-9f9e-1059a82452b5', '246151d6-0bc1-4772-b4af-2c4fa318462f'] {{(pid=72501) reserve /opt/stack/cinder/cinder/quota.py:755}}
Apr 12 06:22:06 user devstack@c-api.service[72501]: DEBUG cinder.volume.api [None req-c2eea253-0d4a-4ff1-b986-acf82c567f06 tempest-TaggedAttachmentsTest-1179204824 tempest-TaggedAttachmentsTest-1179204824-project-member] Task 'cinder.volume.flows.api.create_volume.QuotaReserveTask;volume:create' (d3f74476-a31f-4eb5-ab23-cda880b2c237) transitioned into state 'SUCCESS' from state 'RUNNING' with result '{'reservations': ['b9c791bc-e97b-495e-8a61-41c05009a1fc', 'b9dec112-32f8-4b9a-ac2e-842701d2ae5a', 'd95ab606-60c6-4f62-9f9e-1059a82452b5', '246151d6-0bc1-4772-b4af-2c4fa318462f']}' {{(pid=72501) _task_receiver /usr/local/lib/python3.10/dist-packages/taskflow/listeners/logging.py:178}}
Apr 12 06:22:06 user devstack@c-api.service[72502]: [pid: 72502|app: 0|req: 93/281] 10.0.0.210 () {64 vars in 1477 bytes} [Wed Apr 12 06:22:05 2023] POST /volume/v3/002e3d4b37924f55b679ed397d8017ea/os-volume-transfer/e6812416-c420-4b0d-acae-5fb1061fbe5a/accept => generated 429 bytes in 1196 msecs (HTTP/1.1 202) 7 headers in 291 bytes (1 switches on core 0)
Apr 12 06:22:06 user devstack@c-api.service[72501]: DEBUG cinder.volume.api [None req-c2eea253-0d4a-4ff1-b986-acf82c567f06 tempest-TaggedAttachmentsTest-1179204824 tempest-TaggedAttachmentsTest-1179204824-project-member] Task 'cinder.volume.flows.api.create_volume.EntryCreateTask;volume:create' (52f7ca27-371c-4cc4-8c13-38615f339d74) transitioned into state 'RUNNING' from state 'PENDING' {{(pid=72501) _task_receiver /usr/local/lib/python3.10/dist-packages/taskflow/listeners/logging.py:190}}
Apr 12 06:22:06 user devstack@c-api.service[72500]: DEBUG cinder.api.middleware.request_id [None req-afff4965-2856-4afa-a6bd-73ccefc466d8 None None] RequestId filter calling following filter/app {{(pid=72500) _context_setter /opt/stack/cinder/cinder/api/middleware/request_id.py:62}}
Apr 12 06:22:06 user devstack@c-api.service[72500]: INFO cinder.api.openstack.wsgi [None req-afff4965-2856-4afa-a6bd-73ccefc466d8 tempest-VolumesTransfersTest-382636807 tempest-VolumesTransfersTest-382636807-project-member] GET http://10.0.0.210/volume/v3/002e3d4b37924f55b679ed397d8017ea/volumes/617c227c-3388-4abd-9ffd-12322592b77d
Apr 12 06:22:06 user devstack@c-api.service[72500]: DEBUG cinder.api.openstack.wsgi [None req-afff4965-2856-4afa-a6bd-73ccefc466d8 tempest-VolumesTransfersTest-382636807 tempest-VolumesTransfersTest-382636807-project-member] Empty body provided in request {{(pid=72500) get_body /opt/stack/cinder/cinder/api/openstack/wsgi.py:715}}
Apr 12 06:22:06 user devstack@c-api.service[72500]: DEBUG cinder.api.openstack.wsgi [None req-afff4965-2856-4afa-a6bd-73ccefc466d8 tempest-VolumesTransfersTest-382636807 tempest-VolumesTransfersTest-382636807-project-member] Calling method 'show' {{(pid=72500) _process_stack /opt/stack/cinder/cinder/api/openstack/wsgi.py:868}}
Apr 12 06:22:06 user devstack@c-api.service[72500]: /usr/local/lib/python3.10/dist-packages/oslo_context/context.py:100: DeprecationWarning: Policy enforcement is depending on the value of is_admin. This key is deprecated. Please update your policy file to use the standard policy values.
Apr 12 06:22:06 user devstack@c-api.service[72500]: warnings.warn('Policy enforcement is depending on the value of '
Apr 12 06:22:06 user devstack@c-api.service[72500]: DEBUG dbcounter [-] [72500] Writing DB stats cinder:UPDATE=13,cinder:INSERT=5,cinder:SELECT=82 {{(pid=72500) stat_writer /usr/local/lib/python3.10/dist-packages/dbcounter.py:117}}
Apr 12 06:22:06 user devstack@c-api.service[72500]: INFO cinder.volume.api [None req-afff4965-2856-4afa-a6bd-73ccefc466d8 tempest-VolumesTransfersTest-382636807 tempest-VolumesTransfersTest-382636807-project-member] Volume info retrieved successfully.
Apr 12 06:22:06 user devstack@c-api.service[72501]: DEBUG cinder.volume.api [None req-c2eea253-0d4a-4ff1-b986-acf82c567f06 tempest-TaggedAttachmentsTest-1179204824 tempest-TaggedAttachmentsTest-1179204824-project-member] Task 'cinder.volume.flows.api.create_volume.EntryCreateTask;volume:create' (52f7ca27-371c-4cc4-8c13-38615f339d74) transitioned into state 'SUCCESS' from state 'RUNNING' with result '{'volume_id': 'd2470870-a46d-44c2-98dc-448e98ab0866', 'volume_properties': VolumeProperties(attach_status='detached',availability_zone='nova',cgsnapshot_id=None,consistencygroup_id=None,display_description=None,display_name='tempest-TaggedAttachmentsTest-volume-1995203384',encryption_key_id=None,group_id=None,group_type_id=,metadata={},multiattach=False,project_id='96d2a1b102d54e8194741137e193436f',qos_specs=None,replication_status=,reservations=['b9c791bc-e97b-495e-8a61-41c05009a1fc','b9dec112-32f8-4b9a-ac2e-842701d2ae5a','d95ab606-60c6-4f62-9f9e-1059a82452b5','246151d6-0bc1-4772-b4af-2c4fa318462f'],size=1,snapshot_id=None,source_replicaid=,source_volid=None,status='creating',user_id='896e1c5d0edd4a1d9d122115f02dfef7',volume_type_id=e0e0be60-6fb6-4d45-a78c-55d792af9857), 'volume': Volume(_name_id=None,admin_metadata=,attach_status='detached',availability_zone='nova',bootable=False,cluster=,cluster_name=None,consistencygroup=,consistencygroup_id=None,created_at=2023-04-12T06:22:06Z,deleted=False,deleted_at=None,display_description=None,display_name='tempest-TaggedAttachmentsTest-volume-1995203384',ec2_id=None,encryption_key_id=None,glance_metadata=,group=,group_id=None,host=None,id=d2470870-a46d-44c2-98dc-448e98ab0866,launched_at=None,metadata={},migration_status=None,multiattach=False,previous_status=None,project_id='96d2a1b102d54e8194741137e193436f',provider_auth=None,provider_geometry=None,provider_id=None,provider_location=None,replication_driver_data=None,replication_extended_status=None,replication_status=None,scheduled_at=None,service_uuid=None,shared_targets=True,size=1,snapshot_id=None,snapshots=,source_volid=None,status='creating',terminated_at=None,updated_at=None,use_quota=True,user_id='896e1c5d0edd4a1d9d122115f02dfef7',volume_attachment=VolumeAttachmentList,volume_type=VolumeType(e0e0be60-6fb6-4d45-a78c-55d792af9857),volume_type_id=e0e0be60-6fb6-4d45-a78c-55d792af9857)}' {{(pid=72501) _task_receiver /usr/local/lib/python3.10/dist-packages/taskflow/listeners/logging.py:178}}
Apr 12 06:22:06 user devstack@c-api.service[72501]: DEBUG cinder.volume.api [None req-c2eea253-0d4a-4ff1-b986-acf82c567f06 tempest-TaggedAttachmentsTest-1179204824 tempest-TaggedAttachmentsTest-1179204824-project-member] Task 'cinder.volume.flows.api.create_volume.QuotaCommitTask;volume:create' (5edf1dd8-6240-470f-8e5e-9d23b23d1c98) transitioned into state 'RUNNING' from state 'PENDING' {{(pid=72501) _task_receiver /usr/local/lib/python3.10/dist-packages/taskflow/listeners/logging.py:190}}
Apr 12 06:22:06 user devstack@c-api.service[72501]: DEBUG dbcounter [-] [72501] Writing DB stats cinder:SELECT=68,cinder:INSERT=16,cinder:UPDATE=16 {{(pid=72501) stat_writer /usr/local/lib/python3.10/dist-packages/dbcounter.py:117}}
Apr 12 06:22:06 user devstack@c-api.service[72500]: INFO cinder.api.openstack.wsgi [None req-afff4965-2856-4afa-a6bd-73ccefc466d8 tempest-VolumesTransfersTest-382636807 tempest-VolumesTransfersTest-382636807-project-member] http://10.0.0.210/volume/v3/002e3d4b37924f55b679ed397d8017ea/volumes/617c227c-3388-4abd-9ffd-12322592b77d returned with HTTP 200
Apr 12 06:22:06 user devstack@c-api.service[72500]: [pid: 72500|app: 0|req: 100/282] 10.0.0.210 () {62 vars in 1402 bytes} [Wed Apr 12 06:22:06 2023] GET /volume/v3/002e3d4b37924f55b679ed397d8017ea/volumes/617c227c-3388-4abd-9ffd-12322592b77d => generated 909 bytes in 65 msecs (HTTP/1.1 200) 7 headers in 285 bytes (1 switches on core 0)
Apr 12 06:22:06 user devstack@c-api.service[72502]: DEBUG cinder.api.middleware.request_id [None req-20bb89ad-fbda-4724-bf6d-70bb45725dc0 None None] RequestId filter calling following filter/app {{(pid=72502) _context_setter /opt/stack/cinder/cinder/api/middleware/request_id.py:62}}
Apr 12 06:22:06 user devstack@c-api.service[72502]: INFO cinder.api.openstack.wsgi [None req-20bb89ad-fbda-4724-bf6d-70bb45725dc0 tempest-VolumesTransfersTest-382636807 tempest-VolumesTransfersTest-382636807-project-member] GET http://10.0.0.210/volume/v3/002e3d4b37924f55b679ed397d8017ea/volumes/617c227c-3388-4abd-9ffd-12322592b77d
Apr 12 06:22:06 user devstack@c-api.service[72502]: DEBUG cinder.api.openstack.wsgi [None req-20bb89ad-fbda-4724-bf6d-70bb45725dc0 tempest-VolumesTransfersTest-382636807 tempest-VolumesTransfersTest-382636807-project-member] Empty body provided in request {{(pid=72502) get_body /opt/stack/cinder/cinder/api/openstack/wsgi.py:715}}
Apr 12 06:22:06 user devstack@c-api.service[72502]: DEBUG cinder.api.openstack.wsgi [None req-20bb89ad-fbda-4724-bf6d-70bb45725dc0 tempest-VolumesTransfersTest-382636807 tempest-VolumesTransfersTest-382636807-project-member] Calling method 'show' {{(pid=72502) _process_stack /opt/stack/cinder/cinder/api/openstack/wsgi.py:868}}
Apr 12 06:22:06 user devstack@c-api.service[72501]: DEBUG cinder.volume.api [None req-c2eea253-0d4a-4ff1-b986-acf82c567f06 tempest-TaggedAttachmentsTest-1179204824 tempest-TaggedAttachmentsTest-1179204824-project-member] Task 'cinder.volume.flows.api.create_volume.QuotaCommitTask;volume:create' (5edf1dd8-6240-470f-8e5e-9d23b23d1c98) transitioned into state 'SUCCESS' from state 'RUNNING' with result '{'volume_properties': VolumeProperties(attach_status='detached',availability_zone='nova',cgsnapshot_id=None,consistencygroup_id=None,display_description=None,display_name='tempest-TaggedAttachmentsTest-volume-1995203384',encryption_key_id=None,group_id=None,group_type_id=,metadata={},multiattach=False,project_id='96d2a1b102d54e8194741137e193436f',qos_specs=None,replication_status=,reservations=['b9c791bc-e97b-495e-8a61-41c05009a1fc','b9dec112-32f8-4b9a-ac2e-842701d2ae5a','d95ab606-60c6-4f62-9f9e-1059a82452b5','246151d6-0bc1-4772-b4af-2c4fa318462f'],size=1,snapshot_id=None,source_replicaid=,source_volid=None,status='creating',user_id='896e1c5d0edd4a1d9d122115f02dfef7',volume_type_id=e0e0be60-6fb6-4d45-a78c-55d792af9857)}' {{(pid=72501) _task_receiver /usr/local/lib/python3.10/dist-packages/taskflow/listeners/logging.py:178}}
Apr 12 06:22:06 user devstack@c-api.service[72501]: DEBUG cinder.volume.api [None req-c2eea253-0d4a-4ff1-b986-acf82c567f06 tempest-TaggedAttachmentsTest-1179204824 tempest-TaggedAttachmentsTest-1179204824-project-member] Task 'cinder.volume.flows.api.create_volume.VolumeCastTask;volume:create' (575de108-8374-49ee-ba84-154263637a21) transitioned into state 'RUNNING' from state 'PENDING' {{(pid=72501) _task_receiver /usr/local/lib/python3.10/dist-packages/taskflow/listeners/logging.py:190}}
Apr 12 06:22:06 user devstack@c-api.service[72502]: /usr/local/lib/python3.10/dist-packages/oslo_context/context.py:100: DeprecationWarning: Policy enforcement is depending on the value of is_admin. This key is deprecated. Please update your policy file to use the standard policy values.
Apr 12 06:22:06 user devstack@c-api.service[72502]: warnings.warn('Policy enforcement is depending on the value of '
Apr 12 06:22:06 user devstack@c-api.service[72501]: DEBUG cinder.volume.api [None req-c2eea253-0d4a-4ff1-b986-acf82c567f06 tempest-TaggedAttachmentsTest-1179204824 tempest-TaggedAttachmentsTest-1179204824-project-member] Task 'cinder.volume.flows.api.create_volume.VolumeCastTask;volume:create' (575de108-8374-49ee-ba84-154263637a21) transitioned into state 'SUCCESS' from state 'RUNNING' with result 'None' {{(pid=72501) _task_receiver /usr/local/lib/python3.10/dist-packages/taskflow/listeners/logging.py:178}}
Apr 12 06:22:06 user devstack@c-api.service[72501]: DEBUG cinder.volume.api [None req-c2eea253-0d4a-4ff1-b986-acf82c567f06 tempest-TaggedAttachmentsTest-1179204824 tempest-TaggedAttachmentsTest-1179204824-project-member] Flow 'volume_create_api' (eca14021-66d3-4296-ae54-07e0c1d54dda) transitioned into state 'SUCCESS' from state 'RUNNING' {{(pid=72501) _flow_receiver /usr/local/lib/python3.10/dist-packages/taskflow/listeners/logging.py:141}}
Apr 12 06:22:06 user devstack@c-api.service[72502]: INFO cinder.volume.api [None req-20bb89ad-fbda-4724-bf6d-70bb45725dc0 tempest-VolumesTransfersTest-382636807 tempest-VolumesTransfersTest-382636807-project-member] Volume info retrieved successfully.
Apr 12 06:22:06 user devstack@c-api.service[72501]: INFO cinder.action_track [None req-c2eea253-0d4a-4ff1-b986-acf82c567f06 tempest-TaggedAttachmentsTest-1179204824 tempest-TaggedAttachmentsTest-1179204824-project-member] ACTION:'volume_create' MSG:'create volume request issued successfully' FILE:/opt/stack/cinder/cinder/volume/api.py:383:create RSC:Volume(_name_id=None,admin_metadata=,attach_status='detached',availability_zone='nova',bootable=False,cluster=,cluster_name=None,consistencygroup=,consistencygroup_id=None,created_at=2023-04-12T06:22:06Z,deleted=False,deleted_at=None,display_description=None,display_name='tempest-TaggedAttachmentsTest-volume-1995203384',ec2_id=None,encryption_key_id=None,glance_metadata=,group=,group_id=None,host=None,id=d2470870-a46d-44c2-98dc-448e98ab0866,launched_at=None,metadata={},migration_status=None,multiattach=False,previous_status=None,project_id='96d2a1b102d54e8194741137e193436f',provider_auth=None,provider_geometry=None,provider_id=None,provider_location=None,replication_driver_data=None,replication_extended_status=None,replication_status=None,scheduled_at=None,service_uuid=None,shared_targets=True,size=1,snapshot_id=None,snapshots=,source_volid=None,status='creating',terminated_at=None,updated_at=None,use_quota=True,user_id='896e1c5d0edd4a1d9d122115f02dfef7',volume_attachment=VolumeAttachmentList,volume_type=VolumeType(e0e0be60-6fb6-4d45-a78c-55d792af9857),volume_type_id=e0e0be60-6fb6-4d45-a78c-55d792af9857)
Apr 12 06:22:06 user devstack@c-api.service[72501]: INFO cinder.api.openstack.wsgi [None req-c2eea253-0d4a-4ff1-b986-acf82c567f06 tempest-TaggedAttachmentsTest-1179204824 tempest-TaggedAttachmentsTest-1179204824-project-member] http://10.0.0.210/volume/v3/96d2a1b102d54e8194741137e193436f/volumes returned with HTTP 202
Apr 12 06:22:06 user devstack@c-api.service[72501]: [pid: 72501|app: 0|req: 90/283] 10.0.0.210 () {64 vars in 1312 bytes} [Wed Apr 12 06:22:06 2023] POST /volume/v3/96d2a1b102d54e8194741137e193436f/volumes => generated 819 bytes in 433 msecs (HTTP/1.1 202) 7 headers in 291 bytes (1 switches on core 0)
Apr 12 06:22:06 user devstack@c-api.service[72502]: INFO cinder.api.openstack.wsgi [None req-20bb89ad-fbda-4724-bf6d-70bb45725dc0 tempest-VolumesTransfersTest-382636807 tempest-VolumesTransfersTest-382636807-project-member] http://10.0.0.210/volume/v3/002e3d4b37924f55b679ed397d8017ea/volumes/617c227c-3388-4abd-9ffd-12322592b77d returned with HTTP 200
Apr 12 06:22:06 user devstack@c-api.service[72502]: [pid: 72502|app: 0|req: 94/284] 10.0.0.210 () {62 vars in 1402 bytes} [Wed Apr 12 06:22:06 2023] GET /volume/v3/002e3d4b37924f55b679ed397d8017ea/volumes/617c227c-3388-4abd-9ffd-12322592b77d => generated 909 bytes in 111 msecs (HTTP/1.1 200) 7 headers in 285 bytes (1 switches on core 0)
Apr 12 06:22:06 user devstack@c-api.service[72500]: DEBUG cinder.api.middleware.request_id [None req-d511a1bc-e0e3-4819-a0ad-74fd1076b648 None None] RequestId filter calling following filter/app {{(pid=72500) _context_setter /opt/stack/cinder/cinder/api/middleware/request_id.py:62}}
Apr 12 06:22:06 user devstack@c-api.service[72500]: INFO cinder.api.openstack.wsgi [None req-d511a1bc-e0e3-4819-a0ad-74fd1076b648 tempest-VolumesCloneNegativeTest-566572733 tempest-VolumesCloneNegativeTest-566572733-project-member] GET http://10.0.0.210/volume/v3/e4464512ecbd453598329ee1e128a3d6/volumes/5528cc9d-8283-48ce-b6d3-f579aae9dd62
Apr 12 06:22:06 user devstack@c-api.service[72500]: DEBUG cinder.api.openstack.wsgi [None req-d511a1bc-e0e3-4819-a0ad-74fd1076b648 tempest-VolumesCloneNegativeTest-566572733 tempest-VolumesCloneNegativeTest-566572733-project-member] Empty body provided in request {{(pid=72500) get_body /opt/stack/cinder/cinder/api/openstack/wsgi.py:715}}
Apr 12 06:22:06 user devstack@c-api.service[72500]: DEBUG cinder.api.openstack.wsgi [None req-d511a1bc-e0e3-4819-a0ad-74fd1076b648 tempest-VolumesCloneNegativeTest-566572733 tempest-VolumesCloneNegativeTest-566572733-project-member] Calling method 'show' {{(pid=72500) _process_stack /opt/stack/cinder/cinder/api/openstack/wsgi.py:868}}
Apr 12 06:22:06 user devstack@c-api.service[72501]: DEBUG cinder.api.middleware.request_id [None req-3bd053ce-36c2-49cb-b91c-74bc38e4a9b9 None None] RequestId filter calling following filter/app {{(pid=72501) _context_setter /opt/stack/cinder/cinder/api/middleware/request_id.py:62}}
Apr 12 06:22:06 user devstack@c-api.service[72501]: INFO cinder.api.openstack.wsgi [None req-3bd053ce-36c2-49cb-b91c-74bc38e4a9b9 tempest-TaggedAttachmentsTest-1179204824 tempest-TaggedAttachmentsTest-1179204824-project-member] GET http://10.0.0.210/volume/v3/96d2a1b102d54e8194741137e193436f/volumes/d2470870-a46d-44c2-98dc-448e98ab0866
Apr 12 06:22:06 user devstack@c-api.service[72501]: DEBUG cinder.api.openstack.wsgi [None req-3bd053ce-36c2-49cb-b91c-74bc38e4a9b9 tempest-TaggedAttachmentsTest-1179204824 tempest-TaggedAttachmentsTest-1179204824-project-member] Empty body provided in request {{(pid=72501) get_body /opt/stack/cinder/cinder/api/openstack/wsgi.py:715}}
Apr 12 06:22:06 user devstack@c-api.service[72501]: DEBUG cinder.api.openstack.wsgi [None req-3bd053ce-36c2-49cb-b91c-74bc38e4a9b9 tempest-TaggedAttachmentsTest-1179204824 tempest-TaggedAttachmentsTest-1179204824-project-member] Calling method 'show' {{(pid=72501) _process_stack /opt/stack/cinder/cinder/api/openstack/wsgi.py:868}}
Apr 12 06:22:06 user devstack@c-api.service[72502]: DEBUG cinder.api.middleware.request_id [None req-6f6e7935-34f5-4869-b64f-ced67cef0f41 None None] RequestId filter calling following filter/app {{(pid=72502) _context_setter /opt/stack/cinder/cinder/api/middleware/request_id.py:62}}
Apr 12 06:22:06 user devstack@c-api.service[72502]: INFO cinder.api.openstack.wsgi [None req-6f6e7935-34f5-4869-b64f-ced67cef0f41 tempest-VolumesTransfersTest-1994120206 tempest-VolumesTransfersTest-1994120206-project-member] DELETE http://10.0.0.210/volume/v3/59b7afce3f7c4e1db9077933eff8b1b1/os-volume-transfer/e6812416-c420-4b0d-acae-5fb1061fbe5a
Apr 12 06:22:06 user devstack@c-api.service[72502]: DEBUG cinder.api.openstack.wsgi [None req-6f6e7935-34f5-4869-b64f-ced67cef0f41 tempest-VolumesTransfersTest-1994120206 tempest-VolumesTransfersTest-1994120206-project-member] Empty body provided in request {{(pid=72502) get_body /opt/stack/cinder/cinder/api/openstack/wsgi.py:715}}
Apr 12 06:22:06 user devstack@c-api.service[72502]: DEBUG cinder.api.openstack.wsgi [None req-6f6e7935-34f5-4869-b64f-ced67cef0f41 tempest-VolumesTransfersTest-1994120206 tempest-VolumesTransfersTest-1994120206-project-member] Calling method 'delete' {{(pid=72502) _process_stack /opt/stack/cinder/cinder/api/openstack/wsgi.py:868}}
Apr 12 06:22:06 user devstack@c-api.service[72502]: INFO cinder.api.contrib.volume_transfer [None req-6f6e7935-34f5-4869-b64f-ced67cef0f41 tempest-VolumesTransfersTest-1994120206 tempest-VolumesTransfersTest-1994120206-project-member] Delete transfer with id: e6812416-c420-4b0d-acae-5fb1061fbe5a
Apr 12 06:22:06 user devstack@c-api.service[72500]: INFO cinder.api.openstack.wsgi [None req-d511a1bc-e0e3-4819-a0ad-74fd1076b648 tempest-VolumesCloneNegativeTest-566572733 tempest-VolumesCloneNegativeTest-566572733-project-member] http://10.0.0.210/volume/v3/e4464512ecbd453598329ee1e128a3d6/volumes/5528cc9d-8283-48ce-b6d3-f579aae9dd62 returned with HTTP 404
Apr 12 06:22:06 user devstack@c-api.service[72500]: [pid: 72500|app: 0|req: 101/285] 10.0.0.210 () {62 vars in 1402 bytes} [Wed Apr 12 06:22:06 2023] GET /volume/v3/e4464512ecbd453598329ee1e128a3d6/volumes/5528cc9d-8283-48ce-b6d3-f579aae9dd62 => generated 109 bytes in 40 msecs (HTTP/1.1 404) 7 headers in 292 bytes (1 switches on core 0)
Apr 12 06:22:06 user devstack@c-api.service[72502]: INFO cinder.api.openstack.wsgi [None req-6f6e7935-34f5-4869-b64f-ced67cef0f41 tempest-VolumesTransfersTest-1994120206 tempest-VolumesTransfersTest-1994120206-project-member] http://10.0.0.210/volume/v3/59b7afce3f7c4e1db9077933eff8b1b1/os-volume-transfer/e6812416-c420-4b0d-acae-5fb1061fbe5a returned with HTTP 404
Apr 12 06:22:06 user devstack@c-api.service[72502]: [pid: 72502|app: 0|req: 95/286] 10.0.0.210 () {62 vars in 1438 bytes} [Wed Apr 12 06:22:06 2023] DELETE /volume/v3/59b7afce3f7c4e1db9077933eff8b1b1/os-volume-transfer/e6812416-c420-4b0d-acae-5fb1061fbe5a => generated 111 bytes in 24 msecs (HTTP/1.1 404) 7 headers in 292 bytes (1 switches on core 0)
Apr 12 06:22:06 user devstack@c-api.service[72501]: /usr/local/lib/python3.10/dist-packages/oslo_context/context.py:100: DeprecationWarning: Policy enforcement is depending on the value of is_admin. This key is deprecated. Please update your policy file to use the standard policy values.
Apr 12 06:22:06 user devstack@c-api.service[72501]: warnings.warn('Policy enforcement is depending on the value of '
Apr 12 06:22:06 user devstack@c-api.service[72500]: DEBUG cinder.api.middleware.request_id [None req-b79b800c-8d3d-4018-987e-f33c61590b4e None None] RequestId filter calling following filter/app {{(pid=72500) _context_setter /opt/stack/cinder/cinder/api/middleware/request_id.py:62}}
Apr 12 06:22:06 user devstack@c-api.service[72501]: INFO cinder.volume.api [None req-3bd053ce-36c2-49cb-b91c-74bc38e4a9b9 tempest-TaggedAttachmentsTest-1179204824 tempest-TaggedAttachmentsTest-1179204824-project-member] Volume info retrieved successfully.
Apr 12 06:22:06 user devstack@c-api.service[72501]: INFO cinder.api.openstack.wsgi [None req-3bd053ce-36c2-49cb-b91c-74bc38e4a9b9 tempest-TaggedAttachmentsTest-1179204824 tempest-TaggedAttachmentsTest-1179204824-project-member] http://10.0.0.210/volume/v3/96d2a1b102d54e8194741137e193436f/volumes/d2470870-a46d-44c2-98dc-448e98ab0866 returned with HTTP 200
Apr 12 06:22:06 user devstack@c-api.service[72501]: [pid: 72501|app: 0|req: 91/287] 10.0.0.210 () {62 vars in 1402 bytes} [Wed Apr 12 06:22:06 2023] GET /volume/v3/96d2a1b102d54e8194741137e193436f/volumes/d2470870-a46d-44c2-98dc-448e98ab0866 => generated 887 bytes in 70 msecs (HTTP/1.1 200) 7 headers in 285 bytes (1 switches on core 0)
Apr 12 06:22:06 user devstack@c-api.service[72500]: INFO cinder.api.openstack.wsgi [None req-b79b800c-8d3d-4018-987e-f33c61590b4e tempest-VolumesTransfersTest-1676292131 tempest-VolumesTransfersTest-1676292131-project-admin] DELETE http://10.0.0.210/volume/v3/5f247b61133c425bbe61d850489fd389/volumes/617c227c-3388-4abd-9ffd-12322592b77d
Apr 12 06:22:06 user devstack@c-api.service[72500]: DEBUG cinder.api.openstack.wsgi [None req-b79b800c-8d3d-4018-987e-f33c61590b4e tempest-VolumesTransfersTest-1676292131 tempest-VolumesTransfersTest-1676292131-project-admin] Empty body provided in request {{(pid=72500) get_body /opt/stack/cinder/cinder/api/openstack/wsgi.py:715}}
Apr 12 06:22:06 user devstack@c-api.service[72500]: DEBUG cinder.api.openstack.wsgi [None req-b79b800c-8d3d-4018-987e-f33c61590b4e tempest-VolumesTransfersTest-1676292131 tempest-VolumesTransfersTest-1676292131-project-admin] Calling method 'delete' {{(pid=72500) _process_stack /opt/stack/cinder/cinder/api/openstack/wsgi.py:868}}
Apr 12 06:22:06 user devstack@c-api.service[72500]: INFO cinder.api.v3.volumes [None req-b79b800c-8d3d-4018-987e-f33c61590b4e tempest-VolumesTransfersTest-1676292131 tempest-VolumesTransfersTest-1676292131-project-admin] Delete volume with id: 617c227c-3388-4abd-9ffd-12322592b77d
Apr 12 06:22:06 user devstack@c-api.service[72500]: /usr/local/lib/python3.10/dist-packages/oslo_context/context.py:100: DeprecationWarning: Policy enforcement is depending on the value of is_admin. This key is deprecated. Please update your policy file to use the standard policy values.
Apr 12 06:22:06 user devstack@c-api.service[72500]: warnings.warn('Policy enforcement is depending on the value of '
Apr 12 06:22:06 user devstack@c-api.service[72500]: INFO cinder.volume.api [None req-b79b800c-8d3d-4018-987e-f33c61590b4e tempest-VolumesTransfersTest-1676292131 tempest-VolumesTransfersTest-1676292131-project-admin] Volume info retrieved successfully.
Apr 12 06:22:07 user devstack@c-api.service[72500]: INFO cinder.volume.api [None req-b79b800c-8d3d-4018-987e-f33c61590b4e tempest-VolumesTransfersTest-1676292131 tempest-VolumesTransfersTest-1676292131-project-admin] Delete volume request issued successfully.
Apr 12 06:22:07 user devstack@c-api.service[72500]: INFO cinder.api.openstack.wsgi [None req-b79b800c-8d3d-4018-987e-f33c61590b4e tempest-VolumesTransfersTest-1676292131 tempest-VolumesTransfersTest-1676292131-project-admin] http://10.0.0.210/volume/v3/5f247b61133c425bbe61d850489fd389/volumes/617c227c-3388-4abd-9ffd-12322592b77d returned with HTTP 202
Apr 12 06:22:07 user devstack@c-api.service[72500]: [pid: 72500|app: 0|req: 102/288] 10.0.0.210 () {62 vars in 1405 bytes} [Wed Apr 12 06:22:06 2023] DELETE /volume/v3/5f247b61133c425bbe61d850489fd389/volumes/617c227c-3388-4abd-9ffd-12322592b77d => generated 0 bytes in 186 msecs (HTTP/1.1 202) 6 headers in 233 bytes (1 switches on core 0)
Apr 12 06:22:07 user devstack@c-api.service[72502]: DEBUG cinder.api.middleware.request_id [None req-3cd6ab9d-e8a5-443c-a06a-0d68ce16939c None None] RequestId filter calling following filter/app {{(pid=72502) _context_setter /opt/stack/cinder/cinder/api/middleware/request_id.py:62}}
Apr 12 06:22:07 user devstack@c-api.service[72502]: INFO cinder.api.openstack.wsgi [None req-3cd6ab9d-e8a5-443c-a06a-0d68ce16939c tempest-VolumesTransfersTest-1676292131 tempest-VolumesTransfersTest-1676292131-project-admin] GET http://10.0.0.210/volume/v3/5f247b61133c425bbe61d850489fd389/volumes/617c227c-3388-4abd-9ffd-12322592b77d
Apr 12 06:22:07 user devstack@c-api.service[72502]: DEBUG cinder.api.openstack.wsgi [None req-3cd6ab9d-e8a5-443c-a06a-0d68ce16939c tempest-VolumesTransfersTest-1676292131 tempest-VolumesTransfersTest-1676292131-project-admin] Empty body provided in request {{(pid=72502) get_body /opt/stack/cinder/cinder/api/openstack/wsgi.py:715}}
Apr 12 06:22:07 user devstack@c-api.service[72502]: DEBUG cinder.api.openstack.wsgi [None req-3cd6ab9d-e8a5-443c-a06a-0d68ce16939c tempest-VolumesTransfersTest-1676292131 tempest-VolumesTransfersTest-1676292131-project-admin] Calling method 'show' {{(pid=72502) _process_stack /opt/stack/cinder/cinder/api/openstack/wsgi.py:868}}
Apr 12 06:22:07 user devstack@c-api.service[72502]: /usr/local/lib/python3.10/dist-packages/oslo_context/context.py:100: DeprecationWarning: Policy enforcement is depending on the value of is_admin. This key is deprecated. Please update your policy file to use the standard policy values.
Apr 12 06:22:07 user devstack@c-api.service[72502]: warnings.warn('Policy enforcement is depending on the value of '
Apr 12 06:22:07 user devstack@c-api.service[72502]: INFO cinder.volume.api [None req-3cd6ab9d-e8a5-443c-a06a-0d68ce16939c tempest-VolumesTransfersTest-1676292131 tempest-VolumesTransfersTest-1676292131-project-admin] Volume info retrieved successfully.
Apr 12 06:22:07 user devstack@c-api.service[72502]: INFO cinder.api.openstack.wsgi [None req-3cd6ab9d-e8a5-443c-a06a-0d68ce16939c tempest-VolumesTransfersTest-1676292131 tempest-VolumesTransfersTest-1676292131-project-admin] http://10.0.0.210/volume/v3/5f247b61133c425bbe61d850489fd389/volumes/617c227c-3388-4abd-9ffd-12322592b77d returned with HTTP 200
Apr 12 06:22:07 user devstack@c-api.service[72502]: [pid: 72502|app: 0|req: 96/289] 10.0.0.210 () {62 vars in 1402 bytes} [Wed Apr 12 06:22:07 2023] GET /volume/v3/5f247b61133c425bbe61d850489fd389/volumes/617c227c-3388-4abd-9ffd-12322592b77d => generated 1071 bytes in 88 msecs (HTTP/1.1 200) 7 headers in 286 bytes (1 switches on core 0)
Apr 12 06:22:07 user devstack@c-api.service[72501]: DEBUG cinder.api.middleware.request_id [None req-46fc3746-56e2-4ee6-9ee4-e32c6ffc0a80 None None] RequestId filter calling following filter/app {{(pid=72501) _context_setter /opt/stack/cinder/cinder/api/middleware/request_id.py:62}}
Apr 12 06:22:07 user devstack@c-api.service[72501]: INFO cinder.api.openstack.wsgi [None req-46fc3746-56e2-4ee6-9ee4-e32c6ffc0a80 tempest-VolumesGetTest-136869643 tempest-VolumesGetTest-136869643-project-member] GET http://10.0.0.210/volume/v3/880a9aa73fd34b2a94154bf441e9dd40/volumes/ac2c28f3-2ecb-41f6-b97b-b8749353655b
Apr 12 06:22:07 user devstack@c-api.service[72501]: DEBUG cinder.api.openstack.wsgi [None req-46fc3746-56e2-4ee6-9ee4-e32c6ffc0a80 tempest-VolumesGetTest-136869643 tempest-VolumesGetTest-136869643-project-member] Empty body provided in request {{(pid=72501) get_body /opt/stack/cinder/cinder/api/openstack/wsgi.py:715}}
Apr 12 06:22:07 user devstack@c-api.service[72501]: DEBUG cinder.api.openstack.wsgi [None req-46fc3746-56e2-4ee6-9ee4-e32c6ffc0a80 tempest-VolumesGetTest-136869643 tempest-VolumesGetTest-136869643-project-member] Calling method 'show' {{(pid=72501) _process_stack /opt/stack/cinder/cinder/api/openstack/wsgi.py:868}}
Apr 12 06:22:07 user devstack@c-api.service[72501]: /usr/local/lib/python3.10/dist-packages/oslo_context/context.py:100: DeprecationWarning: Policy enforcement is depending on the value of is_admin. This key is deprecated. Please update your policy file to use the standard policy values.
Apr 12 06:22:07 user devstack@c-api.service[72501]: warnings.warn('Policy enforcement is depending on the value of '
Apr 12 06:22:07 user devstack@c-api.service[72501]: INFO cinder.volume.api [None req-46fc3746-56e2-4ee6-9ee4-e32c6ffc0a80 tempest-VolumesGetTest-136869643 tempest-VolumesGetTest-136869643-project-member] Volume info retrieved successfully.
Apr 12 06:22:07 user devstack@c-api.service[72501]: INFO cinder.api.openstack.wsgi [None req-46fc3746-56e2-4ee6-9ee4-e32c6ffc0a80 tempest-VolumesGetTest-136869643 tempest-VolumesGetTest-136869643-project-member] http://10.0.0.210/volume/v3/880a9aa73fd34b2a94154bf441e9dd40/volumes/ac2c28f3-2ecb-41f6-b97b-b8749353655b returned with HTTP 200
Apr 12 06:22:07 user devstack@c-api.service[72501]: [pid: 72501|app: 0|req: 92/290] 10.0.0.210 () {62 vars in 1402 bytes} [Wed Apr 12 06:22:07 2023] GET /volume/v3/880a9aa73fd34b2a94154bf441e9dd40/volumes/ac2c28f3-2ecb-41f6-b97b-b8749353655b => generated 918 bytes in 60 msecs (HTTP/1.1 200) 7 headers in 285 bytes (1 switches on core 0)
Apr 12 06:22:07 user devstack@c-api.service[72500]: DEBUG cinder.api.middleware.request_id [None req-88039a12-9e4e-45d5-a8ac-a19d361efe4e None None] RequestId filter calling following filter/app {{(pid=72500) _context_setter /opt/stack/cinder/cinder/api/middleware/request_id.py:62}}
Apr 12 06:22:07 user devstack@c-api.service[72500]: INFO cinder.api.openstack.wsgi [None req-88039a12-9e4e-45d5-a8ac-a19d361efe4e tempest-TaggedBootDevicesTest_v242-1197354508 tempest-TaggedBootDevicesTest_v242-1197354508-project-member] GET http://10.0.0.210/volume/v3/e313922ba234462285d20a4f1f2d88d0/volumes/6938de6c-91d6-44b2-af51-33e34e241f29
Apr 12 06:22:07 user devstack@c-api.service[72500]: DEBUG cinder.api.openstack.wsgi [None req-88039a12-9e4e-45d5-a8ac-a19d361efe4e tempest-TaggedBootDevicesTest_v242-1197354508 tempest-TaggedBootDevicesTest_v242-1197354508-project-member] Empty body provided in request {{(pid=72500) get_body /opt/stack/cinder/cinder/api/openstack/wsgi.py:715}}
Apr 12 06:22:07 user devstack@c-api.service[72500]: DEBUG cinder.api.openstack.wsgi [None req-88039a12-9e4e-45d5-a8ac-a19d361efe4e tempest-TaggedBootDevicesTest_v242-1197354508 tempest-TaggedBootDevicesTest_v242-1197354508-project-member] Calling method 'show' {{(pid=72500) _process_stack /opt/stack/cinder/cinder/api/openstack/wsgi.py:868}}
Apr 12 06:22:07 user devstack@c-api.service[72502]: DEBUG cinder.api.middleware.request_id [None req-25d0512e-1281-4fa7-9841-1ea84a82775a None None] RequestId filter calling following filter/app {{(pid=72502) _context_setter /opt/stack/cinder/cinder/api/middleware/request_id.py:62}}
Apr 12 06:22:07 user devstack@c-api.service[72502]: INFO cinder.api.openstack.wsgi [None req-25d0512e-1281-4fa7-9841-1ea84a82775a tempest-GroupSnapshotsTest-2133346524 tempest-GroupSnapshotsTest-2133346524-project-member] GET http://10.0.0.210/volume/v3/6cf2de76110d43f5a543577870210488/group_snapshots/8999a735-dc37-4cf2-8e2b-e40d49d909f1
Apr 12 06:22:07 user devstack@c-api.service[72502]: DEBUG cinder.api.openstack.wsgi [None req-25d0512e-1281-4fa7-9841-1ea84a82775a tempest-GroupSnapshotsTest-2133346524 tempest-GroupSnapshotsTest-2133346524-project-member] Empty body provided in request {{(pid=72502) get_body /opt/stack/cinder/cinder/api/openstack/wsgi.py:715}}
Apr 12 06:22:07 user devstack@c-api.service[72502]: DEBUG cinder.api.openstack.wsgi [None req-25d0512e-1281-4fa7-9841-1ea84a82775a tempest-GroupSnapshotsTest-2133346524 tempest-GroupSnapshotsTest-2133346524-project-member] Calling method 'version_select' {{(pid=72502) _process_stack /opt/stack/cinder/cinder/api/openstack/wsgi.py:868}}
Apr 12 06:22:07 user devstack@c-api.service[72502]: DEBUG cinder.api.v3.group_snapshots [None req-25d0512e-1281-4fa7-9841-1ea84a82775a tempest-GroupSnapshotsTest-2133346524 tempest-GroupSnapshotsTest-2133346524-project-member] show called for member 8999a735-dc37-4cf2-8e2b-e40d49d909f1 {{(pid=72502) show /opt/stack/cinder/cinder/api/v3/group_snapshots.py:58}}
Apr 12 06:22:07 user devstack@c-api.service[72502]: /usr/local/lib/python3.10/dist-packages/oslo_context/context.py:100: DeprecationWarning: Policy enforcement is depending on the value of is_admin. This key is deprecated. Please update your policy file to use the standard policy values.
Apr 12 06:22:07 user devstack@c-api.service[72502]: warnings.warn('Policy enforcement is depending on the value of '
Apr 12 06:22:07 user devstack@c-api.service[72500]: /usr/local/lib/python3.10/dist-packages/oslo_context/context.py:100: DeprecationWarning: Policy enforcement is depending on the value of is_admin. This key is deprecated. Please update your policy file to use the standard policy values.
Apr 12 06:22:07 user devstack@c-api.service[72500]: warnings.warn('Policy enforcement is depending on the value of '
Apr 12 06:22:07 user devstack@c-api.service[72502]: INFO cinder.api.openstack.wsgi [None req-25d0512e-1281-4fa7-9841-1ea84a82775a tempest-GroupSnapshotsTest-2133346524 tempest-GroupSnapshotsTest-2133346524-project-member] http://10.0.0.210/volume/v3/6cf2de76110d43f5a543577870210488/group_snapshots/8999a735-dc37-4cf2-8e2b-e40d49d909f1 returned with HTTP 200
Apr 12 06:22:07 user devstack@c-api.service[72502]: [pid: 72502|app: 0|req: 97/291] 10.0.0.210 () {64 vars in 1467 bytes} [Wed Apr 12 06:22:07 2023] GET /volume/v3/6cf2de76110d43f5a543577870210488/group_snapshots/8999a735-dc37-4cf2-8e2b-e40d49d909f1 => generated 325 bytes in 42 msecs (HTTP/1.1 200) 7 headers in 286 bytes (2 switches on core 0)
Apr 12 06:22:07 user devstack@c-api.service[72500]: INFO cinder.volume.api [None req-88039a12-9e4e-45d5-a8ac-a19d361efe4e tempest-TaggedBootDevicesTest_v242-1197354508 tempest-TaggedBootDevicesTest_v242-1197354508-project-member] Volume info retrieved successfully.
Apr 12 06:22:07 user devstack@c-api.service[72500]: INFO cinder.api.openstack.wsgi [None req-88039a12-9e4e-45d5-a8ac-a19d361efe4e tempest-TaggedBootDevicesTest_v242-1197354508 tempest-TaggedBootDevicesTest_v242-1197354508-project-member] http://10.0.0.210/volume/v3/e313922ba234462285d20a4f1f2d88d0/volumes/6938de6c-91d6-44b2-af51-33e34e241f29 returned with HTTP 200
Apr 12 06:22:07 user devstack@c-api.service[72500]: [pid: 72500|app: 0|req: 103/292] 10.0.0.210 () {62 vars in 1402 bytes} [Wed Apr 12 06:22:07 2023] GET /volume/v3/e313922ba234462285d20a4f1f2d88d0/volumes/6938de6c-91d6-44b2-af51-33e34e241f29 => generated 974 bytes in 102 msecs (HTTP/1.1 200) 7 headers in 285 bytes (1 switches on core 0)
Apr 12 06:22:07 user devstack@c-api.service[72501]: DEBUG cinder.api.middleware.request_id [None req-30eb838f-b5f4-4270-b016-9bbbced4397c None None] RequestId filter calling following filter/app {{(pid=72501) _context_setter /opt/stack/cinder/cinder/api/middleware/request_id.py:62}}
Apr 12 06:22:07 user devstack@c-api.service[72501]: INFO cinder.api.openstack.wsgi [None req-30eb838f-b5f4-4270-b016-9bbbced4397c tempest-TaggedAttachmentsTest-1179204824 tempest-TaggedAttachmentsTest-1179204824-project-member] GET http://10.0.0.210/volume/v3/96d2a1b102d54e8194741137e193436f/volumes/d2470870-a46d-44c2-98dc-448e98ab0866
Apr 12 06:22:07 user devstack@c-api.service[72501]: DEBUG cinder.api.openstack.wsgi [None req-30eb838f-b5f4-4270-b016-9bbbced4397c tempest-TaggedAttachmentsTest-1179204824 tempest-TaggedAttachmentsTest-1179204824-project-member] Empty body provided in request {{(pid=72501) get_body /opt/stack/cinder/cinder/api/openstack/wsgi.py:715}}
