Apr 12 06:25:34 user devstack@n-api.service[62042]: INFO nova.api.openstack.compute.server_external_events [req-3ad96f6f-23ce-4831-84f7-69a9888c47dd req-330cb8ae-49a8-4046-af09-1e74f6f7ff65 service nova] Creating event network-vif-deleted:f6ee077c-02a5-41ec-85b8-56bc6aeddd39 for instance 33458552-cb23-41c7-9cb7-ef13301468f6 on user
Apr 12 06:25:34 user devstack@n-api.service[62042]: INFO nova.api.openstack.requestlog [req-3ad96f6f-23ce-4831-84f7-69a9888c47dd req-330cb8ae-49a8-4046-af09-1e74f6f7ff65 service nova] 10.0.0.210 "POST /compute/v2.1/os-server-external-events" status: 200 len: 183 microversion: 2.1 time: 0.040166
Apr 12 06:25:34 user devstack@n-api.service[62042]: [pid: 62042|app: 0|req: 82/246] 10.0.0.210 () {68 vars in 1394 bytes} [Wed Apr 12 06:25:34 2023] POST /compute/v2.1/os-server-external-events => generated 183 bytes in 42 msecs (HTTP/1.1 200) 9 headers in 357 bytes (1 switches on core 0)
Apr 12 06:25:35 user devstack@n-api.service[62040]: DEBUG nova.api.openstack.wsgi [req-6abaddf5-4e98-431b-b9e9-766715ecaca7 req-3e61a966-229d-4312-8f0b-4c9bb633d334 service nova] Action: 'create', calling method: >, body: {"events": [{"server_uuid": "33458552-cb23-41c7-9cb7-ef13301468f6", "name": "network-vif-plugged", "status": "completed", "tag": "f6ee077c-02a5-41ec-85b8-56bc6aeddd39"}]} {{(pid=62040) _process_stack /opt/stack/nova/nova/api/openstack/wsgi.py:511}}
Apr 12 06:25:35 user devstack@n-api.service[62040]: DEBUG oslo_concurrency.lockutils [req-6abaddf5-4e98-431b-b9e9-766715ecaca7 req-3e61a966-229d-4312-8f0b-4c9bb633d334 service nova] Acquiring lock "453065c2-4bc8-4fda-9e5a-4e25f602658d" by "nova.context.set_target_cell..get_or_set_cached_cell_and_set_connections" {{(pid=62040) inner /usr/local/lib/python3.10/dist-packages/oslo_concurrency/lockutils.py:404}}
Apr 12 06:25:35 user devstack@n-api.service[62040]: DEBUG oslo_concurrency.lockutils [req-6abaddf5-4e98-431b-b9e9-766715ecaca7 req-3e61a966-229d-4312-8f0b-4c9bb633d334 service nova] Lock "453065c2-4bc8-4fda-9e5a-4e25f602658d" acquired by "nova.context.set_target_cell..get_or_set_cached_cell_and_set_connections" :: waited 0.001s {{(pid=62040) inner /usr/local/lib/python3.10/dist-packages/oslo_concurrency/lockutils.py:409}}
Apr 12 06:25:35 user devstack@n-api.service[62040]: DEBUG oslo_concurrency.lockutils [req-6abaddf5-4e98-431b-b9e9-766715ecaca7 req-3e61a966-229d-4312-8f0b-4c9bb633d334 service nova] Lock "453065c2-4bc8-4fda-9e5a-4e25f602658d" "released" by "nova.context.set_target_cell..get_or_set_cached_cell_and_set_connections" :: held 0.000s {{(pid=62040) inner /usr/local/lib/python3.10/dist-packages/oslo_concurrency/lockutils.py:423}}
Apr 12 06:25:35 user devstack@n-api.service[62040]: INFO nova.api.openstack.compute.server_external_events [req-6abaddf5-4e98-431b-b9e9-766715ecaca7 req-3e61a966-229d-4312-8f0b-4c9bb633d334 service nova] Creating event network-vif-plugged:f6ee077c-02a5-41ec-85b8-56bc6aeddd39 for instance 33458552-cb23-41c7-9cb7-ef13301468f6 on user
Apr 12 06:25:35 user devstack@n-api.service[62040]: INFO nova.api.openstack.requestlog [req-6abaddf5-4e98-431b-b9e9-766715ecaca7 req-3e61a966-229d-4312-8f0b-4c9bb633d334 service nova] 10.0.0.210 "POST /compute/v2.1/os-server-external-events" status: 200 len: 183 microversion: 2.1 time: 0.035005
Apr 12 06:25:35 user devstack@n-api.service[62040]: [pid: 62040|app: 0|req: 84/247] 10.0.0.210 () {68 vars in 1394 bytes} [Wed Apr 12 06:25:35 2023] POST /compute/v2.1/os-server-external-events => generated 183 bytes in 37 msecs (HTTP/1.1 200) 9 headers in 357 bytes (1 switches on core 0)
Apr 12 06:25:36 user devstack@n-api.service[62041]: DEBUG nova.api.openstack.wsgi [None req-d7dfe38a-2284-460c-989f-c39d5ec63871 tempest-TestStampPattern-1782553765 tempest-TestStampPattern-1782553765-project-member] Calling method '>' {{(pid=62041) _process_stack /opt/stack/nova/nova/api/openstack/wsgi.py:513}}
Apr 12 06:25:36 user devstack@n-api.service[62041]: DEBUG nova.compute.api [None req-d7dfe38a-2284-460c-989f-c39d5ec63871 tempest-TestStampPattern-1782553765 tempest-TestStampPattern-1782553765-project-member] [instance: a528e600-7358-4b92-9b71-12759f405b38] Fetching instance by UUID {{(pid=62041) get /opt/stack/nova/nova/compute/api.py:2977}}
Apr 12 06:25:36 user devstack@n-api.service[62041]: DEBUG oslo_concurrency.lockutils [None req-d7dfe38a-2284-460c-989f-c39d5ec63871 tempest-TestStampPattern-1782553765 tempest-TestStampPattern-1782553765-project-member] Acquiring lock "453065c2-4bc8-4fda-9e5a-4e25f602658d" by "nova.context.set_target_cell..get_or_set_cached_cell_and_set_connections" {{(pid=62041) inner /usr/local/lib/python3.10/dist-packages/oslo_concurrency/lockutils.py:404}}
Apr 12 06:25:36 user devstack@n-api.service[62041]: DEBUG oslo_concurrency.lockutils [None req-d7dfe38a-2284-460c-989f-c39d5ec63871 tempest-TestStampPattern-1782553765 tempest-TestStampPattern-1782553765-project-member] Lock "453065c2-4bc8-4fda-9e5a-4e25f602658d" acquired by "nova.context.set_target_cell..get_or_set_cached_cell_and_set_connections" :: waited 0.000s {{(pid=62041) inner /usr/local/lib/python3.10/dist-packages/oslo_concurrency/lockutils.py:409}}
Apr 12 06:25:36 user devstack@n-api.service[62041]: DEBUG oslo_concurrency.lockutils [None req-d7dfe38a-2284-460c-989f-c39d5ec63871 tempest-TestStampPattern-1782553765 tempest-TestStampPattern-1782553765-project-member] Lock "453065c2-4bc8-4fda-9e5a-4e25f602658d" "released" by "nova.context.set_target_cell..get_or_set_cached_cell_and_set_connections" :: held 0.000s {{(pid=62041) inner /usr/local/lib/python3.10/dist-packages/oslo_concurrency/lockutils.py:423}}
Apr 12 06:25:36 user devstack@n-api.service[62041]: DEBUG oslo_concurrency.lockutils [None req-d7dfe38a-2284-460c-989f-c39d5ec63871 tempest-TestStampPattern-1782553765 tempest-TestStampPattern-1782553765-project-member] Acquiring lock "453065c2-4bc8-4fda-9e5a-4e25f602658d" by "nova.context.set_target_cell..get_or_set_cached_cell_and_set_connections" {{(pid=62041) inner /usr/local/lib/python3.10/dist-packages/oslo_concurrency/lockutils.py:404}}
Apr 12 06:25:36 user devstack@n-api.service[62041]: DEBUG oslo_concurrency.lockutils [None req-d7dfe38a-2284-460c-989f-c39d5ec63871 tempest-TestStampPattern-1782553765 tempest-TestStampPattern-1782553765-project-member] Lock "453065c2-4bc8-4fda-9e5a-4e25f602658d" acquired by "nova.context.set_target_cell..get_or_set_cached_cell_and_set_connections" :: waited 0.000s {{(pid=62041) inner /usr/local/lib/python3.10/dist-packages/oslo_concurrency/lockutils.py:409}}
Apr 12 06:25:36 user devstack@n-api.service[62041]: DEBUG oslo_concurrency.lockutils [None req-d7dfe38a-2284-460c-989f-c39d5ec63871 tempest-TestStampPattern-1782553765 tempest-TestStampPattern-1782553765-project-member] Lock "453065c2-4bc8-4fda-9e5a-4e25f602658d" "released" by "nova.context.set_target_cell..get_or_set_cached_cell_and_set_connections" :: held 0.000s {{(pid=62041) inner /usr/local/lib/python3.10/dist-packages/oslo_concurrency/lockutils.py:423}}
Apr 12 06:25:36 user devstack@n-api.service[62041]: INFO nova.api.openstack.requestlog [None req-d7dfe38a-2284-460c-989f-c39d5ec63871 tempest-TestStampPattern-1782553765 tempest-TestStampPattern-1782553765-project-member] 10.0.0.210 "GET /compute/v2.1/servers/a528e600-7358-4b92-9b71-12759f405b38/os-volume_attachments" status: 200 len: 25 microversion: 2.1 time: 0.045101
Apr 12 06:25:36 user devstack@n-api.service[62041]: [pid: 62041|app: 0|req: 82/248] 10.0.0.210 () {62 vars in 1379 bytes} [Wed Apr 12 06:25:36 2023] GET /compute/v2.1/servers/a528e600-7358-4b92-9b71-12759f405b38/os-volume_attachments => generated 25 bytes in 47 msecs (HTTP/1.1 200) 9 headers in 356 bytes (1 switches on core 0)
Apr 12 06:25:38 user devstack@n-api.service[62042]: DEBUG nova.api.openstack.wsgi [None req-71f4a824-e2ba-46a0-9cd5-a3de24e663aa tempest-ServerActionsTestJSON-752347644 tempest-ServerActionsTestJSON-752347644-project-member] Calling method '>' {{(pid=62042) _process_stack /opt/stack/nova/nova/api/openstack/wsgi.py:513}}
Apr 12 06:25:38 user devstack@n-api.service[62042]: DEBUG nova.compute.api [None req-71f4a824-e2ba-46a0-9cd5-a3de24e663aa tempest-ServerActionsTestJSON-752347644 tempest-ServerActionsTestJSON-752347644-project-member] [instance: 5b5758b9-4f7e-4e85-8181-e3dfdd84e624] Fetching instance by UUID {{(pid=62042) get /opt/stack/nova/nova/compute/api.py:2977}}
Apr 12 06:25:38 user devstack@n-api.service[62042]: DEBUG dbcounter [-] [62042] Writing DB stats nova_api:SELECT=32,nova_api:DELETE=2,nova_api:UPDATE=1 {{(pid=62042) stat_writer /usr/local/lib/python3.10/dist-packages/dbcounter.py:117}}
Apr 12 06:25:38 user devstack@n-api.service[62042]: DEBUG oslo_concurrency.lockutils [None req-71f4a824-e2ba-46a0-9cd5-a3de24e663aa tempest-ServerActionsTestJSON-752347644 tempest-ServerActionsTestJSON-752347644-project-member] Acquiring lock "453065c2-4bc8-4fda-9e5a-4e25f602658d" by "nova.context.set_target_cell..get_or_set_cached_cell_and_set_connections" {{(pid=62042) inner /usr/local/lib/python3.10/dist-packages/oslo_concurrency/lockutils.py:404}}
Apr 12 06:25:38 user devstack@n-api.service[62042]: DEBUG oslo_concurrency.lockutils [None req-71f4a824-e2ba-46a0-9cd5-a3de24e663aa tempest-ServerActionsTestJSON-752347644 tempest-ServerActionsTestJSON-752347644-project-member] Lock "453065c2-4bc8-4fda-9e5a-4e25f602658d" acquired by "nova.context.set_target_cell..get_or_set_cached_cell_and_set_connections" :: waited 0.001s {{(pid=62042) inner /usr/local/lib/python3.10/dist-packages/oslo_concurrency/lockutils.py:409}}
Apr 12 06:25:38 user devstack@n-api.service[62042]: DEBUG oslo_concurrency.lockutils [None req-71f4a824-e2ba-46a0-9cd5-a3de24e663aa tempest-ServerActionsTestJSON-752347644 tempest-ServerActionsTestJSON-752347644-project-member] Lock "453065c2-4bc8-4fda-9e5a-4e25f602658d" "released" by "nova.context.set_target_cell..get_or_set_cached_cell_and_set_connections" :: held 0.000s {{(pid=62042) inner /usr/local/lib/python3.10/dist-packages/oslo_concurrency/lockutils.py:423}}
Apr 12 06:25:38 user devstack@n-api.service[62042]: DEBUG oslo_concurrency.lockutils [None req-71f4a824-e2ba-46a0-9cd5-a3de24e663aa tempest-ServerActionsTestJSON-752347644 tempest-ServerActionsTestJSON-752347644-project-member] Acquiring lock "453065c2-4bc8-4fda-9e5a-4e25f602658d" by "nova.context.set_target_cell..get_or_set_cached_cell_and_set_connections" {{(pid=62042) inner /usr/local/lib/python3.10/dist-packages/oslo_concurrency/lockutils.py:404}}
Apr 12 06:25:38 user devstack@n-api.service[62042]: DEBUG oslo_concurrency.lockutils [None req-71f4a824-e2ba-46a0-9cd5-a3de24e663aa tempest-ServerActionsTestJSON-752347644 tempest-ServerActionsTestJSON-752347644-project-member] Lock "453065c2-4bc8-4fda-9e5a-4e25f602658d" acquired by "nova.context.set_target_cell..get_or_set_cached_cell_and_set_connections" :: waited 0.000s {{(pid=62042) inner /usr/local/lib/python3.10/dist-packages/oslo_concurrency/lockutils.py:409}}
Apr 12 06:25:38 user devstack@n-api.service[62042]: DEBUG oslo_concurrency.lockutils [None req-71f4a824-e2ba-46a0-9cd5-a3de24e663aa tempest-ServerActionsTestJSON-752347644 tempest-ServerActionsTestJSON-752347644-project-member] Lock "453065c2-4bc8-4fda-9e5a-4e25f602658d" "released" by "nova.context.set_target_cell..get_or_set_cached_cell_and_set_connections" :: held 0.000s {{(pid=62042) inner /usr/local/lib/python3.10/dist-packages/oslo_concurrency/lockutils.py:423}}
Apr 12 06:25:38 user devstack@n-api.service[62042]: DEBUG dbcounter [-] [62042] Writing DB stats nova_cell1:SELECT=34,nova_cell1:UPDATE=2,nova_cell1:INSERT=1 {{(pid=62042) stat_writer /usr/local/lib/python3.10/dist-packages/dbcounter.py:117}}
Apr 12 06:25:38 user devstack@n-api.service[62040]: DEBUG nova.api.openstack.wsgi [None req-a09cc119-c8fd-41db-8f7c-7aaa67a64f1f tempest-TestStampPattern-1782553765 tempest-TestStampPattern-1782553765-project-member] Action: 'action', calling method: >, body: {"createImage": {"name": "tempest-TestStampPatternsnapshot-361839817"}} {{(pid=62040) _process_stack /opt/stack/nova/nova/api/openstack/wsgi.py:511}}
Apr 12 06:25:38 user devstack@n-api.service[62040]: DEBUG nova.compute.api [None req-a09cc119-c8fd-41db-8f7c-7aaa67a64f1f tempest-TestStampPattern-1782553765 tempest-TestStampPattern-1782553765-project-member] [instance: a528e600-7358-4b92-9b71-12759f405b38] Fetching instance by UUID {{(pid=62040) get /opt/stack/nova/nova/compute/api.py:2977}}
Apr 12 06:25:38 user devstack@n-api.service[62040]: DEBUG oslo_concurrency.lockutils [None req-a09cc119-c8fd-41db-8f7c-7aaa67a64f1f tempest-TestStampPattern-1782553765 tempest-TestStampPattern-1782553765-project-member] Acquiring lock "453065c2-4bc8-4fda-9e5a-4e25f602658d" by "nova.context.set_target_cell..get_or_set_cached_cell_and_set_connections" {{(pid=62040) inner /usr/local/lib/python3.10/dist-packages/oslo_concurrency/lockutils.py:404}}
Apr 12 06:25:38 user devstack@n-api.service[62040]: DEBUG oslo_concurrency.lockutils [None req-a09cc119-c8fd-41db-8f7c-7aaa67a64f1f tempest-TestStampPattern-1782553765 tempest-TestStampPattern-1782553765-project-member] Lock "453065c2-4bc8-4fda-9e5a-4e25f602658d" acquired by "nova.context.set_target_cell..get_or_set_cached_cell_and_set_connections" :: waited 0.000s {{(pid=62040) inner /usr/local/lib/python3.10/dist-packages/oslo_concurrency/lockutils.py:409}}
Apr 12 06:25:38 user devstack@n-api.service[62040]: DEBUG oslo_concurrency.lockutils [None req-a09cc119-c8fd-41db-8f7c-7aaa67a64f1f tempest-TestStampPattern-1782553765 tempest-TestStampPattern-1782553765-project-member] Lock "453065c2-4bc8-4fda-9e5a-4e25f602658d" "released" by "nova.context.set_target_cell..get_or_set_cached_cell_and_set_connections" :: held 0.000s {{(pid=62040) inner /usr/local/lib/python3.10/dist-packages/oslo_concurrency/lockutils.py:423}}
Apr 12 06:25:38 user devstack@n-api.service[62040]: DEBUG oslo_concurrency.lockutils [None req-a09cc119-c8fd-41db-8f7c-7aaa67a64f1f tempest-TestStampPattern-1782553765 tempest-TestStampPattern-1782553765-project-member] Acquiring lock "453065c2-4bc8-4fda-9e5a-4e25f602658d" by "nova.context.set_target_cell..get_or_set_cached_cell_and_set_connections" {{(pid=62040) inner /usr/local/lib/python3.10/dist-packages/oslo_concurrency/lockutils.py:404}}
Apr 12 06:25:38 user devstack@n-api.service[62040]: DEBUG oslo_concurrency.lockutils [None req-a09cc119-c8fd-41db-8f7c-7aaa67a64f1f tempest-TestStampPattern-1782553765 tempest-TestStampPattern-1782553765-project-member] Lock "453065c2-4bc8-4fda-9e5a-4e25f602658d" acquired by "nova.context.set_target_cell..get_or_set_cached_cell_and_set_connections" :: waited 0.000s {{(pid=62040) inner /usr/local/lib/python3.10/dist-packages/oslo_concurrency/lockutils.py:409}}
Apr 12 06:25:38 user devstack@n-api.service[62040]: DEBUG oslo_concurrency.lockutils [None req-a09cc119-c8fd-41db-8f7c-7aaa67a64f1f tempest-TestStampPattern-1782553765 tempest-TestStampPattern-1782553765-project-member] Lock "453065c2-4bc8-4fda-9e5a-4e25f602658d" "released" by "nova.context.set_target_cell..get_or_set_cached_cell_and_set_connections" :: held 0.000s {{(pid=62040) inner /usr/local/lib/python3.10/dist-packages/oslo_concurrency/lockutils.py:423}}
Apr 12 06:25:38 user devstack@n-api.service[62042]: DEBUG nova.policy [None req-71f4a824-e2ba-46a0-9cd5-a3de24e663aa tempest-ServerActionsTestJSON-752347644 tempest-ServerActionsTestJSON-752347644-project-member] Policy check for os_compute_api:os-extended-server-attributes failed with credentials {'is_admin': False, 'user_id': 'ad316acdc89947bbba60c75e9a24d7e9', 'user_domain_id': 'default', 'system_scope': None, 'domain_id': None, 'project_id': '54fd87c4105246c1ac1bdf424c83b7aa', 'project_domain_id': 'default', 'roles': ['reader', 'member'], 'is_admin_project': True, 'service_user_id': None, 'service_user_domain_id': None, 'service_project_id': None, 'service_project_domain_id': None, 'service_roles': []} {{(pid=62042) authorize /opt/stack/nova/nova/policy.py:203}}
Apr 12 06:25:38 user devstack@n-api.service[62042]: INFO nova.api.openstack.requestlog [None req-71f4a824-e2ba-46a0-9cd5-a3de24e663aa tempest-ServerActionsTestJSON-752347644 tempest-ServerActionsTestJSON-752347644-project-member] 10.0.0.210 "GET /compute/v2.1/servers/5b5758b9-4f7e-4e85-8181-e3dfdd84e624" status: 200 len: 1658 microversion: 2.1 time: 0.177089
Apr 12 06:25:38 user devstack@n-api.service[62042]: [pid: 62042|app: 0|req: 83/249] 10.0.0.210 () {62 vars in 1313 bytes} [Wed Apr 12 06:25:38 2023] GET /compute/v2.1/servers/5b5758b9-4f7e-4e85-8181-e3dfdd84e624 => generated 1658 bytes in 179 msecs (HTTP/1.1 200) 9 headers in 358 bytes (1 switches on core 0)
Apr 12 06:25:38 user devstack@n-api.service[62041]: DEBUG nova.api.openstack.wsgi [None req-20b4908c-5dfd-43f6-93f5-53a12dc99b4a tempest-ServerActionsTestJSON-752347644 tempest-ServerActionsTestJSON-752347644-project-member] Action: 'create', calling method: >, body: {"volumeAttachment": {"volumeId": "d96a84d2-2151-4f60-a72b-25e84b80c975"}} {{(pid=62041) _process_stack /opt/stack/nova/nova/api/openstack/wsgi.py:511}}
Apr 12 06:25:38 user devstack@n-api.service[62041]: DEBUG nova.compute.api [None req-20b4908c-5dfd-43f6-93f5-53a12dc99b4a tempest-ServerActionsTestJSON-752347644 tempest-ServerActionsTestJSON-752347644-project-member] [instance: 5b5758b9-4f7e-4e85-8181-e3dfdd84e624] Fetching instance by UUID {{(pid=62041) get /opt/stack/nova/nova/compute/api.py:2977}}
Apr 12 06:25:38 user devstack@n-api.service[62041]: DEBUG dbcounter [-] [62041] Writing DB stats nova_api:SELECT=38,nova_api:INSERT=3 {{(pid=62041) stat_writer /usr/local/lib/python3.10/dist-packages/dbcounter.py:117}}
Apr 12 06:25:38 user devstack@n-api.service[62041]: DEBUG oslo_concurrency.lockutils [None req-20b4908c-5dfd-43f6-93f5-53a12dc99b4a tempest-ServerActionsTestJSON-752347644 tempest-ServerActionsTestJSON-752347644-project-member] Acquiring lock "453065c2-4bc8-4fda-9e5a-4e25f602658d" by "nova.context.set_target_cell..get_or_set_cached_cell_and_set_connections" {{(pid=62041) inner /usr/local/lib/python3.10/dist-packages/oslo_concurrency/lockutils.py:404}}
Apr 12 06:25:39 user devstack@n-api.service[62041]: DEBUG oslo_concurrency.lockutils [None req-20b4908c-5dfd-43f6-93f5-53a12dc99b4a tempest-ServerActionsTestJSON-752347644 tempest-ServerActionsTestJSON-752347644-project-member] Lock "453065c2-4bc8-4fda-9e5a-4e25f602658d" acquired by "nova.context.set_target_cell..get_or_set_cached_cell_and_set_connections" :: waited 0.001s {{(pid=62041) inner /usr/local/lib/python3.10/dist-packages/oslo_concurrency/lockutils.py:409}}
Apr 12 06:25:39 user devstack@n-api.service[62041]: DEBUG oslo_concurrency.lockutils [None req-20b4908c-5dfd-43f6-93f5-53a12dc99b4a tempest-ServerActionsTestJSON-752347644 tempest-ServerActionsTestJSON-752347644-project-member] Lock "453065c2-4bc8-4fda-9e5a-4e25f602658d" "released" by "nova.context.set_target_cell..get_or_set_cached_cell_and_set_connections" :: held 0.000s {{(pid=62041) inner /usr/local/lib/python3.10/dist-packages/oslo_concurrency/lockutils.py:423}}
Apr 12 06:25:39 user devstack@n-api.service[62041]: DEBUG oslo_concurrency.lockutils [None req-20b4908c-5dfd-43f6-93f5-53a12dc99b4a tempest-ServerActionsTestJSON-752347644 tempest-ServerActionsTestJSON-752347644-project-member] Acquiring lock "453065c2-4bc8-4fda-9e5a-4e25f602658d" by "nova.context.set_target_cell..get_or_set_cached_cell_and_set_connections" {{(pid=62041) inner /usr/local/lib/python3.10/dist-packages/oslo_concurrency/lockutils.py:404}}
Apr 12 06:25:39 user devstack@n-api.service[62041]: DEBUG oslo_concurrency.lockutils [None req-20b4908c-5dfd-43f6-93f5-53a12dc99b4a tempest-ServerActionsTestJSON-752347644 tempest-ServerActionsTestJSON-752347644-project-member] Lock "453065c2-4bc8-4fda-9e5a-4e25f602658d" acquired by "nova.context.set_target_cell..get_or_set_cached_cell_and_set_connections" :: waited 0.001s {{(pid=62041) inner /usr/local/lib/python3.10/dist-packages/oslo_concurrency/lockutils.py:409}}
Apr 12 06:25:39 user devstack@n-api.service[62041]: DEBUG oslo_concurrency.lockutils [None req-20b4908c-5dfd-43f6-93f5-53a12dc99b4a tempest-ServerActionsTestJSON-752347644 tempest-ServerActionsTestJSON-752347644-project-member] Lock "453065c2-4bc8-4fda-9e5a-4e25f602658d" "released" by "nova.context.set_target_cell..get_or_set_cached_cell_and_set_connections" :: held 0.000s {{(pid=62041) inner /usr/local/lib/python3.10/dist-packages/oslo_concurrency/lockutils.py:423}}
Apr 12 06:25:39 user devstack@n-api.service[62041]: DEBUG dbcounter [-] [62041] Writing DB stats nova_cell1:SELECT=47 {{(pid=62041) stat_writer /usr/local/lib/python3.10/dist-packages/dbcounter.py:117}}
Apr 12 06:25:39 user devstack@n-api.service[62041]: INFO nova.api.openstack.requestlog [None req-20b4908c-5dfd-43f6-93f5-53a12dc99b4a tempest-ServerActionsTestJSON-752347644 tempest-ServerActionsTestJSON-752347644-project-member] 10.0.0.210 "POST /compute/v2.1/servers/5b5758b9-4f7e-4e85-8181-e3dfdd84e624/os-volume_attachments" status: 200 len: 194 microversion: 2.1 time: 0.338526
Apr 12 06:25:39 user devstack@n-api.service[62041]: [pid: 62041|app: 0|req: 83/250] 10.0.0.210 () {64 vars in 1400 bytes} [Wed Apr 12 06:25:38 2023] POST /compute/v2.1/servers/5b5758b9-4f7e-4e85-8181-e3dfdd84e624/os-volume_attachments => generated 194 bytes in 341 msecs (HTTP/1.1 200) 9 headers in 357 bytes (1 switches on core 0)
Apr 12 06:25:40 user devstack@n-api.service[62040]: DEBUG dbcounter [-] [62040] Writing DB stats nova_cell1:SELECT=63,nova_cell1:UPDATE=4,nova_cell1:INSERT=2 {{(pid=62040) stat_writer /usr/local/lib/python3.10/dist-packages/dbcounter.py:117}}
Apr 12 06:25:40 user devstack@n-api.service[62042]: DEBUG nova.api.openstack.wsgi [req-2f99ccfd-188a-4c42-b6b0-4c357cabdec7 req-473f511d-8e82-47d4-95a6-6e25bc87cf4e service nova] Action: 'create', calling method: >, body: {"events": [{"server_uuid": "d15be760-180e-4335-b670-ecd8873609b4", "name": "network-vif-plugged", "status": "completed", "tag": "84ce2803-724b-484e-8673-6959fd03fdc9"}]} {{(pid=62042) _process_stack /opt/stack/nova/nova/api/openstack/wsgi.py:511}}
Apr 12 06:25:40 user devstack@n-api.service[62042]: DEBUG oslo_concurrency.lockutils [req-2f99ccfd-188a-4c42-b6b0-4c357cabdec7 req-473f511d-8e82-47d4-95a6-6e25bc87cf4e service nova] Acquiring lock "453065c2-4bc8-4fda-9e5a-4e25f602658d" by "nova.context.set_target_cell..get_or_set_cached_cell_and_set_connections" {{(pid=62042) inner /usr/local/lib/python3.10/dist-packages/oslo_concurrency/lockutils.py:404}}
Apr 12 06:25:40 user devstack@n-api.service[62042]: DEBUG oslo_concurrency.lockutils [req-2f99ccfd-188a-4c42-b6b0-4c357cabdec7 req-473f511d-8e82-47d4-95a6-6e25bc87cf4e service nova] Lock "453065c2-4bc8-4fda-9e5a-4e25f602658d" acquired by "nova.context.set_target_cell..get_or_set_cached_cell_and_set_connections" :: waited 0.001s {{(pid=62042) inner /usr/local/lib/python3.10/dist-packages/oslo_concurrency/lockutils.py:409}}
Apr 12 06:25:40 user devstack@n-api.service[62042]: DEBUG oslo_concurrency.lockutils [req-2f99ccfd-188a-4c42-b6b0-4c357cabdec7 req-473f511d-8e82-47d4-95a6-6e25bc87cf4e service nova] Lock "453065c2-4bc8-4fda-9e5a-4e25f602658d" "released" by "nova.context.set_target_cell..get_or_set_cached_cell_and_set_connections" :: held 0.001s {{(pid=62042) inner /usr/local/lib/python3.10/dist-packages/oslo_concurrency/lockutils.py:423}}
Apr 12 06:25:40 user devstack@n-api.service[62042]: INFO nova.api.openstack.compute.server_external_events [req-2f99ccfd-188a-4c42-b6b0-4c357cabdec7 req-473f511d-8e82-47d4-95a6-6e25bc87cf4e service nova] Creating event network-vif-plugged:84ce2803-724b-484e-8673-6959fd03fdc9 for instance d15be760-180e-4335-b670-ecd8873609b4 on user
Apr 12 06:25:40 user devstack@n-api.service[62040]: INFO nova.api.openstack.requestlog [None req-a09cc119-c8fd-41db-8f7c-7aaa67a64f1f tempest-TestStampPattern-1782553765 tempest-TestStampPattern-1782553765-project-member] 10.0.0.210 "POST /compute/v2.1/servers/a528e600-7358-4b92-9b71-12759f405b38/action" status: 202 len: 0 microversion: 2.1 time: 1.369062
Apr 12 06:25:40 user devstack@n-api.service[62040]: [pid: 62040|app: 0|req: 85/251] 10.0.0.210 () {64 vars in 1355 bytes} [Wed Apr 12 06:25:38 2023] POST /compute/v2.1/servers/a528e600-7358-4b92-9b71-12759f405b38/action => generated 0 bytes in 1371 msecs (HTTP/1.1 202) 10 headers in 449 bytes (1 switches on core 0)
Apr 12 06:25:40 user devstack@n-api.service[62042]: INFO nova.api.openstack.requestlog [req-2f99ccfd-188a-4c42-b6b0-4c357cabdec7 req-473f511d-8e82-47d4-95a6-6e25bc87cf4e service nova] 10.0.0.210 "POST /compute/v2.1/os-server-external-events" status: 200 len: 183 microversion: 2.1 time: 0.072588
Apr 12 06:25:40 user devstack@n-api.service[62042]: [pid: 62042|app: 0|req: 84/252] 10.0.0.210 () {68 vars in 1394 bytes} [Wed Apr 12 06:25:40 2023] POST /compute/v2.1/os-server-external-events => generated 183 bytes in 75 msecs (HTTP/1.1 200) 9 headers in 357 bytes (1 switches on core 0)
Apr 12 06:25:40 user devstack@n-api.service[62041]: DEBUG nova.api.openstack.wsgi [None req-e5a92f38-3f61-4ffb-bdd5-74d54fd44ced tempest-AttachVolumeTestJSON-1680327736 tempest-AttachVolumeTestJSON-1680327736-project-member] Action: 'action', calling method: >, body: {"os-start": {}} {{(pid=62041) _process_stack /opt/stack/nova/nova/api/openstack/wsgi.py:511}}
Apr 12 06:25:40 user devstack@n-api.service[62041]: DEBUG oslo_concurrency.lockutils [None req-e5a92f38-3f61-4ffb-bdd5-74d54fd44ced tempest-AttachVolumeTestJSON-1680327736 tempest-AttachVolumeTestJSON-1680327736-project-member] Acquiring lock "453065c2-4bc8-4fda-9e5a-4e25f602658d" by "nova.context.set_target_cell..get_or_set_cached_cell_and_set_connections" {{(pid=62041) inner /usr/local/lib/python3.10/dist-packages/oslo_concurrency/lockutils.py:404}}
Apr 12 06:25:40 user devstack@n-api.service[62041]: DEBUG oslo_concurrency.lockutils [None req-e5a92f38-3f61-4ffb-bdd5-74d54fd44ced tempest-AttachVolumeTestJSON-1680327736 tempest-AttachVolumeTestJSON-1680327736-project-member] Lock "453065c2-4bc8-4fda-9e5a-4e25f602658d" acquired by "nova.context.set_target_cell..get_or_set_cached_cell_and_set_connections" :: waited 0.001s {{(pid=62041) inner /usr/local/lib/python3.10/dist-packages/oslo_concurrency/lockutils.py:409}}
Apr 12 06:25:40 user devstack@n-api.service[62041]: DEBUG oslo_concurrency.lockutils [None req-e5a92f38-3f61-4ffb-bdd5-74d54fd44ced tempest-AttachVolumeTestJSON-1680327736 tempest-AttachVolumeTestJSON-1680327736-project-member] Lock "453065c2-4bc8-4fda-9e5a-4e25f602658d" "released" by "nova.context.set_target_cell..get_or_set_cached_cell_and_set_connections" :: held 0.000s {{(pid=62041) inner /usr/local/lib/python3.10/dist-packages/oslo_concurrency/lockutils.py:423}}
Apr 12 06:25:40 user devstack@n-api.service[62041]: DEBUG nova.compute.api [None req-e5a92f38-3f61-4ffb-bdd5-74d54fd44ced tempest-AttachVolumeTestJSON-1680327736 tempest-AttachVolumeTestJSON-1680327736-project-member] [instance: 7dee97a4-9497-43c2-a688-7bedd1441885] Going to try to start instance {{(pid=62041) start /opt/stack/nova/nova/compute/api.py:2787}}
Apr 12 06:25:40 user devstack@n-api.service[62041]: INFO nova.api.openstack.requestlog [None req-e5a92f38-3f61-4ffb-bdd5-74d54fd44ced tempest-AttachVolumeTestJSON-1680327736 tempest-AttachVolumeTestJSON-1680327736-project-member] 10.0.0.210 "POST /compute/v2.1/servers/7dee97a4-9497-43c2-a688-7bedd1441885/action" status: 202 len: 0 microversion: 2.1 time: 0.175525
Apr 12 06:25:40 user devstack@n-api.service[62041]: [pid: 62041|app: 0|req: 84/253] 10.0.0.210 () {64 vars in 1355 bytes} [Wed Apr 12 06:25:40 2023] POST /compute/v2.1/servers/7dee97a4-9497-43c2-a688-7bedd1441885/action => generated 0 bytes in 177 msecs (HTTP/1.1 202) 9 headers in 361 bytes (1 switches on core 0)
Apr 12 06:25:40 user devstack@n-api.service[62040]: DEBUG nova.api.openstack.wsgi [None req-5f024958-d706-4d8f-883e-006ce47ec64b tempest-AttachVolumeTestJSON-1680327736 tempest-AttachVolumeTestJSON-1680327736-project-member] Calling method '>' {{(pid=62040) _process_stack /opt/stack/nova/nova/api/openstack/wsgi.py:513}}
Apr 12 06:25:40 user devstack@n-api.service[62040]: DEBUG nova.compute.api [None req-5f024958-d706-4d8f-883e-006ce47ec64b tempest-AttachVolumeTestJSON-1680327736 tempest-AttachVolumeTestJSON-1680327736-project-member] [instance: 7dee97a4-9497-43c2-a688-7bedd1441885] Fetching instance by UUID {{(pid=62040) get /opt/stack/nova/nova/compute/api.py:2977}}
Apr 12 06:25:40 user devstack@n-api.service[62042]: DEBUG nova.api.openstack.wsgi [req-4e84cd52-e665-4b08-81a6-1b3c1e0b2201 req-ce74da3c-4019-49d3-9151-a4a203e8e787 service nova] Action: 'create', calling method: >, body: {"events": [{"server_uuid": "d15be760-180e-4335-b670-ecd8873609b4", "name": "network-vif-plugged", "status": "completed", "tag": "44948ebb-503b-4166-936e-6c4101625453"}]} {{(pid=62042) _process_stack /opt/stack/nova/nova/api/openstack/wsgi.py:511}}
Apr 12 06:25:40 user devstack@n-api.service[62040]: DEBUG dbcounter [-] [62040] Writing DB stats nova_api:SELECT=44,nova_api:UPDATE=2,nova_api:INSERT=1 {{(pid=62040) stat_writer /usr/local/lib/python3.10/dist-packages/dbcounter.py:117}}
Apr 12 06:25:40 user devstack@n-api.service[62040]: DEBUG oslo_concurrency.lockutils [None req-5f024958-d706-4d8f-883e-006ce47ec64b tempest-AttachVolumeTestJSON-1680327736 tempest-AttachVolumeTestJSON-1680327736-project-member] Acquiring lock "453065c2-4bc8-4fda-9e5a-4e25f602658d" by "nova.context.set_target_cell..get_or_set_cached_cell_and_set_connections" {{(pid=62040) inner /usr/local/lib/python3.10/dist-packages/oslo_concurrency/lockutils.py:404}}
Apr 12 06:25:40 user devstack@n-api.service[62040]: DEBUG oslo_concurrency.lockutils [None req-5f024958-d706-4d8f-883e-006ce47ec64b tempest-AttachVolumeTestJSON-1680327736 tempest-AttachVolumeTestJSON-1680327736-project-member] Lock "453065c2-4bc8-4fda-9e5a-4e25f602658d" acquired by "nova.context.set_target_cell..get_or_set_cached_cell_and_set_connections" :: waited 0.001s {{(pid=62040) inner /usr/local/lib/python3.10/dist-packages/oslo_concurrency/lockutils.py:409}}
Apr 12 06:25:40 user devstack@n-api.service[62040]: DEBUG oslo_concurrency.lockutils [None req-5f024958-d706-4d8f-883e-006ce47ec64b tempest-AttachVolumeTestJSON-1680327736 tempest-AttachVolumeTestJSON-1680327736-project-member] Lock "453065c2-4bc8-4fda-9e5a-4e25f602658d" "released" by "nova.context.set_target_cell..get_or_set_cached_cell_and_set_connections" :: held 0.001s {{(pid=62040) inner /usr/local/lib/python3.10/dist-packages/oslo_concurrency/lockutils.py:423}}
Apr 12 06:25:40 user devstack@n-api.service[62040]: DEBUG oslo_concurrency.lockutils [None req-5f024958-d706-4d8f-883e-006ce47ec64b tempest-AttachVolumeTestJSON-1680327736 tempest-AttachVolumeTestJSON-1680327736-project-member] Acquiring lock "453065c2-4bc8-4fda-9e5a-4e25f602658d" by "nova.context.set_target_cell..get_or_set_cached_cell_and_set_connections" {{(pid=62040) inner /usr/local/lib/python3.10/dist-packages/oslo_concurrency/lockutils.py:404}}
Apr 12 06:25:40 user devstack@n-api.service[62042]: DEBUG oslo_concurrency.lockutils [req-4e84cd52-e665-4b08-81a6-1b3c1e0b2201 req-ce74da3c-4019-49d3-9151-a4a203e8e787 service nova] Acquiring lock "453065c2-4bc8-4fda-9e5a-4e25f602658d" by "nova.context.set_target_cell..get_or_set_cached_cell_and_set_connections" {{(pid=62042) inner /usr/local/lib/python3.10/dist-packages/oslo_concurrency/lockutils.py:404}}
Apr 12 06:25:40 user devstack@n-api.service[62042]: DEBUG oslo_concurrency.lockutils [req-4e84cd52-e665-4b08-81a6-1b3c1e0b2201 req-ce74da3c-4019-49d3-9151-a4a203e8e787 service nova] Lock "453065c2-4bc8-4fda-9e5a-4e25f602658d" acquired by "nova.context.set_target_cell..get_or_set_cached_cell_and_set_connections" :: waited 0.001s {{(pid=62042) inner /usr/local/lib/python3.10/dist-packages/oslo_concurrency/lockutils.py:409}}
Apr 12 06:25:40 user devstack@n-api.service[62040]: DEBUG oslo_concurrency.lockutils [None req-5f024958-d706-4d8f-883e-006ce47ec64b tempest-AttachVolumeTestJSON-1680327736 tempest-AttachVolumeTestJSON-1680327736-project-member] Lock "453065c2-4bc8-4fda-9e5a-4e25f602658d" acquired by "nova.context.set_target_cell..get_or_set_cached_cell_and_set_connections" :: waited 0.000s {{(pid=62040) inner /usr/local/lib/python3.10/dist-packages/oslo_concurrency/lockutils.py:409}}
Apr 12 06:25:40 user devstack@n-api.service[62042]: DEBUG oslo_concurrency.lockutils [req-4e84cd52-e665-4b08-81a6-1b3c1e0b2201 req-ce74da3c-4019-49d3-9151-a4a203e8e787 service nova] Lock "453065c2-4bc8-4fda-9e5a-4e25f602658d" "released" by "nova.context.set_target_cell..get_or_set_cached_cell_and_set_connections" :: held 0.000s {{(pid=62042) inner /usr/local/lib/python3.10/dist-packages/oslo_concurrency/lockutils.py:423}}
Apr 12 06:25:40 user devstack@n-api.service[62040]: DEBUG oslo_concurrency.lockutils [None req-5f024958-d706-4d8f-883e-006ce47ec64b tempest-AttachVolumeTestJSON-1680327736 tempest-AttachVolumeTestJSON-1680327736-project-member] Lock "453065c2-4bc8-4fda-9e5a-4e25f602658d" "released" by "nova.context.set_target_cell..get_or_set_cached_cell_and_set_connections" :: held 0.001s {{(pid=62040) inner /usr/local/lib/python3.10/dist-packages/oslo_concurrency/lockutils.py:423}}
Apr 12 06:25:40 user devstack@n-api.service[62042]: INFO nova.api.openstack.compute.server_external_events [req-4e84cd52-e665-4b08-81a6-1b3c1e0b2201 req-ce74da3c-4019-49d3-9151-a4a203e8e787 service nova] Creating event network-vif-plugged:44948ebb-503b-4166-936e-6c4101625453 for instance d15be760-180e-4335-b670-ecd8873609b4 on user
Apr 12 06:25:40 user devstack@n-api.service[62042]: INFO nova.api.openstack.requestlog [req-4e84cd52-e665-4b08-81a6-1b3c1e0b2201 req-ce74da3c-4019-49d3-9151-a4a203e8e787 service nova] 10.0.0.210 "POST /compute/v2.1/os-server-external-events" status: 200 len: 183 microversion: 2.1 time: 0.042698
Apr 12 06:25:40 user devstack@n-api.service[62042]: [pid: 62042|app: 0|req: 85/254] 10.0.0.210 () {68 vars in 1394 bytes} [Wed Apr 12 06:25:40 2023] POST /compute/v2.1/os-server-external-events => generated 183 bytes in 45 msecs (HTTP/1.1 200) 9 headers in 357 bytes (2 switches on core 0)
Apr 12 06:25:40 user devstack@n-api.service[62040]: DEBUG nova.policy [None req-5f024958-d706-4d8f-883e-006ce47ec64b tempest-AttachVolumeTestJSON-1680327736 tempest-AttachVolumeTestJSON-1680327736-project-member] Policy check for os_compute_api:os-extended-server-attributes failed with credentials {'is_admin': False, 'user_id': 'd58cc232d0094bebacf147c6b61a0989', 'user_domain_id': 'default', 'system_scope': None, 'domain_id': None, 'project_id': '4f124d62c4d345d9af22f1557abca276', 'project_domain_id': 'default', 'roles': ['reader', 'member'], 'is_admin_project': True, 'service_user_id': None, 'service_user_domain_id': None, 'service_project_id': None, 'service_project_domain_id': None, 'service_roles': []} {{(pid=62040) authorize /opt/stack/nova/nova/policy.py:203}}
Apr 12 06:25:40 user devstack@n-api.service[62040]: INFO nova.api.openstack.requestlog [None req-5f024958-d706-4d8f-883e-006ce47ec64b tempest-AttachVolumeTestJSON-1680327736 tempest-AttachVolumeTestJSON-1680327736-project-member] 10.0.0.210 "GET /compute/v2.1/servers/7dee97a4-9497-43c2-a688-7bedd1441885" status: 200 len: 1697 microversion: 2.1 time: 0.234248
Apr 12 06:25:40 user devstack@n-api.service[62040]: [pid: 62040|app: 0|req: 86/255] 10.0.0.210 () {62 vars in 1313 bytes} [Wed Apr 12 06:25:40 2023] GET /compute/v2.1/servers/7dee97a4-9497-43c2-a688-7bedd1441885 => generated 1697 bytes in 246 msecs (HTTP/1.1 200) 9 headers in 358 bytes (1 switches on core 0)
Apr 12 06:25:42 user devstack@n-api.service[62041]: DEBUG nova.api.openstack.wsgi [req-9c05299d-64d1-4264-bb4d-04bb16fa5251 req-56223640-43c7-4375-a9c7-583ef6fe4261 service nova] Action: 'create', calling method: >, body: {"events": [{"server_uuid": "d15be760-180e-4335-b670-ecd8873609b4", "name": "network-vif-plugged", "status": "completed", "tag": "84ce2803-724b-484e-8673-6959fd03fdc9"}, {"server_uuid": "d15be760-180e-4335-b670-ecd8873609b4", "name": "network-vif-plugged", "status": "completed", "tag": "350ec490-a274-4fe0-a88d-4d558e0d4337"}, {"server_uuid": "d15be760-180e-4335-b670-ecd8873609b4", "name": "network-vif-plugged", "status": "completed", "tag": "350ec490-a274-4fe0-a88d-4d558e0d4337"}, {"server_uuid": "d15be760-180e-4335-b670-ecd8873609b4", "name": "network-vif-plugged", "status": "completed", "tag": "36083c4a-f152-4716-a60d-0197287d6ba1"}, {"server_uuid": "d15be760-180e-4335-b670-ecd8873609b4", "name": "network-vif-plugged", "status": "completed", "tag": "36083c4a-f152-4716-a60d-0197287d6ba1"}, {"server_uuid": "d15be760-180e-4335-b670-ecd8873609b4", "name": "network-vif-plugged", "status": "completed", "tag": "22cbdfd5-3118-4729-87fb-5f9f6e4f005c"}]} {{(pid=62041) _process_stack /opt/stack/nova/nova/api/openstack/wsgi.py:511}}
Apr 12 06:25:42 user devstack@n-api.service[62041]: DEBUG oslo_concurrency.lockutils [req-9c05299d-64d1-4264-bb4d-04bb16fa5251 req-56223640-43c7-4375-a9c7-583ef6fe4261 service nova] Acquiring lock "453065c2-4bc8-4fda-9e5a-4e25f602658d" by "nova.context.set_target_cell..get_or_set_cached_cell_and_set_connections" {{(pid=62041) inner /usr/local/lib/python3.10/dist-packages/oslo_concurrency/lockutils.py:404}}
Apr 12 06:25:42 user devstack@n-api.service[62041]: DEBUG oslo_concurrency.lockutils [req-9c05299d-64d1-4264-bb4d-04bb16fa5251 req-56223640-43c7-4375-a9c7-583ef6fe4261 service nova] Lock "453065c2-4bc8-4fda-9e5a-4e25f602658d" acquired by "nova.context.set_target_cell..get_or_set_cached_cell_and_set_connections" :: waited 0.001s {{(pid=62041) inner /usr/local/lib/python3.10/dist-packages/oslo_concurrency/lockutils.py:409}}
Apr 12 06:25:42 user devstack@n-api.service[62041]: DEBUG oslo_concurrency.lockutils [req-9c05299d-64d1-4264-bb4d-04bb16fa5251 req-56223640-43c7-4375-a9c7-583ef6fe4261 service nova] Lock "453065c2-4bc8-4fda-9e5a-4e25f602658d" "released" by "nova.context.set_target_cell..get_or_set_cached_cell_and_set_connections" :: held 0.000s {{(pid=62041) inner /usr/local/lib/python3.10/dist-packages/oslo_concurrency/lockutils.py:423}}
Apr 12 06:25:42 user devstack@n-api.service[62041]: INFO nova.api.openstack.compute.server_external_events [req-9c05299d-64d1-4264-bb4d-04bb16fa5251 req-56223640-43c7-4375-a9c7-583ef6fe4261 service nova] Creating event network-vif-plugged:84ce2803-724b-484e-8673-6959fd03fdc9 for instance d15be760-180e-4335-b670-ecd8873609b4 on user
Apr 12 06:25:42 user devstack@n-api.service[62041]: INFO nova.api.openstack.compute.server_external_events [req-9c05299d-64d1-4264-bb4d-04bb16fa5251 req-56223640-43c7-4375-a9c7-583ef6fe4261 service nova] Creating event network-vif-plugged:350ec490-a274-4fe0-a88d-4d558e0d4337 for instance d15be760-180e-4335-b670-ecd8873609b4 on user
Apr 12 06:25:42 user devstack@n-api.service[62041]: INFO nova.api.openstack.compute.server_external_events [req-9c05299d-64d1-4264-bb4d-04bb16fa5251 req-56223640-43c7-4375-a9c7-583ef6fe4261 service nova] Creating event network-vif-plugged:350ec490-a274-4fe0-a88d-4d558e0d4337 for instance d15be760-180e-4335-b670-ecd8873609b4 on user
Apr 12 06:25:42 user devstack@n-api.service[62041]: INFO nova.api.openstack.compute.server_external_events [req-9c05299d-64d1-4264-bb4d-04bb16fa5251 req-56223640-43c7-4375-a9c7-583ef6fe4261 service nova] Creating event network-vif-plugged:36083c4a-f152-4716-a60d-0197287d6ba1 for instance d15be760-180e-4335-b670-ecd8873609b4 on user
Apr 12 06:25:42 user devstack@n-api.service[62041]: INFO nova.api.openstack.compute.server_external_events [req-9c05299d-64d1-4264-bb4d-04bb16fa5251 req-56223640-43c7-4375-a9c7-583ef6fe4261 service nova] Creating event network-vif-plugged:36083c4a-f152-4716-a60d-0197287d6ba1 for instance d15be760-180e-4335-b670-ecd8873609b4 on user
Apr 12 06:25:42 user devstack@n-api.service[62041]: INFO nova.api.openstack.compute.server_external_events [req-9c05299d-64d1-4264-bb4d-04bb16fa5251 req-56223640-43c7-4375-a9c7-583ef6fe4261 service nova] Creating event network-vif-plugged:22cbdfd5-3118-4729-87fb-5f9f6e4f005c for instance d15be760-180e-4335-b670-ecd8873609b4 on user
Apr 12 06:25:42 user devstack@n-api.service[62041]: INFO nova.api.openstack.requestlog [req-9c05299d-64d1-4264-bb4d-04bb16fa5251 req-56223640-43c7-4375-a9c7-583ef6fe4261 service nova] 10.0.0.210 "POST /compute/v2.1/os-server-external-events" status: 200 len: 1038 microversion: 2.1 time: 0.161933
Apr 12 06:25:42 user devstack@n-api.service[62041]: [pid: 62041|app: 0|req: 85/256] 10.0.0.210 () {68 vars in 1394 bytes} [Wed Apr 12 06:25:42 2023] POST /compute/v2.1/os-server-external-events => generated 1038 bytes in 164 msecs (HTTP/1.1 200) 9 headers in 358 bytes (1 switches on core 0)
Apr 12 06:25:42 user devstack@n-api.service[62042]: DEBUG nova.api.openstack.wsgi [req-e3d09ed0-cc1f-4f7c-a258-94641d52f284 req-1c638656-e714-456d-80c3-4a22fe839610 service nova] Action: 'create', calling method: >, body: {"events": [{"server_uuid": "d15be760-180e-4335-b670-ecd8873609b4", "name": "network-vif-plugged", "status": "completed", "tag": "44948ebb-503b-4166-936e-6c4101625453"}, {"server_uuid": "d15be760-180e-4335-b670-ecd8873609b4", "name": "network-vif-plugged", "status": "completed", "tag": "be8e308b-ba21-4e98-95bf-af2ae6446d20"}]} {{(pid=62042) _process_stack /opt/stack/nova/nova/api/openstack/wsgi.py:511}}
Apr 12 06:25:42 user devstack@n-api.service[62042]: DEBUG oslo_concurrency.lockutils [req-e3d09ed0-cc1f-4f7c-a258-94641d52f284 req-1c638656-e714-456d-80c3-4a22fe839610 service nova] Acquiring lock "453065c2-4bc8-4fda-9e5a-4e25f602658d" by "nova.context.set_target_cell..get_or_set_cached_cell_and_set_connections" {{(pid=62042) inner /usr/local/lib/python3.10/dist-packages/oslo_concurrency/lockutils.py:404}}
Apr 12 06:25:42 user devstack@n-api.service[62042]: DEBUG oslo_concurrency.lockutils [req-e3d09ed0-cc1f-4f7c-a258-94641d52f284 req-1c638656-e714-456d-80c3-4a22fe839610 service nova] Lock "453065c2-4bc8-4fda-9e5a-4e25f602658d" acquired by "nova.context.set_target_cell..get_or_set_cached_cell_and_set_connections" :: waited 0.001s {{(pid=62042) inner /usr/local/lib/python3.10/dist-packages/oslo_concurrency/lockutils.py:409}}
Apr 12 06:25:42 user devstack@n-api.service[62042]: DEBUG oslo_concurrency.lockutils [req-e3d09ed0-cc1f-4f7c-a258-94641d52f284 req-1c638656-e714-456d-80c3-4a22fe839610 service nova] Lock "453065c2-4bc8-4fda-9e5a-4e25f602658d" "released" by "nova.context.set_target_cell..get_or_set_cached_cell_and_set_connections" :: held 0.000s {{(pid=62042) inner /usr/local/lib/python3.10/dist-packages/oslo_concurrency/lockutils.py:423}}
Apr 12 06:25:42 user devstack@n-api.service[62042]: INFO nova.api.openstack.compute.server_external_events [req-e3d09ed0-cc1f-4f7c-a258-94641d52f284 req-1c638656-e714-456d-80c3-4a22fe839610 service nova] Creating event network-vif-plugged:44948ebb-503b-4166-936e-6c4101625453 for instance d15be760-180e-4335-b670-ecd8873609b4 on user
Apr 12 06:25:42 user devstack@n-api.service[62042]: INFO nova.api.openstack.compute.server_external_events [req-e3d09ed0-cc1f-4f7c-a258-94641d52f284 req-1c638656-e714-456d-80c3-4a22fe839610 service nova] Creating event network-vif-plugged:be8e308b-ba21-4e98-95bf-af2ae6446d20 for instance d15be760-180e-4335-b670-ecd8873609b4 on user
Apr 12 06:25:42 user devstack@n-api.service[62042]: INFO nova.api.openstack.requestlog [req-e3d09ed0-cc1f-4f7c-a258-94641d52f284 req-1c638656-e714-456d-80c3-4a22fe839610 service nova] 10.0.0.210 "POST /compute/v2.1/os-server-external-events" status: 200 len: 354 microversion: 2.1 time: 0.038623
Apr 12 06:25:42 user devstack@n-api.service[62042]: [pid: 62042|app: 0|req: 86/257] 10.0.0.210 () {68 vars in 1394 bytes} [Wed Apr 12 06:25:42 2023] POST /compute/v2.1/os-server-external-events => generated 354 bytes in 41 msecs (HTTP/1.1 200) 9 headers in 357 bytes (1 switches on core 0)
Apr 12 06:25:43 user devstack@n-api.service[62040]: DEBUG nova.api.openstack.wsgi [None req-07b67d95-645c-494c-8d97-22c46ffa5447 tempest-TestShelveInstance-735091148 tempest-TestShelveInstance-735091148-project-member] Calling method '>' {{(pid=62040) _process_stack /opt/stack/nova/nova/api/openstack/wsgi.py:513}}
Apr 12 06:25:43 user devstack@n-api.service[62040]: DEBUG nova.compute.api [None req-07b67d95-645c-494c-8d97-22c46ffa5447 tempest-TestShelveInstance-735091148 tempest-TestShelveInstance-735091148-project-member] [instance: 7141c80d-34a9-40cc-a792-b01ffd9155b6] Fetching instance by UUID {{(pid=62040) get /opt/stack/nova/nova/compute/api.py:2977}}
Apr 12 06:25:43 user devstack@n-api.service[62040]: DEBUG oslo_concurrency.lockutils [None req-07b67d95-645c-494c-8d97-22c46ffa5447 tempest-TestShelveInstance-735091148 tempest-TestShelveInstance-735091148-project-member] Acquiring lock "453065c2-4bc8-4fda-9e5a-4e25f602658d" by "nova.context.set_target_cell..get_or_set_cached_cell_and_set_connections" {{(pid=62040) inner /usr/local/lib/python3.10/dist-packages/oslo_concurrency/lockutils.py:404}}
Apr 12 06:25:43 user devstack@n-api.service[62040]: DEBUG oslo_concurrency.lockutils [None req-07b67d95-645c-494c-8d97-22c46ffa5447 tempest-TestShelveInstance-735091148 tempest-TestShelveInstance-735091148-project-member] Lock "453065c2-4bc8-4fda-9e5a-4e25f602658d" acquired by "nova.context.set_target_cell..get_or_set_cached_cell_and_set_connections" :: waited 0.001s {{(pid=62040) inner /usr/local/lib/python3.10/dist-packages/oslo_concurrency/lockutils.py:409}}
Apr 12 06:25:43 user devstack@n-api.service[62040]: DEBUG oslo_concurrency.lockutils [None req-07b67d95-645c-494c-8d97-22c46ffa5447 tempest-TestShelveInstance-735091148 tempest-TestShelveInstance-735091148-project-member] Lock "453065c2-4bc8-4fda-9e5a-4e25f602658d" "released" by "nova.context.set_target_cell..get_or_set_cached_cell_and_set_connections" :: held 0.000s {{(pid=62040) inner /usr/local/lib/python3.10/dist-packages/oslo_concurrency/lockutils.py:423}}
Apr 12 06:25:43 user devstack@n-api.service[62040]: DEBUG oslo_concurrency.lockutils [None req-07b67d95-645c-494c-8d97-22c46ffa5447 tempest-TestShelveInstance-735091148 tempest-TestShelveInstance-735091148-project-member] Acquiring lock "453065c2-4bc8-4fda-9e5a-4e25f602658d" by "nova.context.set_target_cell..get_or_set_cached_cell_and_set_connections" {{(pid=62040) inner /usr/local/lib/python3.10/dist-packages/oslo_concurrency/lockutils.py:404}}
Apr 12 06:25:43 user devstack@n-api.service[62040]: DEBUG oslo_concurrency.lockutils [None req-07b67d95-645c-494c-8d97-22c46ffa5447 tempest-TestShelveInstance-735091148 tempest-TestShelveInstance-735091148-project-member] Lock "453065c2-4bc8-4fda-9e5a-4e25f602658d" acquired by "nova.context.set_target_cell..get_or_set_cached_cell_and_set_connections" :: waited 0.000s {{(pid=62040) inner /usr/local/lib/python3.10/dist-packages/oslo_concurrency/lockutils.py:409}}
Apr 12 06:25:43 user devstack@n-api.service[62040]: DEBUG oslo_concurrency.lockutils [None req-07b67d95-645c-494c-8d97-22c46ffa5447 tempest-TestShelveInstance-735091148 tempest-TestShelveInstance-735091148-project-member] Lock "453065c2-4bc8-4fda-9e5a-4e25f602658d" "released" by "nova.context.set_target_cell..get_or_set_cached_cell_and_set_connections" :: held 0.000s {{(pid=62040) inner /usr/local/lib/python3.10/dist-packages/oslo_concurrency/lockutils.py:423}}
Apr 12 06:25:43 user devstack@n-api.service[62040]: DEBUG nova.policy [None req-07b67d95-645c-494c-8d97-22c46ffa5447 tempest-TestShelveInstance-735091148 tempest-TestShelveInstance-735091148-project-member] Policy check for os_compute_api:os-extended-server-attributes failed with credentials {'is_admin': False, 'user_id': '9ed3a446901644b6a622afb3166f08dc', 'user_domain_id': 'default', 'system_scope': None, 'domain_id': None, 'project_id': 'c7742afa38eb46818efaf3b811c417ba', 'project_domain_id': 'default', 'roles': ['reader', 'member'], 'is_admin_project': True, 'service_user_id': None, 'service_user_domain_id': None, 'service_project_id': None, 'service_project_domain_id': None, 'service_roles': []} {{(pid=62040) authorize /opt/stack/nova/nova/policy.py:203}}
Apr 12 06:25:43 user devstack@n-api.service[62040]: INFO nova.api.openstack.requestlog [None req-07b67d95-645c-494c-8d97-22c46ffa5447 tempest-TestShelveInstance-735091148 tempest-TestShelveInstance-735091148-project-member] 10.0.0.210 "GET /compute/v2.1/servers/7141c80d-34a9-40cc-a792-b01ffd9155b6" status: 200 len: 1500 microversion: 2.1 time: 0.180235
Apr 12 06:25:43 user devstack@n-api.service[62040]: [pid: 62040|app: 0|req: 87/258] 10.0.0.210 () {62 vars in 1313 bytes} [Wed Apr 12 06:25:43 2023] GET /compute/v2.1/servers/7141c80d-34a9-40cc-a792-b01ffd9155b6 => generated 1500 bytes in 182 msecs (HTTP/1.1 200) 9 headers in 358 bytes (2 switches on core 0)
Apr 12 06:25:44 user devstack@n-api.service[62041]: DEBUG nova.api.openstack.wsgi [req-3210139b-b7ef-4b7f-a0bc-91ee4ed83d61 req-46b08852-cc90-4acf-bec5-ed63454a2e73 service nova] Action: 'create', calling method: >, body: {"events": [{"server_uuid": "d15be760-180e-4335-b670-ecd8873609b4", "name": "network-vif-plugged", "status": "completed", "tag": "22cbdfd5-3118-4729-87fb-5f9f6e4f005c"}, {"server_uuid": "d15be760-180e-4335-b670-ecd8873609b4", "name": "network-vif-plugged", "status": "completed", "tag": "dce0028f-1206-43bb-96c1-d3cbd8f57103"}, {"server_uuid": "d15be760-180e-4335-b670-ecd8873609b4", "name": "network-vif-plugged", "status": "completed", "tag": "dce0028f-1206-43bb-96c1-d3cbd8f57103"}]} {{(pid=62041) _process_stack /opt/stack/nova/nova/api/openstack/wsgi.py:511}}
Apr 12 06:25:44 user devstack@n-api.service[62041]: DEBUG oslo_concurrency.lockutils [req-3210139b-b7ef-4b7f-a0bc-91ee4ed83d61 req-46b08852-cc90-4acf-bec5-ed63454a2e73 service nova] Acquiring lock "453065c2-4bc8-4fda-9e5a-4e25f602658d" by "nova.context.set_target_cell..get_or_set_cached_cell_and_set_connections" {{(pid=62041) inner /usr/local/lib/python3.10/dist-packages/oslo_concurrency/lockutils.py:404}}
