Nov 10 16:06:05 user devstack@keystone.service[46294]: DEBUG keystone.common.rbac_enforcer.enforcer [None req-df8bb135-741a-4383-981a-4915ac52a114 None admin] RBAC: Authorizing `identity:create_grant(project_id=8a700d86cbcc413099c5816ed36b34cc, user_id=4a71240083be4388973ad8aa8e83abbd, role_id=e4f3bfd533de4c8b8edb8e184319ae4b)` {{(pid=46294) enforce_call /opt/stack/keystone/keystone/common/rbac_enforcer/enforcer.py:449}}
Nov 10 16:06:05 user devstack@keystone.service[46294]: DEBUG keystone.common.rbac_enforcer.enforcer [None req-df8bb135-741a-4383-981a-4915ac52a114 None admin] RBAC: Authorization granted {{(pid=46294) enforce_call /opt/stack/keystone/keystone/common/rbac_enforcer/enforcer.py:457}}
Nov 10 16:06:05 user devstack@keystone.service[46292]: DEBUG keystone.server.flask.request_processing.middleware.auth_context [None req-3295b072-0191-4b17-ab98-92d6438b52d1 None admin] RBAC: auth_context: {'token': , 'domain_id': None, 'trust_id': None, 'trustor_id': None, 'trustee_id': None, 'domain_name': None, 'group_ids': [], 'user_id': '742c9f00ab4f49f1b433a768e9f222f2', 'user_domain_id': 'default', 'system_scope': 'all', 'project_id': None, 'project_domain_id': None, 'roles': ['admin', 'manager', 'member', 'reader'], 'is_admin_project': True, 'service_user_id': None, 'service_user_domain_id': None, 'service_project_id': None, 'service_project_domain_id': None, 'service_roles': []} {{(pid=46292) fill_context /opt/stack/keystone/keystone/server/flask/request_processing/middleware/auth_context.py:480}}
Nov 10 16:06:05 user devstack@keystone.service[46292]: DEBUG keystone.server.flask.request_processing.req_logging [None req-3295b072-0191-4b17-ab98-92d6438b52d1 None admin] REQUEST_METHOD: `GET` {{(pid=46292) log_request_info /opt/stack/keystone/keystone/server/flask/request_processing/req_logging.py:27}}
Nov 10 16:06:05 user devstack@keystone.service[46292]: DEBUG keystone.server.flask.request_processing.req_logging [None req-3295b072-0191-4b17-ab98-92d6438b52d1 None admin] SCRIPT_NAME: `/identity` {{(pid=46292) log_request_info /opt/stack/keystone/keystone/server/flask/request_processing/req_logging.py:28}}
Nov 10 16:06:05 user devstack@keystone.service[46292]: DEBUG keystone.server.flask.request_processing.req_logging [None req-3295b072-0191-4b17-ab98-92d6438b52d1 None admin] PATH_INFO: `/v3/auth/tokens` {{(pid=46292) log_request_info /opt/stack/keystone/keystone/server/flask/request_processing/req_logging.py:29}}
Nov 10 16:06:05 user devstack@keystone.service[46294]: [pid: 46294|app: 0|req: 37/103] 10.0.0.210 () {58 vars in 1434 bytes} [Fri Nov 10 16:06:04 2023] PUT /identity/v3/projects/8a700d86cbcc413099c5816ed36b34cc/users/4a71240083be4388973ad8aa8e83abbd/roles/e4f3bfd533de4c8b8edb8e184319ae4b => generated 0 bytes in 181 msecs (HTTP/1.1 204) 3 headers in 132 bytes (0 switches on core 0)
Nov 10 16:06:05 user devstack@keystone.service[46294]: DEBUG keystone.server.flask.request_processing.middleware.auth_context [None req-df8bb135-741a-4383-981a-4915ac52a114 None admin] Authenticating user token {{(pid=46294) process_request /opt/stack/data/venv/lib/python3.10/site-packages/keystonemiddleware/auth_token/__init__.py:406}}
Nov 10 16:06:05 user devstack@keystone.service[46293]: [pid: 46293|app: 0|req: 30/104] 10.0.0.210 () {58 vars in 1277 bytes} [Fri Nov 10 16:06:04 2023] GET /identity/v3/auth/tokens => generated 861 bytes in 332 msecs (HTTP/1.1 200) 6 headers in 358 bytes (1 switches on core 0)
Nov 10 16:06:05 user devstack@keystone.service[46293]: DEBUG keystone.server.flask.request_processing.middleware.auth_context [None req-ddfef593-8385-48a9-9939-b77026938255 None admin] Authenticating user token {{(pid=46293) process_request /opt/stack/data/venv/lib/python3.10/site-packages/keystonemiddleware/auth_token/__init__.py:406}}
Nov 10 16:06:05 user devstack@keystone.service[46292]: DEBUG keystone.common.rbac_enforcer.enforcer [None req-3295b072-0191-4b17-ab98-92d6438b52d1 None admin] RBAC: Authorizing `identity:validate_token()` {{(pid=46292) enforce_call /opt/stack/keystone/keystone/common/rbac_enforcer/enforcer.py:449}}
Nov 10 16:06:05 user devstack@keystone.service[46292]: DEBUG keystone.common.rbac_enforcer.enforcer [None req-3295b072-0191-4b17-ab98-92d6438b52d1 None admin] RBAC: Authorization granted {{(pid=46292) enforce_call /opt/stack/keystone/keystone/common/rbac_enforcer/enforcer.py:457}}
Nov 10 16:06:05 user devstack@keystone.service[46294]: DEBUG keystone.server.flask.request_processing.middleware.auth_context [None req-df8bb135-741a-4383-981a-4915ac52a114 None admin] Validating token access rules against request {{(pid=46294) validate_allowed_request /opt/stack/data/venv/lib/python3.10/site-packages/keystonemiddleware/auth_token/__init__.py:544}}
Nov 10 16:06:05 user devstack@keystone.service[46294]: DEBUG keystone.server.flask.request_processing.middleware.auth_context [None req-32d3d312-3db0-47b0-900a-0c81a8313e37 None admin] RBAC: auth_context: {'token': , 'domain_id': None, 'trust_id': None, 'trustor_id': None, 'trustee_id': None, 'domain_name': None, 'group_ids': [], 'user_id': '742c9f00ab4f49f1b433a768e9f222f2', 'user_domain_id': 'default', 'system_scope': 'all', 'project_id': None, 'project_domain_id': None, 'roles': ['admin', 'manager', 'member', 'reader'], 'is_admin_project': True, 'service_user_id': None, 'service_user_domain_id': None, 'service_project_id': None, 'service_project_domain_id': None, 'service_roles': []} {{(pid=46294) fill_context /opt/stack/keystone/keystone/server/flask/request_processing/middleware/auth_context.py:480}}
Nov 10 16:06:05 user devstack@keystone.service[46294]: DEBUG keystone.server.flask.request_processing.req_logging [None req-32d3d312-3db0-47b0-900a-0c81a8313e37 None admin] REQUEST_METHOD: `GET` {{(pid=46294) log_request_info /opt/stack/keystone/keystone/server/flask/request_processing/req_logging.py:27}}
Nov 10 16:06:05 user devstack@keystone.service[46294]: DEBUG keystone.server.flask.request_processing.req_logging [None req-32d3d312-3db0-47b0-900a-0c81a8313e37 None admin] SCRIPT_NAME: `/identity` {{(pid=46294) log_request_info /opt/stack/keystone/keystone/server/flask/request_processing/req_logging.py:28}}
Nov 10 16:06:05 user devstack@keystone.service[46294]: DEBUG keystone.server.flask.request_processing.req_logging [None req-32d3d312-3db0-47b0-900a-0c81a8313e37 None admin] PATH_INFO: `/v3/projects/8a700d86cbcc413099c5816ed36b34cc` {{(pid=46294) log_request_info /opt/stack/keystone/keystone/server/flask/request_processing/req_logging.py:29}}
Nov 10 16:06:05 user devstack@keystone.service[46294]: DEBUG keystone.common.rbac_enforcer.enforcer [None req-32d3d312-3db0-47b0-900a-0c81a8313e37 None admin] RBAC: Authorizing `identity:get_project(project_id=8a700d86cbcc413099c5816ed36b34cc)` {{(pid=46294) enforce_call /opt/stack/keystone/keystone/common/rbac_enforcer/enforcer.py:449}}
Nov 10 16:06:05 user devstack@keystone.service[46294]: DEBUG keystone.common.rbac_enforcer.enforcer [None req-32d3d312-3db0-47b0-900a-0c81a8313e37 None admin] RBAC: Authorization granted {{(pid=46294) enforce_call /opt/stack/keystone/keystone/common/rbac_enforcer/enforcer.py:457}}
Nov 10 16:06:05 user devstack@keystone.service[46294]: [pid: 46294|app: 0|req: 38/105] 10.0.0.210 () {56 vars in 1181 bytes} [Fri Nov 10 16:06:05 2023] GET /identity/v3/projects/8a700d86cbcc413099c5816ed36b34cc => generated 297 bytes in 138 msecs (HTTP/1.1 200) 5 headers in 177 bytes (1 switches on core 0)
Nov 10 16:06:05 user devstack@keystone.service[46294]: DEBUG keystone.server.flask.request_processing.middleware.auth_context [None req-32d3d312-3db0-47b0-900a-0c81a8313e37 None admin] Authenticating user token {{(pid=46294) process_request /opt/stack/data/venv/lib/python3.10/site-packages/keystonemiddleware/auth_token/__init__.py:406}}
Nov 10 16:06:05 user devstack@keystone.service[46293]: DEBUG keystone.server.flask.request_processing.middleware.auth_context [None req-ddfef593-8385-48a9-9939-b77026938255 None admin] Validating token access rules against request {{(pid=46293) validate_allowed_request /opt/stack/data/venv/lib/python3.10/site-packages/keystonemiddleware/auth_token/__init__.py:544}}
Nov 10 16:06:05 user devstack@keystone.service[46292]: [pid: 46292|app: 0|req: 38/106] 10.0.0.210 () {58 vars in 1277 bytes} [Fri Nov 10 16:06:05 2023] GET /identity/v3/auth/tokens => generated 861 bytes in 320 msecs (HTTP/1.1 200) 6 headers in 358 bytes (1 switches on core 0)
Nov 10 16:06:05 user devstack@keystone.service[46292]: DEBUG keystone.server.flask.request_processing.middleware.auth_context [None req-3295b072-0191-4b17-ab98-92d6438b52d1 None admin] Authenticating user token {{(pid=46292) process_request /opt/stack/data/venv/lib/python3.10/site-packages/keystonemiddleware/auth_token/__init__.py:406}}
Nov 10 16:06:05 user devstack@keystone.service[46293]: DEBUG keystone.server.flask.request_processing.middleware.auth_context [None req-4f283f3a-81d2-4ae3-8d0b-58eec408e182 None admin] RBAC: auth_context: {'token': , 'domain_id': None, 'trust_id': None, 'trustor_id': None, 'trustee_id': None, 'domain_name': None, 'group_ids': [], 'user_id': '742c9f00ab4f49f1b433a768e9f222f2', 'user_domain_id': 'default', 'system_scope': 'all', 'project_id': None, 'project_domain_id': None, 'roles': ['admin', 'manager', 'member', 'reader'], 'is_admin_project': True, 'service_user_id': None, 'service_user_domain_id': None, 'service_project_id': None, 'service_project_domain_id': None, 'service_roles': []} {{(pid=46293) fill_context /opt/stack/keystone/keystone/server/flask/request_processing/middleware/auth_context.py:480}}
Nov 10 16:06:05 user devstack@keystone.service[46293]: DEBUG keystone.server.flask.request_processing.req_logging [None req-4f283f3a-81d2-4ae3-8d0b-58eec408e182 None admin] REQUEST_METHOD: `GET` {{(pid=46293) log_request_info /opt/stack/keystone/keystone/server/flask/request_processing/req_logging.py:27}}
Nov 10 16:06:05 user devstack@keystone.service[46293]: DEBUG keystone.server.flask.request_processing.req_logging [None req-4f283f3a-81d2-4ae3-8d0b-58eec408e182 None admin] SCRIPT_NAME: `/identity` {{(pid=46293) log_request_info /opt/stack/keystone/keystone/server/flask/request_processing/req_logging.py:28}}
Nov 10 16:06:05 user devstack@keystone.service[46293]: DEBUG keystone.server.flask.request_processing.req_logging [None req-4f283f3a-81d2-4ae3-8d0b-58eec408e182 None admin] PATH_INFO: `/v3/projects/8a700d86cbcc413099c5816ed36b34cc` {{(pid=46293) log_request_info /opt/stack/keystone/keystone/server/flask/request_processing/req_logging.py:29}}
Nov 10 16:06:05 user devstack@keystone.service[46293]: DEBUG keystone.common.rbac_enforcer.enforcer [None req-4f283f3a-81d2-4ae3-8d0b-58eec408e182 None admin] RBAC: Authorizing `identity:get_project(project_id=8a700d86cbcc413099c5816ed36b34cc)` {{(pid=46293) enforce_call /opt/stack/keystone/keystone/common/rbac_enforcer/enforcer.py:449}}
Nov 10 16:06:05 user devstack@keystone.service[46293]: DEBUG keystone.common.rbac_enforcer.enforcer [None req-4f283f3a-81d2-4ae3-8d0b-58eec408e182 None admin] RBAC: Authorization granted {{(pid=46293) enforce_call /opt/stack/keystone/keystone/common/rbac_enforcer/enforcer.py:457}}
Nov 10 16:06:05 user devstack@keystone.service[46293]: [pid: 46293|app: 0|req: 31/107] 10.0.0.210 () {56 vars in 1181 bytes} [Fri Nov 10 16:06:05 2023] GET /identity/v3/projects/8a700d86cbcc413099c5816ed36b34cc => generated 297 bytes in 145 msecs (HTTP/1.1 200) 5 headers in 177 bytes (1 switches on core 0)
Nov 10 16:06:05 user devstack@keystone.service[46293]: DEBUG keystone.server.flask.request_processing.middleware.auth_context [None req-4f283f3a-81d2-4ae3-8d0b-58eec408e182 None admin] Authenticating user token {{(pid=46293) process_request /opt/stack/data/venv/lib/python3.10/site-packages/keystonemiddleware/auth_token/__init__.py:406}}
Nov 10 16:06:05 user devstack@keystone.service[46294]: DEBUG keystone.server.flask.request_processing.middleware.auth_context [None req-32d3d312-3db0-47b0-900a-0c81a8313e37 None admin] Validating token access rules against request {{(pid=46294) validate_allowed_request /opt/stack/data/venv/lib/python3.10/site-packages/keystonemiddleware/auth_token/__init__.py:544}}
Nov 10 16:06:05 user devstack@keystone.service[46294]: DEBUG keystone.server.flask.request_processing.middleware.auth_context [None req-a8a2c5c4-cb59-41da-912f-e9584b517175 None admin] RBAC: auth_context: {'token': , 'domain_id': None, 'trust_id': None, 'trustor_id': None, 'trustee_id': None, 'domain_name': None, 'group_ids': [], 'user_id': '742c9f00ab4f49f1b433a768e9f222f2', 'user_domain_id': 'default', 'system_scope': 'all', 'project_id': None, 'project_domain_id': None, 'roles': ['admin', 'manager', 'member', 'reader'], 'is_admin_project': True, 'service_user_id': None, 'service_user_domain_id': None, 'service_project_id': None, 'service_project_domain_id': None, 'service_roles': []} {{(pid=46294) fill_context /opt/stack/keystone/keystone/server/flask/request_processing/middleware/auth_context.py:480}}
Nov 10 16:06:05 user devstack@keystone.service[46294]: DEBUG keystone.server.flask.request_processing.req_logging [None req-a8a2c5c4-cb59-41da-912f-e9584b517175 None admin] REQUEST_METHOD: `GET` {{(pid=46294) log_request_info /opt/stack/keystone/keystone/server/flask/request_processing/req_logging.py:27}}
Nov 10 16:06:05 user devstack@keystone.service[46294]: DEBUG keystone.server.flask.request_processing.req_logging [None req-a8a2c5c4-cb59-41da-912f-e9584b517175 None admin] SCRIPT_NAME: `/identity` {{(pid=46294) log_request_info /opt/stack/keystone/keystone/server/flask/request_processing/req_logging.py:28}}
Nov 10 16:06:05 user devstack@keystone.service[46294]: DEBUG keystone.server.flask.request_processing.req_logging [None req-a8a2c5c4-cb59-41da-912f-e9584b517175 None admin] PATH_INFO: `/v3/role_assignments` {{(pid=46294) log_request_info /opt/stack/keystone/keystone/server/flask/request_processing/req_logging.py:29}}
Nov 10 16:06:05 user devstack@keystone.service[46294]: DEBUG keystone.common.rbac_enforcer.enforcer [None req-a8a2c5c4-cb59-41da-912f-e9584b517175 None admin] RBAC: Adding query filter params (role.id=d232527f7c73442e98dde49ac53eec97, scope.project.id=8a700d86cbcc413099c5816ed36b34cc, user.id=77844b34418b48fe857a98c4f0d03877) {{(pid=46294) _extract_filter_values /opt/stack/keystone/keystone/common/rbac_enforcer/enforcer.py:167}}
Nov 10 16:06:05 user devstack@keystone.service[46294]: DEBUG keystone.common.rbac_enforcer.enforcer [None req-a8a2c5c4-cb59-41da-912f-e9584b517175 None admin] RBAC: Authorizing `identity:list_role_assignments()` {{(pid=46294) enforce_call /opt/stack/keystone/keystone/common/rbac_enforcer/enforcer.py:449}}
Nov 10 16:06:05 user devstack@keystone.service[46294]: DEBUG keystone.common.rbac_enforcer.enforcer [None req-a8a2c5c4-cb59-41da-912f-e9584b517175 None admin] RBAC: Authorization granted {{(pid=46294) enforce_call /opt/stack/keystone/keystone/common/rbac_enforcer/enforcer.py:457}}
Nov 10 16:06:05 user devstack@keystone.service[46294]: [pid: 46294|app: 0|req: 39/108] 10.0.0.210 () {56 vars in 1369 bytes} [Fri Nov 10 16:06:05 2023] GET /identity/v3/role_assignments?user.id=77844b34418b48fe857a98c4f0d03877&scope.project.id=8a700d86cbcc413099c5816ed36b34cc&role.id=d232527f7c73442e98dde49ac53eec97 => generated 606 bytes in 143 msecs (HTTP/1.1 200) 5 headers in 177 bytes (2 switches on core 0)
Nov 10 16:06:05 user devstack@keystone.service[46292]: DEBUG keystone.server.flask.request_processing.middleware.auth_context [None req-3295b072-0191-4b17-ab98-92d6438b52d1 None admin] Validating token access rules against request {{(pid=46292) validate_allowed_request /opt/stack/data/venv/lib/python3.10/site-packages/keystonemiddleware/auth_token/__init__.py:544}}
Nov 10 16:06:05 user devstack@keystone.service[46293]: DEBUG keystone.server.flask.request_processing.middleware.auth_context [None req-4f283f3a-81d2-4ae3-8d0b-58eec408e182 None admin] Validating token access rules against request {{(pid=46293) validate_allowed_request /opt/stack/data/venv/lib/python3.10/site-packages/keystonemiddleware/auth_token/__init__.py:544}}
Nov 10 16:06:05 user devstack@keystone.service[46292]: DEBUG keystone.server.flask.request_processing.middleware.auth_context [None req-eeedb2cc-5c5d-4a60-8dab-bb792a13f743 None admin] RBAC: auth_context: {'token': , 'domain_id': None, 'trust_id': None, 'trustor_id': None, 'trustee_id': None, 'domain_name': None, 'group_ids': [], 'user_id': '742c9f00ab4f49f1b433a768e9f222f2', 'user_domain_id': 'default', 'system_scope': 'all', 'project_id': None, 'project_domain_id': None, 'roles': ['admin', 'manager', 'member', 'reader'], 'is_admin_project': True, 'service_user_id': None, 'service_user_domain_id': None, 'service_project_id': None, 'service_project_domain_id': None, 'service_roles': []} {{(pid=46292) fill_context /opt/stack/keystone/keystone/server/flask/request_processing/middleware/auth_context.py:480}}
Nov 10 16:06:05 user devstack@keystone.service[46292]: DEBUG keystone.server.flask.request_processing.req_logging [None req-eeedb2cc-5c5d-4a60-8dab-bb792a13f743 None admin] REQUEST_METHOD: `GET` {{(pid=46292) log_request_info /opt/stack/keystone/keystone/server/flask/request_processing/req_logging.py:27}}
Nov 10 16:06:05 user devstack@keystone.service[46292]: DEBUG keystone.server.flask.request_processing.req_logging [None req-eeedb2cc-5c5d-4a60-8dab-bb792a13f743 None admin] SCRIPT_NAME: `/identity` {{(pid=46292) log_request_info /opt/stack/keystone/keystone/server/flask/request_processing/req_logging.py:28}}
Nov 10 16:06:05 user devstack@keystone.service[46292]: DEBUG keystone.server.flask.request_processing.req_logging [None req-eeedb2cc-5c5d-4a60-8dab-bb792a13f743 None admin] PATH_INFO: `/v3/projects/ae88637eec4345c7b8a95c7036247e6d` {{(pid=46292) log_request_info /opt/stack/keystone/keystone/server/flask/request_processing/req_logging.py:29}}
Nov 10 16:06:05 user devstack@keystone.service[46292]: DEBUG keystone.common.rbac_enforcer.enforcer [None req-eeedb2cc-5c5d-4a60-8dab-bb792a13f743 None admin] RBAC: Authorizing `identity:get_project(project_id=ae88637eec4345c7b8a95c7036247e6d)` {{(pid=46292) enforce_call /opt/stack/keystone/keystone/common/rbac_enforcer/enforcer.py:449}}
Nov 10 16:06:05 user devstack@keystone.service[46292]: DEBUG keystone.common.rbac_enforcer.enforcer [None req-eeedb2cc-5c5d-4a60-8dab-bb792a13f743 None admin] RBAC: Authorization granted {{(pid=46292) enforce_call /opt/stack/keystone/keystone/common/rbac_enforcer/enforcer.py:457}}
Nov 10 16:06:05 user devstack@keystone.service[46292]: [pid: 46292|app: 0|req: 39/109] 10.0.0.210 () {56 vars in 1181 bytes} [Fri Nov 10 16:06:05 2023] GET /identity/v3/projects/ae88637eec4345c7b8a95c7036247e6d => generated 311 bytes in 164 msecs (HTTP/1.1 200) 5 headers in 177 bytes (1 switches on core 0)
Nov 10 16:06:05 user devstack@keystone.service[46294]: DEBUG keystone.server.flask.request_processing.middleware.auth_context [None req-a8a2c5c4-cb59-41da-912f-e9584b517175 None admin] Authenticating user token {{(pid=46294) process_request /opt/stack/data/venv/lib/python3.10/site-packages/keystonemiddleware/auth_token/__init__.py:406}}
Nov 10 16:06:05 user devstack@keystone.service[46293]: DEBUG keystone.server.flask.request_processing.middleware.auth_context [None req-c69c41f9-6d46-46e9-ba7c-679864c631b6 None admin] RBAC: auth_context: {'token': , 'domain_id': None, 'trust_id': None, 'trustor_id': None, 'trustee_id': None, 'domain_name': None, 'group_ids': [], 'user_id': '742c9f00ab4f49f1b433a768e9f222f2', 'user_domain_id': 'default', 'system_scope': 'all', 'project_id': None, 'project_domain_id': None, 'roles': ['admin', 'manager', 'member', 'reader'], 'is_admin_project': True, 'service_user_id': None, 'service_user_domain_id': None, 'service_project_id': None, 'service_project_domain_id': None, 'service_roles': []} {{(pid=46293) fill_context /opt/stack/keystone/keystone/server/flask/request_processing/middleware/auth_context.py:480}}
Nov 10 16:06:05 user devstack@keystone.service[46293]: DEBUG keystone.server.flask.request_processing.req_logging [None req-c69c41f9-6d46-46e9-ba7c-679864c631b6 None admin] REQUEST_METHOD: `GET` {{(pid=46293) log_request_info /opt/stack/keystone/keystone/server/flask/request_processing/req_logging.py:27}}
Nov 10 16:06:05 user devstack@keystone.service[46293]: DEBUG keystone.server.flask.request_processing.req_logging [None req-c69c41f9-6d46-46e9-ba7c-679864c631b6 None admin] SCRIPT_NAME: `/identity` {{(pid=46293) log_request_info /opt/stack/keystone/keystone/server/flask/request_processing/req_logging.py:28}}
Nov 10 16:06:05 user devstack@keystone.service[46293]: DEBUG keystone.server.flask.request_processing.req_logging [None req-c69c41f9-6d46-46e9-ba7c-679864c631b6 None admin] PATH_INFO: `/v3/role_assignments` {{(pid=46293) log_request_info /opt/stack/keystone/keystone/server/flask/request_processing/req_logging.py:29}}
Nov 10 16:06:05 user devstack@keystone.service[46293]: DEBUG keystone.common.rbac_enforcer.enforcer [None req-c69c41f9-6d46-46e9-ba7c-679864c631b6 None admin] RBAC: Adding query filter params (role.id=74c77c2c946f4dbfa34d129eed03567a, scope.project.id=8a700d86cbcc413099c5816ed36b34cc, user.id=742c9f00ab4f49f1b433a768e9f222f2) {{(pid=46293) _extract_filter_values /opt/stack/keystone/keystone/common/rbac_enforcer/enforcer.py:167}}
Nov 10 16:06:05 user devstack@keystone.service[46293]: DEBUG keystone.common.rbac_enforcer.enforcer [None req-c69c41f9-6d46-46e9-ba7c-679864c631b6 None admin] RBAC: Authorizing `identity:list_role_assignments()` {{(pid=46293) enforce_call /opt/stack/keystone/keystone/common/rbac_enforcer/enforcer.py:449}}
Nov 10 16:06:05 user devstack@keystone.service[46293]: DEBUG keystone.common.rbac_enforcer.enforcer [None req-c69c41f9-6d46-46e9-ba7c-679864c631b6 None admin] RBAC: Authorization granted {{(pid=46293) enforce_call /opt/stack/keystone/keystone/common/rbac_enforcer/enforcer.py:457}}
Nov 10 16:06:05 user devstack@keystone.service[46293]: [pid: 46293|app: 0|req: 32/110] 10.0.0.210 () {56 vars in 1369 bytes} [Fri Nov 10 16:06:05 2023] GET /identity/v3/role_assignments?user.id=742c9f00ab4f49f1b433a768e9f222f2&scope.project.id=8a700d86cbcc413099c5816ed36b34cc&role.id=74c77c2c946f4dbfa34d129eed03567a => generated 606 bytes in 155 msecs (HTTP/1.1 200) 5 headers in 177 bytes (2 switches on core 0)
Nov 10 16:06:05 user devstack@keystone.service[46294]: DEBUG keystone.server.flask.request_processing.middleware.auth_context [None req-a8a2c5c4-cb59-41da-912f-e9584b517175 None admin] Validating token access rules against request {{(pid=46294) validate_allowed_request /opt/stack/data/venv/lib/python3.10/site-packages/keystonemiddleware/auth_token/__init__.py:544}}
Nov 10 16:06:05 user devstack@keystone.service[46294]: DEBUG keystone.server.flask.request_processing.middleware.auth_context [None req-e5a393d1-6bc2-48e1-949e-834ea5ff0612 None admin] RBAC: auth_context: {'token': , 'domain_id': None, 'trust_id': None, 'trustor_id': None, 'trustee_id': None, 'domain_name': None, 'group_ids': [], 'user_id': '742c9f00ab4f49f1b433a768e9f222f2', 'user_domain_id': 'default', 'system_scope': 'all', 'project_id': None, 'project_domain_id': None, 'roles': ['admin', 'manager', 'member', 'reader'], 'is_admin_project': True, 'service_user_id': None, 'service_user_domain_id': None, 'service_project_id': None, 'service_project_domain_id': None, 'service_roles': []} {{(pid=46294) fill_context /opt/stack/keystone/keystone/server/flask/request_processing/middleware/auth_context.py:480}}
Nov 10 16:06:05 user devstack@keystone.service[46294]: DEBUG keystone.server.flask.request_processing.req_logging [None req-e5a393d1-6bc2-48e1-949e-834ea5ff0612 None admin] REQUEST_METHOD: `GET` {{(pid=46294) log_request_info /opt/stack/keystone/keystone/server/flask/request_processing/req_logging.py:27}}
Nov 10 16:06:05 user devstack@keystone.service[46294]: DEBUG keystone.server.flask.request_processing.req_logging [None req-e5a393d1-6bc2-48e1-949e-834ea5ff0612 None admin] SCRIPT_NAME: `/identity` {{(pid=46294) log_request_info /opt/stack/keystone/keystone/server/flask/request_processing/req_logging.py:28}}
Nov 10 16:06:05 user devstack@keystone.service[46294]: DEBUG keystone.server.flask.request_processing.req_logging [None req-e5a393d1-6bc2-48e1-949e-834ea5ff0612 None admin] PATH_INFO: `/v3/role_assignments` {{(pid=46294) log_request_info /opt/stack/keystone/keystone/server/flask/request_processing/req_logging.py:29}}
Nov 10 16:06:05 user devstack@keystone.service[46294]: DEBUG keystone.common.rbac_enforcer.enforcer [None req-e5a393d1-6bc2-48e1-949e-834ea5ff0612 None admin] RBAC: Adding query filter params (role.id=7b00c2ee0d4143238693836b44dd046f, scope.project.id=ae88637eec4345c7b8a95c7036247e6d, user.id=77844b34418b48fe857a98c4f0d03877) {{(pid=46294) _extract_filter_values /opt/stack/keystone/keystone/common/rbac_enforcer/enforcer.py:167}}
Nov 10 16:06:05 user devstack@keystone.service[46294]: DEBUG keystone.common.rbac_enforcer.enforcer [None req-e5a393d1-6bc2-48e1-949e-834ea5ff0612 None admin] RBAC: Authorizing `identity:list_role_assignments()` {{(pid=46294) enforce_call /opt/stack/keystone/keystone/common/rbac_enforcer/enforcer.py:449}}
Nov 10 16:06:05 user devstack@keystone.service[46294]: DEBUG keystone.common.rbac_enforcer.enforcer [None req-e5a393d1-6bc2-48e1-949e-834ea5ff0612 None admin] RBAC: Authorization granted {{(pid=46294) enforce_call /opt/stack/keystone/keystone/common/rbac_enforcer/enforcer.py:457}}
Nov 10 16:06:05 user devstack@keystone.service[46294]: [pid: 46294|app: 0|req: 40/111] 10.0.0.210 () {56 vars in 1369 bytes} [Fri Nov 10 16:06:05 2023] GET /identity/v3/role_assignments?user.id=77844b34418b48fe857a98c4f0d03877&scope.project.id=ae88637eec4345c7b8a95c7036247e6d&role.id=7b00c2ee0d4143238693836b44dd046f => generated 606 bytes in 140 msecs (HTTP/1.1 200) 5 headers in 177 bytes (1 switches on core 0)
Nov 10 16:06:06 user devstack@keystone.service[46292]: DEBUG keystone.server.flask.request_processing.req_logging [None req-7c71dc06-3319-4c0d-b2b2-942cff9dbce6 None None] REQUEST_METHOD: `GET` {{(pid=46292) log_request_info /opt/stack/keystone/keystone/server/flask/request_processing/req_logging.py:27}}
Nov 10 16:06:06 user devstack@keystone.service[46292]: DEBUG keystone.server.flask.request_processing.req_logging [None req-7c71dc06-3319-4c0d-b2b2-942cff9dbce6 None None] SCRIPT_NAME: `/identity` {{(pid=46292) log_request_info /opt/stack/keystone/keystone/server/flask/request_processing/req_logging.py:28}}
Nov 10 16:06:06 user devstack@keystone.service[46292]: DEBUG keystone.server.flask.request_processing.req_logging [None req-7c71dc06-3319-4c0d-b2b2-942cff9dbce6 None None] PATH_INFO: `/` {{(pid=46292) log_request_info /opt/stack/keystone/keystone/server/flask/request_processing/req_logging.py:29}}
Nov 10 16:06:06 user devstack@keystone.service[46292]: [pid: 46292|app: 0|req: 40/112] 10.0.0.210 () {54 vars in 921 bytes} [Fri Nov 10 16:06:06 2023] GET /identity => generated 269 bytes in 3 msecs (HTTP/1.1 300) 6 headers in 233 bytes (1 switches on core 0)
Nov 10 16:06:06 user devstack@keystone.service[46293]: DEBUG keystone.server.flask.request_processing.middleware.auth_context [None req-c69c41f9-6d46-46e9-ba7c-679864c631b6 None admin] Authenticating user token {{(pid=46293) process_request /opt/stack/data/venv/lib/python3.10/site-packages/keystonemiddleware/auth_token/__init__.py:406}}
Nov 10 16:06:06 user devstack@keystone.service[46293]: DEBUG keystone.server.flask.request_processing.middleware.auth_context [None req-c69c41f9-6d46-46e9-ba7c-679864c631b6 None admin] Validating token access rules against request {{(pid=46293) validate_allowed_request /opt/stack/data/venv/lib/python3.10/site-packages/keystonemiddleware/auth_token/__init__.py:544}}
Nov 10 16:06:06 user devstack@keystone.service[46293]: DEBUG keystone.server.flask.request_processing.middleware.auth_context [None req-0ff6aa68-ae23-44ae-952f-12f4546797da None admin] RBAC: auth_context: {'token': , 'domain_id': None, 'trust_id': None, 'trustor_id': None, 'trustee_id': None, 'domain_name': None, 'group_ids': [], 'user_id': '742c9f00ab4f49f1b433a768e9f222f2', 'user_domain_id': 'default', 'system_scope': 'all', 'project_id': None, 'project_domain_id': None, 'roles': ['admin', 'manager', 'member', 'reader'], 'is_admin_project': True, 'service_user_id': None, 'service_user_domain_id': None, 'service_project_id': None, 'service_project_domain_id': None, 'service_roles': []} {{(pid=46293) fill_context /opt/stack/keystone/keystone/server/flask/request_processing/middleware/auth_context.py:480}}
Nov 10 16:06:06 user devstack@keystone.service[46293]: DEBUG keystone.server.flask.request_processing.req_logging [None req-0ff6aa68-ae23-44ae-952f-12f4546797da None admin] REQUEST_METHOD: `GET` {{(pid=46293) log_request_info /opt/stack/keystone/keystone/server/flask/request_processing/req_logging.py:27}}
Nov 10 16:06:06 user devstack@keystone.service[46293]: DEBUG keystone.server.flask.request_processing.req_logging [None req-0ff6aa68-ae23-44ae-952f-12f4546797da None admin] SCRIPT_NAME: `/identity` {{(pid=46293) log_request_info /opt/stack/keystone/keystone/server/flask/request_processing/req_logging.py:28}}
Nov 10 16:06:06 user devstack@keystone.service[46293]: DEBUG keystone.server.flask.request_processing.req_logging [None req-0ff6aa68-ae23-44ae-952f-12f4546797da None admin] PATH_INFO: `/v3/domains/default` {{(pid=46293) log_request_info /opt/stack/keystone/keystone/server/flask/request_processing/req_logging.py:29}}
Nov 10 16:06:06 user devstack@keystone.service[46293]: DEBUG keystone.common.rbac_enforcer.enforcer [None req-0ff6aa68-ae23-44ae-952f-12f4546797da None admin] RBAC: Authorizing `identity:get_domain(domain_id=default)` {{(pid=46293) enforce_call /opt/stack/keystone/keystone/common/rbac_enforcer/enforcer.py:449}}
Nov 10 16:06:06 user devstack@keystone.service[46293]: DEBUG keystone.common.rbac_enforcer.enforcer [None req-0ff6aa68-ae23-44ae-952f-12f4546797da None admin] RBAC: Authorization granted {{(pid=46293) enforce_call /opt/stack/keystone/keystone/common/rbac_enforcer/enforcer.py:457}}
Nov 10 16:06:06 user devstack@keystone.service[46293]: [pid: 46293|app: 0|req: 33/113] 10.0.0.210 () {56 vars in 1103 bytes} [Fri Nov 10 16:06:06 2023] GET /identity/v3/domains/default => generated 198 bytes in 136 msecs (HTTP/1.1 200) 5 headers in 177 bytes (1 switches on core 0)
Nov 10 16:06:06 user devstack@keystone.service[46294]: DEBUG keystone.server.flask.request_processing.middleware.auth_context [None req-e5a393d1-6bc2-48e1-949e-834ea5ff0612 None admin] Authenticating user token {{(pid=46294) process_request /opt/stack/data/venv/lib/python3.10/site-packages/keystonemiddleware/auth_token/__init__.py:406}}
Nov 10 16:06:06 user devstack@keystone.service[46292]: DEBUG keystone.server.flask.request_processing.req_logging [None req-a3e500ea-1a83-4249-9696-a4df29e9e290 None None] REQUEST_METHOD: `GET` {{(pid=46292) log_request_info /opt/stack/keystone/keystone/server/flask/request_processing/req_logging.py:27}}
Nov 10 16:06:06 user devstack@keystone.service[46292]: DEBUG keystone.server.flask.request_processing.req_logging [None req-a3e500ea-1a83-4249-9696-a4df29e9e290 None None] SCRIPT_NAME: `/identity` {{(pid=46292) log_request_info /opt/stack/keystone/keystone/server/flask/request_processing/req_logging.py:28}}
Nov 10 16:06:06 user devstack@keystone.service[46292]: DEBUG keystone.server.flask.request_processing.req_logging [None req-a3e500ea-1a83-4249-9696-a4df29e9e290 None None] PATH_INFO: `/` {{(pid=46292) log_request_info /opt/stack/keystone/keystone/server/flask/request_processing/req_logging.py:29}}
Nov 10 16:06:06 user devstack@keystone.service[46292]: [pid: 46292|app: 0|req: 41/114] 10.0.0.210 () {54 vars in 921 bytes} [Fri Nov 10 16:06:06 2023] GET /identity => generated 269 bytes in 3 msecs (HTTP/1.1 300) 6 headers in 233 bytes (1 switches on core 0)
Nov 10 16:06:06 user devstack@keystone.service[46293]: DEBUG keystone.server.flask.request_processing.middleware.auth_context [None req-0ff6aa68-ae23-44ae-952f-12f4546797da None admin] Authenticating user token {{(pid=46293) process_request /opt/stack/data/venv/lib/python3.10/site-packages/keystonemiddleware/auth_token/__init__.py:406}}
Nov 10 16:06:07 user devstack@keystone.service[46294]: DEBUG keystone.server.flask.request_processing.middleware.auth_context [None req-e5a393d1-6bc2-48e1-949e-834ea5ff0612 None admin] Validating token access rules against request {{(pid=46294) validate_allowed_request /opt/stack/data/venv/lib/python3.10/site-packages/keystonemiddleware/auth_token/__init__.py:544}}
Nov 10 16:06:07 user devstack@keystone.service[46294]: DEBUG keystone.server.flask.request_processing.middleware.auth_context [None req-2f0353ce-40b4-42b5-b064-07e85b4ec65d None admin] RBAC: auth_context: {'token': , 'domain_id': None, 'trust_id': None, 'trustor_id': None, 'trustee_id': None, 'domain_name': None, 'group_ids': [], 'user_id': '742c9f00ab4f49f1b433a768e9f222f2', 'user_domain_id': 'default', 'system_scope': 'all', 'project_id': None, 'project_domain_id': None, 'roles': ['admin', 'manager', 'member', 'reader'], 'is_admin_project': True, 'service_user_id': None, 'service_user_domain_id': None, 'service_project_id': None, 'service_project_domain_id': None, 'service_roles': []} {{(pid=46294) fill_context /opt/stack/keystone/keystone/server/flask/request_processing/middleware/auth_context.py:480}}
Nov 10 16:06:07 user devstack@keystone.service[46294]: DEBUG keystone.server.flask.request_processing.req_logging [None req-2f0353ce-40b4-42b5-b064-07e85b4ec65d None admin] REQUEST_METHOD: `POST` {{(pid=46294) log_request_info /opt/stack/keystone/keystone/server/flask/request_processing/req_logging.py:27}}
Nov 10 16:06:07 user devstack@keystone.service[46294]: DEBUG keystone.server.flask.request_processing.req_logging [None req-2f0353ce-40b4-42b5-b064-07e85b4ec65d None admin] SCRIPT_NAME: `/identity` {{(pid=46294) log_request_info /opt/stack/keystone/keystone/server/flask/request_processing/req_logging.py:28}}
Nov 10 16:06:07 user devstack@keystone.service[46294]: DEBUG keystone.server.flask.request_processing.req_logging [None req-2f0353ce-40b4-42b5-b064-07e85b4ec65d None admin] PATH_INFO: `/v3/users` {{(pid=46294) log_request_info /opt/stack/keystone/keystone/server/flask/request_processing/req_logging.py:29}}
Nov 10 16:06:07 user devstack@keystone.service[46294]: DEBUG keystone.common.rbac_enforcer.enforcer [None req-2f0353ce-40b4-42b5-b064-07e85b4ec65d None admin] RBAC: Authorizing `identity:create_user()` {{(pid=46294) enforce_call /opt/stack/keystone/keystone/common/rbac_enforcer/enforcer.py:449}}
Nov 10 16:06:07 user devstack@keystone.service[46293]: DEBUG keystone.server.flask.request_processing.middleware.auth_context [None req-0ff6aa68-ae23-44ae-952f-12f4546797da None admin] Validating token access rules against request {{(pid=46293) validate_allowed_request /opt/stack/data/venv/lib/python3.10/site-packages/keystonemiddleware/auth_token/__init__.py:544}}
Nov 10 16:06:07 user devstack@keystone.service[46294]: DEBUG keystone.common.rbac_enforcer.enforcer [None req-2f0353ce-40b4-42b5-b064-07e85b4ec65d None admin] RBAC: Authorization granted {{(pid=46294) enforce_call /opt/stack/keystone/keystone/common/rbac_enforcer/enforcer.py:457}}
Nov 10 16:06:07 user devstack@keystone.service[46294]: WARNING keystone.common.password_hashing [None req-2f0353ce-40b4-42b5-b064-07e85b4ec65d None admin] Truncating password to algorithm specific maximum length 72 characters.
Nov 10 16:06:07 user devstack@keystone.service[46294]: DEBUG passlib.handlers.bcrypt [None req-2f0353ce-40b4-42b5-b064-07e85b4ec65d None admin] detected 'bcrypt' backend, version '4.0.1' {{(pid=46294) _load_backend_mixin /opt/stack/data/venv/lib/python3.10/site-packages/passlib/handlers/bcrypt.py:625}}
Nov 10 16:06:07 user devstack@keystone.service[46294]: DEBUG passlib.handlers.bcrypt [None req-2f0353ce-40b4-42b5-b064-07e85b4ec65d None admin] 'bcrypt' backend lacks $2$ support, enabling workaround {{(pid=46294) _finalize_backend_mixin /opt/stack/data/venv/lib/python3.10/site-packages/passlib/handlers/bcrypt.py:406}}
Nov 10 16:06:07 user devstack@keystone.service[46293]: DEBUG keystone.server.flask.request_processing.middleware.auth_context [None req-8de90309-fb24-45c8-8572-628bc81e3229 None admin] RBAC: auth_context: {'token': , 'domain_id': None, 'trust_id': None, 'trustor_id': None, 'trustee_id': None, 'domain_name': None, 'group_ids': [], 'user_id': '742c9f00ab4f49f1b433a768e9f222f2', 'user_domain_id': 'default', 'system_scope': 'all', 'project_id': None, 'project_domain_id': None, 'roles': ['admin', 'manager', 'member', 'reader'], 'is_admin_project': True, 'service_user_id': None, 'service_user_domain_id': None, 'service_project_id': None, 'service_project_domain_id': None, 'service_roles': []} {{(pid=46293) fill_context /opt/stack/keystone/keystone/server/flask/request_processing/middleware/auth_context.py:480}}
Nov 10 16:06:07 user devstack@keystone.service[46293]: DEBUG keystone.server.flask.request_processing.req_logging [None req-8de90309-fb24-45c8-8572-628bc81e3229 None admin] REQUEST_METHOD: `GET` {{(pid=46293) log_request_info /opt/stack/keystone/keystone/server/flask/request_processing/req_logging.py:27}}
Nov 10 16:06:07 user devstack@keystone.service[46293]: DEBUG keystone.server.flask.request_processing.req_logging [None req-8de90309-fb24-45c8-8572-628bc81e3229 None admin] SCRIPT_NAME: `/identity` {{(pid=46293) log_request_info /opt/stack/keystone/keystone/server/flask/request_processing/req_logging.py:28}}
Nov 10 16:06:07 user devstack@keystone.service[46293]: DEBUG keystone.server.flask.request_processing.req_logging [None req-8de90309-fb24-45c8-8572-628bc81e3229 None admin] PATH_INFO: `/v3/roles/reader` {{(pid=46293) log_request_info /opt/stack/keystone/keystone/server/flask/request_processing/req_logging.py:29}}
Nov 10 16:06:07 user devstack@keystone.service[46293]: DEBUG keystone.common.rbac_enforcer.enforcer [None req-8de90309-fb24-45c8-8572-628bc81e3229 None admin] Extracting inferred target data resulted in "NOT FOUND (404)". {{(pid=46293) enforce_call /opt/stack/keystone/keystone/common/rbac_enforcer/enforcer.py:409}}
Nov 10 16:06:07 user devstack@keystone.service[46293]: ERROR keystone.server.flask.application [None req-8de90309-fb24-45c8-8572-628bc81e3229 None admin] Could not find role: reader.: keystone.exception.RoleNotFound: Could not find role: reader.
Nov 10 16:06:07 user devstack@keystone.service[46293]: ERROR keystone.server.flask.application
Traceback (most recent call last):
Nov 10 16:06:07 user devstack@keystone.service[46293]: ERROR keystone.server.flask.application
File "/opt/stack/data/venv/lib/python3.10/site-packages/flask/app.py", line 1823, in full_dispatch_request
Nov 10 16:06:07 user devstack@keystone.service[46293]: ERROR keystone.server.flask.application rv = self.dispatch_request()
Nov 10 16:06:07 user devstack@keystone.service[46293]: ERROR keystone.server.flask.application
File "/opt/stack/data/venv/lib/python3.10/site-packages/flask/app.py", line 1799, in dispatch_request
Nov 10 16:06:07 user devstack@keystone.service[46293]: ERROR keystone.server.flask.application return self.ensure_sync(self.view_functions[rule.endpoint])(**view_args)
Nov 10 16:06:07 user devstack@keystone.service[46293]: ERROR keystone.server.flask.application
File "/opt/stack/data/venv/lib/python3.10/site-packages/flask_restful/__init__.py", line 489, in wrapper
Nov 10 16:06:07 user devstack@keystone.service[46293]: ERROR keystone.server.flask.application resp = resource(*args, **kwargs)
Nov 10 16:06:07 user devstack@keystone.service[46293]: ERROR keystone.server.flask.application
File "/opt/stack/data/venv/lib/python3.10/site-packages/flask/views.py", line 107, in view
Nov 10 16:06:07 user devstack@keystone.service[46293]: ERROR keystone.server.flask.application return current_app.ensure_sync(self.dispatch_request)(**kwargs)
Nov 10 16:06:07 user devstack@keystone.service[46293]: ERROR keystone.server.flask.application
File "/opt/stack/data/venv/lib/python3.10/site-packages/flask_restful/__init__.py", line 604, in dispatch_request
Nov 10 16:06:07 user devstack@keystone.service[46293]: ERROR keystone.server.flask.application resp = meth(*args, **kwargs)
Nov 10 16:06:07 user devstack@keystone.service[46293]: ERROR keystone.server.flask.application
File "/opt/stack/keystone/keystone/api/roles.py", line 50, in get
Nov 10 16:06:07 user devstack@keystone.service[46293]: ERROR keystone.server.flask.application return self._get_role(role_id)
Nov 10 16:06:07 user devstack@keystone.service[46293]: ERROR keystone.server.flask.application
File "/opt/stack/keystone/keystone/api/roles.py", line 70, in _get_role
Nov 10 16:06:07 user devstack@keystone.service[46293]: ERROR keystone.server.flask.application ENFORCER.enforce_call(action='identity:get_role')
Nov 10 16:06:07 user devstack@keystone.service[46293]: ERROR keystone.server.flask.application
File "/opt/stack/keystone/keystone/common/rbac_enforcer/enforcer.py", line 402, in enforce_call
Nov 10 16:06:07 user devstack@keystone.service[46293]: ERROR keystone.server.flask.application policy_dict.update(cls._extract_member_target_data(
Nov 10 16:06:07 user devstack@keystone.service[46293]: ERROR keystone.server.flask.application
File "/opt/stack/keystone/keystone/common/rbac_enforcer/enforcer.py", line 234, in _extract_member_target_data
Nov 10 16:06:07 user devstack@keystone.service[46293]: ERROR keystone.server.flask.application member_name: func(flask.request.view_args[key])
Nov 10 16:06:07 user devstack@keystone.service[46293]: ERROR keystone.server.flask.application
File "/opt/stack/keystone/keystone/common/manager.py", line 115, in wrapped
Nov 10 16:06:07 user devstack@keystone.service[46293]: ERROR keystone.server.flask.application __ret_val = __f(*args, **kwargs)
Nov 10 16:06:07 user devstack@keystone.service[46293]: ERROR keystone.server.flask.application
File "/opt/stack/data/venv/lib/python3.10/site-packages/decorator.py", line 232, in fun
Nov 10 16:06:07 user devstack@keystone.service[46293]: ERROR keystone.server.flask.application return caller(func, *(extras + args), **kw)
Nov 10 16:06:07 user devstack@keystone.service[46293]: ERROR keystone.server.flask.application
File "/opt/stack/data/venv/lib/python3.10/site-packages/dogpile/cache/region.py", line 1594, in get_or_create_for_user_func
Nov 10 16:06:07 user devstack@keystone.service[46293]: ERROR keystone.server.flask.application return self.get_or_create(
Nov 10 16:06:07 user devstack@keystone.service[46293]: ERROR keystone.server.flask.application
File "/opt/stack/data/venv/lib/python3.10/site-packages/dogpile/cache/region.py", line 1054, in get_or_create
Nov 10 16:06:07 user devstack@keystone.service[46293]: ERROR keystone.server.flask.application with Lock(
Nov 10 16:06:07 user devstack@keystone.service[46293]: ERROR keystone.server.flask.application
File "/opt/stack/data/venv/lib/python3.10/site-packages/dogpile/lock.py", line 185, in __enter__
Nov 10 16:06:07 user devstack@keystone.service[46293]: ERROR keystone.server.flask.application return self._enter()
Nov 10 16:06:07 user devstack@keystone.service[46293]: ERROR keystone.server.flask.application
File "/opt/stack/data/venv/lib/python3.10/site-packages/dogpile/lock.py", line 94, in _enter
Nov 10 16:06:07 user devstack@keystone.service[46293]: ERROR keystone.server.flask.application generated = self._enter_create(value, createdtime)
Nov 10 16:06:07 user devstack@keystone.service[46293]: ERROR keystone.server.flask.application
File "/opt/stack/data/venv/lib/python3.10/site-packages/dogpile/lock.py", line 178, in _enter_create
Nov 10 16:06:07 user devstack@keystone.service[46293]: ERROR keystone.server.flask.application return self.creator()
Nov 10 16:06:07 user devstack@keystone.service[46293]: ERROR keystone.server.flask.application
File "/opt/stack/data/venv/lib/python3.10/site-packages/dogpile/cache/region.py", line 1007, in gen_value
Nov 10 16:06:07 user devstack@keystone.service[46293]: ERROR keystone.server.flask.application created_value = creator(
Nov 10 16:06:07 user devstack@keystone.service[46293]: ERROR keystone.server.flask.application
File "/opt/stack/keystone/keystone/assignment/core.py", line 1276, in get_role
Nov 10 16:06:07 user devstack@keystone.service[46293]: ERROR keystone.server.flask.application return self.driver.get_role(role_id)
Nov 10 16:06:07 user devstack@keystone.service[46293]: ERROR keystone.server.flask.application
File "/opt/stack/keystone/keystone/assignment/role_backends/sql.py", line 70, in get_role
Nov 10 16:06:07 user devstack@keystone.service[46293]: ERROR keystone.server.flask.application return self._get_role(session, role_id).to_dict()
Nov 10 16:06:07 user devstack@keystone.service[46293]: ERROR keystone.server.flask.application
File "/opt/stack/keystone/keystone/assignment/role_backends/sql.py", line 65, in _get_role
Nov 10 16:06:07 user devstack@keystone.service[46293]: ERROR keystone.server.flask.application raise exception.RoleNotFound(role_id=role_id)
Nov 10 16:06:07 user devstack@keystone.service[46293]: ERROR keystone.server.flask.application keystone.exception.RoleNotFound: Could not find role: reader.
Nov 10 16:06:07 user devstack@keystone.service[46293]: ERROR keystone.server.flask.application
Nov 10 16:06:07 user devstack@keystone.service[46293]: [pid: 46293|app: 0|req: 34/115] 10.0.0.210 () {56 vars in 1094 bytes} [Fri Nov 10 16:06:06 2023] GET /identity/v3/roles/reader => generated 84 bytes in 142 msecs (HTTP/1.1 404) 5 headers in 183 bytes (1 switches on core 0)
Nov 10 16:06:07 user devstack@keystone.service[46292]: DEBUG keystone.server.flask.request_processing.middleware.auth_context [None req-a3e500ea-1a83-4249-9696-a4df29e9e290 None None] Authenticating user token {{(pid=46292) process_request /opt/stack/data/venv/lib/python3.10/site-packages/keystonemiddleware/auth_token/__init__.py:406}}
Nov 10 16:06:07 user devstack@keystone.service[46294]: [pid: 46294|app: 0|req: 41/116] 10.0.0.210 () {60 vars in 1127 bytes} [Fri Nov 10 16:06:06 2023] POST /identity/v3/users => generated 282 bytes in 210 msecs (HTTP/1.1 201) 5 headers in 182 bytes (1 switches on core 0)
Nov 10 16:06:07 user devstack@keystone.service[46292]: DEBUG keystone.server.flask.request_processing.middleware.auth_context [None req-a3e500ea-1a83-4249-9696-a4df29e9e290 None None] Validating token access rules against request {{(pid=46292) validate_allowed_request /opt/stack/data/venv/lib/python3.10/site-packages/keystonemiddleware/auth_token/__init__.py:544}}
Nov 10 16:06:07 user devstack@keystone.service[46292]: DEBUG keystone.server.flask.request_processing.middleware.auth_context [None req-9c328435-9621-4861-9290-56bbd27f2eb2 None admin] RBAC: auth_context: {'token': , 'domain_id': None, 'trust_id': None, 'trustor_id': None, 'trustee_id': None, 'domain_name': None, 'group_ids': [], 'user_id': '742c9f00ab4f49f1b433a768e9f222f2', 'user_domain_id': 'default', 'system_scope': 'all', 'project_id': None, 'project_domain_id': None, 'roles': ['admin', 'manager', 'member', 'reader'], 'is_admin_project': True, 'service_user_id': None, 'service_user_domain_id': None, 'service_project_id': None, 'service_project_domain_id': None, 'service_roles': []} {{(pid=46292) fill_context /opt/stack/keystone/keystone/server/flask/request_processing/middleware/auth_context.py:480}}
Nov 10 16:06:07 user devstack@keystone.service[46292]: DEBUG keystone.server.flask.request_processing.req_logging [None req-9c328435-9621-4861-9290-56bbd27f2eb2 None admin] REQUEST_METHOD: `GET` {{(pid=46292) log_request_info /opt/stack/keystone/keystone/server/flask/request_processing/req_logging.py:27}}
Nov 10 16:06:07 user devstack@keystone.service[46292]: DEBUG keystone.server.flask.request_processing.req_logging [None req-9c328435-9621-4861-9290-56bbd27f2eb2 None admin] SCRIPT_NAME: `/identity` {{(pid=46292) log_request_info /opt/stack/keystone/keystone/server/flask/request_processing/req_logging.py:28}}
Nov 10 16:06:07 user devstack@keystone.service[46292]: DEBUG keystone.server.flask.request_processing.req_logging [None req-9c328435-9621-4861-9290-56bbd27f2eb2 None admin] PATH_INFO: `/v3/roles` {{(pid=46292) log_request_info /opt/stack/keystone/keystone/server/flask/request_processing/req_logging.py:29}}
Nov 10 16:06:07 user devstack@keystone.service[46292]: DEBUG keystone.common.rbac_enforcer.enforcer [None req-9c328435-9621-4861-9290-56bbd27f2eb2 None admin] RBAC: Adding query filter params (name=reader) {{(pid=46292) _extract_filter_values /opt/stack/keystone/keystone/common/rbac_enforcer/enforcer.py:167}}
Nov 10 16:06:07 user devstack@keystone.service[46292]: DEBUG keystone.common.rbac_enforcer.enforcer [None req-9c328435-9621-4861-9290-56bbd27f2eb2 None admin] RBAC: Authorizing `identity:list_roles()` {{(pid=46292) enforce_call /opt/stack/keystone/keystone/common/rbac_enforcer/enforcer.py:449}}
Nov 10 16:06:07 user devstack@keystone.service[46292]: DEBUG keystone.common.rbac_enforcer.enforcer [None req-9c328435-9621-4861-9290-56bbd27f2eb2 None admin] RBAC: Authorization granted {{(pid=46292) enforce_call /opt/stack/keystone/keystone/common/rbac_enforcer/enforcer.py:457}}
Nov 10 16:06:07 user devstack@keystone.service[46292]: [pid: 46292|app: 0|req: 42/117] 10.0.0.210 () {56 vars in 1096 bytes} [Fri Nov 10 16:06:07 2023] GET /identity/v3/roles?name=reader => generated 339 bytes in 153 msecs (HTTP/1.1 200) 5 headers in 177 bytes (1 switches on core 0)
Nov 10 16:06:07 user devstack@keystone.service[46293]: DEBUG keystone.server.flask.request_processing.middleware.auth_context [None req-8de90309-fb24-45c8-8572-628bc81e3229 None admin] Authenticating user token {{(pid=46293) process_request /opt/stack/data/venv/lib/python3.10/site-packages/keystonemiddleware/auth_token/__init__.py:406}}
