Dec 06 13:56:35 user devstack@keystone.service[46558]: DEBUG keystone.server.flask.request_processing.req_logging [None req-8d149110-1029-467a-946a-3845eeb182b5 None admin] SCRIPT_NAME: `/identity` {{(pid=46558) log_request_info /opt/stack/keystone/keystone/server/flask/request_processing/req_logging.py:28}}
Dec 06 13:56:35 user devstack@keystone.service[46558]: DEBUG keystone.server.flask.request_processing.req_logging [None req-8d149110-1029-467a-946a-3845eeb182b5 None admin] PATH_INFO: `/v3/auth/tokens` {{(pid=46558) log_request_info /opt/stack/keystone/keystone/server/flask/request_processing/req_logging.py:29}}
Dec 06 13:56:35 user devstack@keystone.service[46559]: [pid: 46559|app: 0|req: 45/125] 10.0.0.210 () {58 vars in 1277 bytes} [Wed Dec 6 13:56:35 2023] GET /identity/v3/auth/tokens => generated 861 bytes in 306 msecs (HTTP/1.1 200) 6 headers in 358 bytes (1 switches on core 0)
Dec 06 13:56:35 user devstack@keystone.service[46559]: DEBUG keystone.server.flask.request_processing.middleware.auth_context [None req-bcdd34e4-a64f-43e3-889b-9ee971e31ce5 None admin] Authenticating user token {{(pid=46559) process_request /opt/stack/data/venv/lib/python3.10/site-packages/keystonemiddleware/auth_token/__init__.py:406}}
Dec 06 13:56:35 user devstack@keystone.service[46557]: DEBUG keystone.server.flask.request_processing.middleware.auth_context [None req-8e122f5a-ca39-4ad5-94c6-b1044bdfce7c None admin] Validating token access rules against request {{(pid=46557) validate_allowed_request /opt/stack/data/venv/lib/python3.10/site-packages/keystonemiddleware/auth_token/__init__.py:544}}
Dec 06 13:56:35 user devstack@keystone.service[46558]: DEBUG keystone.common.rbac_enforcer.enforcer [None req-8d149110-1029-467a-946a-3845eeb182b5 None admin] RBAC: Authorizing `identity:validate_token()` {{(pid=46558) enforce_call /opt/stack/keystone/keystone/common/rbac_enforcer/enforcer.py:449}}
Dec 06 13:56:35 user devstack@keystone.service[46558]: DEBUG keystone.common.rbac_enforcer.enforcer [None req-8d149110-1029-467a-946a-3845eeb182b5 None admin] RBAC: Authorization granted {{(pid=46558) enforce_call /opt/stack/keystone/keystone/common/rbac_enforcer/enforcer.py:457}}
Dec 06 13:56:35 user devstack@keystone.service[46557]: DEBUG keystone.server.flask.request_processing.middleware.auth_context [None req-826e5050-a063-4bf6-9005-20676d16643f None admin] RBAC: auth_context: {'token': , 'domain_id': None, 'trust_id': None, 'trustor_id': None, 'trustee_id': None, 'domain_name': None, 'group_ids': [], 'user_id': 'e2714f4d975e46b19df1f6eb970fcb58', 'user_domain_id': 'default', 'system_scope': 'all', 'project_id': None, 'project_domain_id': None, 'roles': ['admin', 'manager', 'member', 'reader'], 'is_admin_project': True, 'service_user_id': None, 'service_user_domain_id': None, 'service_project_id': None, 'service_project_domain_id': None, 'service_roles': []} {{(pid=46557) fill_context /opt/stack/keystone/keystone/server/flask/request_processing/middleware/auth_context.py:480}}
Dec 06 13:56:35 user devstack@keystone.service[46557]: DEBUG keystone.server.flask.request_processing.req_logging [None req-826e5050-a063-4bf6-9005-20676d16643f None admin] REQUEST_METHOD: `GET` {{(pid=46557) log_request_info /opt/stack/keystone/keystone/server/flask/request_processing/req_logging.py:27}}
Dec 06 13:56:35 user devstack@keystone.service[46557]: DEBUG keystone.server.flask.request_processing.req_logging [None req-826e5050-a063-4bf6-9005-20676d16643f None admin] SCRIPT_NAME: `/identity` {{(pid=46557) log_request_info /opt/stack/keystone/keystone/server/flask/request_processing/req_logging.py:28}}
Dec 06 13:56:35 user devstack@keystone.service[46557]: DEBUG keystone.server.flask.request_processing.req_logging [None req-826e5050-a063-4bf6-9005-20676d16643f None admin] PATH_INFO: `/v3/role_assignments` {{(pid=46557) log_request_info /opt/stack/keystone/keystone/server/flask/request_processing/req_logging.py:29}}
Dec 06 13:56:35 user devstack@keystone.service[46557]: DEBUG keystone.common.rbac_enforcer.enforcer [None req-826e5050-a063-4bf6-9005-20676d16643f None admin] RBAC: Adding query filter params (role.id=c874b86578c34e1b984e1668a4aca865, scope.project.id=82e418d1dbca4390807d31e8781095e0, user.id=e2714f4d975e46b19df1f6eb970fcb58) {{(pid=46557) _extract_filter_values /opt/stack/keystone/keystone/common/rbac_enforcer/enforcer.py:167}}
Dec 06 13:56:35 user devstack@keystone.service[46557]: DEBUG keystone.common.rbac_enforcer.enforcer [None req-826e5050-a063-4bf6-9005-20676d16643f None admin] RBAC: Authorizing `identity:list_role_assignments()` {{(pid=46557) enforce_call /opt/stack/keystone/keystone/common/rbac_enforcer/enforcer.py:449}}
Dec 06 13:56:35 user devstack@keystone.service[46557]: DEBUG keystone.common.rbac_enforcer.enforcer [None req-826e5050-a063-4bf6-9005-20676d16643f None admin] RBAC: Authorization granted {{(pid=46557) enforce_call /opt/stack/keystone/keystone/common/rbac_enforcer/enforcer.py:457}}
Dec 06 13:56:35 user devstack@keystone.service[46557]: [pid: 46557|app: 0|req: 41/126] 10.0.0.210 () {56 vars in 1369 bytes} [Wed Dec 6 13:56:35 2023] GET /identity/v3/role_assignments?user.id=e2714f4d975e46b19df1f6eb970fcb58&scope.project.id=82e418d1dbca4390807d31e8781095e0&role.id=c874b86578c34e1b984e1668a4aca865 => generated 606 bytes in 149 msecs (HTTP/1.1 200) 5 headers in 177 bytes (2 switches on core 0)
Dec 06 13:56:35 user devstack@keystone.service[46559]: DEBUG keystone.server.flask.request_processing.middleware.auth_context [None req-bcdd34e4-a64f-43e3-889b-9ee971e31ce5 None admin] Validating token access rules against request {{(pid=46559) validate_allowed_request /opt/stack/data/venv/lib/python3.10/site-packages/keystonemiddleware/auth_token/__init__.py:544}}
Dec 06 13:56:35 user devstack@keystone.service[46558]: [pid: 46558|app: 0|req: 41/127] 10.0.0.210 () {58 vars in 1277 bytes} [Wed Dec 6 13:56:35 2023] GET /identity/v3/auth/tokens => generated 861 bytes in 308 msecs (HTTP/1.1 200) 6 headers in 358 bytes (2 switches on core 0)
Dec 06 13:56:35 user devstack@keystone.service[46557]: DEBUG keystone.server.flask.request_processing.middleware.auth_context [None req-826e5050-a063-4bf6-9005-20676d16643f None admin] Authenticating user token {{(pid=46557) process_request /opt/stack/data/venv/lib/python3.10/site-packages/keystonemiddleware/auth_token/__init__.py:406}}
Dec 06 13:56:35 user devstack@keystone.service[46559]: DEBUG keystone.server.flask.request_processing.middleware.auth_context [None req-ac6369d6-6b42-4ccc-ada7-4fd06cd7f8f3 None admin] RBAC: auth_context: {'token': , 'domain_id': None, 'trust_id': None, 'trustor_id': None, 'trustee_id': None, 'domain_name': None, 'group_ids': [], 'user_id': 'e2714f4d975e46b19df1f6eb970fcb58', 'user_domain_id': 'default', 'system_scope': 'all', 'project_id': None, 'project_domain_id': None, 'roles': ['admin', 'manager', 'member', 'reader'], 'is_admin_project': True, 'service_user_id': None, 'service_user_domain_id': None, 'service_project_id': None, 'service_project_domain_id': None, 'service_roles': []} {{(pid=46559) fill_context /opt/stack/keystone/keystone/server/flask/request_processing/middleware/auth_context.py:480}}
Dec 06 13:56:35 user devstack@keystone.service[46559]: DEBUG keystone.server.flask.request_processing.req_logging [None req-ac6369d6-6b42-4ccc-ada7-4fd06cd7f8f3 None admin] REQUEST_METHOD: `GET` {{(pid=46559) log_request_info /opt/stack/keystone/keystone/server/flask/request_processing/req_logging.py:27}}
Dec 06 13:56:35 user devstack@keystone.service[46559]: DEBUG keystone.server.flask.request_processing.req_logging [None req-ac6369d6-6b42-4ccc-ada7-4fd06cd7f8f3 None admin] SCRIPT_NAME: `/identity` {{(pid=46559) log_request_info /opt/stack/keystone/keystone/server/flask/request_processing/req_logging.py:28}}
Dec 06 13:56:35 user devstack@keystone.service[46559]: DEBUG keystone.server.flask.request_processing.req_logging [None req-ac6369d6-6b42-4ccc-ada7-4fd06cd7f8f3 None admin] PATH_INFO: `/v3/projects/82e418d1dbca4390807d31e8781095e0` {{(pid=46559) log_request_info /opt/stack/keystone/keystone/server/flask/request_processing/req_logging.py:29}}
Dec 06 13:56:35 user devstack@keystone.service[46559]: DEBUG keystone.common.rbac_enforcer.enforcer [None req-ac6369d6-6b42-4ccc-ada7-4fd06cd7f8f3 None admin] RBAC: Authorizing `identity:get_project(project_id=82e418d1dbca4390807d31e8781095e0)` {{(pid=46559) enforce_call /opt/stack/keystone/keystone/common/rbac_enforcer/enforcer.py:449}}
Dec 06 13:56:35 user devstack@keystone.service[46559]: DEBUG keystone.common.rbac_enforcer.enforcer [None req-ac6369d6-6b42-4ccc-ada7-4fd06cd7f8f3 None admin] RBAC: Authorization granted {{(pid=46559) enforce_call /opt/stack/keystone/keystone/common/rbac_enforcer/enforcer.py:457}}
Dec 06 13:56:35 user devstack@keystone.service[46559]: [pid: 46559|app: 0|req: 46/128] 10.0.0.210 () {56 vars in 1181 bytes} [Wed Dec 6 13:56:35 2023] GET /identity/v3/projects/82e418d1dbca4390807d31e8781095e0 => generated 297 bytes in 136 msecs (HTTP/1.1 200) 5 headers in 177 bytes (2 switches on core 0)
Dec 06 13:56:35 user devstack@keystone.service[46558]: DEBUG keystone.server.flask.request_processing.middleware.auth_context [None req-8d149110-1029-467a-946a-3845eeb182b5 None admin] Authenticating user token {{(pid=46558) process_request /opt/stack/data/venv/lib/python3.10/site-packages/keystonemiddleware/auth_token/__init__.py:406}}
Dec 06 13:56:36 user devstack@keystone.service[46557]: DEBUG keystone.server.flask.request_processing.middleware.auth_context [None req-826e5050-a063-4bf6-9005-20676d16643f None admin] Validating token access rules against request {{(pid=46557) validate_allowed_request /opt/stack/data/venv/lib/python3.10/site-packages/keystonemiddleware/auth_token/__init__.py:544}}
Dec 06 13:56:36 user devstack@keystone.service[46558]: DEBUG keystone.server.flask.request_processing.middleware.auth_context [None req-8d149110-1029-467a-946a-3845eeb182b5 None admin] Validating token access rules against request {{(pid=46558) validate_allowed_request /opt/stack/data/venv/lib/python3.10/site-packages/keystonemiddleware/auth_token/__init__.py:544}}
Dec 06 13:56:36 user devstack@keystone.service[46557]: DEBUG keystone.server.flask.request_processing.middleware.auth_context [None req-5412924c-ba34-4cff-8b42-42f0bdccc1de None admin] RBAC: auth_context: {'token': , 'domain_id': None, 'trust_id': None, 'trustor_id': None, 'trustee_id': None, 'domain_name': None, 'group_ids': [], 'user_id': 'e2714f4d975e46b19df1f6eb970fcb58', 'user_domain_id': 'default', 'system_scope': 'all', 'project_id': None, 'project_domain_id': None, 'roles': ['admin', 'manager', 'member', 'reader'], 'is_admin_project': True, 'service_user_id': None, 'service_user_domain_id': None, 'service_project_id': None, 'service_project_domain_id': None, 'service_roles': []} {{(pid=46557) fill_context /opt/stack/keystone/keystone/server/flask/request_processing/middleware/auth_context.py:480}}
Dec 06 13:56:36 user devstack@keystone.service[46557]: DEBUG keystone.server.flask.request_processing.req_logging [None req-5412924c-ba34-4cff-8b42-42f0bdccc1de None admin] REQUEST_METHOD: `GET` {{(pid=46557) log_request_info /opt/stack/keystone/keystone/server/flask/request_processing/req_logging.py:27}}
Dec 06 13:56:36 user devstack@keystone.service[46557]: DEBUG keystone.server.flask.request_processing.req_logging [None req-5412924c-ba34-4cff-8b42-42f0bdccc1de None admin] SCRIPT_NAME: `/identity` {{(pid=46557) log_request_info /opt/stack/keystone/keystone/server/flask/request_processing/req_logging.py:28}}
Dec 06 13:56:36 user devstack@keystone.service[46557]: DEBUG keystone.server.flask.request_processing.req_logging [None req-5412924c-ba34-4cff-8b42-42f0bdccc1de None admin] PATH_INFO: `/v3/projects/592ea5d758ff480e92839f5ddb298005` {{(pid=46557) log_request_info /opt/stack/keystone/keystone/server/flask/request_processing/req_logging.py:29}}
Dec 06 13:56:36 user devstack@keystone.service[46557]: DEBUG keystone.common.rbac_enforcer.enforcer [None req-5412924c-ba34-4cff-8b42-42f0bdccc1de None admin] RBAC: Authorizing `identity:get_project(project_id=592ea5d758ff480e92839f5ddb298005)` {{(pid=46557) enforce_call /opt/stack/keystone/keystone/common/rbac_enforcer/enforcer.py:449}}
Dec 06 13:56:36 user devstack@keystone.service[46557]: DEBUG keystone.common.rbac_enforcer.enforcer [None req-5412924c-ba34-4cff-8b42-42f0bdccc1de None admin] RBAC: Authorization granted {{(pid=46557) enforce_call /opt/stack/keystone/keystone/common/rbac_enforcer/enforcer.py:457}}
Dec 06 13:56:36 user devstack@keystone.service[46557]: [pid: 46557|app: 0|req: 42/129] 10.0.0.210 () {56 vars in 1181 bytes} [Wed Dec 6 13:56:35 2023] GET /identity/v3/projects/592ea5d758ff480e92839f5ddb298005 => generated 311 bytes in 145 msecs (HTTP/1.1 200) 5 headers in 177 bytes (1 switches on core 0)
Dec 06 13:56:36 user devstack@keystone.service[46558]: DEBUG keystone.server.flask.request_processing.middleware.auth_context [None req-20dc66c4-1ebd-4591-998c-0b09771d392d None admin] RBAC: auth_context: {'token': , 'domain_id': None, 'trust_id': None, 'trustor_id': None, 'trustee_id': None, 'domain_name': None, 'group_ids': [], 'user_id': 'e2714f4d975e46b19df1f6eb970fcb58', 'user_domain_id': 'default', 'system_scope': 'all', 'project_id': None, 'project_domain_id': None, 'roles': ['admin', 'manager', 'member', 'reader'], 'is_admin_project': True, 'service_user_id': None, 'service_user_domain_id': None, 'service_project_id': None, 'service_project_domain_id': None, 'service_roles': []} {{(pid=46558) fill_context /opt/stack/keystone/keystone/server/flask/request_processing/middleware/auth_context.py:480}}
Dec 06 13:56:36 user devstack@keystone.service[46559]: DEBUG keystone.server.flask.request_processing.middleware.auth_context [None req-ac6369d6-6b42-4ccc-ada7-4fd06cd7f8f3 None admin] Authenticating user token {{(pid=46559) process_request /opt/stack/data/venv/lib/python3.10/site-packages/keystonemiddleware/auth_token/__init__.py:406}}
Dec 06 13:56:36 user devstack@keystone.service[46558]: DEBUG keystone.server.flask.request_processing.req_logging [None req-20dc66c4-1ebd-4591-998c-0b09771d392d None admin] REQUEST_METHOD: `GET` {{(pid=46558) log_request_info /opt/stack/keystone/keystone/server/flask/request_processing/req_logging.py:27}}
Dec 06 13:56:36 user devstack@keystone.service[46558]: DEBUG keystone.server.flask.request_processing.req_logging [None req-20dc66c4-1ebd-4591-998c-0b09771d392d None admin] SCRIPT_NAME: `/identity` {{(pid=46558) log_request_info /opt/stack/keystone/keystone/server/flask/request_processing/req_logging.py:28}}
Dec 06 13:56:36 user devstack@keystone.service[46558]: DEBUG keystone.server.flask.request_processing.req_logging [None req-20dc66c4-1ebd-4591-998c-0b09771d392d None admin] PATH_INFO: `/v3/role_assignments` {{(pid=46558) log_request_info /opt/stack/keystone/keystone/server/flask/request_processing/req_logging.py:29}}
Dec 06 13:56:36 user devstack@keystone.service[46558]: DEBUG keystone.common.rbac_enforcer.enforcer [None req-20dc66c4-1ebd-4591-998c-0b09771d392d None admin] RBAC: Adding query filter params (role.id=62cd77bcb81e4522b51e330ef87aa90d, scope.project.id=82e418d1dbca4390807d31e8781095e0, user.id=223d28d15d6e49e5928956bbaa2d47c8) {{(pid=46558) _extract_filter_values /opt/stack/keystone/keystone/common/rbac_enforcer/enforcer.py:167}}
Dec 06 13:56:36 user devstack@keystone.service[46558]: DEBUG keystone.common.rbac_enforcer.enforcer [None req-20dc66c4-1ebd-4591-998c-0b09771d392d None admin] RBAC: Authorizing `identity:list_role_assignments()` {{(pid=46558) enforce_call /opt/stack/keystone/keystone/common/rbac_enforcer/enforcer.py:449}}
Dec 06 13:56:36 user devstack@keystone.service[46558]: DEBUG keystone.common.rbac_enforcer.enforcer [None req-20dc66c4-1ebd-4591-998c-0b09771d392d None admin] RBAC: Authorization granted {{(pid=46558) enforce_call /opt/stack/keystone/keystone/common/rbac_enforcer/enforcer.py:457}}
Dec 06 13:56:36 user devstack@keystone.service[46558]: [pid: 46558|app: 0|req: 42/130] 10.0.0.210 () {56 vars in 1369 bytes} [Wed Dec 6 13:56:35 2023] GET /identity/v3/role_assignments?user.id=223d28d15d6e49e5928956bbaa2d47c8&scope.project.id=82e418d1dbca4390807d31e8781095e0&role.id=62cd77bcb81e4522b51e330ef87aa90d => generated 606 bytes in 148 msecs (HTTP/1.1 200) 5 headers in 177 bytes (1 switches on core 0)
Dec 06 13:56:36 user devstack@keystone.service[46559]: DEBUG keystone.server.flask.request_processing.middleware.auth_context [None req-ac6369d6-6b42-4ccc-ada7-4fd06cd7f8f3 None admin] Validating token access rules against request {{(pid=46559) validate_allowed_request /opt/stack/data/venv/lib/python3.10/site-packages/keystonemiddleware/auth_token/__init__.py:544}}
Dec 06 13:56:36 user devstack@keystone.service[46559]: DEBUG keystone.server.flask.request_processing.middleware.auth_context [None req-516faafc-49ed-4171-bff2-84fd90589143 None admin] RBAC: auth_context: {'token': , 'domain_id': None, 'trust_id': None, 'trustor_id': None, 'trustee_id': None, 'domain_name': None, 'group_ids': [], 'user_id': 'e2714f4d975e46b19df1f6eb970fcb58', 'user_domain_id': 'default', 'system_scope': 'all', 'project_id': None, 'project_domain_id': None, 'roles': ['admin', 'manager', 'member', 'reader'], 'is_admin_project': True, 'service_user_id': None, 'service_user_domain_id': None, 'service_project_id': None, 'service_project_domain_id': None, 'service_roles': []} {{(pid=46559) fill_context /opt/stack/keystone/keystone/server/flask/request_processing/middleware/auth_context.py:480}}
Dec 06 13:56:36 user devstack@keystone.service[46559]: DEBUG keystone.server.flask.request_processing.req_logging [None req-516faafc-49ed-4171-bff2-84fd90589143 None admin] REQUEST_METHOD: `GET` {{(pid=46559) log_request_info /opt/stack/keystone/keystone/server/flask/request_processing/req_logging.py:27}}
Dec 06 13:56:36 user devstack@keystone.service[46559]: DEBUG keystone.server.flask.request_processing.req_logging [None req-516faafc-49ed-4171-bff2-84fd90589143 None admin] SCRIPT_NAME: `/identity` {{(pid=46559) log_request_info /opt/stack/keystone/keystone/server/flask/request_processing/req_logging.py:28}}
Dec 06 13:56:36 user devstack@keystone.service[46559]: DEBUG keystone.server.flask.request_processing.req_logging [None req-516faafc-49ed-4171-bff2-84fd90589143 None admin] PATH_INFO: `/v3/role_assignments` {{(pid=46559) log_request_info /opt/stack/keystone/keystone/server/flask/request_processing/req_logging.py:29}}
Dec 06 13:56:36 user devstack@keystone.service[46559]: DEBUG keystone.common.rbac_enforcer.enforcer [None req-516faafc-49ed-4171-bff2-84fd90589143 None admin] RBAC: Adding query filter params (role.id=2d412ffd8e9c4607923e222fcd6bf183, scope.project.id=592ea5d758ff480e92839f5ddb298005, user.id=223d28d15d6e49e5928956bbaa2d47c8) {{(pid=46559) _extract_filter_values /opt/stack/keystone/keystone/common/rbac_enforcer/enforcer.py:167}}
Dec 06 13:56:36 user devstack@keystone.service[46559]: DEBUG keystone.common.rbac_enforcer.enforcer [None req-516faafc-49ed-4171-bff2-84fd90589143 None admin] RBAC: Authorizing `identity:list_role_assignments()` {{(pid=46559) enforce_call /opt/stack/keystone/keystone/common/rbac_enforcer/enforcer.py:449}}
Dec 06 13:56:36 user devstack@keystone.service[46559]: DEBUG keystone.common.rbac_enforcer.enforcer [None req-516faafc-49ed-4171-bff2-84fd90589143 None admin] RBAC: Authorization granted {{(pid=46559) enforce_call /opt/stack/keystone/keystone/common/rbac_enforcer/enforcer.py:457}}
Dec 06 13:56:36 user devstack@keystone.service[46559]: [pid: 46559|app: 0|req: 47/131] 10.0.0.210 () {56 vars in 1369 bytes} [Wed Dec 6 13:56:36 2023] GET /identity/v3/role_assignments?user.id=223d28d15d6e49e5928956bbaa2d47c8&scope.project.id=592ea5d758ff480e92839f5ddb298005&role.id=2d412ffd8e9c4607923e222fcd6bf183 => generated 606 bytes in 166 msecs (HTTP/1.1 200) 5 headers in 177 bytes (1 switches on core 0)
Dec 06 13:56:36 user devstack@keystone.service[46557]: DEBUG keystone.server.flask.request_processing.req_logging [None req-d3adbc92-71f3-4d1f-98ff-546a495cced4 None None] REQUEST_METHOD: `GET` {{(pid=46557) log_request_info /opt/stack/keystone/keystone/server/flask/request_processing/req_logging.py:27}}
Dec 06 13:56:36 user devstack@keystone.service[46557]: DEBUG keystone.server.flask.request_processing.req_logging [None req-d3adbc92-71f3-4d1f-98ff-546a495cced4 None None] SCRIPT_NAME: `/identity` {{(pid=46557) log_request_info /opt/stack/keystone/keystone/server/flask/request_processing/req_logging.py:28}}
Dec 06 13:56:36 user devstack@keystone.service[46557]: DEBUG keystone.server.flask.request_processing.req_logging [None req-d3adbc92-71f3-4d1f-98ff-546a495cced4 None None] PATH_INFO: `/` {{(pid=46557) log_request_info /opt/stack/keystone/keystone/server/flask/request_processing/req_logging.py:29}}
Dec 06 13:56:36 user devstack@keystone.service[46557]: [pid: 46557|app: 0|req: 43/132] 10.0.0.210 () {54 vars in 921 bytes} [Wed Dec 6 13:56:36 2023] GET /identity => generated 269 bytes in 3 msecs (HTTP/1.1 300) 6 headers in 233 bytes (1 switches on core 0)
Dec 06 13:56:36 user devstack@keystone.service[46558]: DEBUG keystone.server.flask.request_processing.req_logging [None req-095c84c2-d77d-44f1-af51-8a9b3f03d57b None None] REQUEST_METHOD: `POST` {{(pid=46558) log_request_info /opt/stack/keystone/keystone/server/flask/request_processing/req_logging.py:27}}
Dec 06 13:56:36 user devstack@keystone.service[46558]: DEBUG keystone.server.flask.request_processing.req_logging [None req-095c84c2-d77d-44f1-af51-8a9b3f03d57b None None] SCRIPT_NAME: `/identity` {{(pid=46558) log_request_info /opt/stack/keystone/keystone/server/flask/request_processing/req_logging.py:28}}
Dec 06 13:56:36 user devstack@keystone.service[46558]: DEBUG keystone.server.flask.request_processing.req_logging [None req-095c84c2-d77d-44f1-af51-8a9b3f03d57b None None] PATH_INFO: `/v3/auth/tokens` {{(pid=46558) log_request_info /opt/stack/keystone/keystone/server/flask/request_processing/req_logging.py:29}}
Dec 06 13:56:36 user devstack@keystone.service[46558]: WARNING keystone.common.password_hashing [None req-095c84c2-d77d-44f1-af51-8a9b3f03d57b None None] Truncating password to algorithm specific maximum length 72 characters.
Dec 06 13:56:36 user devstack@keystone.service[46558]: DEBUG keystone.auth.core [None req-095c84c2-d77d-44f1-af51-8a9b3f03d57b None None] MFA Rules not processed for user `e2714f4d975e46b19df1f6eb970fcb58`. Rule list: `[]` (Enabled: `True`). {{(pid=46558) check_auth_methods_against_rules /opt/stack/keystone/keystone/auth/core.py:438}}
Dec 06 13:56:36 user devstack@keystone.service[46558]: DEBUG keystone.common.fernet_utils [None req-095c84c2-d77d-44f1-af51-8a9b3f03d57b None None] Loaded 2 Fernet keys from /etc/keystone/fernet-keys/, but `[fernet_tokens] max_active_keys = 3`; perhaps there have not been enough key rotations to reach `max_active_keys` yet? {{(pid=46558) load_keys /opt/stack/keystone/keystone/common/fernet_utils.py:286}}
Dec 06 13:56:36 user devstack@keystone.service[46558]: [pid: 46558|app: 0|req: 43/133] 10.0.0.210 () {58 vars in 1018 bytes} [Wed Dec 6 13:56:36 2023] POST /identity/v3/auth/tokens => generated 861 bytes in 79 msecs (HTTP/1.1 201) 6 headers in 363 bytes (1 switches on core 0)
Dec 06 13:56:37 user devstack@keystone.service[46559]: DEBUG keystone.server.flask.request_processing.middleware.auth_context [None req-516faafc-49ed-4171-bff2-84fd90589143 None admin] Authenticating user token {{(pid=46559) process_request /opt/stack/data/venv/lib/python3.10/site-packages/keystonemiddleware/auth_token/__init__.py:406}}
Dec 06 13:56:37 user devstack@keystone.service[46557]: DEBUG keystone.server.flask.request_processing.req_logging [None req-d0fcaea6-eec6-476c-bf97-a826e1958d27 None None] REQUEST_METHOD: `GET` {{(pid=46557) log_request_info /opt/stack/keystone/keystone/server/flask/request_processing/req_logging.py:27}}
Dec 06 13:56:37 user devstack@keystone.service[46557]: DEBUG keystone.server.flask.request_processing.req_logging [None req-d0fcaea6-eec6-476c-bf97-a826e1958d27 None None] SCRIPT_NAME: `/identity` {{(pid=46557) log_request_info /opt/stack/keystone/keystone/server/flask/request_processing/req_logging.py:28}}
Dec 06 13:56:37 user devstack@keystone.service[46557]: DEBUG keystone.server.flask.request_processing.req_logging [None req-d0fcaea6-eec6-476c-bf97-a826e1958d27 None None] PATH_INFO: `/` {{(pid=46557) log_request_info /opt/stack/keystone/keystone/server/flask/request_processing/req_logging.py:29}}
Dec 06 13:56:37 user devstack@keystone.service[46557]: [pid: 46557|app: 0|req: 44/134] 10.0.0.210 () {54 vars in 921 bytes} [Wed Dec 6 13:56:37 2023] GET /identity => generated 269 bytes in 3 msecs (HTTP/1.1 300) 6 headers in 233 bytes (1 switches on core 0)
Dec 06 13:56:37 user devstack@keystone.service[46558]: DEBUG keystone.server.flask.request_processing.req_logging [None req-d4c9d8e9-fcc2-4496-ad4f-af52bdf6c208 None None] REQUEST_METHOD: `POST` {{(pid=46558) log_request_info /opt/stack/keystone/keystone/server/flask/request_processing/req_logging.py:27}}
Dec 06 13:56:37 user devstack@keystone.service[46558]: DEBUG keystone.server.flask.request_processing.req_logging [None req-d4c9d8e9-fcc2-4496-ad4f-af52bdf6c208 None None] SCRIPT_NAME: `/identity` {{(pid=46558) log_request_info /opt/stack/keystone/keystone/server/flask/request_processing/req_logging.py:28}}
Dec 06 13:56:37 user devstack@keystone.service[46558]: DEBUG keystone.server.flask.request_processing.req_logging [None req-d4c9d8e9-fcc2-4496-ad4f-af52bdf6c208 None None] PATH_INFO: `/v3/auth/tokens` {{(pid=46558) log_request_info /opt/stack/keystone/keystone/server/flask/request_processing/req_logging.py:29}}
Dec 06 13:56:37 user devstack@keystone.service[46558]: WARNING keystone.common.password_hashing [None req-d4c9d8e9-fcc2-4496-ad4f-af52bdf6c208 None None] Truncating password to algorithm specific maximum length 72 characters.
Dec 06 13:56:37 user devstack@keystone.service[46558]: DEBUG keystone.auth.core [None req-d4c9d8e9-fcc2-4496-ad4f-af52bdf6c208 None None] MFA Rules not processed for user `e2714f4d975e46b19df1f6eb970fcb58`. Rule list: `[]` (Enabled: `True`). {{(pid=46558) check_auth_methods_against_rules /opt/stack/keystone/keystone/auth/core.py:438}}
Dec 06 13:56:37 user devstack@keystone.service[46558]: DEBUG keystone.common.fernet_utils [None req-d4c9d8e9-fcc2-4496-ad4f-af52bdf6c208 None None] Loaded 2 Fernet keys from /etc/keystone/fernet-keys/, but `[fernet_tokens] max_active_keys = 3`; perhaps there have not been enough key rotations to reach `max_active_keys` yet? {{(pid=46558) load_keys /opt/stack/keystone/keystone/common/fernet_utils.py:286}}
Dec 06 13:56:37 user devstack@keystone.service[46558]: [pid: 46558|app: 0|req: 44/135] 10.0.0.210 () {58 vars in 1018 bytes} [Wed Dec 6 13:56:37 2023] POST /identity/v3/auth/tokens => generated 861 bytes in 94 msecs (HTTP/1.1 201) 6 headers in 363 bytes (1 switches on core 0)
Dec 06 13:56:37 user devstack@keystone.service[46559]: DEBUG keystone.server.flask.request_processing.middleware.auth_context [None req-516faafc-49ed-4171-bff2-84fd90589143 None admin] Validating token access rules against request {{(pid=46559) validate_allowed_request /opt/stack/data/venv/lib/python3.10/site-packages/keystonemiddleware/auth_token/__init__.py:544}}
Dec 06 13:56:37 user devstack@keystone.service[46559]: DEBUG keystone.server.flask.request_processing.middleware.auth_context [None req-9a2c641d-c0d0-40c1-8b2e-48df9ac11778 None admin] RBAC: auth_context: {'token': , 'domain_id': None, 'trust_id': None, 'trustor_id': None, 'trustee_id': None, 'domain_name': None, 'group_ids': [], 'user_id': 'e2714f4d975e46b19df1f6eb970fcb58', 'user_domain_id': 'default', 'system_scope': 'all', 'project_id': None, 'project_domain_id': None, 'roles': ['admin', 'manager', 'member', 'reader'], 'is_admin_project': True, 'service_user_id': None, 'service_user_domain_id': None, 'service_project_id': None, 'service_project_domain_id': None, 'service_roles': []} {{(pid=46559) fill_context /opt/stack/keystone/keystone/server/flask/request_processing/middleware/auth_context.py:480}}
Dec 06 13:56:37 user devstack@keystone.service[46559]: DEBUG keystone.server.flask.request_processing.req_logging [None req-9a2c641d-c0d0-40c1-8b2e-48df9ac11778 None admin] REQUEST_METHOD: `GET` {{(pid=46559) log_request_info /opt/stack/keystone/keystone/server/flask/request_processing/req_logging.py:27}}
Dec 06 13:56:37 user devstack@keystone.service[46559]: DEBUG keystone.server.flask.request_processing.req_logging [None req-9a2c641d-c0d0-40c1-8b2e-48df9ac11778 None admin] SCRIPT_NAME: `/identity` {{(pid=46559) log_request_info /opt/stack/keystone/keystone/server/flask/request_processing/req_logging.py:28}}
Dec 06 13:56:37 user devstack@keystone.service[46559]: DEBUG keystone.server.flask.request_processing.req_logging [None req-9a2c641d-c0d0-40c1-8b2e-48df9ac11778 None admin] PATH_INFO: `/v3/domains/default` {{(pid=46559) log_request_info /opt/stack/keystone/keystone/server/flask/request_processing/req_logging.py:29}}
Dec 06 13:56:37 user devstack@keystone.service[46559]: DEBUG keystone.common.rbac_enforcer.enforcer [None req-9a2c641d-c0d0-40c1-8b2e-48df9ac11778 None admin] RBAC: Authorizing `identity:get_domain(domain_id=default)` {{(pid=46559) enforce_call /opt/stack/keystone/keystone/common/rbac_enforcer/enforcer.py:449}}
Dec 06 13:56:37 user devstack@keystone.service[46559]: DEBUG keystone.common.rbac_enforcer.enforcer [None req-9a2c641d-c0d0-40c1-8b2e-48df9ac11778 None admin] RBAC: Authorization granted {{(pid=46559) enforce_call /opt/stack/keystone/keystone/common/rbac_enforcer/enforcer.py:457}}
Dec 06 13:56:37 user devstack@keystone.service[46559]: [pid: 46559|app: 0|req: 48/136] 10.0.0.210 () {56 vars in 1103 bytes} [Wed Dec 6 13:56:37 2023] GET /identity/v3/domains/default => generated 198 bytes in 155 msecs (HTTP/1.1 200) 5 headers in 177 bytes (1 switches on core 0)
Dec 06 13:56:37 user devstack@keystone.service[46557]: DEBUG keystone.server.flask.request_processing.middleware.auth_context [None req-d0fcaea6-eec6-476c-bf97-a826e1958d27 None None] Authenticating user token {{(pid=46557) process_request /opt/stack/data/venv/lib/python3.10/site-packages/keystonemiddleware/auth_token/__init__.py:406}}
Dec 06 13:56:37 user devstack@keystone.service[46557]: DEBUG keystone.server.flask.request_processing.middleware.auth_context [None req-d0fcaea6-eec6-476c-bf97-a826e1958d27 None None] Validating token access rules against request {{(pid=46557) validate_allowed_request /opt/stack/data/venv/lib/python3.10/site-packages/keystonemiddleware/auth_token/__init__.py:544}}
Dec 06 13:56:37 user devstack@keystone.service[46558]: DEBUG keystone.server.flask.request_processing.middleware.auth_context [None req-d4c9d8e9-fcc2-4496-ad4f-af52bdf6c208 None None] Authenticating user token {{(pid=46558) process_request /opt/stack/data/venv/lib/python3.10/site-packages/keystonemiddleware/auth_token/__init__.py:406}}
Dec 06 13:56:37 user devstack@keystone.service[46558]: DEBUG keystone.server.flask.request_processing.middleware.auth_context [None req-d4c9d8e9-fcc2-4496-ad4f-af52bdf6c208 None None] Validating token access rules against request {{(pid=46558) validate_allowed_request /opt/stack/data/venv/lib/python3.10/site-packages/keystonemiddleware/auth_token/__init__.py:544}}
Dec 06 13:56:37 user devstack@keystone.service[46557]: DEBUG keystone.server.flask.request_processing.middleware.auth_context [None req-8df94df5-5c69-4b52-b2a9-acc40a8fd640 None admin] RBAC: auth_context: {'token': , 'domain_id': None, 'trust_id': None, 'trustor_id': None, 'trustee_id': None, 'domain_name': None, 'group_ids': [], 'user_id': 'e2714f4d975e46b19df1f6eb970fcb58', 'user_domain_id': 'default', 'system_scope': 'all', 'project_id': None, 'project_domain_id': None, 'roles': ['admin', 'manager', 'member', 'reader'], 'is_admin_project': True, 'service_user_id': None, 'service_user_domain_id': None, 'service_project_id': None, 'service_project_domain_id': None, 'service_roles': []} {{(pid=46557) fill_context /opt/stack/keystone/keystone/server/flask/request_processing/middleware/auth_context.py:480}}
Dec 06 13:56:37 user devstack@keystone.service[46557]: DEBUG keystone.server.flask.request_processing.req_logging [None req-8df94df5-5c69-4b52-b2a9-acc40a8fd640 None admin] REQUEST_METHOD: `POST` {{(pid=46557) log_request_info /opt/stack/keystone/keystone/server/flask/request_processing/req_logging.py:27}}
Dec 06 13:56:37 user devstack@keystone.service[46557]: DEBUG keystone.server.flask.request_processing.req_logging [None req-8df94df5-5c69-4b52-b2a9-acc40a8fd640 None admin] SCRIPT_NAME: `/identity` {{(pid=46557) log_request_info /opt/stack/keystone/keystone/server/flask/request_processing/req_logging.py:28}}
Dec 06 13:56:37 user devstack@keystone.service[46557]: DEBUG keystone.server.flask.request_processing.req_logging [None req-8df94df5-5c69-4b52-b2a9-acc40a8fd640 None admin] PATH_INFO: `/v3/users` {{(pid=46557) log_request_info /opt/stack/keystone/keystone/server/flask/request_processing/req_logging.py:29}}
Dec 06 13:56:37 user devstack@keystone.service[46557]: DEBUG keystone.common.rbac_enforcer.enforcer [None req-8df94df5-5c69-4b52-b2a9-acc40a8fd640 None admin] RBAC: Authorizing `identity:create_user()` {{(pid=46557) enforce_call /opt/stack/keystone/keystone/common/rbac_enforcer/enforcer.py:449}}
Dec 06 13:56:37 user devstack@keystone.service[46557]: DEBUG keystone.common.rbac_enforcer.enforcer [None req-8df94df5-5c69-4b52-b2a9-acc40a8fd640 None admin] RBAC: Authorization granted {{(pid=46557) enforce_call /opt/stack/keystone/keystone/common/rbac_enforcer/enforcer.py:457}}
Dec 06 13:56:37 user devstack@keystone.service[46557]: WARNING keystone.common.password_hashing [None req-8df94df5-5c69-4b52-b2a9-acc40a8fd640 None admin] Truncating password to algorithm specific maximum length 72 characters.
Dec 06 13:56:37 user devstack@keystone.service[46558]: DEBUG keystone.server.flask.request_processing.middleware.auth_context [None req-b92e8c0e-2146-4073-9496-00b2dffd7f0f None admin] RBAC: auth_context: {'token': , 'domain_id': None, 'trust_id': None, 'trustor_id': None, 'trustee_id': None, 'domain_name': None, 'group_ids': [], 'user_id': 'e2714f4d975e46b19df1f6eb970fcb58', 'user_domain_id': 'default', 'system_scope': 'all', 'project_id': None, 'project_domain_id': None, 'roles': ['admin', 'manager', 'member', 'reader'], 'is_admin_project': True, 'service_user_id': None, 'service_user_domain_id': None, 'service_project_id': None, 'service_project_domain_id': None, 'service_roles': []} {{(pid=46558) fill_context /opt/stack/keystone/keystone/server/flask/request_processing/middleware/auth_context.py:480}}
Dec 06 13:56:37 user devstack@keystone.service[46557]: [pid: 46557|app: 0|req: 45/137] 10.0.0.210 () {60 vars in 1127 bytes} [Wed Dec 6 13:56:37 2023] POST /identity/v3/users => generated 282 bytes in 288 msecs (HTTP/1.1 201) 5 headers in 182 bytes (1 switches on core 0)
Dec 06 13:56:37 user devstack@keystone.service[46558]: DEBUG keystone.server.flask.request_processing.req_logging [None req-b92e8c0e-2146-4073-9496-00b2dffd7f0f None admin] REQUEST_METHOD: `GET` {{(pid=46558) log_request_info /opt/stack/keystone/keystone/server/flask/request_processing/req_logging.py:27}}
Dec 06 13:56:37 user devstack@keystone.service[46558]: DEBUG keystone.server.flask.request_processing.req_logging [None req-b92e8c0e-2146-4073-9496-00b2dffd7f0f None admin] SCRIPT_NAME: `/identity` {{(pid=46558) log_request_info /opt/stack/keystone/keystone/server/flask/request_processing/req_logging.py:28}}
Dec 06 13:56:37 user devstack@keystone.service[46558]: DEBUG keystone.server.flask.request_processing.req_logging [None req-b92e8c0e-2146-4073-9496-00b2dffd7f0f None admin] PATH_INFO: `/v3/roles/reader` {{(pid=46558) log_request_info /opt/stack/keystone/keystone/server/flask/request_processing/req_logging.py:29}}
Dec 06 13:56:37 user devstack@keystone.service[46558]: DEBUG keystone.common.rbac_enforcer.enforcer [None req-b92e8c0e-2146-4073-9496-00b2dffd7f0f None admin] Extracting inferred target data resulted in "NOT FOUND (404)". {{(pid=46558) enforce_call /opt/stack/keystone/keystone/common/rbac_enforcer/enforcer.py:409}}
Dec 06 13:56:37 user devstack@keystone.service[46558]: ERROR keystone.server.flask.application [None req-b92e8c0e-2146-4073-9496-00b2dffd7f0f None admin] Could not find role: reader.: keystone.exception.RoleNotFound: Could not find role: reader.
Dec 06 13:56:37 user devstack@keystone.service[46558]: ERROR keystone.server.flask.application
Traceback (most recent call last):
Dec 06 13:56:37 user devstack@keystone.service[46558]: ERROR keystone.server.flask.application
File "/opt/stack/data/venv/lib/python3.10/site-packages/flask/app.py", line 1823, in full_dispatch_request
Dec 06 13:56:37 user devstack@keystone.service[46558]: ERROR keystone.server.flask.application rv = self.dispatch_request()
Dec 06 13:56:37 user devstack@keystone.service[46558]: ERROR keystone.server.flask.application
File "/opt/stack/data/venv/lib/python3.10/site-packages/flask/app.py", line 1799, in dispatch_request
Dec 06 13:56:37 user devstack@keystone.service[46558]: ERROR keystone.server.flask.application return self.ensure_sync(self.view_functions[rule.endpoint])(**view_args)
Dec 06 13:56:37 user devstack@keystone.service[46558]: ERROR keystone.server.flask.application
File "/opt/stack/data/venv/lib/python3.10/site-packages/flask_restful/__init__.py", line 489, in wrapper
Dec 06 13:56:37 user devstack@keystone.service[46558]: ERROR keystone.server.flask.application resp = resource(*args, **kwargs)
Dec 06 13:56:37 user devstack@keystone.service[46558]: ERROR keystone.server.flask.application
File "/opt/stack/data/venv/lib/python3.10/site-packages/flask/views.py", line 107, in view
Dec 06 13:56:37 user devstack@keystone.service[46558]: ERROR keystone.server.flask.application return current_app.ensure_sync(self.dispatch_request)(**kwargs)
Dec 06 13:56:37 user devstack@keystone.service[46558]: ERROR keystone.server.flask.application
File "/opt/stack/data/venv/lib/python3.10/site-packages/flask_restful/__init__.py", line 604, in dispatch_request
Dec 06 13:56:37 user devstack@keystone.service[46558]: ERROR keystone.server.flask.application resp = meth(*args, **kwargs)
Dec 06 13:56:37 user devstack@keystone.service[46558]: ERROR keystone.server.flask.application
File "/opt/stack/keystone/keystone/api/roles.py", line 50, in get
Dec 06 13:56:37 user devstack@keystone.service[46558]: ERROR keystone.server.flask.application return self._get_role(role_id)
Dec 06 13:56:37 user devstack@keystone.service[46558]: ERROR keystone.server.flask.application
File "/opt/stack/keystone/keystone/api/roles.py", line 70, in _get_role
Dec 06 13:56:37 user devstack@keystone.service[46558]: ERROR keystone.server.flask.application ENFORCER.enforce_call(action='identity:get_role')
Dec 06 13:56:37 user devstack@keystone.service[46558]: ERROR keystone.server.flask.application
File "/opt/stack/keystone/keystone/common/rbac_enforcer/enforcer.py", line 402, in enforce_call
Dec 06 13:56:37 user devstack@keystone.service[46558]: ERROR keystone.server.flask.application policy_dict.update(cls._extract_member_target_data(
Dec 06 13:56:37 user devstack@keystone.service[46558]: ERROR keystone.server.flask.application
File "/opt/stack/keystone/keystone/common/rbac_enforcer/enforcer.py", line 234, in _extract_member_target_data
Dec 06 13:56:37 user devstack@keystone.service[46558]: ERROR keystone.server.flask.application member_name: func(flask.request.view_args[key])
Dec 06 13:56:37 user devstack@keystone.service[46558]: ERROR keystone.server.flask.application
File "/opt/stack/keystone/keystone/common/manager.py", line 110, in wrapped
Dec 06 13:56:37 user devstack@keystone.service[46558]: ERROR keystone.server.flask.application __ret_val = __f(*args, **kwargs)
Dec 06 13:56:37 user devstack@keystone.service[46558]: ERROR keystone.server.flask.application
File "/opt/stack/data/venv/lib/python3.10/site-packages/decorator.py", line 232, in fun
Dec 06 13:56:37 user devstack@keystone.service[46558]: ERROR keystone.server.flask.application return caller(func, *(extras + args), **kw)
Dec 06 13:56:37 user devstack@keystone.service[46558]: ERROR keystone.server.flask.application
File "/opt/stack/data/venv/lib/python3.10/site-packages/dogpile/cache/region.py", line 1594, in get_or_create_for_user_func
Dec 06 13:56:37 user devstack@keystone.service[46558]: ERROR keystone.server.flask.application return self.get_or_create(
Dec 06 13:56:37 user devstack@keystone.service[46558]: ERROR keystone.server.flask.application
File "/opt/stack/data/venv/lib/python3.10/site-packages/dogpile/cache/region.py", line 1054, in get_or_create
Dec 06 13:56:37 user devstack@keystone.service[46558]: ERROR keystone.server.flask.application with Lock(
Dec 06 13:56:37 user devstack@keystone.service[46558]: ERROR keystone.server.flask.application
File "/opt/stack/data/venv/lib/python3.10/site-packages/dogpile/lock.py", line 185, in __enter__
Dec 06 13:56:37 user devstack@keystone.service[46558]: ERROR keystone.server.flask.application return self._enter()
Dec 06 13:56:37 user devstack@keystone.service[46558]: ERROR keystone.server.flask.application
File "/opt/stack/data/venv/lib/python3.10/site-packages/dogpile/lock.py", line 94, in _enter
Dec 06 13:56:37 user devstack@keystone.service[46558]: ERROR keystone.server.flask.application generated = self._enter_create(value, createdtime)
Dec 06 13:56:37 user devstack@keystone.service[46558]: ERROR keystone.server.flask.application
File "/opt/stack/data/venv/lib/python3.10/site-packages/dogpile/lock.py", line 178, in _enter_create
Dec 06 13:56:37 user devstack@keystone.service[46558]: ERROR keystone.server.flask.application return self.creator()
Dec 06 13:56:37 user devstack@keystone.service[46558]: ERROR keystone.server.flask.application
File "/opt/stack/data/venv/lib/python3.10/site-packages/dogpile/cache/region.py", line 1007, in gen_value
Dec 06 13:56:37 user devstack@keystone.service[46558]: ERROR keystone.server.flask.application created_value = creator(
Dec 06 13:56:37 user devstack@keystone.service[46558]: ERROR keystone.server.flask.application
File "/opt/stack/keystone/keystone/assignment/core.py", line 1276, in get_role
Dec 06 13:56:37 user devstack@keystone.service[46558]: ERROR keystone.server.flask.application return self.driver.get_role(role_id)
Dec 06 13:56:37 user devstack@keystone.service[46558]: ERROR keystone.server.flask.application
File "/opt/stack/keystone/keystone/assignment/role_backends/sql.py", line 70, in get_role
Dec 06 13:56:37 user devstack@keystone.service[46558]: ERROR keystone.server.flask.application return self._get_role(session, role_id).to_dict()
Dec 06 13:56:37 user devstack@keystone.service[46558]: ERROR keystone.server.flask.application
File "/opt/stack/keystone/keystone/assignment/role_backends/sql.py", line 65, in _get_role
Dec 06 13:56:37 user devstack@keystone.service[46558]: ERROR keystone.server.flask.application raise exception.RoleNotFound(role_id=role_id)
Dec 06 13:56:37 user devstack@keystone.service[46558]: ERROR keystone.server.flask.application keystone.exception.RoleNotFound: Could not find role: reader.
Dec 06 13:56:37 user devstack@keystone.service[46558]: ERROR keystone.server.flask.application
Dec 06 13:56:37 user devstack@keystone.service[46558]: [pid: 46558|app: 0|req: 45/138] 10.0.0.210 () {56 vars in 1094 bytes} [Wed Dec 6 13:56:37 2023] GET /identity/v3/roles/reader => generated 84 bytes in 146 msecs (HTTP/1.1 404) 5 headers in 183 bytes (1 switches on core 0)
Dec 06 13:56:37 user devstack@keystone.service[46559]: DEBUG keystone.server.flask.request_processing.middleware.auth_context [None req-9a2c641d-c0d0-40c1-8b2e-48df9ac11778 None admin] Authenticating user token {{(pid=46559) process_request /opt/stack/data/venv/lib/python3.10/site-packages/keystonemiddleware/auth_token/__init__.py:406}}
Dec 06 13:56:37 user devstack@keystone.service[46559]: DEBUG keystone.server.flask.request_processing.middleware.auth_context [None req-9a2c641d-c0d0-40c1-8b2e-48df9ac11778 None admin] Validating token access rules against request {{(pid=46559) validate_allowed_request /opt/stack/data/venv/lib/python3.10/site-packages/keystonemiddleware/auth_token/__init__.py:544}}
Dec 06 13:56:37 user devstack@keystone.service[46559]: DEBUG keystone.server.flask.request_processing.middleware.auth_context [None req-1a7313ea-7a73-4e52-8110-1389049b1323 None admin] RBAC: auth_context: {'token': , 'domain_id': None, 'trust_id': None, 'trustor_id': None, 'trustee_id': None, 'domain_name': None, 'group_ids': [], 'user_id': 'e2714f4d975e46b19df1f6eb970fcb58', 'user_domain_id': 'default', 'system_scope': 'all', 'project_id': None, 'project_domain_id': None, 'roles': ['admin', 'manager', 'member', 'reader'], 'is_admin_project': True, 'service_user_id': None, 'service_user_domain_id': None, 'service_project_id': None, 'service_project_domain_id': None, 'service_roles': []} {{(pid=46559) fill_context /opt/stack/keystone/keystone/server/flask/request_processing/middleware/auth_context.py:480}}
Dec 06 13:56:37 user devstack@keystone.service[46559]: DEBUG keystone.server.flask.request_processing.req_logging [None req-1a7313ea-7a73-4e52-8110-1389049b1323 None admin] REQUEST_METHOD: `GET` {{(pid=46559) log_request_info /opt/stack/keystone/keystone/server/flask/request_processing/req_logging.py:27}}
Dec 06 13:56:37 user devstack@keystone.service[46559]: DEBUG keystone.server.flask.request_processing.req_logging [None req-1a7313ea-7a73-4e52-8110-1389049b1323 None admin] SCRIPT_NAME: `/identity` {{(pid=46559) log_request_info /opt/stack/keystone/keystone/server/flask/request_processing/req_logging.py:28}}
Dec 06 13:56:37 user devstack@keystone.service[46559]: DEBUG keystone.server.flask.request_processing.req_logging [None req-1a7313ea-7a73-4e52-8110-1389049b1323 None admin] PATH_INFO: `/v3/roles` {{(pid=46559) log_request_info /opt/stack/keystone/keystone/server/flask/request_processing/req_logging.py:29}}
Dec 06 13:56:37 user devstack@keystone.service[46559]: DEBUG keystone.common.rbac_enforcer.enforcer [None req-1a7313ea-7a73-4e52-8110-1389049b1323 None admin] RBAC: Adding query filter params (name=reader) {{(pid=46559) _extract_filter_values /opt/stack/keystone/keystone/common/rbac_enforcer/enforcer.py:167}}
Dec 06 13:56:37 user devstack@keystone.service[46559]: DEBUG keystone.common.rbac_enforcer.enforcer [None req-1a7313ea-7a73-4e52-8110-1389049b1323 None admin] RBAC: Authorizing `identity:list_roles()` {{(pid=46559) enforce_call /opt/stack/keystone/keystone/common/rbac_enforcer/enforcer.py:449}}
Dec 06 13:56:37 user devstack@keystone.service[46559]: DEBUG keystone.common.rbac_enforcer.enforcer [None req-1a7313ea-7a73-4e52-8110-1389049b1323 None admin] RBAC: Authorization granted {{(pid=46559) enforce_call /opt/stack/keystone/keystone/common/rbac_enforcer/enforcer.py:457}}
Dec 06 13:56:37 user devstack@keystone.service[46559]: [pid: 46559|app: 0|req: 49/139] 10.0.0.210 () {56 vars in 1096 bytes} [Wed Dec 6 13:56:37 2023] GET /identity/v3/roles?name=reader => generated 339 bytes in 215 msecs (HTTP/1.1 200) 5 headers in 177 bytes (1 switches on core 0)
Dec 06 13:56:37 user devstack@keystone.service[46557]: DEBUG keystone.server.flask.request_processing.middleware.auth_context [None req-8df94df5-5c69-4b52-b2a9-acc40a8fd640 None admin] Authenticating user token {{(pid=46557) process_request /opt/stack/data/venv/lib/python3.10/site-packages/keystonemiddleware/auth_token/__init__.py:406}}
Dec 06 13:56:37 user devstack@keystone.service[46557]: DEBUG keystone.server.flask.request_processing.middleware.auth_context [None req-8df94df5-5c69-4b52-b2a9-acc40a8fd640 None admin] Validating token access rules against request {{(pid=46557) validate_allowed_request /opt/stack/data/venv/lib/python3.10/site-packages/keystonemiddleware/auth_token/__init__.py:544}}
Dec 06 13:56:37 user devstack@keystone.service[46557]: DEBUG keystone.server.flask.request_processing.middleware.auth_context [None req-fd495e47-29f1-4f14-a710-71f9b035fef3 None admin] RBAC: auth_context: {'token': , 'domain_id': None, 'trust_id': None, 'trustor_id': None, 'trustee_id': None, 'domain_name': None, 'group_ids': [], 'user_id': 'e2714f4d975e46b19df1f6eb970fcb58', 'user_domain_id': 'default', 'system_scope': 'all', 'project_id': None, 'project_domain_id': None, 'roles': ['admin', 'manager', 'member', 'reader'], 'is_admin_project': True, 'service_user_id': None, 'service_user_domain_id': None, 'service_project_id': None, 'service_project_domain_id': None, 'service_roles': []} {{(pid=46557) fill_context /opt/stack/keystone/keystone/server/flask/request_processing/middleware/auth_context.py:480}}
Dec 06 13:56:37 user devstack@keystone.service[46557]: DEBUG keystone.server.flask.request_processing.req_logging [None req-fd495e47-29f1-4f14-a710-71f9b035fef3 None admin] REQUEST_METHOD: `GET` {{(pid=46557) log_request_info /opt/stack/keystone/keystone/server/flask/request_processing/req_logging.py:27}}
Dec 06 13:56:37 user devstack@keystone.service[46557]: DEBUG keystone.server.flask.request_processing.req_logging [None req-fd495e47-29f1-4f14-a710-71f9b035fef3 None admin] SCRIPT_NAME: `/identity` {{(pid=46557) log_request_info /opt/stack/keystone/keystone/server/flask/request_processing/req_logging.py:28}}
Dec 06 13:56:37 user devstack@keystone.service[46557]: DEBUG keystone.server.flask.request_processing.req_logging [None req-fd495e47-29f1-4f14-a710-71f9b035fef3 None admin] PATH_INFO: `/v3/users/2e8e8b8c13be4239b41f44c8348c2afe` {{(pid=46557) log_request_info /opt/stack/keystone/keystone/server/flask/request_processing/req_logging.py:29}}
