Dec 06 14:00:08 user devstack@n-api.service[65185]: DEBUG oslo_db.sqlalchemy.engines [None req-d5f6f030-ec22-4222-8373-d69f7297a4ab None None] MySQL server mode set to STRICT_TRANS_TABLES,STRICT_ALL_TABLES,NO_ZERO_IN_DATE,NO_ZERO_DATE,ERROR_FOR_DIVISION_BY_ZERO,TRADITIONAL,NO_ENGINE_SUBSTITUTION {{(pid=65185) _check_effective_sql_mode /opt/stack/data/venv/lib/python3.10/site-packages/oslo_db/sqlalchemy/engines.py:342}}
Dec 06 14:00:08 user devstack@n-api.service[65183]: INFO dbcounter [None req-6573ca0e-ba9f-4e74-92da-ed4654cf9e5c None None] Registered counter for database nova_api
Dec 06 14:00:08 user devstack@n-api.service[65184]: DEBUG dbcounter [-] [65184] Writer thread running {{(pid=65184) stat_writer /opt/stack/data/venv/lib/python3.10/site-packages/dbcounter.py:102}}
Dec 06 14:00:08 user devstack@n-api.service[65185]: DEBUG dbcounter [-] [65185] Writer thread running {{(pid=65185) stat_writer /opt/stack/data/venv/lib/python3.10/site-packages/dbcounter.py:102}}
Dec 06 14:00:08 user devstack@n-api.service[65183]: DEBUG oslo_db.sqlalchemy.engines [None req-6573ca0e-ba9f-4e74-92da-ed4654cf9e5c None None] MySQL server mode set to STRICT_TRANS_TABLES,STRICT_ALL_TABLES,NO_ZERO_IN_DATE,NO_ZERO_DATE,ERROR_FOR_DIVISION_BY_ZERO,TRADITIONAL,NO_ENGINE_SUBSTITUTION {{(pid=65183) _check_effective_sql_mode /opt/stack/data/venv/lib/python3.10/site-packages/oslo_db/sqlalchemy/engines.py:342}}
Dec 06 14:00:08 user devstack@n-api.service[65183]: DEBUG dbcounter [-] [65183] Writer thread running {{(pid=65183) stat_writer /opt/stack/data/venv/lib/python3.10/site-packages/dbcounter.py:102}}
Dec 06 14:00:08 user devstack@n-api.service[65185]: DEBUG nova.context [None req-d5f6f030-ec22-4222-8373-d69f7297a4ab None None] Found 2 cells: 00000000-0000-0000-0000-000000000000(cell0),181f69d1-9bfa-4f01-89c7-ba094c82c550(cell1) {{(pid=65185) load_cells /opt/stack/nova/nova/context.py:464}}
Dec 06 14:00:08 user devstack@n-api.service[65184]: DEBUG nova.context [None req-2037eaa9-12a1-48fc-918e-4de59b7725ef None None] Found 2 cells: 00000000-0000-0000-0000-000000000000(cell0),181f69d1-9bfa-4f01-89c7-ba094c82c550(cell1) {{(pid=65184) load_cells /opt/stack/nova/nova/context.py:464}}
Dec 06 14:00:08 user devstack@n-api.service[65185]: DEBUG oslo_concurrency.lockutils [None req-d5f6f030-ec22-4222-8373-d69f7297a4ab None None] Acquiring lock "00000000-0000-0000-0000-000000000000" by "nova.context.set_target_cell..get_or_set_cached_cell_and_set_connections" {{(pid=65185) inner /opt/stack/data/venv/lib/python3.10/site-packages/oslo_concurrency/lockutils.py:404}}
Dec 06 14:00:08 user devstack@n-api.service[65185]: DEBUG oslo_concurrency.lockutils [None req-d5f6f030-ec22-4222-8373-d69f7297a4ab None None] Lock "00000000-0000-0000-0000-000000000000" acquired by "nova.context.set_target_cell..get_or_set_cached_cell_and_set_connections" :: waited 0.000s {{(pid=65185) inner /opt/stack/data/venv/lib/python3.10/site-packages/oslo_concurrency/lockutils.py:409}}
Dec 06 14:00:08 user devstack@n-api.service[65185]: DEBUG oslo_concurrency.lockutils [None req-d5f6f030-ec22-4222-8373-d69f7297a4ab None None] Lock "00000000-0000-0000-0000-000000000000" "released" by "nova.context.set_target_cell..get_or_set_cached_cell_and_set_connections" :: held 0.001s {{(pid=65185) inner /opt/stack/data/venv/lib/python3.10/site-packages/oslo_concurrency/lockutils.py:423}}
Dec 06 14:00:08 user devstack@n-api.service[65185]: DEBUG oslo_concurrency.lockutils [None req-d5f6f030-ec22-4222-8373-d69f7297a4ab None None] Acquiring lock "181f69d1-9bfa-4f01-89c7-ba094c82c550" by "nova.context.set_target_cell..get_or_set_cached_cell_and_set_connections" {{(pid=65185) inner /opt/stack/data/venv/lib/python3.10/site-packages/oslo_concurrency/lockutils.py:404}}
Dec 06 14:00:08 user devstack@n-api.service[65185]: DEBUG oslo_concurrency.lockutils [None req-d5f6f030-ec22-4222-8373-d69f7297a4ab None None] Lock "181f69d1-9bfa-4f01-89c7-ba094c82c550" acquired by "nova.context.set_target_cell..get_or_set_cached_cell_and_set_connections" :: waited 0.000s {{(pid=65185) inner /opt/stack/data/venv/lib/python3.10/site-packages/oslo_concurrency/lockutils.py:409}}
Dec 06 14:00:08 user devstack@n-api.service[65184]: DEBUG oslo_concurrency.lockutils [None req-2037eaa9-12a1-48fc-918e-4de59b7725ef None None] Acquiring lock "00000000-0000-0000-0000-000000000000" by "nova.context.set_target_cell..get_or_set_cached_cell_and_set_connections" {{(pid=65184) inner /opt/stack/data/venv/lib/python3.10/site-packages/oslo_concurrency/lockutils.py:404}}
Dec 06 14:00:08 user devstack@n-api.service[65184]: DEBUG oslo_concurrency.lockutils [None req-2037eaa9-12a1-48fc-918e-4de59b7725ef None None] Lock "00000000-0000-0000-0000-000000000000" acquired by "nova.context.set_target_cell..get_or_set_cached_cell_and_set_connections" :: waited 0.000s {{(pid=65184) inner /opt/stack/data/venv/lib/python3.10/site-packages/oslo_concurrency/lockutils.py:409}}
Dec 06 14:00:08 user devstack@n-api.service[65184]: DEBUG oslo_concurrency.lockutils [None req-2037eaa9-12a1-48fc-918e-4de59b7725ef None None] Lock "00000000-0000-0000-0000-000000000000" "released" by "nova.context.set_target_cell..get_or_set_cached_cell_and_set_connections" :: held 0.001s {{(pid=65184) inner /opt/stack/data/venv/lib/python3.10/site-packages/oslo_concurrency/lockutils.py:423}}
Dec 06 14:00:08 user devstack@n-api.service[65185]: DEBUG oslo_concurrency.lockutils [None req-d5f6f030-ec22-4222-8373-d69f7297a4ab None None] Lock "181f69d1-9bfa-4f01-89c7-ba094c82c550" "released" by "nova.context.set_target_cell..get_or_set_cached_cell_and_set_connections" :: held 0.001s {{(pid=65185) inner /opt/stack/data/venv/lib/python3.10/site-packages/oslo_concurrency/lockutils.py:423}}
Dec 06 14:00:08 user devstack@n-api.service[65184]: DEBUG oslo_concurrency.lockutils [None req-2037eaa9-12a1-48fc-918e-4de59b7725ef None None] Acquiring lock "181f69d1-9bfa-4f01-89c7-ba094c82c550" by "nova.context.set_target_cell..get_or_set_cached_cell_and_set_connections" {{(pid=65184) inner /opt/stack/data/venv/lib/python3.10/site-packages/oslo_concurrency/lockutils.py:404}}
Dec 06 14:00:08 user devstack@n-api.service[65184]: DEBUG oslo_concurrency.lockutils [None req-2037eaa9-12a1-48fc-918e-4de59b7725ef None None] Lock "181f69d1-9bfa-4f01-89c7-ba094c82c550" acquired by "nova.context.set_target_cell..get_or_set_cached_cell_and_set_connections" :: waited 0.000s {{(pid=65184) inner /opt/stack/data/venv/lib/python3.10/site-packages/oslo_concurrency/lockutils.py:409}}
Dec 06 14:00:08 user devstack@n-api.service[65185]: INFO dbcounter [None req-d5f6f030-ec22-4222-8373-d69f7297a4ab None None] Registered counter for database nova_cell0
Dec 06 14:00:08 user devstack@n-api.service[65184]: DEBUG oslo_concurrency.lockutils [None req-2037eaa9-12a1-48fc-918e-4de59b7725ef None None] Lock "181f69d1-9bfa-4f01-89c7-ba094c82c550" "released" by "nova.context.set_target_cell..get_or_set_cached_cell_and_set_connections" :: held 0.001s {{(pid=65184) inner /opt/stack/data/venv/lib/python3.10/site-packages/oslo_concurrency/lockutils.py:423}}
Dec 06 14:00:08 user devstack@n-api.service[65184]: INFO dbcounter [None req-2037eaa9-12a1-48fc-918e-4de59b7725ef None None] Registered counter for database nova_cell0
Dec 06 14:00:08 user devstack@n-api.service[65185]: INFO dbcounter [None req-d5f6f030-ec22-4222-8373-d69f7297a4ab None None] Registered counter for database nova_cell1
Dec 06 14:00:08 user devstack@n-api.service[65184]: INFO dbcounter [None req-2037eaa9-12a1-48fc-918e-4de59b7725ef None None] Registered counter for database nova_cell1
Dec 06 14:00:08 user devstack@n-api.service[65185]: DEBUG oslo_db.sqlalchemy.engines [None req-d5f6f030-ec22-4222-8373-d69f7297a4ab None None] MySQL server mode set to STRICT_TRANS_TABLES,STRICT_ALL_TABLES,NO_ZERO_IN_DATE,NO_ZERO_DATE,ERROR_FOR_DIVISION_BY_ZERO,TRADITIONAL,NO_ENGINE_SUBSTITUTION {{(pid=65185) _check_effective_sql_mode /opt/stack/data/venv/lib/python3.10/site-packages/oslo_db/sqlalchemy/engines.py:342}}
Dec 06 14:00:08 user devstack@n-api.service[65185]: DEBUG dbcounter [-] [65185] Writer thread running {{(pid=65185) stat_writer /opt/stack/data/venv/lib/python3.10/site-packages/dbcounter.py:102}}
Dec 06 14:00:08 user devstack@n-api.service[65185]: DEBUG oslo_db.sqlalchemy.engines [None req-d5f6f030-ec22-4222-8373-d69f7297a4ab None None] MySQL server mode set to STRICT_TRANS_TABLES,STRICT_ALL_TABLES,NO_ZERO_IN_DATE,NO_ZERO_DATE,ERROR_FOR_DIVISION_BY_ZERO,TRADITIONAL,NO_ENGINE_SUBSTITUTION {{(pid=65185) _check_effective_sql_mode /opt/stack/data/venv/lib/python3.10/site-packages/oslo_db/sqlalchemy/engines.py:342}}
Dec 06 14:00:08 user devstack@n-api.service[65184]: DEBUG oslo_db.sqlalchemy.engines [None req-2037eaa9-12a1-48fc-918e-4de59b7725ef None None] MySQL server mode set to STRICT_TRANS_TABLES,STRICT_ALL_TABLES,NO_ZERO_IN_DATE,NO_ZERO_DATE,ERROR_FOR_DIVISION_BY_ZERO,TRADITIONAL,NO_ENGINE_SUBSTITUTION {{(pid=65184) _check_effective_sql_mode /opt/stack/data/venv/lib/python3.10/site-packages/oslo_db/sqlalchemy/engines.py:342}}
Dec 06 14:00:08 user devstack@n-api.service[65184]: DEBUG dbcounter [-] [65184] Writer thread running {{(pid=65184) stat_writer /opt/stack/data/venv/lib/python3.10/site-packages/dbcounter.py:102}}
Dec 06 14:00:08 user devstack@n-api.service[65184]: DEBUG oslo_db.sqlalchemy.engines [None req-2037eaa9-12a1-48fc-918e-4de59b7725ef None None] MySQL server mode set to STRICT_TRANS_TABLES,STRICT_ALL_TABLES,NO_ZERO_IN_DATE,NO_ZERO_DATE,ERROR_FOR_DIVISION_BY_ZERO,TRADITIONAL,NO_ENGINE_SUBSTITUTION {{(pid=65184) _check_effective_sql_mode /opt/stack/data/venv/lib/python3.10/site-packages/oslo_db/sqlalchemy/engines.py:342}}
Dec 06 14:00:08 user devstack@n-api.service[65183]: DEBUG nova.context [None req-6573ca0e-ba9f-4e74-92da-ed4654cf9e5c None None] Found 2 cells: 00000000-0000-0000-0000-000000000000(cell0),181f69d1-9bfa-4f01-89c7-ba094c82c550(cell1) {{(pid=65183) load_cells /opt/stack/nova/nova/context.py:464}}
Dec 06 14:00:08 user devstack@n-api.service[65183]: DEBUG oslo_concurrency.lockutils [None req-6573ca0e-ba9f-4e74-92da-ed4654cf9e5c None None] Acquiring lock "00000000-0000-0000-0000-000000000000" by "nova.context.set_target_cell..get_or_set_cached_cell_and_set_connections" {{(pid=65183) inner /opt/stack/data/venv/lib/python3.10/site-packages/oslo_concurrency/lockutils.py:404}}
Dec 06 14:00:08 user devstack@n-api.service[65183]: DEBUG oslo_concurrency.lockutils [None req-6573ca0e-ba9f-4e74-92da-ed4654cf9e5c None None] Lock "00000000-0000-0000-0000-000000000000" acquired by "nova.context.set_target_cell..get_or_set_cached_cell_and_set_connections" :: waited 0.001s {{(pid=65183) inner /opt/stack/data/venv/lib/python3.10/site-packages/oslo_concurrency/lockutils.py:409}}
Dec 06 14:00:08 user devstack@n-api.service[65183]: DEBUG oslo_concurrency.lockutils [None req-6573ca0e-ba9f-4e74-92da-ed4654cf9e5c None None] Lock "00000000-0000-0000-0000-000000000000" "released" by "nova.context.set_target_cell..get_or_set_cached_cell_and_set_connections" :: held 0.001s {{(pid=65183) inner /opt/stack/data/venv/lib/python3.10/site-packages/oslo_concurrency/lockutils.py:423}}
Dec 06 14:00:08 user devstack@n-api.service[65183]: DEBUG oslo_concurrency.lockutils [None req-6573ca0e-ba9f-4e74-92da-ed4654cf9e5c None None] Acquiring lock "181f69d1-9bfa-4f01-89c7-ba094c82c550" by "nova.context.set_target_cell..get_or_set_cached_cell_and_set_connections" {{(pid=65183) inner /opt/stack/data/venv/lib/python3.10/site-packages/oslo_concurrency/lockutils.py:404}}
Dec 06 14:00:08 user devstack@n-api.service[65183]: DEBUG oslo_concurrency.lockutils [None req-6573ca0e-ba9f-4e74-92da-ed4654cf9e5c None None] Lock "181f69d1-9bfa-4f01-89c7-ba094c82c550" acquired by "nova.context.set_target_cell..get_or_set_cached_cell_and_set_connections" :: waited 0.000s {{(pid=65183) inner /opt/stack/data/venv/lib/python3.10/site-packages/oslo_concurrency/lockutils.py:409}}
Dec 06 14:00:08 user devstack@n-api.service[65183]: DEBUG oslo_concurrency.lockutils [None req-6573ca0e-ba9f-4e74-92da-ed4654cf9e5c None None] Lock "181f69d1-9bfa-4f01-89c7-ba094c82c550" "released" by "nova.context.set_target_cell..get_or_set_cached_cell_and_set_connections" :: held 0.002s {{(pid=65183) inner /opt/stack/data/venv/lib/python3.10/site-packages/oslo_concurrency/lockutils.py:423}}
Dec 06 14:00:08 user devstack@n-api.service[65183]: INFO dbcounter [None req-6573ca0e-ba9f-4e74-92da-ed4654cf9e5c None None] Registered counter for database nova_cell0
Dec 06 14:00:08 user devstack@n-api.service[65183]: INFO dbcounter [None req-6573ca0e-ba9f-4e74-92da-ed4654cf9e5c None None] Registered counter for database nova_cell1
Dec 06 14:00:08 user devstack@n-api.service[65183]: DEBUG oslo_db.sqlalchemy.engines [None req-6573ca0e-ba9f-4e74-92da-ed4654cf9e5c None None] MySQL server mode set to STRICT_TRANS_TABLES,STRICT_ALL_TABLES,NO_ZERO_IN_DATE,NO_ZERO_DATE,ERROR_FOR_DIVISION_BY_ZERO,TRADITIONAL,NO_ENGINE_SUBSTITUTION {{(pid=65183) _check_effective_sql_mode /opt/stack/data/venv/lib/python3.10/site-packages/oslo_db/sqlalchemy/engines.py:342}}
Dec 06 14:00:08 user devstack@n-api.service[65183]: DEBUG dbcounter [-] [65183] Writer thread running {{(pid=65183) stat_writer /opt/stack/data/venv/lib/python3.10/site-packages/dbcounter.py:102}}
Dec 06 14:00:08 user devstack@n-api.service[65183]: DEBUG oslo_db.sqlalchemy.engines [None req-6573ca0e-ba9f-4e74-92da-ed4654cf9e5c None None] MySQL server mode set to STRICT_TRANS_TABLES,STRICT_ALL_TABLES,NO_ZERO_IN_DATE,NO_ZERO_DATE,ERROR_FOR_DIVISION_BY_ZERO,TRADITIONAL,NO_ENGINE_SUBSTITUTION {{(pid=65183) _check_effective_sql_mode /opt/stack/data/venv/lib/python3.10/site-packages/oslo_db/sqlalchemy/engines.py:342}}
Dec 06 14:00:08 user devstack@n-api.service[65185]: DEBUG dbcounter [-] [65185] Writer thread running {{(pid=65185) stat_writer /opt/stack/data/venv/lib/python3.10/site-packages/dbcounter.py:102}}
Dec 06 14:00:08 user devstack@n-api.service[65185]: INFO dbcounter [None req-d5f6f030-ec22-4222-8373-d69f7297a4ab None None] Registered counter for database nova_cell0
Dec 06 14:00:08 user devstack@n-api.service[65184]: DEBUG dbcounter [-] [65184] Writer thread running {{(pid=65184) stat_writer /opt/stack/data/venv/lib/python3.10/site-packages/dbcounter.py:102}}
Dec 06 14:00:08 user devstack@n-api.service[65185]: DEBUG oslo_db.sqlalchemy.engines [None req-d5f6f030-ec22-4222-8373-d69f7297a4ab None None] MySQL server mode set to STRICT_TRANS_TABLES,STRICT_ALL_TABLES,NO_ZERO_IN_DATE,NO_ZERO_DATE,ERROR_FOR_DIVISION_BY_ZERO,TRADITIONAL,NO_ENGINE_SUBSTITUTION {{(pid=65185) _check_effective_sql_mode /opt/stack/data/venv/lib/python3.10/site-packages/oslo_db/sqlalchemy/engines.py:342}}
Dec 06 14:00:08 user devstack@n-api.service[65184]: INFO dbcounter [None req-2037eaa9-12a1-48fc-918e-4de59b7725ef None None] Registered counter for database nova_cell0
Dec 06 14:00:08 user devstack@n-api.service[65185]: DEBUG dbcounter [-] [65185] Writer thread running {{(pid=65185) stat_writer /opt/stack/data/venv/lib/python3.10/site-packages/dbcounter.py:102}}
Dec 06 14:00:08 user devstack@n-api.service[65184]: DEBUG oslo_db.sqlalchemy.engines [None req-2037eaa9-12a1-48fc-918e-4de59b7725ef None None] MySQL server mode set to STRICT_TRANS_TABLES,STRICT_ALL_TABLES,NO_ZERO_IN_DATE,NO_ZERO_DATE,ERROR_FOR_DIVISION_BY_ZERO,TRADITIONAL,NO_ENGINE_SUBSTITUTION {{(pid=65184) _check_effective_sql_mode /opt/stack/data/venv/lib/python3.10/site-packages/oslo_db/sqlalchemy/engines.py:342}}
Dec 06 14:00:08 user devstack@n-api.service[65184]: DEBUG dbcounter [-] [65184] Writer thread running {{(pid=65184) stat_writer /opt/stack/data/venv/lib/python3.10/site-packages/dbcounter.py:102}}
Dec 06 14:00:08 user devstack@n-api.service[65183]: DEBUG dbcounter [-] [65183] Writer thread running {{(pid=65183) stat_writer /opt/stack/data/venv/lib/python3.10/site-packages/dbcounter.py:102}}
Dec 06 14:00:08 user devstack@n-api.service[65183]: INFO dbcounter [None req-6573ca0e-ba9f-4e74-92da-ed4654cf9e5c None None] Registered counter for database nova_cell0
Dec 06 14:00:08 user devstack@n-api.service[65183]: DEBUG oslo_db.sqlalchemy.engines [None req-6573ca0e-ba9f-4e74-92da-ed4654cf9e5c None None] MySQL server mode set to STRICT_TRANS_TABLES,STRICT_ALL_TABLES,NO_ZERO_IN_DATE,NO_ZERO_DATE,ERROR_FOR_DIVISION_BY_ZERO,TRADITIONAL,NO_ENGINE_SUBSTITUTION {{(pid=65183) _check_effective_sql_mode /opt/stack/data/venv/lib/python3.10/site-packages/oslo_db/sqlalchemy/engines.py:342}}
Dec 06 14:00:08 user devstack@n-api.service[65183]: DEBUG dbcounter [-] [65183] Writer thread running {{(pid=65183) stat_writer /opt/stack/data/venv/lib/python3.10/site-packages/dbcounter.py:102}}
Dec 06 14:00:08 user devstack@n-api.service[65185]: WARNING keystonemiddleware.auth_token [None req-d5f6f030-ec22-4222-8373-d69f7297a4ab None None] AuthToken middleware is set with keystone_authtoken.service_token_roles_required set to False. This is backwards compatible but deprecated behaviour. Please set this to True.
Dec 06 14:00:08 user devstack@n-api.service[65185]: WARNING keystonemiddleware.auth_token [None req-d5f6f030-ec22-4222-8373-d69f7297a4ab None None] Configuring www_authenticate_uri to point to the public identity endpoint is required; clients may not be able to authenticate against an admin endpoint
Dec 06 14:00:08 user devstack@n-api.service[65183]: WARNING keystonemiddleware.auth_token [None req-6573ca0e-ba9f-4e74-92da-ed4654cf9e5c None None] AuthToken middleware is set with keystone_authtoken.service_token_roles_required set to False. This is backwards compatible but deprecated behaviour. Please set this to True.
Dec 06 14:00:08 user devstack@n-api.service[65183]: WARNING keystonemiddleware.auth_token [None req-6573ca0e-ba9f-4e74-92da-ed4654cf9e5c None None] Configuring www_authenticate_uri to point to the public identity endpoint is required; clients may not be able to authenticate against an admin endpoint
Dec 06 14:00:09 user devstack@n-api.service[65184]: WARNING keystonemiddleware.auth_token [None req-2037eaa9-12a1-48fc-918e-4de59b7725ef None None] AuthToken middleware is set with keystone_authtoken.service_token_roles_required set to False. This is backwards compatible but deprecated behaviour. Please set this to True.
Dec 06 14:00:09 user devstack@n-api.service[65185]: WARNING keystonemiddleware.auth_token [None req-d5f6f030-ec22-4222-8373-d69f7297a4ab None None] AuthToken middleware is set with keystone_authtoken.service_token_roles_required set to False. This is backwards compatible but deprecated behaviour. Please set this to True.
Dec 06 14:00:09 user devstack@n-api.service[65184]: WARNING keystonemiddleware.auth_token [None req-2037eaa9-12a1-48fc-918e-4de59b7725ef None None] Configuring www_authenticate_uri to point to the public identity endpoint is required; clients may not be able to authenticate against an admin endpoint
Dec 06 14:00:09 user devstack@n-api.service[65185]: WARNING keystonemiddleware.auth_token [None req-d5f6f030-ec22-4222-8373-d69f7297a4ab None None] Configuring www_authenticate_uri to point to the public identity endpoint is required; clients may not be able to authenticate against an admin endpoint
Dec 06 14:00:09 user devstack@n-api.service[65185]: WSGI app 0 (mountpoint='') ready in 5 seconds on interpreter 0x563887a5ab90 pid: 65185 (default app)
Dec 06 14:00:09 user devstack@n-api.service[65185]: DEBUG nova.api.openstack.wsgi [None req-d5f6f030-ec22-4222-8373-d69f7297a4ab None None] Calling method '>' {{(pid=65185) _process_stack /opt/stack/nova/nova/api/openstack/wsgi.py:513}}
Dec 06 14:00:09 user devstack@n-api.service[65185]: INFO nova.api.openstack.requestlog [None req-d5f6f030-ec22-4222-8373-d69f7297a4ab None None] 10.0.0.210 "GET /compute/v2.1/" status: 200 len: 387 microversion: 2.1 time: 0.002704
Dec 06 14:00:09 user devstack@n-api.service[65185]: [pid: 65185|app: 0|req: 1/1] 10.0.0.210 () {50 vars in 783 bytes} [Wed Dec 6 14:00:09 2023] GET /compute/v2.1/ => generated 387 bytes in 5 msecs (HTTP/1.1 200) 9 headers in 357 bytes (1 switches on core 0)
Dec 06 14:00:09 user devstack@n-api.service[65183]: WARNING keystonemiddleware.auth_token [None req-6573ca0e-ba9f-4e74-92da-ed4654cf9e5c None None] AuthToken middleware is set with keystone_authtoken.service_token_roles_required set to False. This is backwards compatible but deprecated behaviour. Please set this to True.
Dec 06 14:00:09 user devstack@n-api.service[65184]: WARNING keystonemiddleware.auth_token [None req-2037eaa9-12a1-48fc-918e-4de59b7725ef None None] AuthToken middleware is set with keystone_authtoken.service_token_roles_required set to False. This is backwards compatible but deprecated behaviour. Please set this to True.
Dec 06 14:00:09 user devstack@n-api.service[65183]: WARNING keystonemiddleware.auth_token [None req-6573ca0e-ba9f-4e74-92da-ed4654cf9e5c None None] Configuring www_authenticate_uri to point to the public identity endpoint is required; clients may not be able to authenticate against an admin endpoint
Dec 06 14:00:09 user devstack@n-api.service[65184]: WARNING keystonemiddleware.auth_token [None req-2037eaa9-12a1-48fc-918e-4de59b7725ef None None] Configuring www_authenticate_uri to point to the public identity endpoint is required; clients may not be able to authenticate against an admin endpoint
Dec 06 14:00:09 user devstack@n-api.service[65183]: WSGI app 0 (mountpoint='') ready in 5 seconds on interpreter 0x563887a5ab90 pid: 65183 (default app)
Dec 06 14:00:09 user devstack@n-api.service[65184]: WSGI app 0 (mountpoint='') ready in 5 seconds on interpreter 0x563887a5ab90 pid: 65184 (default app)
Dec 06 14:02:20 user devstack@n-api.service[65185]: DEBUG nova.api.openstack.wsgi [None req-d5f6f030-ec22-4222-8373-d69f7297a4ab None None] Calling method '>' {{(pid=65185) _process_stack /opt/stack/nova/nova/api/openstack/wsgi.py:513}}
Dec 06 14:02:20 user devstack@n-api.service[65185]: INFO nova.api.openstack.requestlog [None req-d5f6f030-ec22-4222-8373-d69f7297a4ab None None] 10.0.0.210 "GET /compute/v2.1" status: 200 len: 387 microversion: 2.1 time: 0.001628
Dec 06 14:02:20 user devstack@n-api.service[65185]: [pid: 65185|app: 0|req: 2/2] 10.0.0.210 () {54 vars in 925 bytes} [Wed Dec 6 14:02:20 2023] GET /compute/v2.1 => generated 387 bytes in 3 msecs (HTTP/1.1 200) 9 headers in 357 bytes (1 switches on core 0)
Dec 06 14:02:20 user devstack@n-api.service[65183]: DEBUG dbcounter [-] [65183] Writing DB stats nova_api:SELECT=3 {{(pid=65183) stat_writer /opt/stack/data/venv/lib/python3.10/site-packages/dbcounter.py:115}}
Dec 06 14:02:20 user devstack@n-api.service[65183]: DEBUG dbcounter [-] [65183] Writing DB stats nova_cell0:SELECT=3 {{(pid=65183) stat_writer /opt/stack/data/venv/lib/python3.10/site-packages/dbcounter.py:115}}
Dec 06 14:02:20 user devstack@n-api.service[65183]: DEBUG dbcounter [-] [65183] Writing DB stats nova_cell1:SELECT=3 {{(pid=65183) stat_writer /opt/stack/data/venv/lib/python3.10/site-packages/dbcounter.py:115}}
Dec 06 14:02:20 user devstack@n-api.service[65183]: DEBUG dbcounter [-] [65183] Writing DB stats nova_cell0:SELECT=3 {{(pid=65183) stat_writer /opt/stack/data/venv/lib/python3.10/site-packages/dbcounter.py:115}}
Dec 06 14:02:21 user devstack@n-api.service[65183]: DEBUG nova.api.openstack.wsgi [None req-4dbccbb3-f9d1-4af4-8abf-964f30c7ddf9 admin admin] Calling method '>' {{(pid=65183) _process_stack /opt/stack/nova/nova/api/openstack/wsgi.py:513}}
Dec 06 14:02:21 user devstack@n-api.service[65183]: INFO nova.api.openstack.requestlog [None req-4dbccbb3-f9d1-4af4-8abf-964f30c7ddf9 admin admin] 10.0.0.210 "GET /compute/v2.1/flavors/detail?is_public=True" status: 200 len: 15 microversion: 2.61 time: 0.496382
Dec 06 14:02:21 user devstack@n-api.service[65183]: [pid: 65183|app: 0|req: 1/3] 10.0.0.210 () {60 vars in 1286 bytes} [Wed Dec 6 14:02:20 2023] GET /compute/v2.1/flavors/detail?is_public=True => generated 15 bytes in 499 msecs (HTTP/1.1 200) 9 headers in 358 bytes (1 switches on core 0)
Dec 06 14:02:23 user devstack@n-api.service[65184]: DEBUG nova.api.openstack.wsgi [None req-2037eaa9-12a1-48fc-918e-4de59b7725ef None None] Calling method '>' {{(pid=65184) _process_stack /opt/stack/nova/nova/api/openstack/wsgi.py:513}}
Dec 06 14:02:23 user devstack@n-api.service[65184]: INFO nova.api.openstack.requestlog [None req-2037eaa9-12a1-48fc-918e-4de59b7725ef None None] 10.0.0.210 "GET /compute/v2.1" status: 200 len: 387 microversion: 2.1 time: 0.002062
Dec 06 14:02:23 user devstack@n-api.service[65184]: [pid: 65184|app: 0|req: 1/4] 10.0.0.210 () {54 vars in 925 bytes} [Wed Dec 6 14:02:23 2023] GET /compute/v2.1 => generated 387 bytes in 4 msecs (HTTP/1.1 200) 9 headers in 357 bytes (1 switches on core 0)
Dec 06 14:02:23 user devstack@n-api.service[65185]: DEBUG dbcounter [-] [65185] Writing DB stats nova_api:SELECT=3 {{(pid=65185) stat_writer /opt/stack/data/venv/lib/python3.10/site-packages/dbcounter.py:115}}
Dec 06 14:02:23 user devstack@n-api.service[65185]: DEBUG dbcounter [-] [65185] Writing DB stats nova_cell0:SELECT=3 {{(pid=65185) stat_writer /opt/stack/data/venv/lib/python3.10/site-packages/dbcounter.py:115}}
Dec 06 14:02:23 user devstack@n-api.service[65185]: DEBUG dbcounter [-] [65185] Writing DB stats nova_cell1:SELECT=3 {{(pid=65185) stat_writer /opt/stack/data/venv/lib/python3.10/site-packages/dbcounter.py:115}}
Dec 06 14:02:23 user devstack@n-api.service[65185]: DEBUG dbcounter [-] [65185] Writing DB stats nova_cell0:SELECT=6,nova_cell0:INSERT=1 {{(pid=65185) stat_writer /opt/stack/data/venv/lib/python3.10/site-packages/dbcounter.py:115}}
Dec 06 14:02:23 user devstack@n-api.service[65185]: DEBUG nova.api.openstack.wsgi [None req-7560926b-579b-4840-8fdf-34ed445c1dd6 admin admin] Action: 'create', calling method: >, body: {"flavor": {"vcpus": 1, "name": "cirros256", "disk": 1, "swap": 0, "rxtx_factor": 1.0, "os-flavor-access:is_public": true, "id": "c1", "ram": 256, "OS-FLV-EXT-DATA:ephemeral": 0}} {{(pid=65185) _process_stack /opt/stack/nova/nova/api/openstack/wsgi.py:511}}
Dec 06 14:02:23 user devstack@n-api.service[65185]: INFO nova.api.openstack.requestlog [None req-7560926b-579b-4840-8fdf-34ed445c1dd6 admin admin] 10.0.0.210 "POST /compute/v2.1/flavors" status: 200 len: 405 microversion: 2.61 time: 0.298721
Dec 06 14:02:23 user devstack@n-api.service[65185]: [pid: 65185|app: 0|req: 3/5] 10.0.0.210 () {64 vars in 1277 bytes} [Wed Dec 6 14:02:23 2023] POST /compute/v2.1/flavors => generated 405 bytes in 300 msecs (HTTP/1.1 200) 9 headers in 359 bytes (1 switches on core 0)
Dec 06 14:02:23 user devstack@n-api.service[65183]: DEBUG nova.api.openstack.wsgi [None req-5eb5e06c-4172-4869-ae6e-89b73fcc0401 admin admin] Action: 'create', calling method: >, body: {"extra_specs": {"hw_rng:allowed": "True"}} {{(pid=65183) _process_stack /opt/stack/nova/nova/api/openstack/wsgi.py:511}}
Dec 06 14:02:23 user devstack@n-api.service[65183]: INFO nova.api.openstack.requestlog [None req-5eb5e06c-4172-4869-ae6e-89b73fcc0401 admin admin] 10.0.0.210 "POST /compute/v2.1/flavors/c1/os-extra_specs" status: 200 len: 43 microversion: 2.61 time: 0.050390
Dec 06 14:02:23 user devstack@n-api.service[65183]: [pid: 65183|app: 0|req: 2/6] 10.0.0.210 () {64 vars in 1330 bytes} [Wed Dec 6 14:02:23 2023] POST /compute/v2.1/flavors/c1/os-extra_specs => generated 43 bytes in 53 msecs (HTTP/1.1 200) 9 headers in 358 bytes (2 switches on core 0)
Dec 06 14:02:25 user devstack@n-api.service[65184]: DEBUG nova.api.openstack.wsgi [None req-2037eaa9-12a1-48fc-918e-4de59b7725ef None None] Calling method '>' {{(pid=65184) _process_stack /opt/stack/nova/nova/api/openstack/wsgi.py:513}}
Dec 06 14:02:25 user devstack@n-api.service[65184]: INFO nova.api.openstack.requestlog [None req-2037eaa9-12a1-48fc-918e-4de59b7725ef None None] 10.0.0.210 "GET /compute/v2.1" status: 200 len: 387 microversion: 2.1 time: 0.001329
Dec 06 14:02:25 user devstack@n-api.service[65184]: [pid: 65184|app: 0|req: 2/7] 10.0.0.210 () {54 vars in 925 bytes} [Wed Dec 6 14:02:25 2023] GET /compute/v2.1 => generated 387 bytes in 2 msecs (HTTP/1.1 200) 9 headers in 357 bytes (1 switches on core 0)
Dec 06 14:02:25 user devstack@n-api.service[65185]: DEBUG nova.api.openstack.wsgi [None req-bf046e71-fe1e-440b-8d9d-0bbacc91e5f3 admin admin] Action: 'create', calling method: >, body: {"flavor": {"rxtx_factor": 1.0, "disk": 5, "OS-FLV-EXT-DATA:ephemeral": 0, "ram": 512, "os-flavor-access:is_public": true, "swap": 0, "name": "ds512M", "vcpus": 1, "id": "d1"}} {{(pid=65185) _process_stack /opt/stack/nova/nova/api/openstack/wsgi.py:511}}
Dec 06 14:02:25 user devstack@n-api.service[65185]: INFO nova.api.openstack.requestlog [None req-bf046e71-fe1e-440b-8d9d-0bbacc91e5f3 admin admin] 10.0.0.210 "POST /compute/v2.1/flavors" status: 200 len: 402 microversion: 2.61 time: 0.068601
Dec 06 14:02:25 user devstack@n-api.service[65185]: [pid: 65185|app: 0|req: 4/8] 10.0.0.210 () {64 vars in 1277 bytes} [Wed Dec 6 14:02:25 2023] POST /compute/v2.1/flavors => generated 402 bytes in 70 msecs (HTTP/1.1 200) 9 headers in 359 bytes (1 switches on core 0)
Dec 06 14:02:25 user devstack@n-api.service[65183]: DEBUG nova.api.openstack.wsgi [None req-3ed96e62-472c-4f74-a1df-edfe664a681b admin admin] Action: 'create', calling method: >, body: {"extra_specs": {"hw_rng:allowed": "True"}} {{(pid=65183) _process_stack /opt/stack/nova/nova/api/openstack/wsgi.py:511}}
Dec 06 14:02:25 user devstack@n-api.service[65183]: INFO nova.api.openstack.requestlog [None req-3ed96e62-472c-4f74-a1df-edfe664a681b admin admin] 10.0.0.210 "POST /compute/v2.1/flavors/d1/os-extra_specs" status: 200 len: 43 microversion: 2.61 time: 0.029622
Dec 06 14:02:25 user devstack@n-api.service[65183]: [pid: 65183|app: 0|req: 3/9] 10.0.0.210 () {64 vars in 1330 bytes} [Wed Dec 6 14:02:25 2023] POST /compute/v2.1/flavors/d1/os-extra_specs => generated 43 bytes in 31 msecs (HTTP/1.1 200) 9 headers in 358 bytes (1 switches on core 0)
Dec 06 14:02:27 user devstack@n-api.service[65184]: DEBUG nova.api.openstack.wsgi [None req-2037eaa9-12a1-48fc-918e-4de59b7725ef None None] Calling method '>' {{(pid=65184) _process_stack /opt/stack/nova/nova/api/openstack/wsgi.py:513}}
Dec 06 14:02:27 user devstack@n-api.service[65184]: INFO nova.api.openstack.requestlog [None req-2037eaa9-12a1-48fc-918e-4de59b7725ef None None] 10.0.0.210 "GET /compute/v2.1" status: 200 len: 387 microversion: 2.1 time: 0.001320
Dec 06 14:02:27 user devstack@n-api.service[65184]: [pid: 65184|app: 0|req: 3/10] 10.0.0.210 () {54 vars in 925 bytes} [Wed Dec 6 14:02:27 2023] GET /compute/v2.1 => generated 387 bytes in 2 msecs (HTTP/1.1 200) 9 headers in 357 bytes (1 switches on core 0)
Dec 06 14:02:27 user devstack@n-api.service[65185]: DEBUG nova.api.openstack.wsgi [None req-c70ee055-8f02-4790-9186-41cf3b42f51d admin admin] Action: 'create', calling method: >, body: {"flavor": {"vcpus": 1, "OS-FLV-EXT-DATA:ephemeral": 0, "disk": 10, "swap": 0, "ram": 1024, "rxtx_factor": 1.0, "os-flavor-access:is_public": true, "name": "ds1G", "id": "d2"}} {{(pid=65185) _process_stack /opt/stack/nova/nova/api/openstack/wsgi.py:511}}
Dec 06 14:02:27 user devstack@n-api.service[65185]: INFO nova.api.openstack.requestlog [None req-c70ee055-8f02-4790-9186-41cf3b42f51d admin admin] 10.0.0.210 "POST /compute/v2.1/flavors" status: 200 len: 402 microversion: 2.61 time: 0.090492
Dec 06 14:02:27 user devstack@n-api.service[65185]: [pid: 65185|app: 0|req: 5/11] 10.0.0.210 () {64 vars in 1277 bytes} [Wed Dec 6 14:02:27 2023] POST /compute/v2.1/flavors => generated 402 bytes in 92 msecs (HTTP/1.1 200) 9 headers in 359 bytes (1 switches on core 0)
Dec 06 14:02:27 user devstack@n-api.service[65183]: DEBUG nova.api.openstack.wsgi [None req-65f621bd-053f-46e1-bd3f-fcbb3d943c60 admin admin] Action: 'create', calling method: >, body: {"extra_specs": {"hw_rng:allowed": "True"}} {{(pid=65183) _process_stack /opt/stack/nova/nova/api/openstack/wsgi.py:511}}
Dec 06 14:02:28 user devstack@n-api.service[65183]: INFO nova.api.openstack.requestlog [None req-65f621bd-053f-46e1-bd3f-fcbb3d943c60 admin admin] 10.0.0.210 "POST /compute/v2.1/flavors/d2/os-extra_specs" status: 200 len: 43 microversion: 2.61 time: 0.026001
Dec 06 14:02:28 user devstack@n-api.service[65183]: [pid: 65183|app: 0|req: 4/12] 10.0.0.210 () {64 vars in 1330 bytes} [Wed Dec 6 14:02:27 2023] POST /compute/v2.1/flavors/d2/os-extra_specs => generated 43 bytes in 27 msecs (HTTP/1.1 200) 9 headers in 358 bytes (1 switches on core 0)
Dec 06 14:02:30 user devstack@n-api.service[65184]: DEBUG nova.api.openstack.wsgi [None req-2037eaa9-12a1-48fc-918e-4de59b7725ef None None] Calling method '>' {{(pid=65184) _process_stack /opt/stack/nova/nova/api/openstack/wsgi.py:513}}
Dec 06 14:02:30 user devstack@n-api.service[65184]: INFO nova.api.openstack.requestlog [None req-2037eaa9-12a1-48fc-918e-4de59b7725ef None None] 10.0.0.210 "GET /compute/v2.1" status: 200 len: 387 microversion: 2.1 time: 0.001401
Dec 06 14:02:30 user devstack@n-api.service[65184]: [pid: 65184|app: 0|req: 4/13] 10.0.0.210 () {54 vars in 925 bytes} [Wed Dec 6 14:02:30 2023] GET /compute/v2.1 => generated 387 bytes in 2 msecs (HTTP/1.1 200) 9 headers in 357 bytes (2 switches on core 0)
Dec 06 14:02:30 user devstack@n-api.service[65185]: DEBUG nova.api.openstack.wsgi [None req-37145a2e-c495-4e04-9de7-939191b9ee5b admin admin] Action: 'create', calling method: >, body: {"flavor": {"vcpus": 2, "ram": 2048, "rxtx_factor": 1.0, "disk": 10, "os-flavor-access:is_public": true, "OS-FLV-EXT-DATA:ephemeral": 0, "swap": 0, "name": "ds2G", "id": "d3"}} {{(pid=65185) _process_stack /opt/stack/nova/nova/api/openstack/wsgi.py:511}}
Dec 06 14:02:30 user devstack@n-api.service[65185]: INFO nova.api.openstack.requestlog [None req-37145a2e-c495-4e04-9de7-939191b9ee5b admin admin] 10.0.0.210 "POST /compute/v2.1/flavors" status: 200 len: 402 microversion: 2.61 time: 0.083650
Dec 06 14:02:30 user devstack@n-api.service[65185]: [pid: 65185|app: 0|req: 6/14] 10.0.0.210 () {64 vars in 1277 bytes} [Wed Dec 6 14:02:30 2023] POST /compute/v2.1/flavors => generated 402 bytes in 85 msecs (HTTP/1.1 200) 9 headers in 359 bytes (1 switches on core 0)
Dec 06 14:02:30 user devstack@n-api.service[65183]: DEBUG nova.api.openstack.wsgi [None req-f657e944-6fe0-4888-bdf9-f3879eb435a9 admin admin] Action: 'create', calling method: >, body: {"extra_specs": {"hw_rng:allowed": "True"}} {{(pid=65183) _process_stack /opt/stack/nova/nova/api/openstack/wsgi.py:511}}
Dec 06 14:02:30 user devstack@n-api.service[65183]: INFO nova.api.openstack.requestlog [None req-f657e944-6fe0-4888-bdf9-f3879eb435a9 admin admin] 10.0.0.210 "POST /compute/v2.1/flavors/d3/os-extra_specs" status: 200 len: 43 microversion: 2.61 time: 0.026214
Dec 06 14:02:30 user devstack@n-api.service[65183]: [pid: 65183|app: 0|req: 5/15] 10.0.0.210 () {64 vars in 1330 bytes} [Wed Dec 6 14:02:30 2023] POST /compute/v2.1/flavors/d3/os-extra_specs => generated 43 bytes in 27 msecs (HTTP/1.1 200) 9 headers in 358 bytes (1 switches on core 0)
Dec 06 14:02:32 user devstack@n-api.service[65184]: DEBUG nova.api.openstack.wsgi [None req-2037eaa9-12a1-48fc-918e-4de59b7725ef None None] Calling method '>' {{(pid=65184) _process_stack /opt/stack/nova/nova/api/openstack/wsgi.py:513}}
Dec 06 14:02:32 user devstack@n-api.service[65184]: INFO nova.api.openstack.requestlog [None req-2037eaa9-12a1-48fc-918e-4de59b7725ef None None] 10.0.0.210 "GET /compute/v2.1" status: 200 len: 387 microversion: 2.1 time: 0.001335
Dec 06 14:02:32 user devstack@n-api.service[65184]: [pid: 65184|app: 0|req: 5/16] 10.0.0.210 () {54 vars in 925 bytes} [Wed Dec 6 14:02:32 2023] GET /compute/v2.1 => generated 387 bytes in 2 msecs (HTTP/1.1 200) 9 headers in 357 bytes (1 switches on core 0)
Dec 06 14:02:32 user devstack@n-api.service[65185]: DEBUG nova.api.openstack.wsgi [None req-2c652487-12ea-41f6-8f42-7a7f708e0191 admin admin] Action: 'create', calling method: >, body: {"flavor": {"rxtx_factor": 1.0, "name": "ds4G", "disk": 20, "id": "d4", "swap": 0, "os-flavor-access:is_public": true, "vcpus": 4, "ram": 4096, "OS-FLV-EXT-DATA:ephemeral": 0}} {{(pid=65185) _process_stack /opt/stack/nova/nova/api/openstack/wsgi.py:511}}
Dec 06 14:02:32 user devstack@n-api.service[65185]: INFO nova.api.openstack.requestlog [None req-2c652487-12ea-41f6-8f42-7a7f708e0191 admin admin] 10.0.0.210 "POST /compute/v2.1/flavors" status: 200 len: 402 microversion: 2.61 time: 0.065052
Dec 06 14:02:32 user devstack@n-api.service[65185]: [pid: 65185|app: 0|req: 7/17] 10.0.0.210 () {64 vars in 1277 bytes} [Wed Dec 6 14:02:32 2023] POST /compute/v2.1/flavors => generated 402 bytes in 66 msecs (HTTP/1.1 200) 9 headers in 359 bytes (1 switches on core 0)
Dec 06 14:02:32 user devstack@n-api.service[65183]: DEBUG nova.api.openstack.wsgi [None req-fe01d80f-4ebc-4381-b9eb-2589a3030a87 admin admin] Action: 'create', calling method: >, body: {"extra_specs": {"hw_rng:allowed": "True"}} {{(pid=65183) _process_stack /opt/stack/nova/nova/api/openstack/wsgi.py:511}}
Dec 06 14:02:32 user devstack@n-api.service[65183]: INFO nova.api.openstack.requestlog [None req-fe01d80f-4ebc-4381-b9eb-2589a3030a87 admin admin] 10.0.0.210 "POST /compute/v2.1/flavors/d4/os-extra_specs" status: 200 len: 43 microversion: 2.61 time: 0.027216
Dec 06 14:02:32 user devstack@n-api.service[65183]: [pid: 65183|app: 0|req: 6/18] 10.0.0.210 () {64 vars in 1330 bytes} [Wed Dec 6 14:02:32 2023] POST /compute/v2.1/flavors/d4/os-extra_specs => generated 43 bytes in 29 msecs (HTTP/1.1 200) 9 headers in 358 bytes (1 switches on core 0)
Dec 06 14:02:34 user devstack@n-api.service[65184]: DEBUG nova.api.openstack.wsgi [None req-2037eaa9-12a1-48fc-918e-4de59b7725ef None None] Calling method '>' {{(pid=65184) _process_stack /opt/stack/nova/nova/api/openstack/wsgi.py:513}}
Dec 06 14:02:34 user devstack@n-api.service[65184]: INFO nova.api.openstack.requestlog [None req-2037eaa9-12a1-48fc-918e-4de59b7725ef None None] 10.0.0.210 "GET /compute/v2.1" status: 200 len: 387 microversion: 2.1 time: 0.002037
Dec 06 14:02:34 user devstack@n-api.service[65184]: [pid: 65184|app: 0|req: 6/19] 10.0.0.210 () {54 vars in 925 bytes} [Wed Dec 6 14:02:34 2023] GET /compute/v2.1 => generated 387 bytes in 3 msecs (HTTP/1.1 200) 9 headers in 357 bytes (1 switches on core 0)
Dec 06 14:02:34 user devstack@n-api.service[65185]: DEBUG nova.api.openstack.wsgi [None req-1bfd67e3-bcf9-4694-9ea5-6d3422575e00 admin admin] Calling method '>' {{(pid=65185) _process_stack /opt/stack/nova/nova/api/openstack/wsgi.py:513}}
Dec 06 14:02:34 user devstack@n-api.service[65185]: INFO nova.api.openstack.requestlog [None req-1bfd67e3-bcf9-4694-9ea5-6d3422575e00 admin admin] 10.0.0.210 "GET /compute/v2.1/flavors/detail?is_public=True" status: 200 len: 2096 microversion: 2.61 time: 0.070190
Dec 06 14:02:34 user devstack@n-api.service[65185]: [pid: 65185|app: 0|req: 8/20] 10.0.0.210 () {60 vars in 1286 bytes} [Wed Dec 6 14:02:34 2023] GET /compute/v2.1/flavors/detail?is_public=True => generated 2096 bytes in 72 msecs (HTTP/1.1 200) 9 headers in 360 bytes (1 switches on core 0)
Dec 06 14:02:36 user devstack@n-api.service[65183]: DEBUG nova.api.openstack.wsgi [None req-fe01d80f-4ebc-4381-b9eb-2589a3030a87 admin admin] Calling method '>' {{(pid=65183) _process_stack /opt/stack/nova/nova/api/openstack/wsgi.py:513}}
Dec 06 14:02:36 user devstack@n-api.service[65183]: INFO nova.api.openstack.requestlog [None req-fe01d80f-4ebc-4381-b9eb-2589a3030a87 admin admin] 10.0.0.210 "GET /compute/v2.1" status: 200 len: 387 microversion: 2.1 time: 0.002606
Dec 06 14:02:36 user devstack@n-api.service[65183]: [pid: 65183|app: 0|req: 7/21] 10.0.0.210 () {54 vars in 925 bytes} [Wed Dec 6 14:02:36 2023] GET /compute/v2.1 => generated 387 bytes in 4 msecs (HTTP/1.1 200) 9 headers in 357 bytes (1 switches on core 0)
Dec 06 14:02:36 user devstack@n-api.service[65184]: DEBUG dbcounter [-] [65184] Writing DB stats nova_api:SELECT=3 {{(pid=65184) stat_writer /opt/stack/data/venv/lib/python3.10/site-packages/dbcounter.py:115}}
Dec 06 14:02:36 user devstack@n-api.service[65184]: DEBUG dbcounter [-] [65184] Writing DB stats nova_cell0:SELECT=3 {{(pid=65184) stat_writer /opt/stack/data/venv/lib/python3.10/site-packages/dbcounter.py:115}}
Dec 06 14:02:36 user devstack@n-api.service[65184]: DEBUG dbcounter [-] [65184] Writing DB stats nova_cell1:SELECT=3 {{(pid=65184) stat_writer /opt/stack/data/venv/lib/python3.10/site-packages/dbcounter.py:115}}
Dec 06 14:02:36 user devstack@n-api.service[65184]: DEBUG dbcounter [-] [65184] Writing DB stats nova_cell0:SELECT=6,nova_cell0:INSERT=1 {{(pid=65184) stat_writer /opt/stack/data/venv/lib/python3.10/site-packages/dbcounter.py:115}}
Dec 06 14:02:36 user devstack@n-api.service[65184]: DEBUG nova.api.openstack.wsgi [None req-6ef65af8-8829-49b5-a0cf-65e1d9ab59fd admin admin] Action: 'create', calling method: >, body: {"flavor": {"disk": 1, "OS-FLV-EXT-DATA:ephemeral": 0, "id": "1", "rxtx_factor": 1.0, "swap": 0, "name": "m1.tiny", "ram": 512, "vcpus": 1, "os-flavor-access:is_public": true}} {{(pid=65184) _process_stack /opt/stack/nova/nova/api/openstack/wsgi.py:511}}
Dec 06 14:02:36 user devstack@n-api.service[65184]: INFO nova.api.openstack.requestlog [None req-6ef65af8-8829-49b5-a0cf-65e1d9ab59fd admin admin] 10.0.0.210 "POST /compute/v2.1/flavors" status: 200 len: 400 microversion: 2.61 time: 0.308040
Dec 06 14:02:36 user devstack@n-api.service[65184]: [pid: 65184|app: 0|req: 7/22] 10.0.0.210 () {64 vars in 1277 bytes} [Wed Dec 6 14:02:36 2023] POST /compute/v2.1/flavors => generated 400 bytes in 309 msecs (HTTP/1.1 200) 9 headers in 359 bytes (1 switches on core 0)
Dec 06 14:02:36 user devstack@n-api.service[65185]: DEBUG nova.api.openstack.wsgi [None req-d50f93fc-6f32-4a58-9b79-a0369cc764a0 admin admin] Action: 'create', calling method: >, body: {"extra_specs": {"hw_rng:allowed": "True"}} {{(pid=65185) _process_stack /opt/stack/nova/nova/api/openstack/wsgi.py:511}}
Dec 06 14:02:36 user devstack@n-api.service[65185]: INFO nova.api.openstack.requestlog [None req-d50f93fc-6f32-4a58-9b79-a0369cc764a0 admin admin] 10.0.0.210 "POST /compute/v2.1/flavors/1/os-extra_specs" status: 200 len: 43 microversion: 2.61 time: 0.035083
Dec 06 14:02:36 user devstack@n-api.service[65185]: [pid: 65185|app: 0|req: 9/23] 10.0.0.210 () {64 vars in 1327 bytes} [Wed Dec 6 14:02:36 2023] POST /compute/v2.1/flavors/1/os-extra_specs => generated 43 bytes in 36 msecs (HTTP/1.1 200) 9 headers in 358 bytes (1 switches on core 0)
Dec 06 14:02:38 user devstack@n-api.service[65183]: DEBUG nova.api.openstack.wsgi [None req-fe01d80f-4ebc-4381-b9eb-2589a3030a87 admin admin] Calling method '>' {{(pid=65183) _process_stack /opt/stack/nova/nova/api/openstack/wsgi.py:513}}
Dec 06 14:02:38 user devstack@n-api.service[65183]: INFO nova.api.openstack.requestlog [None req-fe01d80f-4ebc-4381-b9eb-2589a3030a87 admin admin] 10.0.0.210 "GET /compute/v2.1" status: 200 len: 387 microversion: 2.1 time: 0.001613
Dec 06 14:02:38 user devstack@n-api.service[65183]: [pid: 65183|app: 0|req: 8/24] 10.0.0.210 () {54 vars in 925 bytes} [Wed Dec 6 14:02:38 2023] GET /compute/v2.1 => generated 387 bytes in 2 msecs (HTTP/1.1 200) 9 headers in 357 bytes (1 switches on core 0)
Dec 06 14:02:38 user devstack@n-api.service[65184]: DEBUG nova.api.openstack.wsgi [None req-52d7d565-87d0-4f10-9a06-3be1ced7d85b admin admin] Action: 'create', calling method: >, body: {"flavor": {"vcpus": 1, "swap": 0, "os-flavor-access:is_public": true, "rxtx_factor": 1.0, "disk": 20, "id": "2", "ram": 2048, "name": "m1.small", "OS-FLV-EXT-DATA:ephemeral": 0}} {{(pid=65184) _process_stack /opt/stack/nova/nova/api/openstack/wsgi.py:511}}
Dec 06 14:02:38 user devstack@n-api.service[65184]: INFO nova.api.openstack.requestlog [None req-52d7d565-87d0-4f10-9a06-3be1ced7d85b admin admin] 10.0.0.210 "POST /compute/v2.1/flavors" status: 200 len: 403 microversion: 2.61 time: 0.064666
Dec 06 14:02:38 user devstack@n-api.service[65184]: [pid: 65184|app: 0|req: 8/25] 10.0.0.210 () {64 vars in 1277 bytes} [Wed Dec 6 14:02:38 2023] POST /compute/v2.1/flavors => generated 403 bytes in 66 msecs (HTTP/1.1 200) 9 headers in 359 bytes (1 switches on core 0)
Dec 06 14:02:38 user devstack@n-api.service[65185]: DEBUG nova.api.openstack.wsgi [None req-f393f787-017d-4335-b95c-2bf5bfd0c45f admin admin] Action: 'create', calling method: >, body: {"extra_specs": {"hw_rng:allowed": "True"}} {{(pid=65185) _process_stack /opt/stack/nova/nova/api/openstack/wsgi.py:511}}
Dec 06 14:02:38 user devstack@n-api.service[65185]: INFO nova.api.openstack.requestlog [None req-f393f787-017d-4335-b95c-2bf5bfd0c45f admin admin] 10.0.0.210 "POST /compute/v2.1/flavors/2/os-extra_specs" status: 200 len: 43 microversion: 2.61 time: 0.024404
Dec 06 14:02:38 user devstack@n-api.service[65185]: [pid: 65185|app: 0|req: 10/26] 10.0.0.210 () {64 vars in 1327 bytes} [Wed Dec 6 14:02:38 2023] POST /compute/v2.1/flavors/2/os-extra_specs => generated 43 bytes in 25 msecs (HTTP/1.1 200) 9 headers in 358 bytes (1 switches on core 0)
Dec 06 14:02:40 user devstack@n-api.service[65183]: DEBUG nova.api.openstack.wsgi [None req-fe01d80f-4ebc-4381-b9eb-2589a3030a87 admin admin] Calling method '>' {{(pid=65183) _process_stack /opt/stack/nova/nova/api/openstack/wsgi.py:513}}
Dec 06 14:02:40 user devstack@n-api.service[65183]: INFO nova.api.openstack.requestlog [None req-fe01d80f-4ebc-4381-b9eb-2589a3030a87 admin admin] 10.0.0.210 "GET /compute/v2.1" status: 200 len: 387 microversion: 2.1 time: 0.001565
Dec 06 14:02:40 user devstack@n-api.service[65183]: [pid: 65183|app: 0|req: 9/27] 10.0.0.210 () {54 vars in 925 bytes} [Wed Dec 6 14:02:40 2023] GET /compute/v2.1 => generated 387 bytes in 2 msecs (HTTP/1.1 200) 9 headers in 357 bytes (1 switches on core 0)
Dec 06 14:02:40 user devstack@n-api.service[65184]: DEBUG nova.api.openstack.wsgi [None req-16acddc9-64de-4fed-97ec-646cace77e32 admin admin] Action: 'create', calling method: >, body: {"flavor": {"id": "3", "ram": 4096, "OS-FLV-EXT-DATA:ephemeral": 0, "disk": 40, "swap": 0, "os-flavor-access:is_public": true, "name": "m1.medium", "rxtx_factor": 1.0, "vcpus": 2}} {{(pid=65184) _process_stack /opt/stack/nova/nova/api/openstack/wsgi.py:511}}
Dec 06 14:02:40 user devstack@n-api.service[65184]: INFO nova.api.openstack.requestlog [None req-16acddc9-64de-4fed-97ec-646cace77e32 admin admin] 10.0.0.210 "POST /compute/v2.1/flavors" status: 200 len: 404 microversion: 2.61 time: 0.060339
Dec 06 14:02:40 user devstack@n-api.service[65184]: [pid: 65184|app: 0|req: 9/28] 10.0.0.210 () {64 vars in 1277 bytes} [Wed Dec 6 14:02:40 2023] POST /compute/v2.1/flavors => generated 404 bytes in 61 msecs (HTTP/1.1 200) 9 headers in 359 bytes (1 switches on core 0)
Dec 06 14:02:40 user devstack@n-api.service[65185]: DEBUG nova.api.openstack.wsgi [None req-113b5cc7-f216-4643-a59a-a9ca0aa09452 admin admin] Action: 'create', calling method: >, body: {"extra_specs": {"hw_rng:allowed": "True"}} {{(pid=65185) _process_stack /opt/stack/nova/nova/api/openstack/wsgi.py:511}}
Dec 06 14:02:40 user devstack@n-api.service[65185]: INFO nova.api.openstack.requestlog [None req-113b5cc7-f216-4643-a59a-a9ca0aa09452 admin admin] 10.0.0.210 "POST /compute/v2.1/flavors/3/os-extra_specs" status: 200 len: 43 microversion: 2.61 time: 0.027174
Dec 06 14:02:40 user devstack@n-api.service[65185]: [pid: 65185|app: 0|req: 11/29] 10.0.0.210 () {64 vars in 1327 bytes} [Wed Dec 6 14:02:40 2023] POST /compute/v2.1/flavors/3/os-extra_specs => generated 43 bytes in 28 msecs (HTTP/1.1 200) 9 headers in 358 bytes (1 switches on core 0)
Dec 06 14:02:42 user devstack@n-api.service[65183]: DEBUG nova.api.openstack.wsgi [None req-fe01d80f-4ebc-4381-b9eb-2589a3030a87 admin admin] Calling method '>' {{(pid=65183) _process_stack /opt/stack/nova/nova/api/openstack/wsgi.py:513}}
Dec 06 14:02:42 user devstack@n-api.service[65183]: INFO nova.api.openstack.requestlog [None req-fe01d80f-4ebc-4381-b9eb-2589a3030a87 admin admin] 10.0.0.210 "GET /compute/v2.1" status: 200 len: 387 microversion: 2.1 time: 0.001530
Dec 06 14:02:42 user devstack@n-api.service[65183]: [pid: 65183|app: 0|req: 10/30] 10.0.0.210 () {54 vars in 925 bytes} [Wed Dec 6 14:02:42 2023] GET /compute/v2.1 => generated 387 bytes in 2 msecs (HTTP/1.1 200) 9 headers in 357 bytes (1 switches on core 0)
Dec 06 14:02:42 user devstack@n-api.service[65184]: DEBUG nova.api.openstack.wsgi [None req-9eda2596-8181-438e-82cd-32fb4ea46a77 admin admin] Action: 'create', calling method: >, body: {"flavor": {"vcpus": 4, "disk": 80, "name": "m1.large", "swap": 0, "id": "4", "OS-FLV-EXT-DATA:ephemeral": 0, "ram": 8192, "os-flavor-access:is_public": true, "rxtx_factor": 1.0}} {{(pid=65184) _process_stack /opt/stack/nova/nova/api/openstack/wsgi.py:511}}
Dec 06 14:02:42 user devstack@n-api.service[65184]: INFO nova.api.openstack.requestlog [None req-9eda2596-8181-438e-82cd-32fb4ea46a77 admin admin] 10.0.0.210 "POST /compute/v2.1/flavors" status: 200 len: 403 microversion: 2.61 time: 0.068280
Dec 06 14:02:42 user devstack@n-api.service[65184]: [pid: 65184|app: 0|req: 10/31] 10.0.0.210 () {64 vars in 1277 bytes} [Wed Dec 6 14:02:42 2023] POST /compute/v2.1/flavors => generated 403 bytes in 70 msecs (HTTP/1.1 200) 9 headers in 359 bytes (1 switches on core 0)
Dec 06 14:02:42 user devstack@n-api.service[65185]: DEBUG nova.api.openstack.wsgi [None req-75128091-a0f0-4229-8ee6-9647ccc0f500 admin admin] Action: 'create', calling method: >, body: {"extra_specs": {"hw_rng:allowed": "True"}} {{(pid=65185) _process_stack /opt/stack/nova/nova/api/openstack/wsgi.py:511}}
Dec 06 14:02:42 user devstack@n-api.service[65185]: INFO nova.api.openstack.requestlog [None req-75128091-a0f0-4229-8ee6-9647ccc0f500 admin admin] 10.0.0.210 "POST /compute/v2.1/flavors/4/os-extra_specs" status: 200 len: 43 microversion: 2.61 time: 0.026276
Dec 06 14:02:42 user devstack@n-api.service[65185]: [pid: 65185|app: 0|req: 12/32] 10.0.0.210 () {64 vars in 1327 bytes} [Wed Dec 6 14:02:42 2023] POST /compute/v2.1/flavors/4/os-extra_specs => generated 43 bytes in 28 msecs (HTTP/1.1 200) 9 headers in 358 bytes (1 switches on core 0)
