Jul 31 18:29:21 user devstack@keystone.service[44107]: DEBUG keystone.server.flask.request_processing.middleware.auth_context [None req-74dd4208-730c-45a0-9beb-ff4f3f5b2c96 None admin] Validating token access rules against request {{(pid=44107) validate_allowed_request /usr/local/lib/python3.10/dist-packages/keystonemiddleware/auth_token/__init__.py:544}}
Jul 31 18:29:21 user devstack@keystone.service[44107]: DEBUG dbcounter [-] [44107] Writing DB stats keystone:SELECT=100 {{(pid=44107) stat_writer /usr/local/lib/python3.10/dist-packages/dbcounter.py:117}}
Jul 31 18:29:21 user devstack@keystone.service[44106]: [pid: 44106|app: 0|req: 27/82] 10.0.0.210 () {58 vars in 1434 bytes} [Mon Jul 31 18:29:21 2023] PUT /identity/v3/projects/ccee2b910b7f48489e753366b6d03c81/users/b5e36c63c8f34243b5f759a462a963df/roles/a446630fe961463290d4734b3f4a0a2f => generated 0 bytes in 178 msecs (HTTP/1.1 204) 3 headers in 132 bytes (0 switches on core 0)
Jul 31 18:29:21 user devstack@keystone.service[44105]: DEBUG keystone.server.flask.request_processing.middleware.auth_context [None req-55d01b60-9045-4aab-b7fb-4b947c6e535d None admin] Validating token access rules against request {{(pid=44105) validate_allowed_request /usr/local/lib/python3.10/dist-packages/keystonemiddleware/auth_token/__init__.py:544}}
Jul 31 18:29:21 user devstack@keystone.service[44107]: DEBUG keystone.server.flask.request_processing.middleware.auth_context [None req-d8d87e89-e553-4e26-af14-4c6614b2cc27 None admin] RBAC: auth_context: {'token': , 'domain_id': None, 'trust_id': None, 'trustor_id': None, 'trustee_id': None, 'domain_name': None, 'group_ids': [], 'user_id': 'b5e36c63c8f34243b5f759a462a963df', 'user_domain_id': 'default', 'system_scope': 'all', 'project_id': None, 'project_domain_id': None, 'roles': ['admin', 'member', 'reader'], 'is_admin_project': True, 'service_user_id': None, 'service_user_domain_id': None, 'service_project_id': None, 'service_project_domain_id': None, 'service_roles': []} {{(pid=44107) fill_context /opt/stack/keystone/keystone/server/flask/request_processing/middleware/auth_context.py:480}}
Jul 31 18:29:21 user devstack@keystone.service[44107]: DEBUG keystone.server.flask.request_processing.req_logging [None req-d8d87e89-e553-4e26-af14-4c6614b2cc27 None admin] REQUEST_METHOD: `PUT` {{(pid=44107) log_request_info /opt/stack/keystone/keystone/server/flask/request_processing/req_logging.py:27}}
Jul 31 18:29:21 user devstack@keystone.service[44107]: DEBUG keystone.server.flask.request_processing.req_logging [None req-d8d87e89-e553-4e26-af14-4c6614b2cc27 None admin] SCRIPT_NAME: `/identity` {{(pid=44107) log_request_info /opt/stack/keystone/keystone/server/flask/request_processing/req_logging.py:28}}
Jul 31 18:29:21 user devstack@keystone.service[44107]: DEBUG keystone.server.flask.request_processing.req_logging [None req-d8d87e89-e553-4e26-af14-4c6614b2cc27 None admin] PATH_INFO: `/v3/projects/ccee2b910b7f48489e753366b6d03c81/users/62bc6c91ffd045a89520c6cdd28e3c78/roles/5673ba5568184a0aacf35c84074f8b71` {{(pid=44107) log_request_info /opt/stack/keystone/keystone/server/flask/request_processing/req_logging.py:29}}
Jul 31 18:29:21 user devstack@keystone.service[44107]: DEBUG keystone.common.rbac_enforcer.enforcer [None req-d8d87e89-e553-4e26-af14-4c6614b2cc27 None admin] RBAC: Authorizing `identity:create_grant(project_id=ccee2b910b7f48489e753366b6d03c81, user_id=62bc6c91ffd045a89520c6cdd28e3c78, role_id=5673ba5568184a0aacf35c84074f8b71)` {{(pid=44107) enforce_call /opt/stack/keystone/keystone/common/rbac_enforcer/enforcer.py:449}}
Jul 31 18:29:21 user devstack@keystone.service[44107]: DEBUG keystone.common.rbac_enforcer.enforcer [None req-d8d87e89-e553-4e26-af14-4c6614b2cc27 None admin] RBAC: Authorization granted {{(pid=44107) enforce_call /opt/stack/keystone/keystone/common/rbac_enforcer/enforcer.py:457}}
Jul 31 18:29:21 user devstack@keystone.service[44105]: DEBUG keystone.server.flask.request_processing.middleware.auth_context [None req-f954a4a5-6af7-48ad-b34e-3c66d4e0d8f2 None admin] RBAC: auth_context: {'token': , 'domain_id': None, 'trust_id': None, 'trustor_id': None, 'trustee_id': None, 'domain_name': None, 'group_ids': [], 'user_id': 'b5e36c63c8f34243b5f759a462a963df', 'user_domain_id': 'default', 'system_scope': 'all', 'project_id': None, 'project_domain_id': None, 'roles': ['admin', 'member', 'reader'], 'is_admin_project': True, 'service_user_id': None, 'service_user_domain_id': None, 'service_project_id': None, 'service_project_domain_id': None, 'service_roles': []} {{(pid=44105) fill_context /opt/stack/keystone/keystone/server/flask/request_processing/middleware/auth_context.py:480}}
Jul 31 18:29:21 user devstack@keystone.service[44105]: DEBUG keystone.server.flask.request_processing.req_logging [None req-f954a4a5-6af7-48ad-b34e-3c66d4e0d8f2 None admin] REQUEST_METHOD: `GET` {{(pid=44105) log_request_info /opt/stack/keystone/keystone/server/flask/request_processing/req_logging.py:27}}
Jul 31 18:29:21 user devstack@keystone.service[44105]: DEBUG keystone.server.flask.request_processing.req_logging [None req-f954a4a5-6af7-48ad-b34e-3c66d4e0d8f2 None admin] SCRIPT_NAME: `/identity` {{(pid=44105) log_request_info /opt/stack/keystone/keystone/server/flask/request_processing/req_logging.py:28}}
Jul 31 18:29:21 user devstack@keystone.service[44105]: DEBUG keystone.server.flask.request_processing.req_logging [None req-f954a4a5-6af7-48ad-b34e-3c66d4e0d8f2 None admin] PATH_INFO: `/v3/users/62bc6c91ffd045a89520c6cdd28e3c78` {{(pid=44105) log_request_info /opt/stack/keystone/keystone/server/flask/request_processing/req_logging.py:29}}
Jul 31 18:29:21 user devstack@keystone.service[44105]: DEBUG keystone.common.rbac_enforcer.enforcer [None req-f954a4a5-6af7-48ad-b34e-3c66d4e0d8f2 None admin] RBAC: Authorizing `identity:get_user(user_id=62bc6c91ffd045a89520c6cdd28e3c78)` {{(pid=44105) enforce_call /opt/stack/keystone/keystone/common/rbac_enforcer/enforcer.py:449}}
Jul 31 18:29:21 user devstack@keystone.service[44105]: DEBUG keystone.common.rbac_enforcer.enforcer [None req-f954a4a5-6af7-48ad-b34e-3c66d4e0d8f2 None admin] RBAC: Authorization granted {{(pid=44105) enforce_call /opt/stack/keystone/keystone/common/rbac_enforcer/enforcer.py:457}}
Jul 31 18:29:21 user devstack@keystone.service[44105]: [pid: 44105|app: 0|req: 27/83] 10.0.0.210 () {56 vars in 1172 bytes} [Mon Jul 31 18:29:21 2023] GET /identity/v3/users/62bc6c91ffd045a89520c6cdd28e3c78 => generated 274 bytes in 221 msecs (HTTP/1.1 200) 5 headers in 177 bytes (1 switches on core 0)
Jul 31 18:29:21 user devstack@keystone.service[44106]: DEBUG keystone.server.flask.request_processing.middleware.auth_context [None req-8c9ab63f-4fb6-47df-a2b3-9b9a4425c4b1 None admin] Authenticating user token {{(pid=44106) process_request /usr/local/lib/python3.10/dist-packages/keystonemiddleware/auth_token/__init__.py:406}}
Jul 31 18:29:21 user devstack@keystone.service[44107]: [pid: 44107|app: 0|req: 30/84] 10.0.0.210 () {58 vars in 1434 bytes} [Mon Jul 31 18:29:21 2023] PUT /identity/v3/projects/ccee2b910b7f48489e753366b6d03c81/users/62bc6c91ffd045a89520c6cdd28e3c78/roles/5673ba5568184a0aacf35c84074f8b71 => generated 0 bytes in 232 msecs (HTTP/1.1 204) 3 headers in 132 bytes (0 switches on core 0)
Jul 31 18:29:21 user devstack@keystone.service[44106]: DEBUG keystone.server.flask.request_processing.middleware.auth_context [None req-8c9ab63f-4fb6-47df-a2b3-9b9a4425c4b1 None admin] Validating token access rules against request {{(pid=44106) validate_allowed_request /usr/local/lib/python3.10/dist-packages/keystonemiddleware/auth_token/__init__.py:544}}
Jul 31 18:29:22 user devstack@keystone.service[44106]: DEBUG keystone.server.flask.request_processing.middleware.auth_context [None req-72867af5-32db-4bed-b8f5-12ea6f2a4eca None admin] RBAC: auth_context: {'token': , 'domain_id': None, 'trust_id': None, 'trustor_id': None, 'trustee_id': None, 'domain_name': None, 'group_ids': [], 'user_id': 'b5e36c63c8f34243b5f759a462a963df', 'user_domain_id': 'default', 'system_scope': 'all', 'project_id': None, 'project_domain_id': None, 'roles': ['admin', 'member', 'reader'], 'is_admin_project': True, 'service_user_id': None, 'service_user_domain_id': None, 'service_project_id': None, 'service_project_domain_id': None, 'service_roles': []} {{(pid=44106) fill_context /opt/stack/keystone/keystone/server/flask/request_processing/middleware/auth_context.py:480}}
Jul 31 18:29:22 user devstack@keystone.service[44106]: DEBUG keystone.server.flask.request_processing.req_logging [None req-72867af5-32db-4bed-b8f5-12ea6f2a4eca None admin] REQUEST_METHOD: `GET` {{(pid=44106) log_request_info /opt/stack/keystone/keystone/server/flask/request_processing/req_logging.py:27}}
Jul 31 18:29:22 user devstack@keystone.service[44106]: DEBUG keystone.server.flask.request_processing.req_logging [None req-72867af5-32db-4bed-b8f5-12ea6f2a4eca None admin] SCRIPT_NAME: `/identity` {{(pid=44106) log_request_info /opt/stack/keystone/keystone/server/flask/request_processing/req_logging.py:28}}
Jul 31 18:29:22 user devstack@keystone.service[44106]: DEBUG keystone.server.flask.request_processing.req_logging [None req-72867af5-32db-4bed-b8f5-12ea6f2a4eca None admin] PATH_INFO: `/v3/projects/19106e47987a413d91a9bdbc60784384` {{(pid=44106) log_request_info /opt/stack/keystone/keystone/server/flask/request_processing/req_logging.py:29}}
Jul 31 18:29:22 user devstack@keystone.service[44106]: DEBUG keystone.common.rbac_enforcer.enforcer [None req-72867af5-32db-4bed-b8f5-12ea6f2a4eca None admin] RBAC: Authorizing `identity:get_project(project_id=19106e47987a413d91a9bdbc60784384)` {{(pid=44106) enforce_call /opt/stack/keystone/keystone/common/rbac_enforcer/enforcer.py:449}}
Jul 31 18:29:22 user devstack@keystone.service[44106]: DEBUG keystone.common.rbac_enforcer.enforcer [None req-72867af5-32db-4bed-b8f5-12ea6f2a4eca None admin] RBAC: Authorization granted {{(pid=44106) enforce_call /opt/stack/keystone/keystone/common/rbac_enforcer/enforcer.py:457}}
Jul 31 18:29:22 user devstack@keystone.service[44106]: [pid: 44106|app: 0|req: 28/85] 10.0.0.210 () {56 vars in 1181 bytes} [Mon Jul 31 18:29:21 2023] GET /identity/v3/projects/19106e47987a413d91a9bdbc60784384 => generated 311 bytes in 167 msecs (HTTP/1.1 200) 5 headers in 177 bytes (1 switches on core 0)
Jul 31 18:29:22 user devstack@keystone.service[44105]: DEBUG keystone.server.flask.request_processing.middleware.auth_context [None req-f954a4a5-6af7-48ad-b34e-3c66d4e0d8f2 None admin] Authenticating user token {{(pid=44105) process_request /usr/local/lib/python3.10/dist-packages/keystonemiddleware/auth_token/__init__.py:406}}
Jul 31 18:29:22 user devstack@keystone.service[44105]: DEBUG dbcounter [-] [44105] Writing DB stats keystone:SELECT=100 {{(pid=44105) stat_writer /usr/local/lib/python3.10/dist-packages/dbcounter.py:117}}
Jul 31 18:29:22 user devstack@keystone.service[44105]: DEBUG keystone.server.flask.request_processing.middleware.auth_context [None req-f954a4a5-6af7-48ad-b34e-3c66d4e0d8f2 None admin] Validating token access rules against request {{(pid=44105) validate_allowed_request /usr/local/lib/python3.10/dist-packages/keystonemiddleware/auth_token/__init__.py:544}}
Jul 31 18:29:22 user devstack@keystone.service[44105]: DEBUG keystone.server.flask.request_processing.middleware.auth_context [None req-2b00ab8b-8858-40f8-be36-ba1039717cfe None admin] RBAC: auth_context: {'token': , 'domain_id': None, 'trust_id': None, 'trustor_id': None, 'trustee_id': None, 'domain_name': None, 'group_ids': [], 'user_id': 'b5e36c63c8f34243b5f759a462a963df', 'user_domain_id': 'default', 'system_scope': 'all', 'project_id': None, 'project_domain_id': None, 'roles': ['admin', 'member', 'reader'], 'is_admin_project': True, 'service_user_id': None, 'service_user_domain_id': None, 'service_project_id': None, 'service_project_domain_id': None, 'service_roles': []} {{(pid=44105) fill_context /opt/stack/keystone/keystone/server/flask/request_processing/middleware/auth_context.py:480}}
Jul 31 18:29:22 user devstack@keystone.service[44105]: DEBUG keystone.server.flask.request_processing.req_logging [None req-2b00ab8b-8858-40f8-be36-ba1039717cfe None admin] REQUEST_METHOD: `PUT` {{(pid=44105) log_request_info /opt/stack/keystone/keystone/server/flask/request_processing/req_logging.py:27}}
Jul 31 18:29:22 user devstack@keystone.service[44105]: DEBUG keystone.server.flask.request_processing.req_logging [None req-2b00ab8b-8858-40f8-be36-ba1039717cfe None admin] SCRIPT_NAME: `/identity` {{(pid=44105) log_request_info /opt/stack/keystone/keystone/server/flask/request_processing/req_logging.py:28}}
Jul 31 18:29:22 user devstack@keystone.service[44105]: DEBUG keystone.server.flask.request_processing.req_logging [None req-2b00ab8b-8858-40f8-be36-ba1039717cfe None admin] PATH_INFO: `/v3/projects/19106e47987a413d91a9bdbc60784384/users/62bc6c91ffd045a89520c6cdd28e3c78/roles/06108d2ae864490bbd557b45986226dd` {{(pid=44105) log_request_info /opt/stack/keystone/keystone/server/flask/request_processing/req_logging.py:29}}
Jul 31 18:29:22 user devstack@keystone.service[44105]: DEBUG keystone.common.rbac_enforcer.enforcer [None req-2b00ab8b-8858-40f8-be36-ba1039717cfe None admin] RBAC: Authorizing `identity:create_grant(project_id=19106e47987a413d91a9bdbc60784384, user_id=62bc6c91ffd045a89520c6cdd28e3c78, role_id=06108d2ae864490bbd557b45986226dd)` {{(pid=44105) enforce_call /opt/stack/keystone/keystone/common/rbac_enforcer/enforcer.py:449}}
Jul 31 18:29:22 user devstack@keystone.service[44105]: DEBUG keystone.common.rbac_enforcer.enforcer [None req-2b00ab8b-8858-40f8-be36-ba1039717cfe None admin] RBAC: Authorization granted {{(pid=44105) enforce_call /opt/stack/keystone/keystone/common/rbac_enforcer/enforcer.py:457}}
Jul 31 18:29:22 user devstack@keystone.service[44105]: [pid: 44105|app: 0|req: 28/86] 10.0.0.210 () {58 vars in 1434 bytes} [Mon Jul 31 18:29:22 2023] PUT /identity/v3/projects/19106e47987a413d91a9bdbc60784384/users/62bc6c91ffd045a89520c6cdd28e3c78/roles/06108d2ae864490bbd557b45986226dd => generated 0 bytes in 159 msecs (HTTP/1.1 204) 3 headers in 132 bytes (0 switches on core 0)
Jul 31 18:29:23 user devstack@keystone.service[44107]: DEBUG keystone.server.flask.request_processing.req_logging [None req-0bbd8d3d-1903-40c8-a5b7-7dbdc921df2f None None] REQUEST_METHOD: `GET` {{(pid=44107) log_request_info /opt/stack/keystone/keystone/server/flask/request_processing/req_logging.py:27}}
Jul 31 18:29:23 user devstack@keystone.service[44107]: DEBUG keystone.server.flask.request_processing.req_logging [None req-0bbd8d3d-1903-40c8-a5b7-7dbdc921df2f None None] SCRIPT_NAME: `/identity` {{(pid=44107) log_request_info /opt/stack/keystone/keystone/server/flask/request_processing/req_logging.py:28}}
Jul 31 18:29:23 user devstack@keystone.service[44107]: DEBUG keystone.server.flask.request_processing.req_logging [None req-0bbd8d3d-1903-40c8-a5b7-7dbdc921df2f None None] PATH_INFO: `/` {{(pid=44107) log_request_info /opt/stack/keystone/keystone/server/flask/request_processing/req_logging.py:29}}
Jul 31 18:29:23 user devstack@keystone.service[44107]: [pid: 44107|app: 0|req: 31/87] 10.0.0.210 () {54 vars in 921 bytes} [Mon Jul 31 18:29:23 2023] GET /identity => generated 269 bytes in 3 msecs (HTTP/1.1 300) 6 headers in 233 bytes (1 switches on core 0)
Jul 31 18:29:23 user devstack@keystone.service[44106]: DEBUG keystone.server.flask.request_processing.req_logging [None req-0cbcb2f7-8f17-4e8f-b9d1-0df171c63084 None None] REQUEST_METHOD: `POST` {{(pid=44106) log_request_info /opt/stack/keystone/keystone/server/flask/request_processing/req_logging.py:27}}
Jul 31 18:29:23 user devstack@keystone.service[44106]: DEBUG keystone.server.flask.request_processing.req_logging [None req-0cbcb2f7-8f17-4e8f-b9d1-0df171c63084 None None] SCRIPT_NAME: `/identity` {{(pid=44106) log_request_info /opt/stack/keystone/keystone/server/flask/request_processing/req_logging.py:28}}
Jul 31 18:29:23 user devstack@keystone.service[44106]: DEBUG keystone.server.flask.request_processing.req_logging [None req-0cbcb2f7-8f17-4e8f-b9d1-0df171c63084 None None] PATH_INFO: `/v3/auth/tokens` {{(pid=44106) log_request_info /opt/stack/keystone/keystone/server/flask/request_processing/req_logging.py:29}}
Jul 31 18:29:23 user devstack@keystone.service[44106]: WARNING keystone.common.password_hashing [None req-0cbcb2f7-8f17-4e8f-b9d1-0df171c63084 None None] Truncating password to algorithm specific maximum length 54 characters.
Jul 31 18:29:23 user devstack@keystone.service[44106]: DEBUG keystone.auth.core [None req-0cbcb2f7-8f17-4e8f-b9d1-0df171c63084 None None] MFA Rules not processed for user `b5e36c63c8f34243b5f759a462a963df`. Rule list: `[]` (Enabled: `True`). {{(pid=44106) check_auth_methods_against_rules /opt/stack/keystone/keystone/auth/core.py:438}}
Jul 31 18:29:23 user devstack@keystone.service[44106]: DEBUG keystone.common.fernet_utils [None req-0cbcb2f7-8f17-4e8f-b9d1-0df171c63084 None None] Loaded 2 Fernet keys from /etc/keystone/fernet-keys/, but `[fernet_tokens] max_active_keys = 3`; perhaps there have not been enough key rotations to reach `max_active_keys` yet? {{(pid=44106) load_keys /opt/stack/keystone/keystone/common/fernet_utils.py:286}}
Jul 31 18:29:23 user devstack@keystone.service[44106]: DEBUG dbcounter [-] [44106] Writing DB stats keystone:SELECT=99,keystone:INSERT=1 {{(pid=44106) stat_writer /usr/local/lib/python3.10/dist-packages/dbcounter.py:117}}
Jul 31 18:29:23 user devstack@keystone.service[44106]: [pid: 44106|app: 0|req: 29/88] 10.0.0.210 () {58 vars in 1018 bytes} [Mon Jul 31 18:29:23 2023] POST /identity/v3/auth/tokens => generated 798 bytes in 79 msecs (HTTP/1.1 201) 6 headers in 363 bytes (1 switches on core 0)
Jul 31 18:29:23 user devstack@keystone.service[44105]: DEBUG keystone.server.flask.request_processing.middleware.auth_context [None req-2b00ab8b-8858-40f8-be36-ba1039717cfe None admin] Authenticating user token {{(pid=44105) process_request /usr/local/lib/python3.10/dist-packages/keystonemiddleware/auth_token/__init__.py:406}}
Jul 31 18:29:23 user devstack@keystone.service[44107]: DEBUG keystone.server.flask.request_processing.req_logging [None req-5db3e1d5-ce1f-4a6a-8221-6d20d1fe4f7f None None] REQUEST_METHOD: `GET` {{(pid=44107) log_request_info /opt/stack/keystone/keystone/server/flask/request_processing/req_logging.py:27}}
Jul 31 18:29:23 user devstack@keystone.service[44107]: DEBUG keystone.server.flask.request_processing.req_logging [None req-5db3e1d5-ce1f-4a6a-8221-6d20d1fe4f7f None None] SCRIPT_NAME: `/identity` {{(pid=44107) log_request_info /opt/stack/keystone/keystone/server/flask/request_processing/req_logging.py:28}}
Jul 31 18:29:23 user devstack@keystone.service[44107]: DEBUG keystone.server.flask.request_processing.req_logging [None req-5db3e1d5-ce1f-4a6a-8221-6d20d1fe4f7f None None] PATH_INFO: `/` {{(pid=44107) log_request_info /opt/stack/keystone/keystone/server/flask/request_processing/req_logging.py:29}}
Jul 31 18:29:23 user devstack@keystone.service[44107]: [pid: 44107|app: 0|req: 32/89] 10.0.0.210 () {54 vars in 921 bytes} [Mon Jul 31 18:29:23 2023] GET /identity => generated 269 bytes in 2 msecs (HTTP/1.1 300) 6 headers in 233 bytes (1 switches on core 0)
Jul 31 18:29:23 user devstack@keystone.service[44106]: DEBUG keystone.server.flask.request_processing.req_logging [None req-2ce19e7f-7c7e-4fce-be16-287a559f1abb None None] REQUEST_METHOD: `POST` {{(pid=44106) log_request_info /opt/stack/keystone/keystone/server/flask/request_processing/req_logging.py:27}}
Jul 31 18:29:23 user devstack@keystone.service[44106]: DEBUG keystone.server.flask.request_processing.req_logging [None req-2ce19e7f-7c7e-4fce-be16-287a559f1abb None None] SCRIPT_NAME: `/identity` {{(pid=44106) log_request_info /opt/stack/keystone/keystone/server/flask/request_processing/req_logging.py:28}}
Jul 31 18:29:23 user devstack@keystone.service[44106]: DEBUG keystone.server.flask.request_processing.req_logging [None req-2ce19e7f-7c7e-4fce-be16-287a559f1abb None None] PATH_INFO: `/v3/auth/tokens` {{(pid=44106) log_request_info /opt/stack/keystone/keystone/server/flask/request_processing/req_logging.py:29}}
Jul 31 18:29:23 user devstack@keystone.service[44106]: WARNING keystone.common.password_hashing [None req-2ce19e7f-7c7e-4fce-be16-287a559f1abb None None] Truncating password to algorithm specific maximum length 54 characters.
Jul 31 18:29:23 user devstack@keystone.service[44106]: DEBUG keystone.auth.core [None req-2ce19e7f-7c7e-4fce-be16-287a559f1abb None None] MFA Rules not processed for user `b5e36c63c8f34243b5f759a462a963df`. Rule list: `[]` (Enabled: `True`). {{(pid=44106) check_auth_methods_against_rules /opt/stack/keystone/keystone/auth/core.py:438}}
Jul 31 18:29:23 user devstack@keystone.service[44106]: DEBUG keystone.common.fernet_utils [None req-2ce19e7f-7c7e-4fce-be16-287a559f1abb None None] Loaded 2 Fernet keys from /etc/keystone/fernet-keys/, but `[fernet_tokens] max_active_keys = 3`; perhaps there have not been enough key rotations to reach `max_active_keys` yet? {{(pid=44106) load_keys /opt/stack/keystone/keystone/common/fernet_utils.py:286}}
Jul 31 18:29:23 user devstack@keystone.service[44107]: DEBUG keystone.server.flask.request_processing.req_logging [None req-16f58446-c233-47d2-93f1-a20da6696a41 None None] REQUEST_METHOD: `GET` {{(pid=44107) log_request_info /opt/stack/keystone/keystone/server/flask/request_processing/req_logging.py:27}}
Jul 31 18:29:23 user devstack@keystone.service[44107]: DEBUG keystone.server.flask.request_processing.req_logging [None req-16f58446-c233-47d2-93f1-a20da6696a41 None None] SCRIPT_NAME: `/identity` {{(pid=44107) log_request_info /opt/stack/keystone/keystone/server/flask/request_processing/req_logging.py:28}}
Jul 31 18:29:23 user devstack@keystone.service[44107]: DEBUG keystone.server.flask.request_processing.req_logging [None req-16f58446-c233-47d2-93f1-a20da6696a41 None None] PATH_INFO: `/` {{(pid=44107) log_request_info /opt/stack/keystone/keystone/server/flask/request_processing/req_logging.py:29}}
Jul 31 18:29:23 user devstack@keystone.service[44107]: [pid: 44107|app: 0|req: 33/90] 10.0.0.210 () {54 vars in 921 bytes} [Mon Jul 31 18:29:23 2023] GET /identity => generated 269 bytes in 5 msecs (HTTP/1.1 300) 6 headers in 233 bytes (1 switches on core 0)
Jul 31 18:29:23 user devstack@keystone.service[44107]: DEBUG keystone.server.flask.request_processing.req_logging [None req-d535e9d4-c4e7-4574-9439-9aa89fb8f7ec None None] REQUEST_METHOD: `POST` {{(pid=44107) log_request_info /opt/stack/keystone/keystone/server/flask/request_processing/req_logging.py:27}}
Jul 31 18:29:23 user devstack@keystone.service[44107]: DEBUG keystone.server.flask.request_processing.req_logging [None req-d535e9d4-c4e7-4574-9439-9aa89fb8f7ec None None] SCRIPT_NAME: `/identity` {{(pid=44107) log_request_info /opt/stack/keystone/keystone/server/flask/request_processing/req_logging.py:28}}
Jul 31 18:29:23 user devstack@keystone.service[44107]: DEBUG keystone.server.flask.request_processing.req_logging [None req-d535e9d4-c4e7-4574-9439-9aa89fb8f7ec None None] PATH_INFO: `/v3/auth/tokens` {{(pid=44107) log_request_info /opt/stack/keystone/keystone/server/flask/request_processing/req_logging.py:29}}
Jul 31 18:29:23 user devstack@keystone.service[44105]: DEBUG keystone.server.flask.request_processing.middleware.auth_context [None req-2b00ab8b-8858-40f8-be36-ba1039717cfe None admin] Validating token access rules against request {{(pid=44105) validate_allowed_request /usr/local/lib/python3.10/dist-packages/keystonemiddleware/auth_token/__init__.py:544}}
Jul 31 18:29:23 user devstack@keystone.service[44106]: [pid: 44106|app: 0|req: 30/91] 10.0.0.210 () {58 vars in 1018 bytes} [Mon Jul 31 18:29:23 2023] POST /identity/v3/auth/tokens => generated 798 bytes in 96 msecs (HTTP/1.1 201) 6 headers in 363 bytes (1 switches on core 0)
Jul 31 18:29:23 user devstack@keystone.service[44107]: WARNING keystone.common.password_hashing [None req-d535e9d4-c4e7-4574-9439-9aa89fb8f7ec None None] Truncating password to algorithm specific maximum length 54 characters.
Jul 31 18:29:23 user devstack@keystone.service[44106]: DEBUG keystone.server.flask.request_processing.req_logging [None req-d4f59e59-e90f-4294-95fe-e5d876831606 None None] REQUEST_METHOD: `GET` {{(pid=44106) log_request_info /opt/stack/keystone/keystone/server/flask/request_processing/req_logging.py:27}}
Jul 31 18:29:23 user devstack@keystone.service[44106]: DEBUG keystone.server.flask.request_processing.req_logging [None req-d4f59e59-e90f-4294-95fe-e5d876831606 None None] SCRIPT_NAME: `/identity` {{(pid=44106) log_request_info /opt/stack/keystone/keystone/server/flask/request_processing/req_logging.py:28}}
Jul 31 18:29:23 user devstack@keystone.service[44106]: DEBUG keystone.server.flask.request_processing.req_logging [None req-d4f59e59-e90f-4294-95fe-e5d876831606 None None] PATH_INFO: `/` {{(pid=44106) log_request_info /opt/stack/keystone/keystone/server/flask/request_processing/req_logging.py:29}}
Jul 31 18:29:23 user devstack@keystone.service[44106]: [pid: 44106|app: 0|req: 31/92] 10.0.0.210 () {54 vars in 921 bytes} [Mon Jul 31 18:29:23 2023] GET /identity => generated 269 bytes in 4 msecs (HTTP/1.1 300) 6 headers in 233 bytes (1 switches on core 0)
Jul 31 18:29:23 user devstack@keystone.service[44107]: DEBUG keystone.auth.core [None req-d535e9d4-c4e7-4574-9439-9aa89fb8f7ec None None] MFA Rules not processed for user `b5e36c63c8f34243b5f759a462a963df`. Rule list: `[]` (Enabled: `True`). {{(pid=44107) check_auth_methods_against_rules /opt/stack/keystone/keystone/auth/core.py:438}}
Jul 31 18:29:23 user devstack@keystone.service[44107]: DEBUG keystone.common.fernet_utils [None req-d535e9d4-c4e7-4574-9439-9aa89fb8f7ec None None] Loaded 2 Fernet keys from /etc/keystone/fernet-keys/, but `[fernet_tokens] max_active_keys = 3`; perhaps there have not been enough key rotations to reach `max_active_keys` yet? {{(pid=44107) load_keys /opt/stack/keystone/keystone/common/fernet_utils.py:286}}
Jul 31 18:29:23 user devstack@keystone.service[44106]: DEBUG keystone.server.flask.request_processing.req_logging [None req-99d7c0a1-6ceb-4f4d-ab56-69ff6d284ebd None None] REQUEST_METHOD: `POST` {{(pid=44106) log_request_info /opt/stack/keystone/keystone/server/flask/request_processing/req_logging.py:27}}
Jul 31 18:29:23 user devstack@keystone.service[44106]: DEBUG keystone.server.flask.request_processing.req_logging [None req-99d7c0a1-6ceb-4f4d-ab56-69ff6d284ebd None None] SCRIPT_NAME: `/identity` {{(pid=44106) log_request_info /opt/stack/keystone/keystone/server/flask/request_processing/req_logging.py:28}}
Jul 31 18:29:23 user devstack@keystone.service[44106]: DEBUG keystone.server.flask.request_processing.req_logging [None req-99d7c0a1-6ceb-4f4d-ab56-69ff6d284ebd None None] PATH_INFO: `/v3/auth/tokens` {{(pid=44106) log_request_info /opt/stack/keystone/keystone/server/flask/request_processing/req_logging.py:29}}
Jul 31 18:29:23 user devstack@keystone.service[44105]: DEBUG keystone.server.flask.request_processing.middleware.auth_context [None req-52eb2c52-88eb-4907-8a08-26a3335ba70f None admin] RBAC: auth_context: {'token': , 'domain_id': None, 'trust_id': None, 'trustor_id': None, 'trustee_id': None, 'domain_name': None, 'group_ids': [], 'user_id': 'b5e36c63c8f34243b5f759a462a963df', 'user_domain_id': 'default', 'system_scope': 'all', 'project_id': None, 'project_domain_id': None, 'roles': ['admin', 'member', 'reader'], 'is_admin_project': True, 'service_user_id': None, 'service_user_domain_id': None, 'service_project_id': None, 'service_project_domain_id': None, 'service_roles': []} {{(pid=44105) fill_context /opt/stack/keystone/keystone/server/flask/request_processing/middleware/auth_context.py:480}}
Jul 31 18:29:23 user devstack@keystone.service[44105]: DEBUG keystone.server.flask.request_processing.req_logging [None req-52eb2c52-88eb-4907-8a08-26a3335ba70f None admin] REQUEST_METHOD: `GET` {{(pid=44105) log_request_info /opt/stack/keystone/keystone/server/flask/request_processing/req_logging.py:27}}
Jul 31 18:29:23 user devstack@keystone.service[44105]: DEBUG keystone.server.flask.request_processing.req_logging [None req-52eb2c52-88eb-4907-8a08-26a3335ba70f None admin] SCRIPT_NAME: `/identity` {{(pid=44105) log_request_info /opt/stack/keystone/keystone/server/flask/request_processing/req_logging.py:28}}
Jul 31 18:29:23 user devstack@keystone.service[44105]: DEBUG keystone.server.flask.request_processing.req_logging [None req-52eb2c52-88eb-4907-8a08-26a3335ba70f None admin] PATH_INFO: `/v3/roles/member` {{(pid=44105) log_request_info /opt/stack/keystone/keystone/server/flask/request_processing/req_logging.py:29}}
Jul 31 18:29:23 user devstack@keystone.service[44106]: WARNING keystone.common.password_hashing [None req-99d7c0a1-6ceb-4f4d-ab56-69ff6d284ebd None None] Truncating password to algorithm specific maximum length 54 characters.
Jul 31 18:29:23 user devstack@keystone.service[44106]: DEBUG keystone.auth.core [None req-99d7c0a1-6ceb-4f4d-ab56-69ff6d284ebd None None] MFA Rules not processed for user `b5e36c63c8f34243b5f759a462a963df`. Rule list: `[]` (Enabled: `True`). {{(pid=44106) check_auth_methods_against_rules /opt/stack/keystone/keystone/auth/core.py:438}}
Jul 31 18:29:23 user devstack@keystone.service[44106]: DEBUG keystone.common.fernet_utils [None req-99d7c0a1-6ceb-4f4d-ab56-69ff6d284ebd None None] Loaded 2 Fernet keys from /etc/keystone/fernet-keys/, but `[fernet_tokens] max_active_keys = 3`; perhaps there have not been enough key rotations to reach `max_active_keys` yet? {{(pid=44106) load_keys /opt/stack/keystone/keystone/common/fernet_utils.py:286}}
Jul 31 18:29:23 user devstack@keystone.service[44105]: DEBUG keystone.common.rbac_enforcer.enforcer [None req-52eb2c52-88eb-4907-8a08-26a3335ba70f None admin] Extracting inferred target data resulted in "NOT FOUND (404)". {{(pid=44105) enforce_call /opt/stack/keystone/keystone/common/rbac_enforcer/enforcer.py:409}}
Jul 31 18:29:23 user devstack@keystone.service[44105]: ERROR keystone.server.flask.application [None req-52eb2c52-88eb-4907-8a08-26a3335ba70f None admin] Could not find role: member.: keystone.exception.RoleNotFound: Could not find role: member.
Jul 31 18:29:23 user devstack@keystone.service[44105]: ERROR keystone.server.flask.application
Traceback (most recent call last):
Jul 31 18:29:23 user devstack@keystone.service[44105]: ERROR keystone.server.flask.application
File "/usr/local/lib/python3.10/dist-packages/flask/app.py", line 1823, in full_dispatch_request
Jul 31 18:29:23 user devstack@keystone.service[44105]: ERROR keystone.server.flask.application rv = self.dispatch_request()
Jul 31 18:29:23 user devstack@keystone.service[44105]: ERROR keystone.server.flask.application
File "/usr/local/lib/python3.10/dist-packages/flask/app.py", line 1799, in dispatch_request
Jul 31 18:29:23 user devstack@keystone.service[44105]: ERROR keystone.server.flask.application return self.ensure_sync(self.view_functions[rule.endpoint])(**view_args)
Jul 31 18:29:23 user devstack@keystone.service[44105]: ERROR keystone.server.flask.application
File "/usr/local/lib/python3.10/dist-packages/flask_restful/__init__.py", line 467, in wrapper
Jul 31 18:29:23 user devstack@keystone.service[44105]: ERROR keystone.server.flask.application resp = resource(*args, **kwargs)
Jul 31 18:29:23 user devstack@keystone.service[44105]: ERROR keystone.server.flask.application
File "/usr/local/lib/python3.10/dist-packages/flask/views.py", line 107, in view
Jul 31 18:29:23 user devstack@keystone.service[44105]: ERROR keystone.server.flask.application return current_app.ensure_sync(self.dispatch_request)(**kwargs)
Jul 31 18:29:23 user devstack@keystone.service[44105]: ERROR keystone.server.flask.application
File "/usr/local/lib/python3.10/dist-packages/flask_restful/__init__.py", line 582, in dispatch_request
Jul 31 18:29:23 user devstack@keystone.service[44105]: ERROR keystone.server.flask.application resp = meth(*args, **kwargs)
Jul 31 18:29:23 user devstack@keystone.service[44105]: ERROR keystone.server.flask.application
File "/opt/stack/keystone/keystone/api/roles.py", line 50, in get
Jul 31 18:29:23 user devstack@keystone.service[44105]: ERROR keystone.server.flask.application return self._get_role(role_id)
Jul 31 18:29:23 user devstack@keystone.service[44105]: ERROR keystone.server.flask.application
File "/opt/stack/keystone/keystone/api/roles.py", line 70, in _get_role
Jul 31 18:29:23 user devstack@keystone.service[44105]: ERROR keystone.server.flask.application ENFORCER.enforce_call(action='identity:get_role')
Jul 31 18:29:23 user devstack@keystone.service[44105]: ERROR keystone.server.flask.application
File "/opt/stack/keystone/keystone/common/rbac_enforcer/enforcer.py", line 402, in enforce_call
Jul 31 18:29:23 user devstack@keystone.service[44105]: ERROR keystone.server.flask.application policy_dict.update(cls._extract_member_target_data(
Jul 31 18:29:23 user devstack@keystone.service[44105]: ERROR keystone.server.flask.application
File "/opt/stack/keystone/keystone/common/rbac_enforcer/enforcer.py", line 234, in _extract_member_target_data
Jul 31 18:29:23 user devstack@keystone.service[44105]: ERROR keystone.server.flask.application member_name: func(flask.request.view_args[key])
Jul 31 18:29:23 user devstack@keystone.service[44105]: ERROR keystone.server.flask.application
File "/opt/stack/keystone/keystone/common/manager.py", line 115, in wrapped
Jul 31 18:29:23 user devstack@keystone.service[44105]: ERROR keystone.server.flask.application __ret_val = __f(*args, **kwargs)
Jul 31 18:29:23 user devstack@keystone.service[44105]: ERROR keystone.server.flask.application
File "/usr/local/lib/python3.10/dist-packages/decorator.py", line 232, in fun
Jul 31 18:29:23 user devstack@keystone.service[44105]: ERROR keystone.server.flask.application return caller(func, *(extras + args), **kw)
Jul 31 18:29:23 user devstack@keystone.service[44105]: ERROR keystone.server.flask.application
File "/usr/local/lib/python3.10/dist-packages/dogpile/cache/region.py", line 1577, in get_or_create_for_user_func
Jul 31 18:29:23 user devstack@keystone.service[44105]: ERROR keystone.server.flask.application return self.get_or_create(
Jul 31 18:29:23 user devstack@keystone.service[44105]: ERROR keystone.server.flask.application
File "/usr/local/lib/python3.10/dist-packages/dogpile/cache/region.py", line 1042, in get_or_create
Jul 31 18:29:23 user devstack@keystone.service[44105]: ERROR keystone.server.flask.application with Lock(
Jul 31 18:29:23 user devstack@keystone.service[44105]: ERROR keystone.server.flask.application
File "/usr/local/lib/python3.10/dist-packages/dogpile/lock.py", line 185, in __enter__
Jul 31 18:29:23 user devstack@keystone.service[44105]: ERROR keystone.server.flask.application return self._enter()
Jul 31 18:29:23 user devstack@keystone.service[44105]: ERROR keystone.server.flask.application
File "/usr/local/lib/python3.10/dist-packages/dogpile/lock.py", line 94, in _enter
Jul 31 18:29:23 user devstack@keystone.service[44105]: ERROR keystone.server.flask.application generated = self._enter_create(value, createdtime)
Jul 31 18:29:23 user devstack@keystone.service[44105]: ERROR keystone.server.flask.application
File "/usr/local/lib/python3.10/dist-packages/dogpile/lock.py", line 178, in _enter_create
Jul 31 18:29:23 user devstack@keystone.service[44105]: ERROR keystone.server.flask.application return self.creator()
Jul 31 18:29:23 user devstack@keystone.service[44105]: ERROR keystone.server.flask.application
File "/usr/local/lib/python3.10/dist-packages/dogpile/cache/region.py", line 995, in gen_value
Jul 31 18:29:23 user devstack@keystone.service[44105]: ERROR keystone.server.flask.application created_value = creator(
Jul 31 18:29:23 user devstack@keystone.service[44105]: ERROR keystone.server.flask.application
File "/opt/stack/keystone/keystone/assignment/core.py", line 1276, in get_role
Jul 31 18:29:23 user devstack@keystone.service[44105]: ERROR keystone.server.flask.application return self.driver.get_role(role_id)
Jul 31 18:29:23 user devstack@keystone.service[44105]: ERROR keystone.server.flask.application
File "/opt/stack/keystone/keystone/assignment/role_backends/sql.py", line 70, in get_role
Jul 31 18:29:23 user devstack@keystone.service[44105]: ERROR keystone.server.flask.application return self._get_role(session, role_id).to_dict()
Jul 31 18:29:23 user devstack@keystone.service[44105]: ERROR keystone.server.flask.application
File "/opt/stack/keystone/keystone/assignment/role_backends/sql.py", line 65, in _get_role
Jul 31 18:29:23 user devstack@keystone.service[44105]: ERROR keystone.server.flask.application raise exception.RoleNotFound(role_id=role_id)
Jul 31 18:29:23 user devstack@keystone.service[44105]: ERROR keystone.server.flask.application keystone.exception.RoleNotFound: Could not find role: member.
Jul 31 18:29:23 user devstack@keystone.service[44105]: ERROR keystone.server.flask.application
Jul 31 18:29:23 user devstack@keystone.service[44105]: [pid: 44105|app: 0|req: 29/93] 10.0.0.210 () {56 vars in 1094 bytes} [Mon Jul 31 18:29:23 2023] GET /identity/v3/roles/member => generated 84 bytes in 201 msecs (HTTP/1.1 404) 5 headers in 183 bytes (1 switches on core 0)
Jul 31 18:29:23 user devstack@keystone.service[44105]: DEBUG keystone.server.flask.request_processing.middleware.auth_context [None req-52eb2c52-88eb-4907-8a08-26a3335ba70f None admin] Authenticating user token {{(pid=44105) process_request /usr/local/lib/python3.10/dist-packages/keystonemiddleware/auth_token/__init__.py:406}}
Jul 31 18:29:23 user devstack@keystone.service[44105]: DEBUG dbcounter [-] [44105] Writing DB stats keystone:SELECT=99,keystone:INSERT=1 {{(pid=44105) stat_writer /usr/local/lib/python3.10/dist-packages/dbcounter.py:117}}
Jul 31 18:29:23 user devstack@keystone.service[44107]: [pid: 44107|app: 0|req: 34/94] 10.0.0.210 () {58 vars in 1018 bytes} [Mon Jul 31 18:29:23 2023] POST /identity/v3/auth/tokens => generated 798 bytes in 96 msecs (HTTP/1.1 201) 6 headers in 363 bytes (1 switches on core 0)
Jul 31 18:29:23 user devstack@keystone.service[44106]: [pid: 44106|app: 0|req: 32/95] 10.0.0.210 () {58 vars in 1018 bytes} [Mon Jul 31 18:29:23 2023] POST /identity/v3/auth/tokens => generated 798 bytes in 84 msecs (HTTP/1.1 201) 6 headers in 363 bytes (2 switches on core 0)
Jul 31 18:29:23 user devstack@keystone.service[44105]: DEBUG keystone.server.flask.request_processing.middleware.auth_context [None req-52eb2c52-88eb-4907-8a08-26a3335ba70f None admin] Validating token access rules against request {{(pid=44105) validate_allowed_request /usr/local/lib/python3.10/dist-packages/keystonemiddleware/auth_token/__init__.py:544}}
Jul 31 18:29:23 user devstack@keystone.service[44107]: DEBUG keystone.server.flask.request_processing.req_logging [None req-6c19095d-6554-4ea1-a000-be8168fffd1c None None] REQUEST_METHOD: `GET` {{(pid=44107) log_request_info /opt/stack/keystone/keystone/server/flask/request_processing/req_logging.py:27}}
Jul 31 18:29:23 user devstack@keystone.service[44107]: DEBUG keystone.server.flask.request_processing.req_logging [None req-6c19095d-6554-4ea1-a000-be8168fffd1c None None] SCRIPT_NAME: `/identity` {{(pid=44107) log_request_info /opt/stack/keystone/keystone/server/flask/request_processing/req_logging.py:28}}
Jul 31 18:29:23 user devstack@keystone.service[44107]: DEBUG keystone.server.flask.request_processing.req_logging [None req-6c19095d-6554-4ea1-a000-be8168fffd1c None None] PATH_INFO: `/` {{(pid=44107) log_request_info /opt/stack/keystone/keystone/server/flask/request_processing/req_logging.py:29}}
Jul 31 18:29:23 user devstack@keystone.service[44107]: [pid: 44107|app: 0|req: 35/96] 10.0.0.210 () {54 vars in 921 bytes} [Mon Jul 31 18:29:23 2023] GET /identity => generated 269 bytes in 3 msecs (HTTP/1.1 300) 6 headers in 233 bytes (1 switches on core 0)
Jul 31 18:29:23 user devstack@keystone.service[44106]: DEBUG keystone.server.flask.request_processing.req_logging [None req-5c21588e-b899-4ed1-95a7-27439684eab5 None None] REQUEST_METHOD: `POST` {{(pid=44106) log_request_info /opt/stack/keystone/keystone/server/flask/request_processing/req_logging.py:27}}
Jul 31 18:29:23 user devstack@keystone.service[44106]: DEBUG keystone.server.flask.request_processing.req_logging [None req-5c21588e-b899-4ed1-95a7-27439684eab5 None None] SCRIPT_NAME: `/identity` {{(pid=44106) log_request_info /opt/stack/keystone/keystone/server/flask/request_processing/req_logging.py:28}}
Jul 31 18:29:23 user devstack@keystone.service[44106]: DEBUG keystone.server.flask.request_processing.req_logging [None req-5c21588e-b899-4ed1-95a7-27439684eab5 None None] PATH_INFO: `/v3/auth/tokens` {{(pid=44106) log_request_info /opt/stack/keystone/keystone/server/flask/request_processing/req_logging.py:29}}
Jul 31 18:29:23 user devstack@keystone.service[44105]: DEBUG keystone.server.flask.request_processing.middleware.auth_context [None req-195ca359-59d0-47dd-be21-a64fd7c56f62 None admin] RBAC: auth_context: {'token': , 'domain_id': None, 'trust_id': None, 'trustor_id': None, 'trustee_id': None, 'domain_name': None, 'group_ids': [], 'user_id': 'b5e36c63c8f34243b5f759a462a963df', 'user_domain_id': 'default', 'system_scope': 'all', 'project_id': None, 'project_domain_id': None, 'roles': ['admin', 'member', 'reader'], 'is_admin_project': True, 'service_user_id': None, 'service_user_domain_id': None, 'service_project_id': None, 'service_project_domain_id': None, 'service_roles': []} {{(pid=44105) fill_context /opt/stack/keystone/keystone/server/flask/request_processing/middleware/auth_context.py:480}}
Jul 31 18:29:23 user devstack@keystone.service[44105]: DEBUG keystone.server.flask.request_processing.req_logging [None req-195ca359-59d0-47dd-be21-a64fd7c56f62 None admin] REQUEST_METHOD: `GET` {{(pid=44105) log_request_info /opt/stack/keystone/keystone/server/flask/request_processing/req_logging.py:27}}
Jul 31 18:29:23 user devstack@keystone.service[44105]: DEBUG keystone.server.flask.request_processing.req_logging [None req-195ca359-59d0-47dd-be21-a64fd7c56f62 None admin] SCRIPT_NAME: `/identity` {{(pid=44105) log_request_info /opt/stack/keystone/keystone/server/flask/request_processing/req_logging.py:28}}
Jul 31 18:29:23 user devstack@keystone.service[44105]: DEBUG keystone.server.flask.request_processing.req_logging [None req-195ca359-59d0-47dd-be21-a64fd7c56f62 None admin] PATH_INFO: `/v3/roles` {{(pid=44105) log_request_info /opt/stack/keystone/keystone/server/flask/request_processing/req_logging.py:29}}
Jul 31 18:29:23 user devstack@keystone.service[44105]: DEBUG keystone.common.rbac_enforcer.enforcer [None req-195ca359-59d0-47dd-be21-a64fd7c56f62 None admin] RBAC: Adding query filter params (name=member) {{(pid=44105) _extract_filter_values /opt/stack/keystone/keystone/common/rbac_enforcer/enforcer.py:167}}
Jul 31 18:29:23 user devstack@keystone.service[44106]: DEBUG dbcounter [-] [44106] Writing DB stats keystone:SELECT=100 {{(pid=44106) stat_writer /usr/local/lib/python3.10/dist-packages/dbcounter.py:117}}
Jul 31 18:29:23 user devstack@keystone.service[44105]: DEBUG keystone.common.rbac_enforcer.enforcer [None req-195ca359-59d0-47dd-be21-a64fd7c56f62 None admin] RBAC: Authorizing `identity:list_roles()` {{(pid=44105) enforce_call /opt/stack/keystone/keystone/common/rbac_enforcer/enforcer.py:449}}
Jul 31 18:29:23 user devstack@keystone.service[44105]: DEBUG keystone.common.rbac_enforcer.enforcer [None req-195ca359-59d0-47dd-be21-a64fd7c56f62 None admin] RBAC: Authorization granted {{(pid=44105) enforce_call /opt/stack/keystone/keystone/common/rbac_enforcer/enforcer.py:457}}
Jul 31 18:29:23 user devstack@keystone.service[44107]: DEBUG keystone.server.flask.request_processing.middleware.auth_context [None req-6c19095d-6554-4ea1-a000-be8168fffd1c None None] Authenticating user token {{(pid=44107) process_request /usr/local/lib/python3.10/dist-packages/keystonemiddleware/auth_token/__init__.py:406}}
Jul 31 18:29:23 user devstack@keystone.service[44106]: WARNING keystone.common.password_hashing [None req-5c21588e-b899-4ed1-95a7-27439684eab5 None None] Truncating password to algorithm specific maximum length 54 characters.
Jul 31 18:29:23 user devstack@keystone.service[44106]: DEBUG keystone.auth.core [None req-5c21588e-b899-4ed1-95a7-27439684eab5 None None] MFA Rules not processed for user `b5e36c63c8f34243b5f759a462a963df`. Rule list: `[]` (Enabled: `True`). {{(pid=44106) check_auth_methods_against_rules /opt/stack/keystone/keystone/auth/core.py:438}}
Jul 31 18:29:23 user devstack@keystone.service[44106]: DEBUG keystone.common.fernet_utils [None req-5c21588e-b899-4ed1-95a7-27439684eab5 None None] Loaded 2 Fernet keys from /etc/keystone/fernet-keys/, but `[fernet_tokens] max_active_keys = 3`; perhaps there have not been enough key rotations to reach `max_active_keys` yet? {{(pid=44106) load_keys /opt/stack/keystone/keystone/common/fernet_utils.py:286}}
Jul 31 18:29:23 user devstack@keystone.service[44105]: [pid: 44105|app: 0|req: 30/97] 10.0.0.210 () {56 vars in 1096 bytes} [Mon Jul 31 18:29:23 2023] GET /identity/v3/roles?name=member => generated 339 bytes in 168 msecs (HTTP/1.1 200) 5 headers in 177 bytes (2 switches on core 0)
Jul 31 18:29:23 user devstack@keystone.service[44105]: DEBUG keystone.server.flask.request_processing.middleware.auth_context [None req-195ca359-59d0-47dd-be21-a64fd7c56f62 None admin] Authenticating user token {{(pid=44105) process_request /usr/local/lib/python3.10/dist-packages/keystonemiddleware/auth_token/__init__.py:406}}
Jul 31 18:29:23 user devstack@keystone.service[44106]: [pid: 44106|app: 0|req: 33/98] 10.0.0.210 () {58 vars in 1018 bytes} [Mon Jul 31 18:29:23 2023] POST /identity/v3/auth/tokens => generated 798 bytes in 101 msecs (HTTP/1.1 201) 6 headers in 363 bytes (1 switches on core 0)
Jul 31 18:29:23 user devstack@keystone.service[44106]: DEBUG keystone.server.flask.request_processing.middleware.auth_context [None req-5c21588e-b899-4ed1-95a7-27439684eab5 None None] Authenticating user token {{(pid=44106) process_request /usr/local/lib/python3.10/dist-packages/keystonemiddleware/auth_token/__init__.py:406}}
Jul 31 18:29:23 user devstack@keystone.service[44105]: DEBUG dbcounter [-] [44105] Writing DB stats keystone:SELECT=100 {{(pid=44105) stat_writer /usr/local/lib/python3.10/dist-packages/dbcounter.py:117}}
Jul 31 18:29:23 user devstack@keystone.service[44105]: DEBUG keystone.server.flask.request_processing.middleware.auth_context [None req-195ca359-59d0-47dd-be21-a64fd7c56f62 None admin] Validating token access rules against request {{(pid=44105) validate_allowed_request /usr/local/lib/python3.10/dist-packages/keystonemiddleware/auth_token/__init__.py:544}}
Jul 31 18:29:23 user devstack@keystone.service[44107]: DEBUG dbcounter [-] [44107] Writing DB stats keystone:SELECT=99,keystone:INSERT=1 {{(pid=44107) stat_writer /usr/local/lib/python3.10/dist-packages/dbcounter.py:117}}
Jul 31 18:29:23 user devstack@keystone.service[44107]: DEBUG keystone.server.flask.request_processing.middleware.auth_context [None req-6c19095d-6554-4ea1-a000-be8168fffd1c None None] Validating token access rules against request {{(pid=44107) validate_allowed_request /usr/local/lib/python3.10/dist-packages/keystonemiddleware/auth_token/__init__.py:544}}
Jul 31 18:29:23 user devstack@keystone.service[44105]: DEBUG keystone.server.flask.request_processing.middleware.auth_context [None req-bf2cdd72-6674-4bfe-a893-dce5e04384c9 None admin] RBAC: auth_context: {'token': , 'domain_id': None, 'trust_id': None, 'trustor_id': None, 'trustee_id': None, 'domain_name': None, 'group_ids': [], 'user_id': 'b5e36c63c8f34243b5f759a462a963df', 'user_domain_id': 'default', 'system_scope': 'all', 'project_id': None, 'project_domain_id': None, 'roles': ['admin', 'member', 'reader'], 'is_admin_project': True, 'service_user_id': None, 'service_user_domain_id': None, 'service_project_id': None, 'service_project_domain_id': None, 'service_roles': []} {{(pid=44105) fill_context /opt/stack/keystone/keystone/server/flask/request_processing/middleware/auth_context.py:480}}
Jul 31 18:29:23 user devstack@keystone.service[44105]: DEBUG keystone.server.flask.request_processing.req_logging [None req-bf2cdd72-6674-4bfe-a893-dce5e04384c9 None admin] REQUEST_METHOD: `GET` {{(pid=44105) log_request_info /opt/stack/keystone/keystone/server/flask/request_processing/req_logging.py:27}}
Jul 31 18:29:23 user devstack@keystone.service[44105]: DEBUG keystone.server.flask.request_processing.req_logging [None req-bf2cdd72-6674-4bfe-a893-dce5e04384c9 None admin] SCRIPT_NAME: `/identity` {{(pid=44105) log_request_info /opt/stack/keystone/keystone/server/flask/request_processing/req_logging.py:28}}
Jul 31 18:29:23 user devstack@keystone.service[44105]: DEBUG keystone.server.flask.request_processing.req_logging [None req-bf2cdd72-6674-4bfe-a893-dce5e04384c9 None admin] PATH_INFO: `/v3/users/62bc6c91ffd045a89520c6cdd28e3c78` {{(pid=44105) log_request_info /opt/stack/keystone/keystone/server/flask/request_processing/req_logging.py:29}}
Jul 31 18:29:23 user devstack@keystone.service[44106]: DEBUG keystone.server.flask.request_processing.middleware.auth_context [None req-5c21588e-b899-4ed1-95a7-27439684eab5 None None] Validating token access rules against request {{(pid=44106) validate_allowed_request /usr/local/lib/python3.10/dist-packages/keystonemiddleware/auth_token/__init__.py:544}}
Jul 31 18:29:23 user devstack@keystone.service[44105]: DEBUG keystone.common.rbac_enforcer.enforcer [None req-bf2cdd72-6674-4bfe-a893-dce5e04384c9 None admin] RBAC: Authorizing `identity:get_user(user_id=62bc6c91ffd045a89520c6cdd28e3c78)` {{(pid=44105) enforce_call /opt/stack/keystone/keystone/common/rbac_enforcer/enforcer.py:449}}
