Jul 31 18:35:11 user devstack@n-api.service[62732]: [pid: 62732|app: 0|req: 2/6] 10.0.0.210 () {64 vars in 1330 bytes} [Mon Jul 31 18:35:11 2023] POST /compute/v2.1/flavors/c1/os-extra_specs => generated 43 bytes in 46 msecs (HTTP/1.1 200) 9 headers in 358 bytes (1 switches on core 0)
Jul 31 18:35:13 user devstack@n-api.service[62733]: DEBUG nova.api.openstack.wsgi [None req-3d142a81-fcee-436d-a9ef-e1b07b056dbd None None] Calling method '>' {{(pid=62733) _process_stack /opt/stack/nova/nova/api/openstack/wsgi.py:513}}
Jul 31 18:35:13 user devstack@n-api.service[62733]: INFO nova.api.openstack.requestlog [None req-3d142a81-fcee-436d-a9ef-e1b07b056dbd None None] 10.0.0.210 "GET /compute/v2.1" status: 200 len: 387 microversion: 2.1 time: 0.002309
Jul 31 18:35:13 user devstack@n-api.service[62733]: [pid: 62733|app: 0|req: 2/7] 10.0.0.210 () {54 vars in 925 bytes} [Mon Jul 31 18:35:13 2023] GET /compute/v2.1 => generated 387 bytes in 4 msecs (HTTP/1.1 200) 9 headers in 357 bytes (1 switches on core 0)
Jul 31 18:35:13 user devstack@n-api.service[62731]: DEBUG nova.api.openstack.wsgi [None req-1199bacf-fa6f-42f4-b701-a5e00feb0ed5 admin admin] Action: 'create', calling method: >, body: {"flavor": {"os-flavor-access:is_public": true, "swap": 0, "vcpus": 1, "ram": 512, "disk": 5, "rxtx_factor": 1.0, "name": "ds512M", "OS-FLV-EXT-DATA:ephemeral": 0, "id": "d1"}} {{(pid=62731) _process_stack /opt/stack/nova/nova/api/openstack/wsgi.py:511}}
Jul 31 18:35:13 user devstack@n-api.service[62731]: INFO nova.api.openstack.requestlog [None req-1199bacf-fa6f-42f4-b701-a5e00feb0ed5 admin admin] 10.0.0.210 "POST /compute/v2.1/flavors" status: 200 len: 402 microversion: 2.61 time: 0.065551
Jul 31 18:35:13 user devstack@n-api.service[62731]: [pid: 62731|app: 0|req: 4/8] 10.0.0.210 () {64 vars in 1277 bytes} [Mon Jul 31 18:35:13 2023] POST /compute/v2.1/flavors => generated 402 bytes in 67 msecs (HTTP/1.1 200) 9 headers in 359 bytes (1 switches on core 0)
Jul 31 18:35:13 user devstack@n-api.service[62732]: DEBUG nova.api.openstack.wsgi [None req-3a62e30d-f3ff-407d-bd9f-b611aa908efe admin admin] Action: 'create', calling method: >, body: {"extra_specs": {"hw_rng:allowed": "True"}} {{(pid=62732) _process_stack /opt/stack/nova/nova/api/openstack/wsgi.py:511}}
Jul 31 18:35:13 user devstack@n-api.service[62732]: INFO nova.api.openstack.requestlog [None req-3a62e30d-f3ff-407d-bd9f-b611aa908efe admin admin] 10.0.0.210 "POST /compute/v2.1/flavors/d1/os-extra_specs" status: 200 len: 43 microversion: 2.61 time: 0.025609
Jul 31 18:35:13 user devstack@n-api.service[62732]: [pid: 62732|app: 0|req: 3/9] 10.0.0.210 () {64 vars in 1330 bytes} [Mon Jul 31 18:35:13 2023] POST /compute/v2.1/flavors/d1/os-extra_specs => generated 43 bytes in 27 msecs (HTTP/1.1 200) 9 headers in 358 bytes (1 switches on core 0)
Jul 31 18:35:15 user devstack@n-api.service[62733]: DEBUG nova.api.openstack.wsgi [None req-3d142a81-fcee-436d-a9ef-e1b07b056dbd None None] Calling method '>' {{(pid=62733) _process_stack /opt/stack/nova/nova/api/openstack/wsgi.py:513}}
Jul 31 18:35:15 user devstack@n-api.service[62733]: INFO nova.api.openstack.requestlog [None req-3d142a81-fcee-436d-a9ef-e1b07b056dbd None None] 10.0.0.210 "GET /compute/v2.1" status: 200 len: 387 microversion: 2.1 time: 0.002552
Jul 31 18:35:15 user devstack@n-api.service[62733]: [pid: 62733|app: 0|req: 3/10] 10.0.0.210 () {54 vars in 925 bytes} [Mon Jul 31 18:35:15 2023] GET /compute/v2.1 => generated 387 bytes in 4 msecs (HTTP/1.1 200) 9 headers in 357 bytes (1 switches on core 0)
Jul 31 18:35:16 user devstack@n-api.service[62731]: DEBUG nova.api.openstack.wsgi [None req-97f78925-e46a-449a-a52b-61135169b929 admin admin] Action: 'create', calling method: >, body: {"flavor": {"vcpus": 1, "disk": 10, "swap": 0, "OS-FLV-EXT-DATA:ephemeral": 0, "rxtx_factor": 1.0, "name": "ds1G", "id": "d2", "ram": 1024, "os-flavor-access:is_public": true}} {{(pid=62731) _process_stack /opt/stack/nova/nova/api/openstack/wsgi.py:511}}
Jul 31 18:35:16 user devstack@n-api.service[62731]: INFO nova.api.openstack.requestlog [None req-97f78925-e46a-449a-a52b-61135169b929 admin admin] 10.0.0.210 "POST /compute/v2.1/flavors" status: 200 len: 402 microversion: 2.61 time: 0.062434
Jul 31 18:35:16 user devstack@n-api.service[62731]: [pid: 62731|app: 0|req: 5/11] 10.0.0.210 () {64 vars in 1277 bytes} [Mon Jul 31 18:35:15 2023] POST /compute/v2.1/flavors => generated 402 bytes in 63 msecs (HTTP/1.1 200) 9 headers in 359 bytes (1 switches on core 0)
Jul 31 18:35:16 user devstack@n-api.service[62732]: DEBUG nova.api.openstack.wsgi [None req-9dbaae74-1f7f-4ba0-8142-253956eac628 admin admin] Action: 'create', calling method: >, body: {"extra_specs": {"hw_rng:allowed": "True"}} {{(pid=62732) _process_stack /opt/stack/nova/nova/api/openstack/wsgi.py:511}}
Jul 31 18:35:16 user devstack@n-api.service[62732]: INFO nova.api.openstack.requestlog [None req-9dbaae74-1f7f-4ba0-8142-253956eac628 admin admin] 10.0.0.210 "POST /compute/v2.1/flavors/d2/os-extra_specs" status: 200 len: 43 microversion: 2.61 time: 0.027349
Jul 31 18:35:16 user devstack@n-api.service[62732]: [pid: 62732|app: 0|req: 4/12] 10.0.0.210 () {64 vars in 1330 bytes} [Mon Jul 31 18:35:16 2023] POST /compute/v2.1/flavors/d2/os-extra_specs => generated 43 bytes in 29 msecs (HTTP/1.1 200) 9 headers in 358 bytes (1 switches on core 0)
Jul 31 18:35:18 user devstack@n-api.service[62733]: DEBUG nova.api.openstack.wsgi [None req-3d142a81-fcee-436d-a9ef-e1b07b056dbd None None] Calling method '>' {{(pid=62733) _process_stack /opt/stack/nova/nova/api/openstack/wsgi.py:513}}
Jul 31 18:35:18 user devstack@n-api.service[62733]: INFO nova.api.openstack.requestlog [None req-3d142a81-fcee-436d-a9ef-e1b07b056dbd None None] 10.0.0.210 "GET /compute/v2.1" status: 200 len: 387 microversion: 2.1 time: 0.001530
Jul 31 18:35:18 user devstack@n-api.service[62733]: [pid: 62733|app: 0|req: 4/13] 10.0.0.210 () {54 vars in 925 bytes} [Mon Jul 31 18:35:18 2023] GET /compute/v2.1 => generated 387 bytes in 2 msecs (HTTP/1.1 200) 9 headers in 357 bytes (1 switches on core 0)
Jul 31 18:35:18 user devstack@n-api.service[62731]: DEBUG nova.api.openstack.wsgi [None req-456eebfe-2b01-4ba8-91b4-103f4e58bfbf admin admin] Action: 'create', calling method: >, body: {"flavor": {"id": "d3", "disk": 10, "name": "ds2G", "os-flavor-access:is_public": true, "rxtx_factor": 1.0, "swap": 0, "vcpus": 2, "ram": 2048, "OS-FLV-EXT-DATA:ephemeral": 0}} {{(pid=62731) _process_stack /opt/stack/nova/nova/api/openstack/wsgi.py:511}}
Jul 31 18:35:18 user devstack@n-api.service[62731]: INFO nova.api.openstack.requestlog [None req-456eebfe-2b01-4ba8-91b4-103f4e58bfbf admin admin] 10.0.0.210 "POST /compute/v2.1/flavors" status: 200 len: 402 microversion: 2.61 time: 0.058361
Jul 31 18:35:18 user devstack@n-api.service[62731]: [pid: 62731|app: 0|req: 6/14] 10.0.0.210 () {64 vars in 1277 bytes} [Mon Jul 31 18:35:18 2023] POST /compute/v2.1/flavors => generated 402 bytes in 59 msecs (HTTP/1.1 200) 9 headers in 359 bytes (1 switches on core 0)
Jul 31 18:35:18 user devstack@n-api.service[62732]: DEBUG nova.api.openstack.wsgi [None req-be2305ba-c2d7-4622-a3c6-164da9efd998 admin admin] Action: 'create', calling method: >, body: {"extra_specs": {"hw_rng:allowed": "True"}} {{(pid=62732) _process_stack /opt/stack/nova/nova/api/openstack/wsgi.py:511}}
Jul 31 18:35:18 user devstack@n-api.service[62732]: INFO nova.api.openstack.requestlog [None req-be2305ba-c2d7-4622-a3c6-164da9efd998 admin admin] 10.0.0.210 "POST /compute/v2.1/flavors/d3/os-extra_specs" status: 200 len: 43 microversion: 2.61 time: 0.025935
Jul 31 18:35:18 user devstack@n-api.service[62732]: [pid: 62732|app: 0|req: 5/15] 10.0.0.210 () {64 vars in 1330 bytes} [Mon Jul 31 18:35:18 2023] POST /compute/v2.1/flavors/d3/os-extra_specs => generated 43 bytes in 28 msecs (HTTP/1.1 200) 9 headers in 358 bytes (1 switches on core 0)
Jul 31 18:35:20 user devstack@n-api.service[62733]: DEBUG nova.api.openstack.wsgi [None req-3d142a81-fcee-436d-a9ef-e1b07b056dbd None None] Calling method '>' {{(pid=62733) _process_stack /opt/stack/nova/nova/api/openstack/wsgi.py:513}}
Jul 31 18:35:20 user devstack@n-api.service[62733]: INFO nova.api.openstack.requestlog [None req-3d142a81-fcee-436d-a9ef-e1b07b056dbd None None] 10.0.0.210 "GET /compute/v2.1" status: 200 len: 387 microversion: 2.1 time: 0.002390
Jul 31 18:35:20 user devstack@n-api.service[62733]: [pid: 62733|app: 0|req: 5/16] 10.0.0.210 () {54 vars in 925 bytes} [Mon Jul 31 18:35:20 2023] GET /compute/v2.1 => generated 387 bytes in 4 msecs (HTTP/1.1 200) 9 headers in 357 bytes (1 switches on core 0)
Jul 31 18:35:20 user devstack@n-api.service[62731]: DEBUG nova.api.openstack.wsgi [None req-e893ebf1-30d8-45b4-a485-a197bd2573f0 admin admin] Action: 'create', calling method: >, body: {"flavor": {"id": "d4", "ram": 4096, "vcpus": 4, "os-flavor-access:is_public": true, "name": "ds4G", "rxtx_factor": 1.0, "swap": 0, "OS-FLV-EXT-DATA:ephemeral": 0, "disk": 20}} {{(pid=62731) _process_stack /opt/stack/nova/nova/api/openstack/wsgi.py:511}}
Jul 31 18:35:20 user devstack@n-api.service[62731]: INFO nova.api.openstack.requestlog [None req-e893ebf1-30d8-45b4-a485-a197bd2573f0 admin admin] 10.0.0.210 "POST /compute/v2.1/flavors" status: 200 len: 402 microversion: 2.61 time: 0.062794
Jul 31 18:35:20 user devstack@n-api.service[62731]: [pid: 62731|app: 0|req: 7/17] 10.0.0.210 () {64 vars in 1277 bytes} [Mon Jul 31 18:35:20 2023] POST /compute/v2.1/flavors => generated 402 bytes in 65 msecs (HTTP/1.1 200) 9 headers in 359 bytes (1 switches on core 0)
Jul 31 18:35:20 user devstack@n-api.service[62732]: DEBUG nova.api.openstack.wsgi [None req-055544e9-beea-439b-93eb-396e2401e3cf admin admin] Action: 'create', calling method: >, body: {"extra_specs": {"hw_rng:allowed": "True"}} {{(pid=62732) _process_stack /opt/stack/nova/nova/api/openstack/wsgi.py:511}}
Jul 31 18:35:20 user devstack@n-api.service[62732]: INFO nova.api.openstack.requestlog [None req-055544e9-beea-439b-93eb-396e2401e3cf admin admin] 10.0.0.210 "POST /compute/v2.1/flavors/d4/os-extra_specs" status: 200 len: 43 microversion: 2.61 time: 0.023432
Jul 31 18:35:20 user devstack@n-api.service[62732]: [pid: 62732|app: 0|req: 6/18] 10.0.0.210 () {64 vars in 1330 bytes} [Mon Jul 31 18:35:20 2023] POST /compute/v2.1/flavors/d4/os-extra_specs => generated 43 bytes in 25 msecs (HTTP/1.1 200) 9 headers in 358 bytes (1 switches on core 0)
Jul 31 18:35:22 user devstack@n-api.service[62733]: DEBUG nova.api.openstack.wsgi [None req-3d142a81-fcee-436d-a9ef-e1b07b056dbd None None] Calling method '>' {{(pid=62733) _process_stack /opt/stack/nova/nova/api/openstack/wsgi.py:513}}
Jul 31 18:35:22 user devstack@n-api.service[62733]: INFO nova.api.openstack.requestlog [None req-3d142a81-fcee-436d-a9ef-e1b07b056dbd None None] 10.0.0.210 "GET /compute/v2.1" status: 200 len: 387 microversion: 2.1 time: 0.001433
Jul 31 18:35:22 user devstack@n-api.service[62733]: [pid: 62733|app: 0|req: 6/19] 10.0.0.210 () {54 vars in 925 bytes} [Mon Jul 31 18:35:22 2023] GET /compute/v2.1 => generated 387 bytes in 2 msecs (HTTP/1.1 200) 9 headers in 357 bytes (1 switches on core 0)
Jul 31 18:35:22 user devstack@n-api.service[62731]: DEBUG nova.api.openstack.wsgi [None req-a7fb011f-c95a-498a-8cfd-3e47fb5b1ae8 admin admin] Calling method '>' {{(pid=62731) _process_stack /opt/stack/nova/nova/api/openstack/wsgi.py:513}}
Jul 31 18:35:22 user devstack@n-api.service[62731]: INFO nova.api.openstack.requestlog [None req-a7fb011f-c95a-498a-8cfd-3e47fb5b1ae8 admin admin] 10.0.0.210 "GET /compute/v2.1/flavors/detail?is_public=True" status: 200 len: 2096 microversion: 2.61 time: 0.072633
Jul 31 18:35:22 user devstack@n-api.service[62731]: [pid: 62731|app: 0|req: 8/20] 10.0.0.210 () {60 vars in 1286 bytes} [Mon Jul 31 18:35:22 2023] GET /compute/v2.1/flavors/detail?is_public=True => generated 2096 bytes in 74 msecs (HTTP/1.1 200) 9 headers in 360 bytes (2 switches on core 0)
Jul 31 18:35:24 user devstack@n-api.service[62732]: DEBUG nova.api.openstack.wsgi [None req-055544e9-beea-439b-93eb-396e2401e3cf admin admin] Calling method '>' {{(pid=62732) _process_stack /opt/stack/nova/nova/api/openstack/wsgi.py:513}}
Jul 31 18:35:24 user devstack@n-api.service[62732]: INFO nova.api.openstack.requestlog [None req-055544e9-beea-439b-93eb-396e2401e3cf admin admin] 10.0.0.210 "GET /compute/v2.1" status: 200 len: 387 microversion: 2.1 time: 0.001535
Jul 31 18:35:24 user devstack@n-api.service[62732]: [pid: 62732|app: 0|req: 7/21] 10.0.0.210 () {54 vars in 925 bytes} [Mon Jul 31 18:35:24 2023] GET /compute/v2.1 => generated 387 bytes in 2 msecs (HTTP/1.1 200) 9 headers in 357 bytes (1 switches on core 0)
Jul 31 18:35:24 user devstack@n-api.service[62733]: DEBUG dbcounter [-] [62733] Writing DB stats nova_api:SELECT=3 {{(pid=62733) stat_writer /usr/local/lib/python3.10/dist-packages/dbcounter.py:117}}
Jul 31 18:35:24 user devstack@n-api.service[62733]: DEBUG dbcounter [-] [62733] Writing DB stats nova_cell0:SELECT=3 {{(pid=62733) stat_writer /usr/local/lib/python3.10/dist-packages/dbcounter.py:117}}
Jul 31 18:35:24 user devstack@n-api.service[62733]: DEBUG dbcounter [-] [62733] Writing DB stats nova_cell1:SELECT=3 {{(pid=62733) stat_writer /usr/local/lib/python3.10/dist-packages/dbcounter.py:117}}
Jul 31 18:35:24 user devstack@n-api.service[62733]: DEBUG dbcounter [-] [62733] Writing DB stats nova_cell0:SELECT=6,nova_cell0:INSERT=1 {{(pid=62733) stat_writer /usr/local/lib/python3.10/dist-packages/dbcounter.py:117}}
Jul 31 18:35:24 user devstack@n-api.service[62733]: DEBUG nova.api.openstack.wsgi [None req-614f71dc-1a5b-4983-92d0-be4f265ee886 admin admin] Action: 'create', calling method: >, body: {"flavor": {"os-flavor-access:is_public": true, "ram": 512, "OS-FLV-EXT-DATA:ephemeral": 0, "id": "1", "swap": 0, "vcpus": 1, "rxtx_factor": 1.0, "name": "m1.tiny", "disk": 1}} {{(pid=62733) _process_stack /opt/stack/nova/nova/api/openstack/wsgi.py:511}}
Jul 31 18:35:24 user devstack@n-api.service[62733]: INFO nova.api.openstack.requestlog [None req-614f71dc-1a5b-4983-92d0-be4f265ee886 admin admin] 10.0.0.210 "POST /compute/v2.1/flavors" status: 200 len: 400 microversion: 2.61 time: 0.317011
Jul 31 18:35:24 user devstack@n-api.service[62733]: [pid: 62733|app: 0|req: 7/22] 10.0.0.210 () {64 vars in 1277 bytes} [Mon Jul 31 18:35:24 2023] POST /compute/v2.1/flavors => generated 400 bytes in 318 msecs (HTTP/1.1 200) 9 headers in 359 bytes (1 switches on core 0)
Jul 31 18:35:24 user devstack@n-api.service[62731]: DEBUG nova.api.openstack.wsgi [None req-86426af8-310f-477b-8048-450be7606531 admin admin] Action: 'create', calling method: >, body: {"extra_specs": {"hw_rng:allowed": "True"}} {{(pid=62731) _process_stack /opt/stack/nova/nova/api/openstack/wsgi.py:511}}
Jul 31 18:35:24 user devstack@n-api.service[62731]: INFO nova.api.openstack.requestlog [None req-86426af8-310f-477b-8048-450be7606531 admin admin] 10.0.0.210 "POST /compute/v2.1/flavors/1/os-extra_specs" status: 200 len: 43 microversion: 2.61 time: 0.034923
Jul 31 18:35:24 user devstack@n-api.service[62731]: [pid: 62731|app: 0|req: 9/23] 10.0.0.210 () {64 vars in 1327 bytes} [Mon Jul 31 18:35:24 2023] POST /compute/v2.1/flavors/1/os-extra_specs => generated 43 bytes in 36 msecs (HTTP/1.1 200) 9 headers in 358 bytes (1 switches on core 0)
Jul 31 18:35:26 user devstack@n-api.service[62732]: DEBUG nova.api.openstack.wsgi [None req-055544e9-beea-439b-93eb-396e2401e3cf admin admin] Calling method '>' {{(pid=62732) _process_stack /opt/stack/nova/nova/api/openstack/wsgi.py:513}}
Jul 31 18:35:26 user devstack@n-api.service[62732]: INFO nova.api.openstack.requestlog [None req-055544e9-beea-439b-93eb-396e2401e3cf admin admin] 10.0.0.210 "GET /compute/v2.1" status: 200 len: 387 microversion: 2.1 time: 0.001306
Jul 31 18:35:26 user devstack@n-api.service[62732]: [pid: 62732|app: 0|req: 8/24] 10.0.0.210 () {54 vars in 925 bytes} [Mon Jul 31 18:35:26 2023] GET /compute/v2.1 => generated 387 bytes in 2 msecs (HTTP/1.1 200) 9 headers in 357 bytes (1 switches on core 0)
Jul 31 18:35:26 user devstack@n-api.service[62733]: DEBUG nova.api.openstack.wsgi [None req-f5262514-858d-4c97-9d38-88d048a61b8e admin admin] Action: 'create', calling method: >, body: {"flavor": {"disk": 20, "vcpus": 1, "rxtx_factor": 1.0, "name": "m1.small", "swap": 0, "id": "2", "ram": 2048, "os-flavor-access:is_public": true, "OS-FLV-EXT-DATA:ephemeral": 0}} {{(pid=62733) _process_stack /opt/stack/nova/nova/api/openstack/wsgi.py:511}}
Jul 31 18:35:26 user devstack@n-api.service[62733]: INFO nova.api.openstack.requestlog [None req-f5262514-858d-4c97-9d38-88d048a61b8e admin admin] 10.0.0.210 "POST /compute/v2.1/flavors" status: 200 len: 403 microversion: 2.61 time: 0.056584
Jul 31 18:35:26 user devstack@n-api.service[62733]: [pid: 62733|app: 0|req: 8/25] 10.0.0.210 () {64 vars in 1277 bytes} [Mon Jul 31 18:35:26 2023] POST /compute/v2.1/flavors => generated 403 bytes in 58 msecs (HTTP/1.1 200) 9 headers in 359 bytes (1 switches on core 0)
Jul 31 18:35:26 user devstack@n-api.service[62731]: DEBUG nova.api.openstack.wsgi [None req-846695c2-e4ab-42ae-a27c-8846b45db100 admin admin] Action: 'create', calling method: >, body: {"extra_specs": {"hw_rng:allowed": "True"}} {{(pid=62731) _process_stack /opt/stack/nova/nova/api/openstack/wsgi.py:511}}
Jul 31 18:35:26 user devstack@n-api.service[62731]: INFO nova.api.openstack.requestlog [None req-846695c2-e4ab-42ae-a27c-8846b45db100 admin admin] 10.0.0.210 "POST /compute/v2.1/flavors/2/os-extra_specs" status: 200 len: 43 microversion: 2.61 time: 0.025932
Jul 31 18:35:26 user devstack@n-api.service[62731]: [pid: 62731|app: 0|req: 10/26] 10.0.0.210 () {64 vars in 1327 bytes} [Mon Jul 31 18:35:26 2023] POST /compute/v2.1/flavors/2/os-extra_specs => generated 43 bytes in 27 msecs (HTTP/1.1 200) 9 headers in 358 bytes (1 switches on core 0)
Jul 31 18:35:28 user devstack@n-api.service[62732]: DEBUG nova.api.openstack.wsgi [None req-055544e9-beea-439b-93eb-396e2401e3cf admin admin] Calling method '>' {{(pid=62732) _process_stack /opt/stack/nova/nova/api/openstack/wsgi.py:513}}
Jul 31 18:35:28 user devstack@n-api.service[62732]: INFO nova.api.openstack.requestlog [None req-055544e9-beea-439b-93eb-396e2401e3cf admin admin] 10.0.0.210 "GET /compute/v2.1" status: 200 len: 387 microversion: 2.1 time: 0.001340
Jul 31 18:35:28 user devstack@n-api.service[62732]: [pid: 62732|app: 0|req: 9/27] 10.0.0.210 () {54 vars in 925 bytes} [Mon Jul 31 18:35:28 2023] GET /compute/v2.1 => generated 387 bytes in 2 msecs (HTTP/1.1 200) 9 headers in 357 bytes (1 switches on core 0)
Jul 31 18:35:28 user devstack@n-api.service[62733]: DEBUG nova.api.openstack.wsgi [None req-c1430f11-ef68-4b7e-907e-38502682b3cc admin admin] Action: 'create', calling method: >, body: {"flavor": {"os-flavor-access:is_public": true, "disk": 40, "id": "3", "rxtx_factor": 1.0, "name": "m1.medium", "ram": 4096, "swap": 0, "vcpus": 2, "OS-FLV-EXT-DATA:ephemeral": 0}} {{(pid=62733) _process_stack /opt/stack/nova/nova/api/openstack/wsgi.py:511}}
Jul 31 18:35:28 user devstack@n-api.service[62733]: INFO nova.api.openstack.requestlog [None req-c1430f11-ef68-4b7e-907e-38502682b3cc admin admin] 10.0.0.210 "POST /compute/v2.1/flavors" status: 200 len: 404 microversion: 2.61 time: 0.059059
Jul 31 18:35:28 user devstack@n-api.service[62733]: [pid: 62733|app: 0|req: 9/28] 10.0.0.210 () {64 vars in 1277 bytes} [Mon Jul 31 18:35:28 2023] POST /compute/v2.1/flavors => generated 404 bytes in 60 msecs (HTTP/1.1 200) 9 headers in 359 bytes (2 switches on core 0)
Jul 31 18:35:28 user devstack@n-api.service[62731]: DEBUG nova.api.openstack.wsgi [None req-723f569f-d8b8-45ab-aa44-947fe870c872 admin admin] Action: 'create', calling method: >, body: {"extra_specs": {"hw_rng:allowed": "True"}} {{(pid=62731) _process_stack /opt/stack/nova/nova/api/openstack/wsgi.py:511}}
Jul 31 18:35:28 user devstack@n-api.service[62731]: INFO nova.api.openstack.requestlog [None req-723f569f-d8b8-45ab-aa44-947fe870c872 admin admin] 10.0.0.210 "POST /compute/v2.1/flavors/3/os-extra_specs" status: 200 len: 43 microversion: 2.61 time: 0.024006
Jul 31 18:35:28 user devstack@n-api.service[62731]: [pid: 62731|app: 0|req: 11/29] 10.0.0.210 () {64 vars in 1327 bytes} [Mon Jul 31 18:35:28 2023] POST /compute/v2.1/flavors/3/os-extra_specs => generated 43 bytes in 25 msecs (HTTP/1.1 200) 9 headers in 358 bytes (1 switches on core 0)
Jul 31 18:35:30 user devstack@n-api.service[62732]: DEBUG nova.api.openstack.wsgi [None req-055544e9-beea-439b-93eb-396e2401e3cf admin admin] Calling method '>' {{(pid=62732) _process_stack /opt/stack/nova/nova/api/openstack/wsgi.py:513}}
Jul 31 18:35:30 user devstack@n-api.service[62732]: INFO nova.api.openstack.requestlog [None req-055544e9-beea-439b-93eb-396e2401e3cf admin admin] 10.0.0.210 "GET /compute/v2.1" status: 200 len: 387 microversion: 2.1 time: 0.002409
Jul 31 18:35:30 user devstack@n-api.service[62732]: [pid: 62732|app: 0|req: 10/30] 10.0.0.210 () {54 vars in 925 bytes} [Mon Jul 31 18:35:30 2023] GET /compute/v2.1 => generated 387 bytes in 4 msecs (HTTP/1.1 200) 9 headers in 357 bytes (1 switches on core 0)
Jul 31 18:35:30 user devstack@n-api.service[62733]: DEBUG nova.api.openstack.wsgi [None req-dd174909-370f-4ff0-b3f9-2ff63de8f480 admin admin] Action: 'create', calling method: >, body: {"flavor": {"vcpus": 4, "disk": 80, "swap": 0, "name": "m1.large", "ram": 8192, "os-flavor-access:is_public": true, "OS-FLV-EXT-DATA:ephemeral": 0, "rxtx_factor": 1.0, "id": "4"}} {{(pid=62733) _process_stack /opt/stack/nova/nova/api/openstack/wsgi.py:511}}
Jul 31 18:35:30 user devstack@n-api.service[62733]: INFO nova.api.openstack.requestlog [None req-dd174909-370f-4ff0-b3f9-2ff63de8f480 admin admin] 10.0.0.210 "POST /compute/v2.1/flavors" status: 200 len: 403 microversion: 2.61 time: 0.070216
Jul 31 18:35:30 user devstack@n-api.service[62733]: [pid: 62733|app: 0|req: 10/31] 10.0.0.210 () {64 vars in 1277 bytes} [Mon Jul 31 18:35:30 2023] POST /compute/v2.1/flavors => generated 403 bytes in 72 msecs (HTTP/1.1 200) 9 headers in 359 bytes (1 switches on core 0)
Jul 31 18:35:30 user devstack@n-api.service[62731]: DEBUG nova.api.openstack.wsgi [None req-b32720ab-54ce-4c2f-8a0e-e61b62902b16 admin admin] Action: 'create', calling method: >, body: {"extra_specs": {"hw_rng:allowed": "True"}} {{(pid=62731) _process_stack /opt/stack/nova/nova/api/openstack/wsgi.py:511}}
Jul 31 18:35:30 user devstack@n-api.service[62731]: INFO nova.api.openstack.requestlog [None req-b32720ab-54ce-4c2f-8a0e-e61b62902b16 admin admin] 10.0.0.210 "POST /compute/v2.1/flavors/4/os-extra_specs" status: 200 len: 43 microversion: 2.61 time: 0.025348
Jul 31 18:35:30 user devstack@n-api.service[62731]: [pid: 62731|app: 0|req: 12/32] 10.0.0.210 () {64 vars in 1327 bytes} [Mon Jul 31 18:35:30 2023] POST /compute/v2.1/flavors/4/os-extra_specs => generated 43 bytes in 27 msecs (HTTP/1.1 200) 9 headers in 358 bytes (1 switches on core 0)
Jul 31 18:35:32 user devstack@n-api.service[62732]: DEBUG nova.api.openstack.wsgi [None req-055544e9-beea-439b-93eb-396e2401e3cf admin admin] Calling method '>' {{(pid=62732) _process_stack /opt/stack/nova/nova/api/openstack/wsgi.py:513}}
Jul 31 18:35:32 user devstack@n-api.service[62732]: INFO nova.api.openstack.requestlog [None req-055544e9-beea-439b-93eb-396e2401e3cf admin admin] 10.0.0.210 "GET /compute/v2.1" status: 200 len: 387 microversion: 2.1 time: 0.001591
Jul 31 18:35:32 user devstack@n-api.service[62732]: [pid: 62732|app: 0|req: 11/33] 10.0.0.210 () {54 vars in 925 bytes} [Mon Jul 31 18:35:32 2023] GET /compute/v2.1 => generated 387 bytes in 3 msecs (HTTP/1.1 200) 9 headers in 357 bytes (1 switches on core 0)
Jul 31 18:35:32 user devstack@n-api.service[62733]: DEBUG nova.api.openstack.wsgi [None req-0988b2fc-21f7-4aad-8919-11ae1d3d8124 admin admin] Action: 'create', calling method: >, body: {"flavor": {"rxtx_factor": 1.0, "name": "m1.xlarge", "os-flavor-access:is_public": true, "id": "5", "disk": 160, "swap": 0, "ram": 16384, "OS-FLV-EXT-DATA:ephemeral": 0, "vcpus": 8}} {{(pid=62733) _process_stack /opt/stack/nova/nova/api/openstack/wsgi.py:511}}
Jul 31 18:35:32 user devstack@n-api.service[62733]: INFO nova.api.openstack.requestlog [None req-0988b2fc-21f7-4aad-8919-11ae1d3d8124 admin admin] 10.0.0.210 "POST /compute/v2.1/flavors" status: 200 len: 406 microversion: 2.61 time: 0.063819
Jul 31 18:35:32 user devstack@n-api.service[62733]: [pid: 62733|app: 0|req: 11/34] 10.0.0.210 () {64 vars in 1277 bytes} [Mon Jul 31 18:35:32 2023] POST /compute/v2.1/flavors => generated 406 bytes in 65 msecs (HTTP/1.1 200) 9 headers in 359 bytes (1 switches on core 0)
Jul 31 18:35:32 user devstack@n-api.service[62731]: DEBUG nova.api.openstack.wsgi [None req-02e0747d-991e-4c75-8734-6d9b8b2faf0e admin admin] Action: 'create', calling method: >, body: {"extra_specs": {"hw_rng:allowed": "True"}} {{(pid=62731) _process_stack /opt/stack/nova/nova/api/openstack/wsgi.py:511}}
Jul 31 18:35:32 user devstack@n-api.service[62731]: INFO nova.api.openstack.requestlog [None req-02e0747d-991e-4c75-8734-6d9b8b2faf0e admin admin] 10.0.0.210 "POST /compute/v2.1/flavors/5/os-extra_specs" status: 200 len: 43 microversion: 2.61 time: 0.025371
Jul 31 18:35:32 user devstack@n-api.service[62731]: [pid: 62731|app: 0|req: 13/35] 10.0.0.210 () {64 vars in 1327 bytes} [Mon Jul 31 18:35:32 2023] POST /compute/v2.1/flavors/5/os-extra_specs => generated 43 bytes in 27 msecs (HTTP/1.1 200) 9 headers in 358 bytes (1 switches on core 0)
Jul 31 18:36:03 user devstack@n-api.service[62732]: DEBUG nova.api.openstack.wsgi [None req-055544e9-beea-439b-93eb-396e2401e3cf admin admin] Calling method '>' {{(pid=62732) _process_stack /opt/stack/nova/nova/api/openstack/wsgi.py:513}}
Jul 31 18:36:03 user devstack@n-api.service[62732]: INFO nova.api.openstack.requestlog [None req-055544e9-beea-439b-93eb-396e2401e3cf admin admin] 10.0.0.210 "GET /compute/v2.1" status: 200 len: 387 microversion: 2.1 time: 0.001613
Jul 31 18:36:03 user devstack@n-api.service[62732]: [pid: 62732|app: 0|req: 12/36] 10.0.0.210 () {58 vars in 1007 bytes} [Mon Jul 31 18:36:03 2023] GET /compute/v2.1 => generated 387 bytes in 3 msecs (HTTP/1.1 200) 9 headers in 357 bytes (1 switches on core 0)
Jul 31 18:36:03 user devstack@n-api.service[62733]: DEBUG dbcounter [-] [62733] Writing DB stats nova_api:SELECT=15,nova_api:INSERT=5 {{(pid=62733) stat_writer /usr/local/lib/python3.10/dist-packages/dbcounter.py:117}}
Jul 31 18:36:03 user devstack@n-api.service[62733]: DEBUG nova.api.openstack.wsgi [None req-88f3f212-2a06-41e4-819a-881191033d17 admin admin] Calling method '>' {{(pid=62733) _process_stack /opt/stack/nova/nova/api/openstack/wsgi.py:513}}
Jul 31 18:36:03 user devstack@n-api.service[62733]: DEBUG oslo_concurrency.lockutils [None req-88f3f212-2a06-41e4-819a-881191033d17 admin admin] Acquiring lock "00000000-0000-0000-0000-000000000000" by "nova.context.set_target_cell..get_or_set_cached_cell_and_set_connections" {{(pid=62733) inner /usr/local/lib/python3.10/dist-packages/oslo_concurrency/lockutils.py:404}}
Jul 31 18:36:03 user devstack@n-api.service[62733]: DEBUG oslo_concurrency.lockutils [None req-88f3f212-2a06-41e4-819a-881191033d17 admin admin] Lock "00000000-0000-0000-0000-000000000000" acquired by "nova.context.set_target_cell..get_or_set_cached_cell_and_set_connections" :: waited 0.000s {{(pid=62733) inner /usr/local/lib/python3.10/dist-packages/oslo_concurrency/lockutils.py:409}}
Jul 31 18:36:03 user devstack@n-api.service[62733]: DEBUG oslo_concurrency.lockutils [None req-88f3f212-2a06-41e4-819a-881191033d17 admin admin] Lock "00000000-0000-0000-0000-000000000000" "released" by "nova.context.set_target_cell..get_or_set_cached_cell_and_set_connections" :: held 0.000s {{(pid=62733) inner /usr/local/lib/python3.10/dist-packages/oslo_concurrency/lockutils.py:423}}
Jul 31 18:36:03 user devstack@n-api.service[62733]: DEBUG oslo_concurrency.lockutils [None req-88f3f212-2a06-41e4-819a-881191033d17 admin admin] Acquiring lock "ea9be0b2-6f20-43a1-9ed1-f7d6498e5be5" by "nova.context.set_target_cell..get_or_set_cached_cell_and_set_connections" {{(pid=62733) inner /usr/local/lib/python3.10/dist-packages/oslo_concurrency/lockutils.py:404}}
Jul 31 18:36:03 user devstack@n-api.service[62733]: DEBUG oslo_concurrency.lockutils [None req-88f3f212-2a06-41e4-819a-881191033d17 admin admin] Lock "ea9be0b2-6f20-43a1-9ed1-f7d6498e5be5" acquired by "nova.context.set_target_cell..get_or_set_cached_cell_and_set_connections" :: waited 0.000s {{(pid=62733) inner /usr/local/lib/python3.10/dist-packages/oslo_concurrency/lockutils.py:409}}
Jul 31 18:36:03 user devstack@n-api.service[62733]: DEBUG oslo_concurrency.lockutils [None req-88f3f212-2a06-41e4-819a-881191033d17 admin admin] Lock "ea9be0b2-6f20-43a1-9ed1-f7d6498e5be5" "released" by "nova.context.set_target_cell..get_or_set_cached_cell_and_set_connections" :: held 0.000s {{(pid=62733) inner /usr/local/lib/python3.10/dist-packages/oslo_concurrency/lockutils.py:423}}
Jul 31 18:36:04 user devstack@n-api.service[62733]: INFO nova.api.openstack.requestlog [None req-88f3f212-2a06-41e4-819a-881191033d17 admin admin] 10.0.0.210 "GET /compute/v2.1/os-services?binary=nova-compute&host=user" status: 200 len: 247 microversion: 2.69 time: 0.102039
Jul 31 18:36:04 user devstack@n-api.service[62733]: [pid: 62733|app: 0|req: 12/37] 10.0.0.210 () {64 vars in 1389 bytes} [Mon Jul 31 18:36:03 2023] GET /compute/v2.1/os-services?binary=nova-compute&host=user => generated 247 bytes in 103 msecs (HTTP/1.1 200) 9 headers in 359 bytes (1 switches on core 0)
Jul 31 18:36:35 user devstack@n-api.service[62731]: DEBUG nova.api.openstack.wsgi [None req-02e0747d-991e-4c75-8734-6d9b8b2faf0e admin admin] Calling method '>' {{(pid=62731) _process_stack /opt/stack/nova/nova/api/openstack/wsgi.py:513}}
Jul 31 18:36:35 user devstack@n-api.service[62731]: INFO nova.api.openstack.requestlog [None req-02e0747d-991e-4c75-8734-6d9b8b2faf0e admin admin] 10.0.0.210 "GET /compute/v2.1" status: 200 len: 387 microversion: 2.1 time: 0.001588
Jul 31 18:36:35 user devstack@n-api.service[62731]: [pid: 62731|app: 0|req: 14/38] 10.0.0.210 () {58 vars in 1007 bytes} [Mon Jul 31 18:36:35 2023] GET /compute/v2.1 => generated 387 bytes in 3 msecs (HTTP/1.1 200) 9 headers in 357 bytes (1 switches on core 0)
Jul 31 18:36:35 user devstack@n-api.service[62732]: DEBUG dbcounter [-] [62732] Writing DB stats nova_api:SELECT=32,nova_api:SAVEPOINT=5,nova_api:INSERT=5,nova_api:RELEASE=5 {{(pid=62732) stat_writer /usr/local/lib/python3.10/dist-packages/dbcounter.py:117}}
Jul 31 18:36:35 user devstack@n-api.service[62732]: DEBUG nova.api.openstack.wsgi [None req-5b2928aa-c050-46dc-898f-65eced282f54 admin admin] Calling method '>' {{(pid=62732) _process_stack /opt/stack/nova/nova/api/openstack/wsgi.py:513}}
Jul 31 18:36:35 user devstack@n-api.service[62732]: INFO nova.api.openstack.requestlog [None req-5b2928aa-c050-46dc-898f-65eced282f54 admin admin] 10.0.0.210 "GET /compute/v2.1/flavors/detail?is_public=True" status: 200 len: 4182 microversion: 2.61 time: 0.074328
Jul 31 18:36:35 user devstack@n-api.service[62732]: [pid: 62732|app: 0|req: 13/39] 10.0.0.210 () {64 vars in 1368 bytes} [Mon Jul 31 18:36:35 2023] GET /compute/v2.1/flavors/detail?is_public=True => generated 4182 bytes in 76 msecs (HTTP/1.1 200) 9 headers in 360 bytes (1 switches on core 0)
Jul 31 18:36:38 user devstack@n-api.service[62733]: DEBUG nova.api.openstack.wsgi [None req-88f3f212-2a06-41e4-819a-881191033d17 admin admin] Calling method '>' {{(pid=62733) _process_stack /opt/stack/nova/nova/api/openstack/wsgi.py:513}}
Jul 31 18:36:38 user devstack@n-api.service[62733]: INFO nova.api.openstack.requestlog [None req-88f3f212-2a06-41e4-819a-881191033d17 admin admin] 10.0.0.210 "GET /compute/v2.1" status: 200 len: 387 microversion: 2.1 time: 0.001975
Jul 31 18:36:38 user devstack@n-api.service[62733]: [pid: 62733|app: 0|req: 13/40] 10.0.0.210 () {58 vars in 1007 bytes} [Mon Jul 31 18:36:38 2023] GET /compute/v2.1 => generated 387 bytes in 3 msecs (HTTP/1.1 200) 9 headers in 357 bytes (1 switches on core 0)
Jul 31 18:36:38 user devstack@n-api.service[62731]: DEBUG dbcounter [-] [62731] Writing DB stats nova_api:SELECT=47,nova_api:INSERT=10,nova_api:SAVEPOINT=5,nova_api:RELEASE=5 {{(pid=62731) stat_writer /usr/local/lib/python3.10/dist-packages/dbcounter.py:117}}
Jul 31 18:36:38 user devstack@n-api.service[62731]: DEBUG nova.api.openstack.wsgi [None req-56e9d351-a36c-4942-9248-07b05fe7099f admin admin] Calling method '>' {{(pid=62731) _process_stack /opt/stack/nova/nova/api/openstack/wsgi.py:513}}
Jul 31 18:36:38 user devstack@n-api.service[62731]: INFO nova.api.openstack.requestlog [None req-56e9d351-a36c-4942-9248-07b05fe7099f admin admin] 10.0.0.210 "GET /compute/v2.1/flavors/1" status: 200 len: 424 microversion: 2.61 time: 0.064415
Jul 31 18:36:38 user devstack@n-api.service[62731]: [pid: 62731|app: 0|req: 15/41] 10.0.0.210 () {64 vars in 1311 bytes} [Mon Jul 31 18:36:38 2023] GET /compute/v2.1/flavors/1 => generated 424 bytes in 65 msecs (HTTP/1.1 200) 9 headers in 359 bytes (1 switches on core 0)
Jul 31 18:36:40 user devstack@n-api.service[62732]: DEBUG nova.api.openstack.wsgi [None req-5b2928aa-c050-46dc-898f-65eced282f54 admin admin] Calling method '>' {{(pid=62732) _process_stack /opt/stack/nova/nova/api/openstack/wsgi.py:513}}
Jul 31 18:36:40 user devstack@n-api.service[62732]: INFO nova.api.openstack.requestlog [None req-5b2928aa-c050-46dc-898f-65eced282f54 admin admin] 10.0.0.210 "GET /compute/v2.1" status: 200 len: 387 microversion: 2.1 time: 0.001521
Jul 31 18:36:40 user devstack@n-api.service[62732]: [pid: 62732|app: 0|req: 14/42] 10.0.0.210 () {58 vars in 1007 bytes} [Mon Jul 31 18:36:40 2023] GET /compute/v2.1 => generated 387 bytes in 3 msecs (HTTP/1.1 200) 9 headers in 357 bytes (1 switches on core 0)
Jul 31 18:36:40 user devstack@n-api.service[62733]: DEBUG dbcounter [-] [62733] Writing DB stats nova_cell0:SELECT=2 {{(pid=62733) stat_writer /usr/local/lib/python3.10/dist-packages/dbcounter.py:117}}
Jul 31 18:36:40 user devstack@n-api.service[62733]: DEBUG dbcounter [-] [62733] Writing DB stats nova_cell1:SELECT=2 {{(pid=62733) stat_writer /usr/local/lib/python3.10/dist-packages/dbcounter.py:117}}
Jul 31 18:36:40 user devstack@n-api.service[62733]: DEBUG dbcounter [-] [62733] Writing DB stats nova_api:SELECT=4 {{(pid=62733) stat_writer /usr/local/lib/python3.10/dist-packages/dbcounter.py:117}}
Jul 31 18:36:40 user devstack@n-api.service[62733]: DEBUG nova.api.openstack.wsgi [None req-2438f67d-8657-40cf-b500-a6cbb40ef404 admin admin] Calling method '>' {{(pid=62733) _process_stack /opt/stack/nova/nova/api/openstack/wsgi.py:513}}
Jul 31 18:36:40 user devstack@n-api.service[62733]: INFO nova.api.openstack.requestlog [None req-2438f67d-8657-40cf-b500-a6cbb40ef404 admin admin] 10.0.0.210 "GET /compute/v2.1/flavors/2" status: 200 len: 427 microversion: 2.61 time: 0.067786
Jul 31 18:36:40 user devstack@n-api.service[62733]: [pid: 62733|app: 0|req: 14/43] 10.0.0.210 () {64 vars in 1311 bytes} [Mon Jul 31 18:36:40 2023] GET /compute/v2.1/flavors/2 => generated 427 bytes in 69 msecs (HTTP/1.1 200) 9 headers in 359 bytes (1 switches on core 0)
Jul 31 18:38:56 user devstack@n-api.service[62731]: DEBUG dbcounter [-] [62731] Writing DB stats nova_api:SELECT=1 {{(pid=62731) stat_writer /usr/local/lib/python3.10/dist-packages/dbcounter.py:117}}
Jul 31 18:38:57 user devstack@n-api.service[62731]: DEBUG nova.api.openstack.wsgi [None req-a9824c29-ba44-4268-8859-2e4d87792f12 tempest-VolumesSnapshotsTestJSON-459115969 tempest-VolumesSnapshotsTestJSON-459115969-project-member] Action: 'create', calling method: .version_select at 0x7f5fb3b8d2d0>, body: {"volume": {"size": 1, "display_name": "tempest-VolumesSnapshotsTestJSON-volume-1074924561"}} {{(pid=62731) _process_stack /opt/stack/nova/nova/api/openstack/wsgi.py:511}}
Jul 31 18:38:57 user devstack@n-api.service[62732]: DEBUG dbcounter [-] [62732] Writing DB stats nova_api:SELECT=2 {{(pid=62732) stat_writer /usr/local/lib/python3.10/dist-packages/dbcounter.py:117}}
Jul 31 18:38:57 user devstack@n-api.service[62732]: DEBUG nova.api.openstack.wsgi [None req-59ede296-38eb-46b0-aa25-35535124afad tempest-VolumesGetTestJSON-704047253 tempest-VolumesGetTestJSON-704047253-project-member] Action: 'create', calling method: .version_select at 0x7f5fb3b9caf0>, body: {"volume": {"size": 1, "display_name": "tempest-VolumesGetTestJSON-Volume-300948647", "metadata": {"Type": "work"}}} {{(pid=62732) _process_stack /opt/stack/nova/nova/api/openstack/wsgi.py:511}}
Jul 31 18:38:59 user devstack@n-api.service[62731]: INFO nova.api.openstack.requestlog [None req-a9824c29-ba44-4268-8859-2e4d87792f12 tempest-VolumesSnapshotsTestJSON-459115969 tempest-VolumesSnapshotsTestJSON-459115969-project-member] 10.0.0.210 "POST /compute/v2.1/os-volumes" status: 200 len: 345 microversion: 2.1 time: 2.292613
Jul 31 18:38:59 user devstack@n-api.service[62731]: [pid: 62731|app: 0|req: 16/44] 10.0.0.210 () {64 vars in 1232 bytes} [Mon Jul 31 18:38:56 2023] POST /compute/v2.1/os-volumes => generated 345 bytes in 2295 msecs (HTTP/1.1 200) 10 headers in 447 bytes (1 switches on core 0)
Jul 31 18:38:59 user devstack@n-api.service[62733]: DEBUG dbcounter [-] [62733] Writing DB stats nova_api:SELECT=2 {{(pid=62733) stat_writer /usr/local/lib/python3.10/dist-packages/dbcounter.py:117}}
Jul 31 18:38:59 user devstack@n-api.service[62733]: DEBUG nova.api.openstack.wsgi [None req-a01bd8bf-b992-434e-888e-c09e1ba92e7c tempest-VolumesSnapshotsTestJSON-459115969 tempest-VolumesSnapshotsTestJSON-459115969-project-member] Calling method '.version_select at 0x7f5fb3b89d80>' {{(pid=62733) _process_stack /opt/stack/nova/nova/api/openstack/wsgi.py:513}}
Jul 31 18:38:59 user devstack@n-api.service[62733]: INFO nova.api.openstack.requestlog [None req-a01bd8bf-b992-434e-888e-c09e1ba92e7c tempest-VolumesSnapshotsTestJSON-459115969 tempest-VolumesSnapshotsTestJSON-459115969-project-member] 10.0.0.210 "GET /compute/v2.1/os-volumes/ac8083b8-0504-4ba0-8e88-1fe286085aac" status: 200 len: 345 microversion: 2.1 time: 0.251662
Jul 31 18:38:59 user devstack@n-api.service[62733]: [pid: 62733|app: 0|req: 15/45] 10.0.0.210 () {62 vars in 1322 bytes} [Mon Jul 31 18:38:59 2023] GET /compute/v2.1/os-volumes/ac8083b8-0504-4ba0-8e88-1fe286085aac => generated 345 bytes in 254 msecs (HTTP/1.1 200) 9 headers in 357 bytes (1 switches on core 0)
Jul 31 18:38:59 user devstack@n-api.service[62732]: INFO nova.api.openstack.requestlog [None req-59ede296-38eb-46b0-aa25-35535124afad tempest-VolumesGetTestJSON-704047253 tempest-VolumesGetTestJSON-704047253-project-member] 10.0.0.210 "POST /compute/v2.1/os-volumes" status: 200 len: 352 microversion: 2.1 time: 2.126939
Jul 31 18:38:59 user devstack@n-api.service[62732]: [pid: 62732|app: 0|req: 15/46] 10.0.0.210 () {64 vars in 1233 bytes} [Mon Jul 31 18:38:57 2023] POST /compute/v2.1/os-volumes => generated 352 bytes in 2130 msecs (HTTP/1.1 200) 10 headers in 447 bytes (1 switches on core 0)
Jul 31 18:38:59 user devstack@n-api.service[62731]: DEBUG nova.api.openstack.wsgi [None req-73c0d42d-8fe2-4a6e-8597-e68581fe7c2e tempest-VolumesGetTestJSON-704047253 tempest-VolumesGetTestJSON-704047253-project-member] Calling method '.version_select at 0x7f5fb3a25a20>' {{(pid=62731) _process_stack /opt/stack/nova/nova/api/openstack/wsgi.py:513}}
Jul 31 18:38:59 user devstack@n-api.service[62731]: INFO nova.api.openstack.requestlog [None req-73c0d42d-8fe2-4a6e-8597-e68581fe7c2e tempest-VolumesGetTestJSON-704047253 tempest-VolumesGetTestJSON-704047253-project-member] 10.0.0.210 "GET /compute/v2.1/os-volumes/8cf8add6-d6a4-4f5d-90af-184b2ad73488" status: 200 len: 352 microversion: 2.1 time: 0.068340
Jul 31 18:38:59 user devstack@n-api.service[62731]: [pid: 62731|app: 0|req: 17/47] 10.0.0.210 () {62 vars in 1322 bytes} [Mon Jul 31 18:38:59 2023] GET /compute/v2.1/os-volumes/8cf8add6-d6a4-4f5d-90af-184b2ad73488 => generated 352 bytes in 70 msecs (HTTP/1.1 200) 9 headers in 357 bytes (1 switches on core 0)
Jul 31 18:39:00 user devstack@n-api.service[62733]: DEBUG nova.api.openstack.wsgi [None req-6d731706-fbd6-41e0-a5b2-3da76cd004b3 tempest-VolumesSnapshotsTestJSON-459115969 tempest-VolumesSnapshotsTestJSON-459115969-project-member] Calling method '.version_select at 0x7f5fb3b89360>' {{(pid=62733) _process_stack /opt/stack/nova/nova/api/openstack/wsgi.py:513}}
Jul 31 18:39:00 user devstack@n-api.service[62733]: INFO nova.api.openstack.requestlog [None req-6d731706-fbd6-41e0-a5b2-3da76cd004b3 tempest-VolumesSnapshotsTestJSON-459115969 tempest-VolumesSnapshotsTestJSON-459115969-project-member] 10.0.0.210 "GET /compute/v2.1/os-volumes/ac8083b8-0504-4ba0-8e88-1fe286085aac" status: 200 len: 345 microversion: 2.1 time: 0.067219
Jul 31 18:39:00 user devstack@n-api.service[62733]: [pid: 62733|app: 0|req: 16/48] 10.0.0.210 () {62 vars in 1322 bytes} [Mon Jul 31 18:39:00 2023] GET /compute/v2.1/os-volumes/ac8083b8-0504-4ba0-8e88-1fe286085aac => generated 345 bytes in 69 msecs (HTTP/1.1 200) 9 headers in 357 bytes (1 switches on core 0)
Jul 31 18:39:00 user devstack@n-api.service[62732]: DEBUG nova.api.openstack.wsgi [None req-791631b7-cfb5-47fe-a5e2-9718033ccef4 tempest-VolumesGetTestJSON-704047253 tempest-VolumesGetTestJSON-704047253-project-member] Calling method '.version_select at 0x7f5fb3a19cf0>' {{(pid=62732) _process_stack /opt/stack/nova/nova/api/openstack/wsgi.py:513}}
Jul 31 18:39:00 user devstack@n-api.service[62732]: INFO nova.api.openstack.requestlog [None req-791631b7-cfb5-47fe-a5e2-9718033ccef4 tempest-VolumesGetTestJSON-704047253 tempest-VolumesGetTestJSON-704047253-project-member] 10.0.0.210 "GET /compute/v2.1/os-volumes/8cf8add6-d6a4-4f5d-90af-184b2ad73488" status: 200 len: 352 microversion: 2.1 time: 0.054354
Jul 31 18:39:00 user devstack@n-api.service[62732]: [pid: 62732|app: 0|req: 16/49] 10.0.0.210 () {62 vars in 1322 bytes} [Mon Jul 31 18:39:00 2023] GET /compute/v2.1/os-volumes/8cf8add6-d6a4-4f5d-90af-184b2ad73488 => generated 352 bytes in 57 msecs (HTTP/1.1 200) 9 headers in 357 bytes (1 switches on core 0)
Jul 31 18:39:01 user devstack@n-api.service[62731]: DEBUG nova.api.openstack.wsgi [None req-ac092ded-a08c-4a83-bd5c-c44a5d9dbe51 tempest-VolumesSnapshotsTestJSON-459115969 tempest-VolumesSnapshotsTestJSON-459115969-project-member] Calling method '.version_select at 0x7f5fb3a25ea0>' {{(pid=62731) _process_stack /opt/stack/nova/nova/api/openstack/wsgi.py:513}}
Jul 31 18:39:01 user devstack@n-api.service[62731]: INFO nova.api.openstack.requestlog [None req-ac092ded-a08c-4a83-bd5c-c44a5d9dbe51 tempest-VolumesSnapshotsTestJSON-459115969 tempest-VolumesSnapshotsTestJSON-459115969-project-member] 10.0.0.210 "GET /compute/v2.1/os-volumes/ac8083b8-0504-4ba0-8e88-1fe286085aac" status: 200 len: 345 microversion: 2.1 time: 0.055980
Jul 31 18:39:01 user devstack@n-api.service[62731]: [pid: 62731|app: 0|req: 18/50] 10.0.0.210 () {62 vars in 1322 bytes} [Mon Jul 31 18:39:01 2023] GET /compute/v2.1/os-volumes/ac8083b8-0504-4ba0-8e88-1fe286085aac => generated 345 bytes in 58 msecs (HTTP/1.1 200) 9 headers in 357 bytes (1 switches on core 0)
Jul 31 18:39:01 user devstack@n-api.service[62733]: DEBUG nova.api.openstack.wsgi [None req-c92eeb2d-d30a-41db-84c5-64bfeeec2060 tempest-VolumesGetTestJSON-704047253 tempest-VolumesGetTestJSON-704047253-project-member] Calling method '.version_select at 0x7f5fb3b8a0e0>' {{(pid=62733) _process_stack /opt/stack/nova/nova/api/openstack/wsgi.py:513}}
Jul 31 18:39:02 user devstack@n-api.service[62733]: INFO nova.api.openstack.requestlog [None req-c92eeb2d-d30a-41db-84c5-64bfeeec2060 tempest-VolumesGetTestJSON-704047253 tempest-VolumesGetTestJSON-704047253-project-member] 10.0.0.210 "GET /compute/v2.1/os-volumes/8cf8add6-d6a4-4f5d-90af-184b2ad73488" status: 200 len: 352 microversion: 2.1 time: 0.243002
Jul 31 18:39:02 user devstack@n-api.service[62733]: [pid: 62733|app: 0|req: 17/51] 10.0.0.210 () {62 vars in 1322 bytes} [Mon Jul 31 18:39:01 2023] GET /compute/v2.1/os-volumes/8cf8add6-d6a4-4f5d-90af-184b2ad73488 => generated 352 bytes in 245 msecs (HTTP/1.1 200) 9 headers in 357 bytes (1 switches on core 0)
Jul 31 18:39:02 user devstack@n-api.service[62732]: DEBUG nova.api.openstack.wsgi [None req-09dfa8d7-4a6c-4498-a110-f3de59319aeb tempest-VolumesSnapshotsTestJSON-459115969 tempest-VolumesSnapshotsTestJSON-459115969-project-member] Calling method '.version_select at 0x7f5fb3a1a0e0>' {{(pid=62732) _process_stack /opt/stack/nova/nova/api/openstack/wsgi.py:513}}
Jul 31 18:39:02 user devstack@n-api.service[62732]: INFO nova.api.openstack.requestlog [None req-09dfa8d7-4a6c-4498-a110-f3de59319aeb tempest-VolumesSnapshotsTestJSON-459115969 tempest-VolumesSnapshotsTestJSON-459115969-project-member] 10.0.0.210 "GET /compute/v2.1/os-volumes/ac8083b8-0504-4ba0-8e88-1fe286085aac" status: 200 len: 346 microversion: 2.1 time: 0.045763
Jul 31 18:39:02 user devstack@n-api.service[62732]: [pid: 62732|app: 0|req: 17/52] 10.0.0.210 () {62 vars in 1322 bytes} [Mon Jul 31 18:39:02 2023] GET /compute/v2.1/os-volumes/ac8083b8-0504-4ba0-8e88-1fe286085aac => generated 346 bytes in 47 msecs (HTTP/1.1 200) 9 headers in 357 bytes (1 switches on core 0)
Jul 31 18:39:02 user devstack@n-api.service[62731]: DEBUG nova.api.openstack.wsgi [None req-4b95c76e-59a1-466e-b394-0f7b7206b32b tempest-VolumesSnapshotsTestJSON-459115969 tempest-VolumesSnapshotsTestJSON-459115969-project-member] Action: 'create', calling method: .version_select at 0x7f5fb3a25fc0>, body: {"snapshot": {"volume_id": "ac8083b8-0504-4ba0-8e88-1fe286085aac", "display_name": "tempest-VolumesSnapshotsTestJSON-Snapshot-1996770021"}} {{(pid=62731) _process_stack /opt/stack/nova/nova/api/openstack/wsgi.py:511}}
Jul 31 18:39:02 user devstack@n-api.service[62731]: INFO nova.api.openstack.requestlog [None req-4b95c76e-59a1-466e-b394-0f7b7206b32b tempest-VolumesSnapshotsTestJSON-459115969 tempest-VolumesSnapshotsTestJSON-459115969-project-member] 10.0.0.210 "POST /compute/v2.1/os-snapshots" status: 200 len: 287 microversion: 2.1 time: 0.202055
Jul 31 18:39:02 user devstack@n-api.service[62731]: [pid: 62731|app: 0|req: 19/53] 10.0.0.210 () {64 vars in 1239 bytes} [Mon Jul 31 18:39:02 2023] POST /compute/v2.1/os-snapshots => generated 287 bytes in 204 msecs (HTTP/1.1 200) 9 headers in 357 bytes (2 switches on core 0)
Jul 31 18:39:02 user devstack@n-api.service[62733]: DEBUG nova.api.openstack.wsgi [None req-3fab0fb4-fde0-41ff-a0dd-4ae83524a832 tempest-VolumesSnapshotsTestJSON-459115969 tempest-VolumesSnapshotsTestJSON-459115969-project-member] Calling method '.version_select at 0x7f5fb3a1f640>' {{(pid=62733) _process_stack /opt/stack/nova/nova/api/openstack/wsgi.py:513}}
Jul 31 18:39:02 user devstack@n-api.service[62733]: INFO nova.api.openstack.requestlog [None req-3fab0fb4-fde0-41ff-a0dd-4ae83524a832 tempest-VolumesSnapshotsTestJSON-459115969 tempest-VolumesSnapshotsTestJSON-459115969-project-member] 10.0.0.210 "GET /compute/v2.1/os-snapshots/fc701ddc-1b33-45aa-a49e-a5ad5fba9617" status: 200 len: 287 microversion: 2.1 time: 0.063966
Jul 31 18:39:02 user devstack@n-api.service[62733]: [pid: 62733|app: 0|req: 18/54] 10.0.0.210 () {62 vars in 1328 bytes} [Mon Jul 31 18:39:02 2023] GET /compute/v2.1/os-snapshots/fc701ddc-1b33-45aa-a49e-a5ad5fba9617 => generated 287 bytes in 66 msecs (HTTP/1.1 200) 9 headers in 357 bytes (1 switches on core 0)
Jul 31 18:39:02 user devstack@n-api.service[62732]: DEBUG nova.api.openstack.wsgi [None req-65f6101e-d7a6-46e8-8bea-e3451140b86b tempest-VolumesSnapshotsTestJSON-459115969 tempest-VolumesSnapshotsTestJSON-459115969-project-member] Calling method '.version_select at 0x7f5fb3b9c670>' {{(pid=62732) _process_stack /opt/stack/nova/nova/api/openstack/wsgi.py:513}}
Jul 31 18:39:02 user devstack@n-api.service[62732]: INFO nova.api.openstack.requestlog [None req-65f6101e-d7a6-46e8-8bea-e3451140b86b tempest-VolumesSnapshotsTestJSON-459115969 tempest-VolumesSnapshotsTestJSON-459115969-project-member] 10.0.0.210 "GET /compute/v2.1/os-snapshots" status: 200 len: 290 microversion: 2.1 time: 0.063953
Jul 31 18:39:02 user devstack@n-api.service[62732]: [pid: 62732|app: 0|req: 18/55] 10.0.0.210 () {62 vars in 1217 bytes} [Mon Jul 31 18:39:02 2023] GET /compute/v2.1/os-snapshots => generated 290 bytes in 66 msecs (HTTP/1.1 200) 9 headers in 357 bytes (1 switches on core 0)
Jul 31 18:39:02 user devstack@n-api.service[62731]: DEBUG nova.api.openstack.wsgi [None req-e887affa-ad6f-4198-9a95-cdaa28ebf8a3 tempest-VolumesSnapshotsTestJSON-459115969 tempest-VolumesSnapshotsTestJSON-459115969-project-member] Calling method '.version_select at 0x7f5fb3a27010>' {{(pid=62731) _process_stack /opt/stack/nova/nova/api/openstack/wsgi.py:513}}
Jul 31 18:39:03 user devstack@n-api.service[62731]: INFO nova.api.openstack.requestlog [None req-e887affa-ad6f-4198-9a95-cdaa28ebf8a3 tempest-VolumesSnapshotsTestJSON-459115969 tempest-VolumesSnapshotsTestJSON-459115969-project-member] 10.0.0.210 "GET /compute/v2.1/os-snapshots/fc701ddc-1b33-45aa-a49e-a5ad5fba9617" status: 200 len: 287 microversion: 2.1 time: 0.036422
Jul 31 18:39:03 user devstack@n-api.service[62731]: [pid: 62731|app: 0|req: 20/56] 10.0.0.210 () {62 vars in 1328 bytes} [Mon Jul 31 18:39:02 2023] GET /compute/v2.1/os-snapshots/fc701ddc-1b33-45aa-a49e-a5ad5fba9617 => generated 287 bytes in 38 msecs (HTTP/1.1 200) 9 headers in 357 bytes (1 switches on core 0)
Jul 31 18:39:03 user devstack@n-api.service[62733]: DEBUG nova.api.openstack.wsgi [None req-303fbc19-dbad-4c6a-b1d0-1c6fd1b535de tempest-VolumesGetTestJSON-704047253 tempest-VolumesGetTestJSON-704047253-project-member] Calling method '.version_select at 0x7f5fb3a1f5b0>' {{(pid=62733) _process_stack /opt/stack/nova/nova/api/openstack/wsgi.py:513}}
