Aug 17 14:35:41 user devstack@n-api-meta.service[70311]: DEBUG nova.api.openstack.wsgi_app [-] oslo_limit.max_version = None {{(pid=70311) log_opt_values /opt/stack/data/venv/lib/python3.10/site-packages/oslo_config/cfg.py:2609}}
Aug 17 14:35:41 user devstack@n-api-meta.service[70311]: DEBUG nova.api.openstack.wsgi_app [-] oslo_limit.min_version = None {{(pid=70311) log_opt_values /opt/stack/data/venv/lib/python3.10/site-packages/oslo_config/cfg.py:2609}}
Aug 17 14:35:41 user devstack@n-api-meta.service[70311]: DEBUG nova.api.openstack.wsgi_app [-] oslo_limit.region_name = None {{(pid=70311) log_opt_values /opt/stack/data/venv/lib/python3.10/site-packages/oslo_config/cfg.py:2609}}
Aug 17 14:35:41 user devstack@n-api-meta.service[70311]: DEBUG nova.api.openstack.wsgi_app [-] oslo_limit.service_name = None {{(pid=70311) log_opt_values /opt/stack/data/venv/lib/python3.10/site-packages/oslo_config/cfg.py:2609}}
Aug 17 14:35:41 user devstack@n-api-meta.service[70311]: DEBUG nova.api.openstack.wsgi_app [-] oslo_limit.service_type = None {{(pid=70311) log_opt_values /opt/stack/data/venv/lib/python3.10/site-packages/oslo_config/cfg.py:2609}}
Aug 17 14:35:41 user devstack@n-api-meta.service[70311]: DEBUG nova.api.openstack.wsgi_app [-] oslo_limit.split_loggers = False {{(pid=70311) log_opt_values /opt/stack/data/venv/lib/python3.10/site-packages/oslo_config/cfg.py:2609}}
Aug 17 14:35:41 user devstack@n-api-meta.service[70311]: DEBUG nova.api.openstack.wsgi_app [-] oslo_limit.status_code_retries = None {{(pid=70311) log_opt_values /opt/stack/data/venv/lib/python3.10/site-packages/oslo_config/cfg.py:2609}}
Aug 17 14:35:41 user devstack@n-api-meta.service[70311]: DEBUG nova.api.openstack.wsgi_app [-] oslo_limit.status_code_retry_delay = None {{(pid=70311) log_opt_values /opt/stack/data/venv/lib/python3.10/site-packages/oslo_config/cfg.py:2609}}
Aug 17 14:35:41 user devstack@n-api-meta.service[70311]: DEBUG nova.api.openstack.wsgi_app [-] oslo_limit.timeout = None {{(pid=70311) log_opt_values /opt/stack/data/venv/lib/python3.10/site-packages/oslo_config/cfg.py:2609}}
Aug 17 14:35:41 user devstack@n-api-meta.service[70311]: DEBUG nova.api.openstack.wsgi_app [-] oslo_limit.valid_interfaces = None {{(pid=70311) log_opt_values /opt/stack/data/venv/lib/python3.10/site-packages/oslo_config/cfg.py:2609}}
Aug 17 14:35:41 user devstack@n-api-meta.service[70311]: DEBUG nova.api.openstack.wsgi_app [-] oslo_limit.version = None {{(pid=70311) log_opt_values /opt/stack/data/venv/lib/python3.10/site-packages/oslo_config/cfg.py:2609}}
Aug 17 14:35:41 user devstack@n-api-meta.service[70311]: DEBUG nova.api.openstack.wsgi_app [-] oslo_messaging_rabbit.amqp_auto_delete = False {{(pid=70311) log_opt_values /opt/stack/data/venv/lib/python3.10/site-packages/oslo_config/cfg.py:2609}}
Aug 17 14:35:41 user devstack@n-api-meta.service[70311]: DEBUG nova.api.openstack.wsgi_app [-] oslo_messaging_rabbit.amqp_durable_queues = False {{(pid=70311) log_opt_values /opt/stack/data/venv/lib/python3.10/site-packages/oslo_config/cfg.py:2609}}
Aug 17 14:35:41 user devstack@n-api-meta.service[70311]: DEBUG nova.api.openstack.wsgi_app [-] oslo_messaging_rabbit.conn_pool_min_size = 2 {{(pid=70311) log_opt_values /opt/stack/data/venv/lib/python3.10/site-packages/oslo_config/cfg.py:2609}}
Aug 17 14:35:41 user devstack@n-api-meta.service[70311]: DEBUG nova.api.openstack.wsgi_app [-] oslo_messaging_rabbit.conn_pool_ttl = 1200 {{(pid=70311) log_opt_values /opt/stack/data/venv/lib/python3.10/site-packages/oslo_config/cfg.py:2609}}
Aug 17 14:35:41 user devstack@n-api-meta.service[70311]: DEBUG nova.api.openstack.wsgi_app [-] oslo_messaging_rabbit.direct_mandatory_flag = True {{(pid=70311) log_opt_values /opt/stack/data/venv/lib/python3.10/site-packages/oslo_config/cfg.py:2609}}
Aug 17 14:35:41 user devstack@n-api-meta.service[70311]: DEBUG nova.api.openstack.wsgi_app [-] oslo_messaging_rabbit.enable_cancel_on_failover = False {{(pid=70311) log_opt_values /opt/stack/data/venv/lib/python3.10/site-packages/oslo_config/cfg.py:2609}}
Aug 17 14:35:41 user devstack@n-api-meta.service[70311]: DEBUG nova.api.openstack.wsgi_app [-] oslo_messaging_rabbit.heartbeat_in_pthread = False {{(pid=70311) log_opt_values /opt/stack/data/venv/lib/python3.10/site-packages/oslo_config/cfg.py:2609}}
Aug 17 14:35:41 user devstack@n-api-meta.service[70311]: DEBUG nova.api.openstack.wsgi_app [-] oslo_messaging_rabbit.heartbeat_rate = 2 {{(pid=70311) log_opt_values /opt/stack/data/venv/lib/python3.10/site-packages/oslo_config/cfg.py:2609}}
Aug 17 14:35:41 user devstack@n-api-meta.service[70311]: DEBUG nova.api.openstack.wsgi_app [-] oslo_messaging_rabbit.heartbeat_timeout_threshold = 60 {{(pid=70311) log_opt_values /opt/stack/data/venv/lib/python3.10/site-packages/oslo_config/cfg.py:2609}}
Aug 17 14:35:41 user devstack@n-api-meta.service[70311]: DEBUG nova.api.openstack.wsgi_app [-] oslo_messaging_rabbit.kombu_compression = None {{(pid=70311) log_opt_values /opt/stack/data/venv/lib/python3.10/site-packages/oslo_config/cfg.py:2609}}
Aug 17 14:35:41 user devstack@n-api-meta.service[70311]: DEBUG nova.api.openstack.wsgi_app [-] oslo_messaging_rabbit.kombu_failover_strategy = round-robin {{(pid=70311) log_opt_values /opt/stack/data/venv/lib/python3.10/site-packages/oslo_config/cfg.py:2609}}
Aug 17 14:35:41 user devstack@n-api-meta.service[70311]: DEBUG nova.api.openstack.wsgi_app [-] oslo_messaging_rabbit.kombu_missing_consumer_retry_timeout = 60 {{(pid=70311) log_opt_values /opt/stack/data/venv/lib/python3.10/site-packages/oslo_config/cfg.py:2609}}
Aug 17 14:35:41 user devstack@n-api-meta.service[70311]: DEBUG nova.api.openstack.wsgi_app [-] oslo_messaging_rabbit.kombu_reconnect_delay = 1.0 {{(pid=70311) log_opt_values /opt/stack/data/venv/lib/python3.10/site-packages/oslo_config/cfg.py:2609}}
Aug 17 14:35:41 user devstack@n-api-meta.service[70311]: DEBUG nova.api.openstack.wsgi_app [-] oslo_messaging_rabbit.rabbit_ha_queues = False {{(pid=70311) log_opt_values /opt/stack/data/venv/lib/python3.10/site-packages/oslo_config/cfg.py:2609}}
Aug 17 14:35:41 user devstack@n-api-meta.service[70311]: DEBUG nova.api.openstack.wsgi_app [-] oslo_messaging_rabbit.rabbit_interval_max = 30 {{(pid=70311) log_opt_values /opt/stack/data/venv/lib/python3.10/site-packages/oslo_config/cfg.py:2609}}
Aug 17 14:35:41 user devstack@n-api-meta.service[70311]: DEBUG nova.api.openstack.wsgi_app [-] oslo_messaging_rabbit.rabbit_login_method = AMQPLAIN {{(pid=70311) log_opt_values /opt/stack/data/venv/lib/python3.10/site-packages/oslo_config/cfg.py:2609}}
Aug 17 14:35:41 user devstack@n-api-meta.service[70311]: DEBUG nova.api.openstack.wsgi_app [-] oslo_messaging_rabbit.rabbit_qos_prefetch_count = 0 {{(pid=70311) log_opt_values /opt/stack/data/venv/lib/python3.10/site-packages/oslo_config/cfg.py:2609}}
Aug 17 14:35:41 user devstack@n-api-meta.service[70311]: DEBUG nova.api.openstack.wsgi_app [-] oslo_messaging_rabbit.rabbit_quorum_delivery_limit = 0 {{(pid=70311) log_opt_values /opt/stack/data/venv/lib/python3.10/site-packages/oslo_config/cfg.py:2609}}
Aug 17 14:35:41 user devstack@n-api-meta.service[70311]: DEBUG nova.api.openstack.wsgi_app [-] oslo_messaging_rabbit.rabbit_quorum_max_memory_bytes = 0 {{(pid=70311) log_opt_values /opt/stack/data/venv/lib/python3.10/site-packages/oslo_config/cfg.py:2609}}
Aug 17 14:35:41 user devstack@n-api-meta.service[70311]: DEBUG nova.api.openstack.wsgi_app [-] oslo_messaging_rabbit.rabbit_quorum_max_memory_length = 0 {{(pid=70311) log_opt_values /opt/stack/data/venv/lib/python3.10/site-packages/oslo_config/cfg.py:2609}}
Aug 17 14:35:41 user devstack@n-api-meta.service[70311]: DEBUG nova.api.openstack.wsgi_app [-] oslo_messaging_rabbit.rabbit_quorum_queue = False {{(pid=70311) log_opt_values /opt/stack/data/venv/lib/python3.10/site-packages/oslo_config/cfg.py:2609}}
Aug 17 14:35:41 user devstack@n-api-meta.service[70311]: DEBUG nova.api.openstack.wsgi_app [-] oslo_messaging_rabbit.rabbit_retry_backoff = 2 {{(pid=70311) log_opt_values /opt/stack/data/venv/lib/python3.10/site-packages/oslo_config/cfg.py:2609}}
Aug 17 14:35:41 user devstack@n-api-meta.service[70311]: DEBUG nova.api.openstack.wsgi_app [-] oslo_messaging_rabbit.rabbit_retry_interval = 1 {{(pid=70311) log_opt_values /opt/stack/data/venv/lib/python3.10/site-packages/oslo_config/cfg.py:2609}}
Aug 17 14:35:41 user devstack@n-api-meta.service[70311]: DEBUG nova.api.openstack.wsgi_app [-] oslo_messaging_rabbit.rabbit_transient_queues_ttl = 1800 {{(pid=70311) log_opt_values /opt/stack/data/venv/lib/python3.10/site-packages/oslo_config/cfg.py:2609}}
Aug 17 14:35:41 user devstack@n-api-meta.service[70311]: DEBUG nova.api.openstack.wsgi_app [-] oslo_messaging_rabbit.rpc_conn_pool_size = 30 {{(pid=70311) log_opt_values /opt/stack/data/venv/lib/python3.10/site-packages/oslo_config/cfg.py:2609}}
Aug 17 14:35:41 user devstack@n-api-meta.service[70311]: DEBUG nova.api.openstack.wsgi_app [-] oslo_messaging_rabbit.ssl = False {{(pid=70311) log_opt_values /opt/stack/data/venv/lib/python3.10/site-packages/oslo_config/cfg.py:2609}}
Aug 17 14:35:41 user devstack@n-api-meta.service[70311]: DEBUG nova.api.openstack.wsgi_app [-] oslo_messaging_rabbit.ssl_ca_file = {{(pid=70311) log_opt_values /opt/stack/data/venv/lib/python3.10/site-packages/oslo_config/cfg.py:2609}}
Aug 17 14:35:41 user devstack@n-api-meta.service[70311]: DEBUG nova.api.openstack.wsgi_app [-] oslo_messaging_rabbit.ssl_cert_file = {{(pid=70311) log_opt_values /opt/stack/data/venv/lib/python3.10/site-packages/oslo_config/cfg.py:2609}}
Aug 17 14:35:41 user devstack@n-api-meta.service[70311]: DEBUG nova.api.openstack.wsgi_app [-] oslo_messaging_rabbit.ssl_enforce_fips_mode = False {{(pid=70311) log_opt_values /opt/stack/data/venv/lib/python3.10/site-packages/oslo_config/cfg.py:2609}}
Aug 17 14:35:41 user devstack@n-api-meta.service[70311]: DEBUG nova.api.openstack.wsgi_app [-] oslo_messaging_rabbit.ssl_key_file = {{(pid=70311) log_opt_values /opt/stack/data/venv/lib/python3.10/site-packages/oslo_config/cfg.py:2609}}
Aug 17 14:35:41 user devstack@n-api-meta.service[70311]: DEBUG nova.api.openstack.wsgi_app [-] oslo_messaging_rabbit.ssl_version = {{(pid=70311) log_opt_values /opt/stack/data/venv/lib/python3.10/site-packages/oslo_config/cfg.py:2609}}
Aug 17 14:35:41 user devstack@n-api-meta.service[70311]: DEBUG nova.api.openstack.wsgi_app [-] oslo_messaging_notifications.driver = ['messagingv2'] {{(pid=70311) log_opt_values /opt/stack/data/venv/lib/python3.10/site-packages/oslo_config/cfg.py:2609}}
Aug 17 14:35:41 user devstack@n-api-meta.service[70311]: DEBUG nova.api.openstack.wsgi_app [-] oslo_messaging_notifications.retry = -1 {{(pid=70311) log_opt_values /opt/stack/data/venv/lib/python3.10/site-packages/oslo_config/cfg.py:2609}}
Aug 17 14:35:41 user devstack@n-api-meta.service[70311]: DEBUG nova.api.openstack.wsgi_app [-] oslo_messaging_notifications.topics = ['notifications'] {{(pid=70311) log_opt_values /opt/stack/data/venv/lib/python3.10/site-packages/oslo_config/cfg.py:2609}}
Aug 17 14:35:41 user devstack@n-api-meta.service[70311]: DEBUG nova.api.openstack.wsgi_app [-] oslo_messaging_notifications.transport_url = **** {{(pid=70311) log_opt_values /opt/stack/data/venv/lib/python3.10/site-packages/oslo_config/cfg.py:2609}}
Aug 17 14:35:41 user devstack@n-api-meta.service[70311]: DEBUG nova.api.openstack.wsgi_app [-] oslo_reports.file_event_handler = None {{(pid=70311) log_opt_values /opt/stack/data/venv/lib/python3.10/site-packages/oslo_config/cfg.py:2609}}
Aug 17 14:35:41 user devstack@n-api-meta.service[70311]: DEBUG nova.api.openstack.wsgi_app [-] oslo_reports.file_event_handler_interval = 1 {{(pid=70311) log_opt_values /opt/stack/data/venv/lib/python3.10/site-packages/oslo_config/cfg.py:2609}}
Aug 17 14:35:41 user devstack@n-api-meta.service[70311]: DEBUG nova.api.openstack.wsgi_app [-] oslo_reports.log_dir = None {{(pid=70311) log_opt_values /opt/stack/data/venv/lib/python3.10/site-packages/oslo_config/cfg.py:2609}}
Aug 17 14:35:41 user devstack@n-api-meta.service[70311]: DEBUG nova.api.openstack.wsgi_app [-] ******************************************************************************** {{(pid=70311) log_opt_values /opt/stack/data/venv/lib/python3.10/site-packages/oslo_config/cfg.py:2613}}
Aug 17 14:35:41 user devstack@n-api-meta.service[70312]: INFO dbcounter [None req-463f79e9-0e21-4837-8689-5c64e0daf600 None None] Registered counter for database nova_api
Aug 17 14:35:41 user devstack@n-api-meta.service[70312]: DEBUG oslo_db.sqlalchemy.engines [None req-463f79e9-0e21-4837-8689-5c64e0daf600 None None] MySQL server mode set to STRICT_TRANS_TABLES,STRICT_ALL_TABLES,NO_ZERO_IN_DATE,NO_ZERO_DATE,ERROR_FOR_DIVISION_BY_ZERO,TRADITIONAL,NO_ENGINE_SUBSTITUTION {{(pid=70312) _check_effective_sql_mode /opt/stack/data/venv/lib/python3.10/site-packages/oslo_db/sqlalchemy/engines.py:335}}
Aug 17 14:35:41 user devstack@n-api-meta.service[70312]: DEBUG dbcounter [-] [70312] Writer thread running {{(pid=70312) stat_writer /opt/stack/data/venv/lib/python3.10/site-packages/dbcounter.py:102}}
Aug 17 14:35:41 user devstack@n-api-meta.service[70311]: INFO dbcounter [None req-231f56f5-5d86-4d98-bc49-1e7aa9bc54ba None None] Registered counter for database nova_api
Aug 17 14:35:41 user devstack@n-api-meta.service[70311]: DEBUG oslo_db.sqlalchemy.engines [None req-231f56f5-5d86-4d98-bc49-1e7aa9bc54ba None None] MySQL server mode set to STRICT_TRANS_TABLES,STRICT_ALL_TABLES,NO_ZERO_IN_DATE,NO_ZERO_DATE,ERROR_FOR_DIVISION_BY_ZERO,TRADITIONAL,NO_ENGINE_SUBSTITUTION {{(pid=70311) _check_effective_sql_mode /opt/stack/data/venv/lib/python3.10/site-packages/oslo_db/sqlalchemy/engines.py:335}}
Aug 17 14:35:41 user devstack@n-api-meta.service[70311]: DEBUG dbcounter [-] [70311] Writer thread running {{(pid=70311) stat_writer /opt/stack/data/venv/lib/python3.10/site-packages/dbcounter.py:102}}
Aug 17 14:35:41 user devstack@n-api-meta.service[70309]: DEBUG nova.context [None req-b8fbcb99-4532-44ec-bfbf-ecf397ec4b79 None None] Found 2 cells: 00000000-0000-0000-0000-000000000000(cell0),00f85da2-1d7d-4440-a545-9f56cab599a1(cell1) {{(pid=70309) load_cells /opt/stack/nova/nova/context.py:464}}
Aug 17 14:35:41 user devstack@n-api-meta.service[70309]: DEBUG oslo_concurrency.lockutils [None req-b8fbcb99-4532-44ec-bfbf-ecf397ec4b79 None None] Acquiring lock "00000000-0000-0000-0000-000000000000" by "nova.context.set_target_cell..get_or_set_cached_cell_and_set_connections" {{(pid=70309) inner /opt/stack/data/venv/lib/python3.10/site-packages/oslo_concurrency/lockutils.py:404}}
Aug 17 14:35:41 user devstack@n-api-meta.service[70309]: DEBUG oslo_concurrency.lockutils [None req-b8fbcb99-4532-44ec-bfbf-ecf397ec4b79 None None] Lock "00000000-0000-0000-0000-000000000000" acquired by "nova.context.set_target_cell..get_or_set_cached_cell_and_set_connections" :: waited 0.001s {{(pid=70309) inner /opt/stack/data/venv/lib/python3.10/site-packages/oslo_concurrency/lockutils.py:409}}
Aug 17 14:35:41 user devstack@n-api-meta.service[70309]: DEBUG oslo_concurrency.lockutils [None req-b8fbcb99-4532-44ec-bfbf-ecf397ec4b79 None None] Lock "00000000-0000-0000-0000-000000000000" "released" by "nova.context.set_target_cell..get_or_set_cached_cell_and_set_connections" :: held 0.001s {{(pid=70309) inner /opt/stack/data/venv/lib/python3.10/site-packages/oslo_concurrency/lockutils.py:423}}
Aug 17 14:35:41 user devstack@n-api-meta.service[70309]: DEBUG oslo_concurrency.lockutils [None req-b8fbcb99-4532-44ec-bfbf-ecf397ec4b79 None None] Acquiring lock "00f85da2-1d7d-4440-a545-9f56cab599a1" by "nova.context.set_target_cell..get_or_set_cached_cell_and_set_connections" {{(pid=70309) inner /opt/stack/data/venv/lib/python3.10/site-packages/oslo_concurrency/lockutils.py:404}}
Aug 17 14:35:41 user devstack@n-api-meta.service[70309]: DEBUG oslo_concurrency.lockutils [None req-b8fbcb99-4532-44ec-bfbf-ecf397ec4b79 None None] Lock "00f85da2-1d7d-4440-a545-9f56cab599a1" acquired by "nova.context.set_target_cell..get_or_set_cached_cell_and_set_connections" :: waited 0.000s {{(pid=70309) inner /opt/stack/data/venv/lib/python3.10/site-packages/oslo_concurrency/lockutils.py:409}}
Aug 17 14:35:41 user devstack@n-api-meta.service[70309]: DEBUG oslo_concurrency.lockutils [None req-b8fbcb99-4532-44ec-bfbf-ecf397ec4b79 None None] Lock "00f85da2-1d7d-4440-a545-9f56cab599a1" "released" by "nova.context.set_target_cell..get_or_set_cached_cell_and_set_connections" :: held 0.002s {{(pid=70309) inner /opt/stack/data/venv/lib/python3.10/site-packages/oslo_concurrency/lockutils.py:423}}
Aug 17 14:35:41 user devstack@n-api-meta.service[70309]: INFO dbcounter [None req-b8fbcb99-4532-44ec-bfbf-ecf397ec4b79 None None] Registered counter for database nova_cell0
Aug 17 14:35:41 user devstack@n-api-meta.service[70309]: INFO dbcounter [None req-b8fbcb99-4532-44ec-bfbf-ecf397ec4b79 None None] Registered counter for database nova_cell1
Aug 17 14:35:41 user devstack@n-api-meta.service[70309]: DEBUG oslo_db.sqlalchemy.engines [None req-b8fbcb99-4532-44ec-bfbf-ecf397ec4b79 None None] MySQL server mode set to STRICT_TRANS_TABLES,STRICT_ALL_TABLES,NO_ZERO_IN_DATE,NO_ZERO_DATE,ERROR_FOR_DIVISION_BY_ZERO,TRADITIONAL,NO_ENGINE_SUBSTITUTION {{(pid=70309) _check_effective_sql_mode /opt/stack/data/venv/lib/python3.10/site-packages/oslo_db/sqlalchemy/engines.py:335}}
Aug 17 14:35:41 user devstack@n-api-meta.service[70309]: DEBUG dbcounter [-] [70309] Writer thread running {{(pid=70309) stat_writer /opt/stack/data/venv/lib/python3.10/site-packages/dbcounter.py:102}}
Aug 17 14:35:41 user devstack@n-api-meta.service[70309]: DEBUG oslo_db.sqlalchemy.engines [None req-b8fbcb99-4532-44ec-bfbf-ecf397ec4b79 None None] MySQL server mode set to STRICT_TRANS_TABLES,STRICT_ALL_TABLES,NO_ZERO_IN_DATE,NO_ZERO_DATE,ERROR_FOR_DIVISION_BY_ZERO,TRADITIONAL,NO_ENGINE_SUBSTITUTION {{(pid=70309) _check_effective_sql_mode /opt/stack/data/venv/lib/python3.10/site-packages/oslo_db/sqlalchemy/engines.py:335}}
Aug 17 14:35:42 user devstack@n-api-meta.service[70312]: DEBUG nova.context [None req-463f79e9-0e21-4837-8689-5c64e0daf600 None None] Found 2 cells: 00000000-0000-0000-0000-000000000000(cell0),00f85da2-1d7d-4440-a545-9f56cab599a1(cell1) {{(pid=70312) load_cells /opt/stack/nova/nova/context.py:464}}
Aug 17 14:35:42 user devstack@n-api-meta.service[70312]: DEBUG oslo_concurrency.lockutils [None req-463f79e9-0e21-4837-8689-5c64e0daf600 None None] Acquiring lock "00000000-0000-0000-0000-000000000000" by "nova.context.set_target_cell..get_or_set_cached_cell_and_set_connections" {{(pid=70312) inner /opt/stack/data/venv/lib/python3.10/site-packages/oslo_concurrency/lockutils.py:404}}
Aug 17 14:35:42 user devstack@n-api-meta.service[70312]: DEBUG oslo_concurrency.lockutils [None req-463f79e9-0e21-4837-8689-5c64e0daf600 None None] Lock "00000000-0000-0000-0000-000000000000" acquired by "nova.context.set_target_cell..get_or_set_cached_cell_and_set_connections" :: waited 0.000s {{(pid=70312) inner /opt/stack/data/venv/lib/python3.10/site-packages/oslo_concurrency/lockutils.py:409}}
Aug 17 14:35:42 user devstack@n-api-meta.service[70312]: DEBUG oslo_concurrency.lockutils [None req-463f79e9-0e21-4837-8689-5c64e0daf600 None None] Lock "00000000-0000-0000-0000-000000000000" "released" by "nova.context.set_target_cell..get_or_set_cached_cell_and_set_connections" :: held 0.001s {{(pid=70312) inner /opt/stack/data/venv/lib/python3.10/site-packages/oslo_concurrency/lockutils.py:423}}
Aug 17 14:35:42 user devstack@n-api-meta.service[70312]: DEBUG oslo_concurrency.lockutils [None req-463f79e9-0e21-4837-8689-5c64e0daf600 None None] Acquiring lock "00f85da2-1d7d-4440-a545-9f56cab599a1" by "nova.context.set_target_cell..get_or_set_cached_cell_and_set_connections" {{(pid=70312) inner /opt/stack/data/venv/lib/python3.10/site-packages/oslo_concurrency/lockutils.py:404}}
Aug 17 14:35:42 user devstack@n-api-meta.service[70312]: DEBUG oslo_concurrency.lockutils [None req-463f79e9-0e21-4837-8689-5c64e0daf600 None None] Lock "00f85da2-1d7d-4440-a545-9f56cab599a1" acquired by "nova.context.set_target_cell..get_or_set_cached_cell_and_set_connections" :: waited 0.000s {{(pid=70312) inner /opt/stack/data/venv/lib/python3.10/site-packages/oslo_concurrency/lockutils.py:409}}
Aug 17 14:35:42 user devstack@n-api-meta.service[70312]: DEBUG oslo_concurrency.lockutils [None req-463f79e9-0e21-4837-8689-5c64e0daf600 None None] Lock "00f85da2-1d7d-4440-a545-9f56cab599a1" "released" by "nova.context.set_target_cell..get_or_set_cached_cell_and_set_connections" :: held 0.001s {{(pid=70312) inner /opt/stack/data/venv/lib/python3.10/site-packages/oslo_concurrency/lockutils.py:423}}
Aug 17 14:35:42 user devstack@n-api-meta.service[70312]: INFO dbcounter [None req-463f79e9-0e21-4837-8689-5c64e0daf600 None None] Registered counter for database nova_cell0
Aug 17 14:35:42 user devstack@n-api-meta.service[70312]: INFO dbcounter [None req-463f79e9-0e21-4837-8689-5c64e0daf600 None None] Registered counter for database nova_cell1
Aug 17 14:35:42 user devstack@n-api-meta.service[70311]: DEBUG nova.context [None req-231f56f5-5d86-4d98-bc49-1e7aa9bc54ba None None] Found 2 cells: 00000000-0000-0000-0000-000000000000(cell0),00f85da2-1d7d-4440-a545-9f56cab599a1(cell1) {{(pid=70311) load_cells /opt/stack/nova/nova/context.py:464}}
Aug 17 14:35:42 user devstack@n-api-meta.service[70312]: DEBUG oslo_db.sqlalchemy.engines [None req-463f79e9-0e21-4837-8689-5c64e0daf600 None None] MySQL server mode set to STRICT_TRANS_TABLES,STRICT_ALL_TABLES,NO_ZERO_IN_DATE,NO_ZERO_DATE,ERROR_FOR_DIVISION_BY_ZERO,TRADITIONAL,NO_ENGINE_SUBSTITUTION {{(pid=70312) _check_effective_sql_mode /opt/stack/data/venv/lib/python3.10/site-packages/oslo_db/sqlalchemy/engines.py:335}}
Aug 17 14:35:42 user devstack@n-api-meta.service[70311]: DEBUG oslo_concurrency.lockutils [None req-231f56f5-5d86-4d98-bc49-1e7aa9bc54ba None None] Acquiring lock "00000000-0000-0000-0000-000000000000" by "nova.context.set_target_cell..get_or_set_cached_cell_and_set_connections" {{(pid=70311) inner /opt/stack/data/venv/lib/python3.10/site-packages/oslo_concurrency/lockutils.py:404}}
Aug 17 14:35:42 user devstack@n-api-meta.service[70311]: DEBUG oslo_concurrency.lockutils [None req-231f56f5-5d86-4d98-bc49-1e7aa9bc54ba None None] Lock "00000000-0000-0000-0000-000000000000" acquired by "nova.context.set_target_cell..get_or_set_cached_cell_and_set_connections" :: waited 0.000s {{(pid=70311) inner /opt/stack/data/venv/lib/python3.10/site-packages/oslo_concurrency/lockutils.py:409}}
Aug 17 14:35:42 user devstack@n-api-meta.service[70311]: DEBUG oslo_concurrency.lockutils [None req-231f56f5-5d86-4d98-bc49-1e7aa9bc54ba None None] Lock "00000000-0000-0000-0000-000000000000" "released" by "nova.context.set_target_cell..get_or_set_cached_cell_and_set_connections" :: held 0.001s {{(pid=70311) inner /opt/stack/data/venv/lib/python3.10/site-packages/oslo_concurrency/lockutils.py:423}}
Aug 17 14:35:42 user devstack@n-api-meta.service[70311]: DEBUG oslo_concurrency.lockutils [None req-231f56f5-5d86-4d98-bc49-1e7aa9bc54ba None None] Acquiring lock "00f85da2-1d7d-4440-a545-9f56cab599a1" by "nova.context.set_target_cell..get_or_set_cached_cell_and_set_connections" {{(pid=70311) inner /opt/stack/data/venv/lib/python3.10/site-packages/oslo_concurrency/lockutils.py:404}}
Aug 17 14:35:42 user devstack@n-api-meta.service[70311]: DEBUG oslo_concurrency.lockutils [None req-231f56f5-5d86-4d98-bc49-1e7aa9bc54ba None None] Lock "00f85da2-1d7d-4440-a545-9f56cab599a1" acquired by "nova.context.set_target_cell..get_or_set_cached_cell_and_set_connections" :: waited 0.000s {{(pid=70311) inner /opt/stack/data/venv/lib/python3.10/site-packages/oslo_concurrency/lockutils.py:409}}
Aug 17 14:35:42 user devstack@n-api-meta.service[70311]: DEBUG oslo_concurrency.lockutils [None req-231f56f5-5d86-4d98-bc49-1e7aa9bc54ba None None] Lock "00f85da2-1d7d-4440-a545-9f56cab599a1" "released" by "nova.context.set_target_cell..get_or_set_cached_cell_and_set_connections" :: held 0.001s {{(pid=70311) inner /opt/stack/data/venv/lib/python3.10/site-packages/oslo_concurrency/lockutils.py:423}}
Aug 17 14:35:42 user devstack@n-api-meta.service[70312]: DEBUG oslo_db.sqlalchemy.engines [None req-463f79e9-0e21-4837-8689-5c64e0daf600 None None] MySQL server mode set to STRICT_TRANS_TABLES,STRICT_ALL_TABLES,NO_ZERO_IN_DATE,NO_ZERO_DATE,ERROR_FOR_DIVISION_BY_ZERO,TRADITIONAL,NO_ENGINE_SUBSTITUTION {{(pid=70312) _check_effective_sql_mode /opt/stack/data/venv/lib/python3.10/site-packages/oslo_db/sqlalchemy/engines.py:335}}
Aug 17 14:35:42 user devstack@n-api-meta.service[70312]: DEBUG dbcounter [-] [70312] Writer thread running {{(pid=70312) stat_writer /opt/stack/data/venv/lib/python3.10/site-packages/dbcounter.py:102}}
Aug 17 14:35:42 user devstack@n-api-meta.service[70311]: INFO dbcounter [None req-231f56f5-5d86-4d98-bc49-1e7aa9bc54ba None None] Registered counter for database nova_cell0
Aug 17 14:35:42 user devstack@n-api-meta.service[70311]: INFO dbcounter [None req-231f56f5-5d86-4d98-bc49-1e7aa9bc54ba None None] Registered counter for database nova_cell1
Aug 17 14:35:42 user devstack@n-api-meta.service[70311]: DEBUG oslo_db.sqlalchemy.engines [None req-231f56f5-5d86-4d98-bc49-1e7aa9bc54ba None None] MySQL server mode set to STRICT_TRANS_TABLES,STRICT_ALL_TABLES,NO_ZERO_IN_DATE,NO_ZERO_DATE,ERROR_FOR_DIVISION_BY_ZERO,TRADITIONAL,NO_ENGINE_SUBSTITUTION {{(pid=70311) _check_effective_sql_mode /opt/stack/data/venv/lib/python3.10/site-packages/oslo_db/sqlalchemy/engines.py:335}}
Aug 17 14:35:42 user devstack@n-api-meta.service[70311]: DEBUG oslo_db.sqlalchemy.engines [None req-231f56f5-5d86-4d98-bc49-1e7aa9bc54ba None None] MySQL server mode set to STRICT_TRANS_TABLES,STRICT_ALL_TABLES,NO_ZERO_IN_DATE,NO_ZERO_DATE,ERROR_FOR_DIVISION_BY_ZERO,TRADITIONAL,NO_ENGINE_SUBSTITUTION {{(pid=70311) _check_effective_sql_mode /opt/stack/data/venv/lib/python3.10/site-packages/oslo_db/sqlalchemy/engines.py:335}}
Aug 17 14:35:42 user devstack@n-api-meta.service[70311]: DEBUG dbcounter [-] [70311] Writer thread running {{(pid=70311) stat_writer /opt/stack/data/venv/lib/python3.10/site-packages/dbcounter.py:102}}
Aug 17 14:35:42 user devstack@n-api-meta.service[70311]: DEBUG dbcounter [-] [70311] Writer thread running {{(pid=70311) stat_writer /opt/stack/data/venv/lib/python3.10/site-packages/dbcounter.py:102}}
Aug 17 14:35:42 user devstack@n-api-meta.service[70309]: DEBUG dbcounter [-] [70309] Writer thread running {{(pid=70309) stat_writer /opt/stack/data/venv/lib/python3.10/site-packages/dbcounter.py:102}}
Aug 17 14:35:42 user devstack@n-api-meta.service[70309]: INFO dbcounter [None req-b8fbcb99-4532-44ec-bfbf-ecf397ec4b79 None None] Registered counter for database nova_cell0
Aug 17 14:35:42 user devstack@n-api-meta.service[70309]: DEBUG oslo_db.sqlalchemy.engines [None req-b8fbcb99-4532-44ec-bfbf-ecf397ec4b79 None None] MySQL server mode set to STRICT_TRANS_TABLES,STRICT_ALL_TABLES,NO_ZERO_IN_DATE,NO_ZERO_DATE,ERROR_FOR_DIVISION_BY_ZERO,TRADITIONAL,NO_ENGINE_SUBSTITUTION {{(pid=70309) _check_effective_sql_mode /opt/stack/data/venv/lib/python3.10/site-packages/oslo_db/sqlalchemy/engines.py:335}}
Aug 17 14:35:42 user devstack@n-api-meta.service[70309]: DEBUG dbcounter [-] [70309] Writer thread running {{(pid=70309) stat_writer /opt/stack/data/venv/lib/python3.10/site-packages/dbcounter.py:102}}
Aug 17 14:35:42 user devstack@n-api-meta.service[70312]: DEBUG dbcounter [-] [70312] Writer thread running {{(pid=70312) stat_writer /opt/stack/data/venv/lib/python3.10/site-packages/dbcounter.py:102}}
Aug 17 14:35:42 user devstack@n-api-meta.service[70312]: INFO dbcounter [None req-463f79e9-0e21-4837-8689-5c64e0daf600 None None] Registered counter for database nova_cell0
Aug 17 14:35:42 user devstack@n-api-meta.service[70312]: DEBUG oslo_db.sqlalchemy.engines [None req-463f79e9-0e21-4837-8689-5c64e0daf600 None None] MySQL server mode set to STRICT_TRANS_TABLES,STRICT_ALL_TABLES,NO_ZERO_IN_DATE,NO_ZERO_DATE,ERROR_FOR_DIVISION_BY_ZERO,TRADITIONAL,NO_ENGINE_SUBSTITUTION {{(pid=70312) _check_effective_sql_mode /opt/stack/data/venv/lib/python3.10/site-packages/oslo_db/sqlalchemy/engines.py:335}}
Aug 17 14:35:42 user devstack@n-api-meta.service[70312]: DEBUG dbcounter [-] [70312] Writer thread running {{(pid=70312) stat_writer /opt/stack/data/venv/lib/python3.10/site-packages/dbcounter.py:102}}
Aug 17 14:35:42 user devstack@n-api-meta.service[70311]: INFO dbcounter [None req-231f56f5-5d86-4d98-bc49-1e7aa9bc54ba None None] Registered counter for database nova_cell0
Aug 17 14:35:42 user devstack@n-api-meta.service[70309]: WARNING nova.api.metadata.handler [None req-b8fbcb99-4532-44ec-bfbf-ecf397ec4b79 None None] metadata_proxy_shared_secret is not configured, the metadata information returned by the proxy cannot be trusted
Aug 17 14:35:42 user devstack@n-api-meta.service[70309]: WSGI app 0 (mountpoint='') ready in 4 seconds on interpreter 0x559133b170d0 pid: 70309 (default app)
Aug 17 14:35:42 user devstack@n-api-meta.service[70311]: DEBUG oslo_db.sqlalchemy.engines [None req-231f56f5-5d86-4d98-bc49-1e7aa9bc54ba None None] MySQL server mode set to STRICT_TRANS_TABLES,STRICT_ALL_TABLES,NO_ZERO_IN_DATE,NO_ZERO_DATE,ERROR_FOR_DIVISION_BY_ZERO,TRADITIONAL,NO_ENGINE_SUBSTITUTION {{(pid=70311) _check_effective_sql_mode /opt/stack/data/venv/lib/python3.10/site-packages/oslo_db/sqlalchemy/engines.py:335}}
Aug 17 14:35:42 user devstack@n-api-meta.service[70311]: DEBUG dbcounter [-] [70311] Writer thread running {{(pid=70311) stat_writer /opt/stack/data/venv/lib/python3.10/site-packages/dbcounter.py:102}}
Aug 17 14:35:42 user devstack@n-api-meta.service[70312]: WARNING nova.api.metadata.handler [None req-463f79e9-0e21-4837-8689-5c64e0daf600 None None] metadata_proxy_shared_secret is not configured, the metadata information returned by the proxy cannot be trusted
Aug 17 14:35:42 user devstack@n-api-meta.service[70312]: WSGI app 0 (mountpoint='') ready in 4 seconds on interpreter 0x559133b170d0 pid: 70312 (default app)
Aug 17 14:35:42 user devstack@n-api-meta.service[70311]: WARNING nova.api.metadata.handler [None req-231f56f5-5d86-4d98-bc49-1e7aa9bc54ba None None] metadata_proxy_shared_secret is not configured, the metadata information returned by the proxy cannot be trusted
Aug 17 14:35:42 user devstack@n-api-meta.service[70311]: WSGI app 0 (mountpoint='') ready in 4 seconds on interpreter 0x559133b170d0 pid: 70311 (default app)
Aug 17 14:40:53 user devstack@n-api-meta.service[70309]: DEBUG nova.api.metadata.handler [None req-b8fbcb99-4532-44ec-bfbf-ecf397ec4b79 None None] Metadata request headers: {'Host': '10.0.0.210:8775', 'User-Agent': 'python-requests/2.28.2', 'Accept-Encoding': 'gzip, deflate', 'Accept': '*/*', 'Connection': 'keep-alive', 'X-Forwarded-For': '10.0.0.11', 'X-Instance-Id': 'a2c17473-d65d-4a2b-8382-ac868705c232', 'X-Tenant-Id': '40c83cb8ee234c77bf65a94c176b47b5', 'X-Instance-Id-Signature': 'f5c7c984821f3a87ba7d219e50cc9ed8b771ea7503f69f7b1cd4bf3ae05470bc'} {{(pid=70309) __call__ /opt/stack/nova/nova/api/metadata/handler.py:110}}
Aug 17 14:40:53 user devstack@n-api-meta.service[70309]: DEBUG dbcounter [-] [70309] Writing DB stats nova_api:SELECT=3 {{(pid=70309) stat_writer /opt/stack/data/venv/lib/python3.10/site-packages/dbcounter.py:115}}
Aug 17 14:40:53 user devstack@n-api-meta.service[70309]: DEBUG dbcounter [-] [70309] Writing DB stats nova_cell0:SELECT=3 {{(pid=70309) stat_writer /opt/stack/data/venv/lib/python3.10/site-packages/dbcounter.py:115}}
Aug 17 14:40:53 user devstack@n-api-meta.service[70309]: DEBUG dbcounter [-] [70309] Writing DB stats nova_cell1:SELECT=3 {{(pid=70309) stat_writer /opt/stack/data/venv/lib/python3.10/site-packages/dbcounter.py:115}}
Aug 17 14:40:53 user devstack@n-api-meta.service[70309]: DEBUG dbcounter [-] [70309] Writing DB stats nova_cell0:SELECT=6,nova_cell0:INSERT=1 {{(pid=70309) stat_writer /opt/stack/data/venv/lib/python3.10/site-packages/dbcounter.py:115}}
Aug 17 14:40:53 user devstack@n-api-meta.service[70312]: DEBUG nova.api.metadata.handler [None req-463f79e9-0e21-4837-8689-5c64e0daf600 None None] Metadata request headers: {'Host': '10.0.0.210:8775', 'User-Agent': 'python-requests/2.28.2', 'Accept-Encoding': 'gzip, deflate', 'Accept': '*/*', 'Connection': 'keep-alive', 'X-Forwarded-For': '10.0.0.11', 'X-Instance-Id': '259c3ab8-8c2c-4f5b-9d5e-27d1e1f37f1a', 'X-Tenant-Id': '3052ad0ca90d483284dd52edd3a79fbe', 'X-Instance-Id-Signature': 'fd57481c725867980403bd21c824de0fbc8a5bc10eb6a947fcdf72e05f96541a'} {{(pid=70312) __call__ /opt/stack/nova/nova/api/metadata/handler.py:110}}
Aug 17 14:40:53 user devstack@n-api-meta.service[70312]: DEBUG dbcounter [-] [70312] Writing DB stats nova_api:SELECT=3 {{(pid=70312) stat_writer /opt/stack/data/venv/lib/python3.10/site-packages/dbcounter.py:115}}
Aug 17 14:40:53 user devstack@n-api-meta.service[70312]: DEBUG dbcounter [-] [70312] Writing DB stats nova_cell0:SELECT=3 {{(pid=70312) stat_writer /opt/stack/data/venv/lib/python3.10/site-packages/dbcounter.py:115}}
Aug 17 14:40:53 user devstack@n-api-meta.service[70312]: DEBUG dbcounter [-] [70312] Writing DB stats nova_cell1:SELECT=3 {{(pid=70312) stat_writer /opt/stack/data/venv/lib/python3.10/site-packages/dbcounter.py:115}}
Aug 17 14:40:53 user devstack@n-api-meta.service[70312]: DEBUG dbcounter [-] [70312] Writing DB stats nova_cell0:SELECT=3 {{(pid=70312) stat_writer /opt/stack/data/venv/lib/python3.10/site-packages/dbcounter.py:115}}
Aug 17 14:40:53 user devstack@n-api-meta.service[70309]: DEBUG oslo_concurrency.lockutils [None req-c6cb47a2-6db0-47eb-8837-53927a1f14d9 None None] Acquiring lock "00f85da2-1d7d-4440-a545-9f56cab599a1" by "nova.context.set_target_cell..get_or_set_cached_cell_and_set_connections" {{(pid=70309) inner /opt/stack/data/venv/lib/python3.10/site-packages/oslo_concurrency/lockutils.py:404}}
Aug 17 14:40:53 user devstack@n-api-meta.service[70309]: DEBUG oslo_concurrency.lockutils [None req-c6cb47a2-6db0-47eb-8837-53927a1f14d9 None None] Lock "00f85da2-1d7d-4440-a545-9f56cab599a1" acquired by "nova.context.set_target_cell..get_or_set_cached_cell_and_set_connections" :: waited 0.002s {{(pid=70309) inner /opt/stack/data/venv/lib/python3.10/site-packages/oslo_concurrency/lockutils.py:409}}
Aug 17 14:40:53 user devstack@n-api-meta.service[70309]: DEBUG oslo_concurrency.lockutils [None req-c6cb47a2-6db0-47eb-8837-53927a1f14d9 None None] Lock "00f85da2-1d7d-4440-a545-9f56cab599a1" "released" by "nova.context.set_target_cell..get_or_set_cached_cell_and_set_connections" :: held 0.001s {{(pid=70309) inner /opt/stack/data/venv/lib/python3.10/site-packages/oslo_concurrency/lockutils.py:423}}
Aug 17 14:40:53 user devstack@n-api-meta.service[70312]: DEBUG oslo_concurrency.lockutils [None req-27205e3d-3915-4d4a-ab9a-88250642da29 None None] Acquiring lock "00f85da2-1d7d-4440-a545-9f56cab599a1" by "nova.context.set_target_cell..get_or_set_cached_cell_and_set_connections" {{(pid=70312) inner /opt/stack/data/venv/lib/python3.10/site-packages/oslo_concurrency/lockutils.py:404}}
Aug 17 14:40:53 user devstack@n-api-meta.service[70312]: DEBUG oslo_concurrency.lockutils [None req-27205e3d-3915-4d4a-ab9a-88250642da29 None None] Lock "00f85da2-1d7d-4440-a545-9f56cab599a1" acquired by "nova.context.set_target_cell..get_or_set_cached_cell_and_set_connections" :: waited 0.001s {{(pid=70312) inner /opt/stack/data/venv/lib/python3.10/site-packages/oslo_concurrency/lockutils.py:409}}
Aug 17 14:40:53 user devstack@n-api-meta.service[70312]: DEBUG oslo_concurrency.lockutils [None req-27205e3d-3915-4d4a-ab9a-88250642da29 None None] Lock "00f85da2-1d7d-4440-a545-9f56cab599a1" "released" by "nova.context.set_target_cell..get_or_set_cached_cell_and_set_connections" :: held 0.000s {{(pid=70312) inner /opt/stack/data/venv/lib/python3.10/site-packages/oslo_concurrency/lockutils.py:423}}
Aug 17 14:40:54 user devstack@n-api-meta.service[70312]: [pid: 70312|app: 0|req: 1/1] 10.0.0.210 () {40 vars in 668 bytes} [Thu Aug 17 14:40:53 2023] GET /2009-04-04/meta-data/instance-id => generated 10 bytes in 651 msecs (HTTP/1.1 200) 3 headers in 99 bytes (1 switches on core 0)
Aug 17 14:40:54 user devstack@n-api-meta.service[70311]: DEBUG nova.api.metadata.handler [None req-231f56f5-5d86-4d98-bc49-1e7aa9bc54ba None None] Metadata request headers: {'Host': '10.0.0.210:8775', 'User-Agent': 'python-requests/2.28.2', 'Accept-Encoding': 'gzip, deflate', 'Accept': '*/*', 'Connection': 'keep-alive', 'X-Forwarded-For': '10.0.0.11', 'X-Instance-Id': '259c3ab8-8c2c-4f5b-9d5e-27d1e1f37f1a', 'X-Tenant-Id': '3052ad0ca90d483284dd52edd3a79fbe', 'X-Instance-Id-Signature': 'fd57481c725867980403bd21c824de0fbc8a5bc10eb6a947fcdf72e05f96541a'} {{(pid=70311) __call__ /opt/stack/nova/nova/api/metadata/handler.py:110}}
Aug 17 14:40:54 user devstack@n-api-meta.service[70311]: DEBUG dbcounter [-] [70311] Writing DB stats nova_api:SELECT=3 {{(pid=70311) stat_writer /opt/stack/data/venv/lib/python3.10/site-packages/dbcounter.py:115}}
Aug 17 14:40:54 user devstack@n-api-meta.service[70311]: DEBUG dbcounter [-] [70311] Writing DB stats nova_cell0:SELECT=3 {{(pid=70311) stat_writer /opt/stack/data/venv/lib/python3.10/site-packages/dbcounter.py:115}}
Aug 17 14:40:54 user devstack@n-api-meta.service[70311]: DEBUG dbcounter [-] [70311] Writing DB stats nova_cell1:SELECT=3 {{(pid=70311) stat_writer /opt/stack/data/venv/lib/python3.10/site-packages/dbcounter.py:115}}
Aug 17 14:40:54 user devstack@n-api-meta.service[70311]: DEBUG dbcounter [-] [70311] Writing DB stats nova_cell0:SELECT=3 {{(pid=70311) stat_writer /opt/stack/data/venv/lib/python3.10/site-packages/dbcounter.py:115}}
Aug 17 14:40:54 user devstack@n-api-meta.service[70309]: [pid: 70309|app: 0|req: 1/2] 10.0.0.210 () {40 vars in 668 bytes} [Thu Aug 17 14:40:53 2023] GET /2009-04-04/meta-data/instance-id => generated 10 bytes in 755 msecs (HTTP/1.1 200) 3 headers in 99 bytes (1 switches on core 0)
Aug 17 14:40:54 user devstack@n-api-meta.service[70311]: DEBUG nova.api.metadata.handler [None req-231f56f5-5d86-4d98-bc49-1e7aa9bc54ba None None] Using cached metadata for instance 259c3ab8-8c2c-4f5b-9d5e-27d1e1f37f1a {{(pid=70311) get_metadata_by_instance_id /opt/stack/nova/nova/api/metadata/handler.py:85}}
Aug 17 14:40:54 user devstack@n-api-meta.service[70311]: [pid: 70311|app: 0|req: 1/3] 10.0.0.210 () {40 vars in 668 bytes} [Thu Aug 17 14:40:54 2023] GET /2009-04-04/meta-data/public-keys => generated 27 bytes in 24 msecs (HTTP/1.1 200) 3 headers in 99 bytes (1 switches on core 0)
Aug 17 14:40:54 user devstack@n-api-meta.service[70312]: DEBUG nova.api.metadata.handler [None req-27205e3d-3915-4d4a-ab9a-88250642da29 None None] Metadata request headers: {'Host': '10.0.0.210:8775', 'User-Agent': 'python-requests/2.28.2', 'Accept-Encoding': 'gzip, deflate', 'Accept': '*/*', 'Connection': 'keep-alive', 'X-Forwarded-For': '10.0.0.11', 'X-Instance-Id': '259c3ab8-8c2c-4f5b-9d5e-27d1e1f37f1a', 'X-Tenant-Id': '3052ad0ca90d483284dd52edd3a79fbe', 'X-Instance-Id-Signature': 'fd57481c725867980403bd21c824de0fbc8a5bc10eb6a947fcdf72e05f96541a'} {{(pid=70312) __call__ /opt/stack/nova/nova/api/metadata/handler.py:110}}
Aug 17 14:40:54 user devstack@n-api-meta.service[70312]: DEBUG nova.api.metadata.handler [None req-27205e3d-3915-4d4a-ab9a-88250642da29 None None] Using cached metadata for instance 259c3ab8-8c2c-4f5b-9d5e-27d1e1f37f1a {{(pid=70312) get_metadata_by_instance_id /opt/stack/nova/nova/api/metadata/handler.py:85}}
Aug 17 14:40:54 user devstack@n-api-meta.service[70312]: [pid: 70312|app: 0|req: 2/4] 10.0.0.210 () {40 vars in 696 bytes} [Thu Aug 17 14:40:54 2023] GET /2009-04-04/meta-data/public-keys/0/openssh-key => generated 204 bytes in 5 msecs (HTTP/1.1 200) 3 headers in 100 bytes (1 switches on core 0)
Aug 17 14:40:54 user devstack@n-api-meta.service[70311]: DEBUG nova.api.metadata.handler [None req-231f56f5-5d86-4d98-bc49-1e7aa9bc54ba None None] Metadata request headers: {'Host': '10.0.0.210:8775', 'User-Agent': 'python-requests/2.28.2', 'Accept-Encoding': 'gzip, deflate', 'Accept': '*/*', 'Connection': 'keep-alive', 'X-Forwarded-For': '10.0.0.11', 'X-Instance-Id': '259c3ab8-8c2c-4f5b-9d5e-27d1e1f37f1a', 'X-Tenant-Id': '3052ad0ca90d483284dd52edd3a79fbe', 'X-Instance-Id-Signature': 'fd57481c725867980403bd21c824de0fbc8a5bc10eb6a947fcdf72e05f96541a'} {{(pid=70311) __call__ /opt/stack/nova/nova/api/metadata/handler.py:110}}
Aug 17 14:40:54 user devstack@n-api-meta.service[70311]: DEBUG nova.api.metadata.handler [None req-231f56f5-5d86-4d98-bc49-1e7aa9bc54ba None None] Using cached metadata for instance 259c3ab8-8c2c-4f5b-9d5e-27d1e1f37f1a {{(pid=70311) get_metadata_by_instance_id /opt/stack/nova/nova/api/metadata/handler.py:85}}
Aug 17 14:40:54 user devstack@n-api-meta.service[70309]: DEBUG nova.api.metadata.handler [None req-c6cb47a2-6db0-47eb-8837-53927a1f14d9 None None] Metadata request headers: {'Host': '10.0.0.210:8775', 'User-Agent': 'python-requests/2.28.2', 'Accept-Encoding': 'gzip, deflate', 'Accept': '*/*', 'Connection': 'keep-alive', 'X-Forwarded-For': '10.0.0.11', 'X-Instance-Id': 'a2c17473-d65d-4a2b-8382-ac868705c232', 'X-Tenant-Id': '40c83cb8ee234c77bf65a94c176b47b5', 'X-Instance-Id-Signature': 'f5c7c984821f3a87ba7d219e50cc9ed8b771ea7503f69f7b1cd4bf3ae05470bc'} {{(pid=70309) __call__ /opt/stack/nova/nova/api/metadata/handler.py:110}}
Aug 17 14:40:54 user devstack@n-api-meta.service[70311]: [pid: 70311|app: 0|req: 2/5] 10.0.0.210 () {40 vars in 668 bytes} [Thu Aug 17 14:40:54 2023] GET /2009-04-04/meta-data/instance-id => generated 10 bytes in 6 msecs (HTTP/1.1 200) 3 headers in 99 bytes (1 switches on core 0)
Aug 17 14:40:54 user devstack@n-api-meta.service[70309]: DEBUG nova.api.metadata.handler [None req-c6cb47a2-6db0-47eb-8837-53927a1f14d9 None None] Using cached metadata for instance a2c17473-d65d-4a2b-8382-ac868705c232 {{(pid=70309) get_metadata_by_instance_id /opt/stack/nova/nova/api/metadata/handler.py:85}}
Aug 17 14:40:54 user devstack@n-api-meta.service[70309]: [pid: 70309|app: 0|req: 2/6] 10.0.0.210 () {40 vars in 668 bytes} [Thu Aug 17 14:40:54 2023] GET /2009-04-04/meta-data/public-keys => generated 154 bytes in 16 msecs (HTTP/1.1 404) 3 headers in 106 bytes (1 switches on core 0)
Aug 17 14:40:54 user devstack@n-api-meta.service[70312]: DEBUG nova.api.metadata.handler [None req-27205e3d-3915-4d4a-ab9a-88250642da29 None None] Metadata request headers: {'Host': '10.0.0.210:8775', 'User-Agent': 'python-requests/2.28.2', 'Accept-Encoding': 'gzip, deflate', 'Accept': '*/*', 'Connection': 'keep-alive', 'X-Forwarded-For': '10.0.0.11', 'X-Instance-Id': '259c3ab8-8c2c-4f5b-9d5e-27d1e1f37f1a', 'X-Tenant-Id': '3052ad0ca90d483284dd52edd3a79fbe', 'X-Instance-Id-Signature': 'fd57481c725867980403bd21c824de0fbc8a5bc10eb6a947fcdf72e05f96541a'} {{(pid=70312) __call__ /opt/stack/nova/nova/api/metadata/handler.py:110}}
Aug 17 14:40:54 user devstack@n-api-meta.service[70312]: DEBUG nova.api.metadata.handler [None req-27205e3d-3915-4d4a-ab9a-88250642da29 None None] Using cached metadata for instance 259c3ab8-8c2c-4f5b-9d5e-27d1e1f37f1a {{(pid=70312) get_metadata_by_instance_id /opt/stack/nova/nova/api/metadata/handler.py:85}}
Aug 17 14:40:54 user devstack@n-api-meta.service[70312]: [pid: 70312|app: 0|req: 3/7] 10.0.0.210 () {40 vars in 678 bytes} [Thu Aug 17 14:40:54 2023] GET /2009-04-04/meta-data/ami-launch-index => generated 1 bytes in 4 msecs (HTTP/1.1 200) 3 headers in 98 bytes (1 switches on core 0)
Aug 17 14:40:54 user devstack@n-api-meta.service[70311]: DEBUG nova.api.metadata.handler [None req-231f56f5-5d86-4d98-bc49-1e7aa9bc54ba None None] Metadata request headers: {'Host': '10.0.0.210:8775', 'User-Agent': 'python-requests/2.28.2', 'Accept-Encoding': 'gzip, deflate', 'Accept': '*/*', 'Connection': 'keep-alive', 'X-Forwarded-For': '10.0.0.11', 'X-Instance-Id': 'a2c17473-d65d-4a2b-8382-ac868705c232', 'X-Tenant-Id': '40c83cb8ee234c77bf65a94c176b47b5', 'X-Instance-Id-Signature': 'f5c7c984821f3a87ba7d219e50cc9ed8b771ea7503f69f7b1cd4bf3ae05470bc'} {{(pid=70311) __call__ /opt/stack/nova/nova/api/metadata/handler.py:110}}
Aug 17 14:40:54 user devstack@n-api-meta.service[70311]: DEBUG nova.api.metadata.handler [None req-231f56f5-5d86-4d98-bc49-1e7aa9bc54ba None None] Using cached metadata for instance a2c17473-d65d-4a2b-8382-ac868705c232 {{(pid=70311) get_metadata_by_instance_id /opt/stack/nova/nova/api/metadata/handler.py:85}}
Aug 17 14:40:54 user devstack@n-api-meta.service[70311]: [pid: 70311|app: 0|req: 3/8] 10.0.0.210 () {40 vars in 668 bytes} [Thu Aug 17 14:40:54 2023] GET /2009-04-04/meta-data/instance-id => generated 10 bytes in 7 msecs (HTTP/1.1 200) 3 headers in 99 bytes (1 switches on core 0)
Aug 17 14:40:54 user devstack@n-api-meta.service[70309]: DEBUG nova.api.metadata.handler [None req-c6cb47a2-6db0-47eb-8837-53927a1f14d9 None None] Metadata request headers: {'Host': '10.0.0.210:8775', 'User-Agent': 'python-requests/2.28.2', 'Accept-Encoding': 'gzip, deflate', 'Accept': '*/*', 'Connection': 'keep-alive', 'X-Forwarded-For': '10.0.0.11', 'X-Instance-Id': '259c3ab8-8c2c-4f5b-9d5e-27d1e1f37f1a', 'X-Tenant-Id': '3052ad0ca90d483284dd52edd3a79fbe', 'X-Instance-Id-Signature': 'fd57481c725867980403bd21c824de0fbc8a5bc10eb6a947fcdf72e05f96541a'} {{(pid=70309) __call__ /opt/stack/nova/nova/api/metadata/handler.py:110}}
Aug 17 14:40:54 user devstack@n-api-meta.service[70309]: DEBUG nova.api.metadata.handler [None req-c6cb47a2-6db0-47eb-8837-53927a1f14d9 None None] Using cached metadata for instance 259c3ab8-8c2c-4f5b-9d5e-27d1e1f37f1a {{(pid=70309) get_metadata_by_instance_id /opt/stack/nova/nova/api/metadata/handler.py:85}}
Aug 17 14:40:54 user devstack@n-api-meta.service[70309]: [pid: 70309|app: 0|req: 3/9] 10.0.0.210 () {40 vars in 672 bytes} [Thu Aug 17 14:40:54 2023] GET /2009-04-04/meta-data/instance-type => generated 7 bytes in 9 msecs (HTTP/1.1 200) 3 headers in 98 bytes (1 switches on core 0)
Aug 17 14:40:54 user devstack@n-api-meta.service[70312]: DEBUG nova.api.metadata.handler [None req-27205e3d-3915-4d4a-ab9a-88250642da29 None None] Metadata request headers: {'Host': '10.0.0.210:8775', 'User-Agent': 'python-requests/2.28.2', 'Accept-Encoding': 'gzip, deflate', 'Accept': '*/*', 'Connection': 'keep-alive', 'X-Forwarded-For': '10.0.0.11', 'X-Instance-Id': 'a2c17473-d65d-4a2b-8382-ac868705c232', 'X-Tenant-Id': '40c83cb8ee234c77bf65a94c176b47b5', 'X-Instance-Id-Signature': 'f5c7c984821f3a87ba7d219e50cc9ed8b771ea7503f69f7b1cd4bf3ae05470bc'} {{(pid=70312) __call__ /opt/stack/nova/nova/api/metadata/handler.py:110}}
Aug 17 14:40:54 user devstack@n-api-meta.service[70312]: DEBUG nova.api.metadata.handler [None req-27205e3d-3915-4d4a-ab9a-88250642da29 None None] Using cached metadata for instance a2c17473-d65d-4a2b-8382-ac868705c232 {{(pid=70312) get_metadata_by_instance_id /opt/stack/nova/nova/api/metadata/handler.py:85}}
Aug 17 14:40:54 user devstack@n-api-meta.service[70312]: [pid: 70312|app: 0|req: 4/10] 10.0.0.210 () {40 vars in 678 bytes} [Thu Aug 17 14:40:54 2023] GET /2009-04-04/meta-data/ami-launch-index => generated 1 bytes in 4 msecs (HTTP/1.1 200) 3 headers in 98 bytes (1 switches on core 0)
Aug 17 14:40:54 user devstack@n-api-meta.service[70311]: DEBUG nova.api.metadata.handler [None req-231f56f5-5d86-4d98-bc49-1e7aa9bc54ba None None] Metadata request headers: {'Host': '10.0.0.210:8775', 'User-Agent': 'python-requests/2.28.2', 'Accept-Encoding': 'gzip, deflate', 'Accept': '*/*', 'Connection': 'keep-alive', 'X-Forwarded-For': '10.0.0.11', 'X-Instance-Id': '259c3ab8-8c2c-4f5b-9d5e-27d1e1f37f1a', 'X-Tenant-Id': '3052ad0ca90d483284dd52edd3a79fbe', 'X-Instance-Id-Signature': 'fd57481c725867980403bd21c824de0fbc8a5bc10eb6a947fcdf72e05f96541a'} {{(pid=70311) __call__ /opt/stack/nova/nova/api/metadata/handler.py:110}}
Aug 17 14:40:54 user devstack@n-api-meta.service[70311]: DEBUG nova.api.metadata.handler [None req-231f56f5-5d86-4d98-bc49-1e7aa9bc54ba None None] Using cached metadata for instance 259c3ab8-8c2c-4f5b-9d5e-27d1e1f37f1a {{(pid=70311) get_metadata_by_instance_id /opt/stack/nova/nova/api/metadata/handler.py:85}}
Aug 17 14:40:54 user devstack@n-api-meta.service[70311]: [pid: 70311|app: 0|req: 4/11] 10.0.0.210 () {40 vars in 666 bytes} [Thu Aug 17 14:40:54 2023] GET /2009-04-04/meta-data/local-ipv4 => generated 9 bytes in 9 msecs (HTTP/1.1 200) 3 headers in 98 bytes (1 switches on core 0)
Aug 17 14:40:54 user devstack@n-api-meta.service[70309]: DEBUG nova.api.metadata.handler [None req-c6cb47a2-6db0-47eb-8837-53927a1f14d9 None None] Metadata request headers: {'Host': '10.0.0.210:8775', 'User-Agent': 'python-requests/2.28.2', 'Accept-Encoding': 'gzip, deflate', 'Accept': '*/*', 'Connection': 'keep-alive', 'X-Forwarded-For': '10.0.0.11', 'X-Instance-Id': 'a2c17473-d65d-4a2b-8382-ac868705c232', 'X-Tenant-Id': '40c83cb8ee234c77bf65a94c176b47b5', 'X-Instance-Id-Signature': 'f5c7c984821f3a87ba7d219e50cc9ed8b771ea7503f69f7b1cd4bf3ae05470bc'} {{(pid=70309) __call__ /opt/stack/nova/nova/api/metadata/handler.py:110}}
Aug 17 14:40:54 user devstack@n-api-meta.service[70309]: DEBUG nova.api.metadata.handler [None req-c6cb47a2-6db0-47eb-8837-53927a1f14d9 None None] Using cached metadata for instance a2c17473-d65d-4a2b-8382-ac868705c232 {{(pid=70309) get_metadata_by_instance_id /opt/stack/nova/nova/api/metadata/handler.py:85}}
Aug 17 14:40:54 user devstack@n-api-meta.service[70309]: [pid: 70309|app: 0|req: 4/12] 10.0.0.210 () {40 vars in 672 bytes} [Thu Aug 17 14:40:54 2023] GET /2009-04-04/meta-data/instance-type => generated 7 bytes in 6 msecs (HTTP/1.1 200) 3 headers in 98 bytes (1 switches on core 0)
