Nov 10 17:40:30 user devstack@g-api.service[77851]: DEBUG glance.common.config [None req-42f7b7d1-6f14-4a84-b974-99cd871aaf1c None None] barbican.keyfile = None {{(pid=77851) log_opt_values /opt/stack/data/venv/lib/python3.10/site-packages/oslo_config/cfg.py:2609}}
Nov 10 17:40:30 user devstack@g-api.service[77851]: DEBUG glance.common.config [None req-42f7b7d1-6f14-4a84-b974-99cd871aaf1c None None] barbican.number_of_retries = 60 {{(pid=77851) log_opt_values /opt/stack/data/venv/lib/python3.10/site-packages/oslo_config/cfg.py:2609}}
Nov 10 17:40:30 user devstack@g-api.service[77851]: DEBUG glance.common.config [None req-42f7b7d1-6f14-4a84-b974-99cd871aaf1c None None] barbican.retry_delay = 1 {{(pid=77851) log_opt_values /opt/stack/data/venv/lib/python3.10/site-packages/oslo_config/cfg.py:2609}}
Nov 10 17:40:30 user devstack@g-api.service[77851]: DEBUG glance.common.config [None req-42f7b7d1-6f14-4a84-b974-99cd871aaf1c None None] barbican.send_service_user_token = False {{(pid=77851) log_opt_values /opt/stack/data/venv/lib/python3.10/site-packages/oslo_config/cfg.py:2609}}
Nov 10 17:40:30 user devstack@g-api.service[77851]: DEBUG glance.common.config [None req-42f7b7d1-6f14-4a84-b974-99cd871aaf1c None None] barbican.split_loggers = False {{(pid=77851) log_opt_values /opt/stack/data/venv/lib/python3.10/site-packages/oslo_config/cfg.py:2609}}
Nov 10 17:40:30 user devstack@g-api.service[77851]: DEBUG glance.common.config [None req-42f7b7d1-6f14-4a84-b974-99cd871aaf1c None None] barbican.timeout = None {{(pid=77851) log_opt_values /opt/stack/data/venv/lib/python3.10/site-packages/oslo_config/cfg.py:2609}}
Nov 10 17:40:30 user devstack@g-api.service[77851]: DEBUG glance.common.config [None req-42f7b7d1-6f14-4a84-b974-99cd871aaf1c None None] barbican.verify_ssl = True {{(pid=77851) log_opt_values /opt/stack/data/venv/lib/python3.10/site-packages/oslo_config/cfg.py:2609}}
Nov 10 17:40:30 user devstack@g-api.service[77851]: DEBUG glance.common.config [None req-42f7b7d1-6f14-4a84-b974-99cd871aaf1c None None] barbican.verify_ssl_path = None {{(pid=77851) log_opt_values /opt/stack/data/venv/lib/python3.10/site-packages/oslo_config/cfg.py:2609}}
Nov 10 17:40:30 user devstack@g-api.service[77851]: DEBUG glance.common.config [None req-42f7b7d1-6f14-4a84-b974-99cd871aaf1c None None] barbican_service_user.auth_section = None {{(pid=77851) log_opt_values /opt/stack/data/venv/lib/python3.10/site-packages/oslo_config/cfg.py:2609}}
Nov 10 17:40:30 user devstack@g-api.service[77851]: DEBUG glance.common.config [None req-42f7b7d1-6f14-4a84-b974-99cd871aaf1c None None] barbican_service_user.auth_type = None {{(pid=77851) log_opt_values /opt/stack/data/venv/lib/python3.10/site-packages/oslo_config/cfg.py:2609}}
Nov 10 17:40:30 user devstack@g-api.service[77851]: DEBUG glance.common.config [None req-42f7b7d1-6f14-4a84-b974-99cd871aaf1c None None] barbican_service_user.cafile = None {{(pid=77851) log_opt_values /opt/stack/data/venv/lib/python3.10/site-packages/oslo_config/cfg.py:2609}}
Nov 10 17:40:30 user devstack@g-api.service[77851]: DEBUG glance.common.config [None req-42f7b7d1-6f14-4a84-b974-99cd871aaf1c None None] barbican_service_user.certfile = None {{(pid=77851) log_opt_values /opt/stack/data/venv/lib/python3.10/site-packages/oslo_config/cfg.py:2609}}
Nov 10 17:40:30 user devstack@g-api.service[77851]: DEBUG glance.common.config [None req-42f7b7d1-6f14-4a84-b974-99cd871aaf1c None None] barbican_service_user.collect_timing = False {{(pid=77851) log_opt_values /opt/stack/data/venv/lib/python3.10/site-packages/oslo_config/cfg.py:2609}}
Nov 10 17:40:30 user devstack@g-api.service[77851]: DEBUG glance.common.config [None req-42f7b7d1-6f14-4a84-b974-99cd871aaf1c None None] barbican_service_user.insecure = False {{(pid=77851) log_opt_values /opt/stack/data/venv/lib/python3.10/site-packages/oslo_config/cfg.py:2609}}
Nov 10 17:40:30 user devstack@g-api.service[77851]: DEBUG glance.common.config [None req-42f7b7d1-6f14-4a84-b974-99cd871aaf1c None None] barbican_service_user.keyfile = None {{(pid=77851) log_opt_values /opt/stack/data/venv/lib/python3.10/site-packages/oslo_config/cfg.py:2609}}
Nov 10 17:40:30 user devstack@g-api.service[77851]: DEBUG glance.common.config [None req-42f7b7d1-6f14-4a84-b974-99cd871aaf1c None None] barbican_service_user.split_loggers = False {{(pid=77851) log_opt_values /opt/stack/data/venv/lib/python3.10/site-packages/oslo_config/cfg.py:2609}}
Nov 10 17:40:30 user devstack@g-api.service[77851]: DEBUG glance.common.config [None req-42f7b7d1-6f14-4a84-b974-99cd871aaf1c None None] barbican_service_user.timeout = None {{(pid=77851) log_opt_values /opt/stack/data/venv/lib/python3.10/site-packages/oslo_config/cfg.py:2609}}
Nov 10 17:40:30 user devstack@g-api.service[77851]: DEBUG glance.common.config [None req-42f7b7d1-6f14-4a84-b974-99cd871aaf1c None None] healthcheck.backends = ['disable_by_file'] {{(pid=77851) log_opt_values /opt/stack/data/venv/lib/python3.10/site-packages/oslo_config/cfg.py:2609}}
Nov 10 17:40:30 user devstack@g-api.service[77851]: DEBUG glance.common.config [None req-42f7b7d1-6f14-4a84-b974-99cd871aaf1c None None] healthcheck.detailed = False {{(pid=77851) log_opt_values /opt/stack/data/venv/lib/python3.10/site-packages/oslo_config/cfg.py:2609}}
Nov 10 17:40:30 user devstack@g-api.service[77851]: DEBUG glance.common.config [None req-42f7b7d1-6f14-4a84-b974-99cd871aaf1c None None] healthcheck.disable_by_file_path = None {{(pid=77851) log_opt_values /opt/stack/data/venv/lib/python3.10/site-packages/oslo_config/cfg.py:2609}}
Nov 10 17:40:30 user devstack@g-api.service[77851]: DEBUG glance.common.config [None req-42f7b7d1-6f14-4a84-b974-99cd871aaf1c None None] healthcheck.path = /healthcheck {{(pid=77851) log_opt_values /opt/stack/data/venv/lib/python3.10/site-packages/oslo_config/cfg.py:2609}}
Nov 10 17:40:30 user devstack@g-api.service[77851]: DEBUG glance.common.config [None req-42f7b7d1-6f14-4a84-b974-99cd871aaf1c None None] ******************************************************************************** {{(pid=77851) log_opt_values /opt/stack/data/venv/lib/python3.10/site-packages/oslo_config/cfg.py:2613}}
Nov 10 17:40:30 user devstack@g-api.service[77851]: WSGI app 0 (mountpoint='') ready in 4 seconds on interpreter 0x555ecdd390a0 pid: 77851 (default app)
Nov 10 17:40:34 user devstack@g-api.service[77850]: DEBUG glance.api.middleware.version_negotiation [None req-dc64f6e0-e0af-4e23-8a13-06caa4ff0089 None None] Determining version of request: GET / Accept: application/json {{(pid=77850) process_request /opt/stack/glance/glance/api/middleware/version_negotiation.py:44}}
Nov 10 17:40:34 user devstack@g-api.service[77850]: DEBUG glance.api.middleware.version_negotiation [None req-dc64f6e0-e0af-4e23-8a13-06caa4ff0089 None None] Using url versioning {{(pid=77850) process_request /opt/stack/glance/glance/api/middleware/version_negotiation.py:57}}
Nov 10 17:40:34 user devstack@g-api.service[77850]: DEBUG glance.api.middleware.version_negotiation [None req-dc64f6e0-e0af-4e23-8a13-06caa4ff0089 None None] Unknown version. Returning version choices. {{(pid=77850) process_request /opt/stack/glance/glance/api/middleware/version_negotiation.py:64}}
Nov 10 17:40:34 user devstack@g-api.service[77850]: [pid: 77850|app: 0|req: 2/2] 127.0.0.1 () {34 vars in 498 bytes} [Fri Nov 10 17:40:34 2023] GET / => generated 1287 bytes in 4 msecs (HTTP/1.1 300) 3 headers in 106 bytes (1 switches on core 0)
Nov 10 17:40:34 user devstack@g-api.service[77852]: DEBUG glance.api.middleware.version_negotiation [None req-54526a3c-7de3-44a3-977d-369781ce05cb None None] Determining version of request: POST /v2/images Accept: */* {{(pid=77852) process_request /opt/stack/glance/glance/api/middleware/version_negotiation.py:44}}
Nov 10 17:40:34 user devstack@g-api.service[77852]: DEBUG glance.api.middleware.version_negotiation [None req-54526a3c-7de3-44a3-977d-369781ce05cb None None] Using url versioning {{(pid=77852) process_request /opt/stack/glance/glance/api/middleware/version_negotiation.py:57}}
Nov 10 17:40:34 user devstack@g-api.service[77852]: DEBUG glance.api.middleware.version_negotiation [None req-54526a3c-7de3-44a3-977d-369781ce05cb None None] Matched version: v2 {{(pid=77852) process_request /opt/stack/glance/glance/api/middleware/version_negotiation.py:69}}
Nov 10 17:40:34 user devstack@g-api.service[77852]: DEBUG glance.api.middleware.version_negotiation [None req-54526a3c-7de3-44a3-977d-369781ce05cb None None] new path /v2/images {{(pid=77852) process_request /opt/stack/glance/glance/api/middleware/version_negotiation.py:70}}
Nov 10 17:40:35 user devstack@g-api.service[77852]: INFO dbcounter [None req-8473f37e-191d-4efb-96b7-4a7209b7a3e6 admin admin] Registered counter for database glance
Nov 10 17:40:35 user devstack@g-api.service[77852]: DEBUG oslo_db.sqlalchemy.engines [None req-8473f37e-191d-4efb-96b7-4a7209b7a3e6 admin admin] MySQL server mode set to STRICT_TRANS_TABLES,STRICT_ALL_TABLES,NO_ZERO_IN_DATE,NO_ZERO_DATE,ERROR_FOR_DIVISION_BY_ZERO,TRADITIONAL,NO_ENGINE_SUBSTITUTION {{(pid=77852) _check_effective_sql_mode /opt/stack/data/venv/lib/python3.10/site-packages/oslo_db/sqlalchemy/engines.py:342}}
Nov 10 17:40:35 user devstack@g-api.service[77852]: DEBUG dbcounter [-] [77852] Writer thread running {{(pid=77852) stat_writer /opt/stack/data/venv/lib/python3.10/site-packages/dbcounter.py:102}}
Nov 10 17:40:35 user devstack@g-api.service[77852]: [pid: 77852|app: 0|req: 1/3] 127.0.0.1 () {40 vars in 761 bytes} [Fri Nov 10 17:40:34 2023] POST /v2/images => generated 807 bytes in 888 msecs (HTTP/1.1 201) 6 headers in 314 bytes (1 switches on core 0)
Nov 10 17:40:35 user devstack@g-api.service[77851]: DEBUG glance.api.middleware.version_negotiation [None req-42f7b7d1-6f14-4a84-b974-99cd871aaf1c None None] Determining version of request: PUT /v2/images/e3cc5321-4d40-49ee-885c-700e14741732/file Accept: {{(pid=77851) process_request /opt/stack/glance/glance/api/middleware/version_negotiation.py:44}}
Nov 10 17:40:35 user devstack@g-api.service[77851]: DEBUG glance.api.middleware.version_negotiation [None req-42f7b7d1-6f14-4a84-b974-99cd871aaf1c None None] Using url versioning {{(pid=77851) process_request /opt/stack/glance/glance/api/middleware/version_negotiation.py:57}}
Nov 10 17:40:35 user devstack@g-api.service[77851]: DEBUG glance.api.middleware.version_negotiation [None req-42f7b7d1-6f14-4a84-b974-99cd871aaf1c None None] Matched version: v2 {{(pid=77851) process_request /opt/stack/glance/glance/api/middleware/version_negotiation.py:69}}
Nov 10 17:40:35 user devstack@g-api.service[77851]: DEBUG glance.api.middleware.version_negotiation [None req-42f7b7d1-6f14-4a84-b974-99cd871aaf1c None None] new path /v2/images/e3cc5321-4d40-49ee-885c-700e14741732/file {{(pid=77851) process_request /opt/stack/glance/glance/api/middleware/version_negotiation.py:70}}
Nov 10 17:40:36 user devstack@g-api.service[77851]: INFO dbcounter [None req-1ee5d6a5-c3a1-4c97-b250-552de42886e3 admin admin] Registered counter for database glance
Nov 10 17:40:36 user devstack@g-api.service[77851]: DEBUG oslo_db.sqlalchemy.engines [None req-1ee5d6a5-c3a1-4c97-b250-552de42886e3 admin admin] MySQL server mode set to STRICT_TRANS_TABLES,STRICT_ALL_TABLES,NO_ZERO_IN_DATE,NO_ZERO_DATE,ERROR_FOR_DIVISION_BY_ZERO,TRADITIONAL,NO_ENGINE_SUBSTITUTION {{(pid=77851) _check_effective_sql_mode /opt/stack/data/venv/lib/python3.10/site-packages/oslo_db/sqlalchemy/engines.py:342}}
Nov 10 17:40:36 user devstack@g-api.service[77851]: DEBUG dbcounter [-] [77851] Writer thread running {{(pid=77851) stat_writer /opt/stack/data/venv/lib/python3.10/site-packages/dbcounter.py:102}}
Nov 10 17:40:36 user devstack@g-api.service[77851]: INFO glance.api.v2.image_data [None req-1ee5d6a5-c3a1-4c97-b250-552de42886e3 admin admin] Unable to create trust: no such option collect_timing in group [keystone_authtoken] Use the existing user token.
Nov 10 17:40:36 user devstack@g-api.service[77851]: DEBUG glance.location [None req-1ee5d6a5-c3a1-4c97-b250-552de42886e3 admin admin] Enabling in-flight format inspection for qcow2 {{(pid=77851) set_data /opt/stack/glance/glance/location.py:581}}
Nov 10 17:40:37 user devstack@g-api.service[77851]: DEBUG glance_store._drivers.filesystem [None req-1ee5d6a5-c3a1-4c97-b250-552de42886e3 admin admin] Wrote 21430272 bytes to /opt/stack/data/glance/images/e3cc5321-4d40-49ee-885c-700e14741732 with checksum c8fc807773e5354afe61636071771906 and multihash 1103b92ce8ad966e41235a4de260deb791ff571670c0342666c8582fbb9caefe6af07ebb11d34f44f8414b609b29c1bdf1d72ffa6faa39c88e8721d09847952b {{(pid=77851) add /opt/stack/data/venv/lib/python3.10/site-packages/glance_store/_drivers/filesystem.py:773}}
Nov 10 17:40:37 user devstack@g-api.service[77851]: INFO glance.location [None req-1ee5d6a5-c3a1-4c97-b250-552de42886e3 admin admin] Image format matched and virtual size computed: 117440512
Nov 10 17:40:37 user devstack@g-api.service[77851]: DEBUG glance_store.backend [None req-1ee5d6a5-c3a1-4c97-b250-552de42886e3 admin admin] Skipping store.set_acls... not implemented. {{(pid=77851) set_acls /opt/stack/data/venv/lib/python3.10/site-packages/glance_store/backend.py:508}}
Nov 10 17:40:37 user devstack@g-api.service[77851]: [pid: 77851|app: 0|req: 1/4] 127.0.0.1 () {40 vars in 854 bytes} [Fri Nov 10 17:40:35 2023] PUT /v2/images/e3cc5321-4d40-49ee-885c-700e14741732/file => generated 0 bytes in 1543 msecs (HTTP/1.1 204) 4 headers in 171 bytes (1 switches on core 0)
Nov 10 17:40:45 user devstack@g-api.service[77852]: DEBUG dbcounter [-] [77852] Writing DB stats glance:SELECT=10,glance:INSERT=5 {{(pid=77852) stat_writer /opt/stack/data/venv/lib/python3.10/site-packages/dbcounter.py:115}}
Nov 10 17:40:47 user devstack@g-api.service[77851]: DEBUG dbcounter [-] [77851] Writing DB stats glance:SELECT=29,glance:UPDATE=2,glance:INSERT=1 {{(pid=77851) stat_writer /opt/stack/data/venv/lib/python3.10/site-packages/dbcounter.py:115}}
Nov 10 17:41:31 user devstack@g-api.service[77850]: DEBUG glance.api.middleware.version_negotiation [None req-dc64f6e0-e0af-4e23-8a13-06caa4ff0089 None None] Determining version of request: GET / Accept: application/json {{(pid=77850) process_request /opt/stack/glance/glance/api/middleware/version_negotiation.py:44}}
Nov 10 17:41:31 user devstack@g-api.service[77850]: DEBUG glance.api.middleware.version_negotiation [None req-dc64f6e0-e0af-4e23-8a13-06caa4ff0089 None None] Using url versioning {{(pid=77850) process_request /opt/stack/glance/glance/api/middleware/version_negotiation.py:57}}
Nov 10 17:41:31 user devstack@g-api.service[77850]: DEBUG glance.api.middleware.version_negotiation [None req-dc64f6e0-e0af-4e23-8a13-06caa4ff0089 None None] Unknown version. Returning version choices. {{(pid=77850) process_request /opt/stack/glance/glance/api/middleware/version_negotiation.py:64}}
Nov 10 17:41:31 user devstack@g-api.service[77850]: [pid: 77850|app: 0|req: 3/5] 127.0.0.1 () {34 vars in 498 bytes} [Fri Nov 10 17:41:31 2023] GET / => generated 1287 bytes in 2 msecs (HTTP/1.1 300) 3 headers in 106 bytes (1 switches on core 0)
Nov 10 17:41:31 user devstack@g-api.service[77852]: DEBUG glance.api.middleware.version_negotiation [None req-8473f37e-191d-4efb-96b7-4a7209b7a3e6 admin admin] Determining version of request: GET /v2/images Accept: application/json {{(pid=77852) process_request /opt/stack/glance/glance/api/middleware/version_negotiation.py:44}}
Nov 10 17:41:31 user devstack@g-api.service[77852]: DEBUG glance.api.middleware.version_negotiation [None req-8473f37e-191d-4efb-96b7-4a7209b7a3e6 admin admin] Using url versioning {{(pid=77852) process_request /opt/stack/glance/glance/api/middleware/version_negotiation.py:57}}
Nov 10 17:41:31 user devstack@g-api.service[77852]: DEBUG glance.api.middleware.version_negotiation [None req-8473f37e-191d-4efb-96b7-4a7209b7a3e6 admin admin] Matched version: v2 {{(pid=77852) process_request /opt/stack/glance/glance/api/middleware/version_negotiation.py:69}}
Nov 10 17:41:31 user devstack@g-api.service[77852]: DEBUG glance.api.middleware.version_negotiation [None req-8473f37e-191d-4efb-96b7-4a7209b7a3e6 admin admin] new path /v2/images {{(pid=77852) process_request /opt/stack/glance/glance/api/middleware/version_negotiation.py:70}}
Nov 10 17:41:31 user devstack@g-api.service[77852]: [pid: 77852|app: 0|req: 2/6] 127.0.0.1 () {36 vars in 720 bytes} [Fri Nov 10 17:41:31 2023] GET /v2/images => generated 1045 bytes in 36 msecs (HTTP/1.1 200) 4 headers in 158 bytes (1 switches on core 0)
Nov 10 17:41:41 user devstack@g-api.service[77852]: DEBUG dbcounter [-] [77852] Writing DB stats glance:SELECT=2 {{(pid=77852) stat_writer /opt/stack/data/venv/lib/python3.10/site-packages/dbcounter.py:115}}
Nov 10 17:43:11 user devstack@g-api.service[77851]: DEBUG glance.api.middleware.version_negotiation [None req-1ee5d6a5-c3a1-4c97-b250-552de42886e3 admin admin] Determining version of request: GET / Accept: application/json {{(pid=77851) process_request /opt/stack/glance/glance/api/middleware/version_negotiation.py:44}}
Nov 10 17:43:11 user devstack@g-api.service[77851]: DEBUG glance.api.middleware.version_negotiation [None req-1ee5d6a5-c3a1-4c97-b250-552de42886e3 admin admin] Using url versioning {{(pid=77851) process_request /opt/stack/glance/glance/api/middleware/version_negotiation.py:57}}
Nov 10 17:43:11 user devstack@g-api.service[77851]: DEBUG glance.api.middleware.version_negotiation [None req-1ee5d6a5-c3a1-4c97-b250-552de42886e3 admin admin] Unknown version. Returning version choices. {{(pid=77851) process_request /opt/stack/glance/glance/api/middleware/version_negotiation.py:64}}
Nov 10 17:43:11 user devstack@g-api.service[77851]: [pid: 77851|app: 0|req: 2/7] 127.0.0.1 () {36 vars in 470 bytes} [Fri Nov 10 17:43:11 2023] GET / => generated 1287 bytes in 5 msecs (HTTP/1.1 300) 3 headers in 106 bytes (1 switches on core 0)
Nov 10 17:44:16 user devstack@g-api.service[77850]: DEBUG glance.api.middleware.version_negotiation [None req-dc64f6e0-e0af-4e23-8a13-06caa4ff0089 None None] Determining version of request: GET / Accept: application/json {{(pid=77850) process_request /opt/stack/glance/glance/api/middleware/version_negotiation.py:44}}
Nov 10 17:44:16 user devstack@g-api.service[77850]: DEBUG glance.api.middleware.version_negotiation [None req-dc64f6e0-e0af-4e23-8a13-06caa4ff0089 None None] Using url versioning {{(pid=77850) process_request /opt/stack/glance/glance/api/middleware/version_negotiation.py:57}}
Nov 10 17:44:16 user devstack@g-api.service[77850]: DEBUG glance.api.middleware.version_negotiation [None req-dc64f6e0-e0af-4e23-8a13-06caa4ff0089 None None] Unknown version. Returning version choices. {{(pid=77850) process_request /opt/stack/glance/glance/api/middleware/version_negotiation.py:64}}
Nov 10 17:44:16 user devstack@g-api.service[77850]: [pid: 77850|app: 0|req: 4/8] 127.0.0.1 () {34 vars in 485 bytes} [Fri Nov 10 17:44:16 2023] GET / => generated 1287 bytes in 3 msecs (HTTP/1.1 300) 3 headers in 106 bytes (1 switches on core 0)
Nov 10 17:44:16 user devstack@g-api.service[77852]: DEBUG glance.api.middleware.version_negotiation [None req-7389d642-40a6-40c1-8bc6-ca60f15be68f admin admin] Determining version of request: GET /v2/images/e3cc5321-4d40-49ee-885c-700e14741732 Accept: */* {{(pid=77852) process_request /opt/stack/glance/glance/api/middleware/version_negotiation.py:44}}
Nov 10 17:44:16 user devstack@g-api.service[77852]: DEBUG glance.api.middleware.version_negotiation [None req-7389d642-40a6-40c1-8bc6-ca60f15be68f admin admin] Using url versioning {{(pid=77852) process_request /opt/stack/glance/glance/api/middleware/version_negotiation.py:57}}
Nov 10 17:44:16 user devstack@g-api.service[77852]: DEBUG glance.api.middleware.version_negotiation [None req-7389d642-40a6-40c1-8bc6-ca60f15be68f admin admin] Matched version: v2 {{(pid=77852) process_request /opt/stack/glance/glance/api/middleware/version_negotiation.py:69}}
Nov 10 17:44:16 user devstack@g-api.service[77852]: DEBUG glance.api.middleware.version_negotiation [None req-7389d642-40a6-40c1-8bc6-ca60f15be68f admin admin] new path /v2/images/e3cc5321-4d40-49ee-885c-700e14741732 {{(pid=77852) process_request /opt/stack/glance/glance/api/middleware/version_negotiation.py:70}}
Nov 10 17:44:16 user devstack@g-api.service[77852]: WARNING keystonemiddleware.auth_token [None req-7389d642-40a6-40c1-8bc6-ca60f15be68f admin admin] A valid token was submitted as a service token, but it was not a valid service token. This is incorrect but backwards compatible behaviour. This will be removed in future releases.
Nov 10 17:44:16 user devstack@g-api.service[77852]: [pid: 77852|app: 0|req: 3/9] 127.0.0.1 () {42 vars in 1041 bytes} [Fri Nov 10 17:44:16 2023] GET /v2/images/e3cc5321-4d40-49ee-885c-700e14741732 => generated 976 bytes in 289 msecs (HTTP/1.1 200) 4 headers in 157 bytes (1 switches on core 0)
Nov 10 17:44:16 user devstack@g-api.service[77851]: DEBUG glance.api.middleware.version_negotiation [None req-1ee5d6a5-c3a1-4c97-b250-552de42886e3 admin admin] Determining version of request: GET /v2/schemas/image Accept: */* {{(pid=77851) process_request /opt/stack/glance/glance/api/middleware/version_negotiation.py:44}}
Nov 10 17:44:16 user devstack@g-api.service[77851]: DEBUG glance.api.middleware.version_negotiation [None req-1ee5d6a5-c3a1-4c97-b250-552de42886e3 admin admin] Using url versioning {{(pid=77851) process_request /opt/stack/glance/glance/api/middleware/version_negotiation.py:57}}
Nov 10 17:44:16 user devstack@g-api.service[77851]: DEBUG glance.api.middleware.version_negotiation [None req-1ee5d6a5-c3a1-4c97-b250-552de42886e3 admin admin] Matched version: v2 {{(pid=77851) process_request /opt/stack/glance/glance/api/middleware/version_negotiation.py:69}}
Nov 10 17:44:16 user devstack@g-api.service[77851]: DEBUG glance.api.middleware.version_negotiation [None req-1ee5d6a5-c3a1-4c97-b250-552de42886e3 admin admin] new path /v2/schemas/image {{(pid=77851) process_request /opt/stack/glance/glance/api/middleware/version_negotiation.py:70}}
Nov 10 17:44:16 user devstack@g-api.service[77851]: WARNING keystonemiddleware.auth_token [None req-1ee5d6a5-c3a1-4c97-b250-552de42886e3 admin admin] A valid token was submitted as a service token, but it was not a valid service token. This is incorrect but backwards compatible behaviour. This will be removed in future releases.
Nov 10 17:44:16 user devstack@g-api.service[77851]: [pid: 77851|app: 0|req: 3/10] 127.0.0.1 () {42 vars in 981 bytes} [Fri Nov 10 17:44:16 2023] GET /v2/schemas/image => generated 6083 bytes in 11 msecs (HTTP/1.1 200) 4 headers in 158 bytes (1 switches on core 0)
Nov 10 17:44:18 user devstack@g-api.service[77850]: DEBUG glance.api.middleware.version_negotiation [None req-dc64f6e0-e0af-4e23-8a13-06caa4ff0089 None None] Determining version of request: GET / Accept: application/json {{(pid=77850) process_request /opt/stack/glance/glance/api/middleware/version_negotiation.py:44}}
Nov 10 17:44:18 user devstack@g-api.service[77850]: DEBUG glance.api.middleware.version_negotiation [None req-dc64f6e0-e0af-4e23-8a13-06caa4ff0089 None None] Using url versioning {{(pid=77850) process_request /opt/stack/glance/glance/api/middleware/version_negotiation.py:57}}
Nov 10 17:44:18 user devstack@g-api.service[77850]: DEBUG glance.api.middleware.version_negotiation [None req-dc64f6e0-e0af-4e23-8a13-06caa4ff0089 None None] Unknown version. Returning version choices. {{(pid=77850) process_request /opt/stack/glance/glance/api/middleware/version_negotiation.py:64}}
Nov 10 17:44:18 user devstack@g-api.service[77850]: [pid: 77850|app: 0|req: 5/11] 127.0.0.1 () {34 vars in 485 bytes} [Fri Nov 10 17:44:18 2023] GET / => generated 1287 bytes in 4 msecs (HTTP/1.1 300) 3 headers in 106 bytes (1 switches on core 0)
Nov 10 17:44:18 user devstack@g-api.service[77852]: DEBUG glance.api.middleware.version_negotiation [None req-51bf4239-d99a-4d3c-8a1c-c8348212712c tempest-ServerBootFromVolumeStableRescueTest-2001759307 tempest-ServerBootFromVolumeStableRescueTest-2001759307-project-member] Determining version of request: GET /v2/images/e3cc5321-4d40-49ee-885c-700e14741732 Accept: */* {{(pid=77852) process_request /opt/stack/glance/glance/api/middleware/version_negotiation.py:44}}
Nov 10 17:44:18 user devstack@g-api.service[77852]: DEBUG glance.api.middleware.version_negotiation [None req-51bf4239-d99a-4d3c-8a1c-c8348212712c tempest-ServerBootFromVolumeStableRescueTest-2001759307 tempest-ServerBootFromVolumeStableRescueTest-2001759307-project-member] Using url versioning {{(pid=77852) process_request /opt/stack/glance/glance/api/middleware/version_negotiation.py:57}}
Nov 10 17:44:18 user devstack@g-api.service[77852]: DEBUG glance.api.middleware.version_negotiation [None req-51bf4239-d99a-4d3c-8a1c-c8348212712c tempest-ServerBootFromVolumeStableRescueTest-2001759307 tempest-ServerBootFromVolumeStableRescueTest-2001759307-project-member] Matched version: v2 {{(pid=77852) process_request /opt/stack/glance/glance/api/middleware/version_negotiation.py:69}}
Nov 10 17:44:18 user devstack@g-api.service[77852]: DEBUG glance.api.middleware.version_negotiation [None req-51bf4239-d99a-4d3c-8a1c-c8348212712c tempest-ServerBootFromVolumeStableRescueTest-2001759307 tempest-ServerBootFromVolumeStableRescueTest-2001759307-project-member] new path /v2/images/e3cc5321-4d40-49ee-885c-700e14741732 {{(pid=77852) process_request /opt/stack/glance/glance/api/middleware/version_negotiation.py:70}}
Nov 10 17:44:18 user devstack@g-api.service[77852]: [pid: 77852|app: 0|req: 4/12] 127.0.0.1 () {42 vars in 1041 bytes} [Fri Nov 10 17:44:18 2023] GET /v2/images/e3cc5321-4d40-49ee-885c-700e14741732 => generated 976 bytes in 33 msecs (HTTP/1.1 200) 4 headers in 157 bytes (1 switches on core 0)
Nov 10 17:44:18 user devstack@g-api.service[77851]: DEBUG glance.api.middleware.version_negotiation [None req-51bf4239-d99a-4d3c-8a1c-c8348212712c tempest-ServerBootFromVolumeStableRescueTest-2001759307 tempest-ServerBootFromVolumeStableRescueTest-2001759307-project-member] Determining version of request: GET /v2/schemas/image Accept: */* {{(pid=77851) process_request /opt/stack/glance/glance/api/middleware/version_negotiation.py:44}}
Nov 10 17:44:18 user devstack@g-api.service[77851]: DEBUG glance.api.middleware.version_negotiation [None req-51bf4239-d99a-4d3c-8a1c-c8348212712c tempest-ServerBootFromVolumeStableRescueTest-2001759307 tempest-ServerBootFromVolumeStableRescueTest-2001759307-project-member] Using url versioning {{(pid=77851) process_request /opt/stack/glance/glance/api/middleware/version_negotiation.py:57}}
Nov 10 17:44:18 user devstack@g-api.service[77851]: DEBUG glance.api.middleware.version_negotiation [None req-51bf4239-d99a-4d3c-8a1c-c8348212712c tempest-ServerBootFromVolumeStableRescueTest-2001759307 tempest-ServerBootFromVolumeStableRescueTest-2001759307-project-member] Matched version: v2 {{(pid=77851) process_request /opt/stack/glance/glance/api/middleware/version_negotiation.py:69}}
Nov 10 17:44:18 user devstack@g-api.service[77851]: DEBUG glance.api.middleware.version_negotiation [None req-51bf4239-d99a-4d3c-8a1c-c8348212712c tempest-ServerBootFromVolumeStableRescueTest-2001759307 tempest-ServerBootFromVolumeStableRescueTest-2001759307-project-member] new path /v2/schemas/image {{(pid=77851) process_request /opt/stack/glance/glance/api/middleware/version_negotiation.py:70}}
Nov 10 17:44:18 user devstack@g-api.service[77851]: [pid: 77851|app: 0|req: 4/13] 127.0.0.1 () {42 vars in 981 bytes} [Fri Nov 10 17:44:18 2023] GET /v2/schemas/image => generated 6083 bytes in 12 msecs (HTTP/1.1 200) 4 headers in 158 bytes (1 switches on core 0)
Nov 10 17:44:20 user devstack@g-api.service[77850]: DEBUG glance.api.middleware.version_negotiation [None req-dc64f6e0-e0af-4e23-8a13-06caa4ff0089 None None] Determining version of request: GET / Accept: application/json {{(pid=77850) process_request /opt/stack/glance/glance/api/middleware/version_negotiation.py:44}}
Nov 10 17:44:20 user devstack@g-api.service[77850]: DEBUG glance.api.middleware.version_negotiation [None req-dc64f6e0-e0af-4e23-8a13-06caa4ff0089 None None] Using url versioning {{(pid=77850) process_request /opt/stack/glance/glance/api/middleware/version_negotiation.py:57}}
Nov 10 17:44:20 user devstack@g-api.service[77850]: DEBUG glance.api.middleware.version_negotiation [None req-dc64f6e0-e0af-4e23-8a13-06caa4ff0089 None None] Unknown version. Returning version choices. {{(pid=77850) process_request /opt/stack/glance/glance/api/middleware/version_negotiation.py:64}}
Nov 10 17:44:20 user devstack@g-api.service[77850]: [pid: 77850|app: 0|req: 6/14] 127.0.0.1 () {34 vars in 485 bytes} [Fri Nov 10 17:44:20 2023] GET / => generated 1287 bytes in 4 msecs (HTTP/1.1 300) 3 headers in 106 bytes (1 switches on core 0)
Nov 10 17:44:20 user devstack@g-api.service[77852]: DEBUG glance.api.middleware.version_negotiation [None req-577fe7ba-1668-4862-ab0c-a4eb8452eb03 tempest-ServerRescueNegativeTestJSON-783763036 tempest-ServerRescueNegativeTestJSON-783763036-project-member] Determining version of request: GET /v2/images/e3cc5321-4d40-49ee-885c-700e14741732 Accept: */* {{(pid=77852) process_request /opt/stack/glance/glance/api/middleware/version_negotiation.py:44}}
Nov 10 17:44:20 user devstack@g-api.service[77852]: DEBUG glance.api.middleware.version_negotiation [None req-577fe7ba-1668-4862-ab0c-a4eb8452eb03 tempest-ServerRescueNegativeTestJSON-783763036 tempest-ServerRescueNegativeTestJSON-783763036-project-member] Using url versioning {{(pid=77852) process_request /opt/stack/glance/glance/api/middleware/version_negotiation.py:57}}
Nov 10 17:44:20 user devstack@g-api.service[77852]: DEBUG glance.api.middleware.version_negotiation [None req-577fe7ba-1668-4862-ab0c-a4eb8452eb03 tempest-ServerRescueNegativeTestJSON-783763036 tempest-ServerRescueNegativeTestJSON-783763036-project-member] Matched version: v2 {{(pid=77852) process_request /opt/stack/glance/glance/api/middleware/version_negotiation.py:69}}
Nov 10 17:44:20 user devstack@g-api.service[77852]: DEBUG glance.api.middleware.version_negotiation [None req-577fe7ba-1668-4862-ab0c-a4eb8452eb03 tempest-ServerRescueNegativeTestJSON-783763036 tempest-ServerRescueNegativeTestJSON-783763036-project-member] new path /v2/images/e3cc5321-4d40-49ee-885c-700e14741732 {{(pid=77852) process_request /opt/stack/glance/glance/api/middleware/version_negotiation.py:70}}
Nov 10 17:44:20 user devstack@g-api.service[77852]: [pid: 77852|app: 0|req: 5/15] 127.0.0.1 () {42 vars in 1041 bytes} [Fri Nov 10 17:44:20 2023] GET /v2/images/e3cc5321-4d40-49ee-885c-700e14741732 => generated 976 bytes in 20 msecs (HTTP/1.1 200) 4 headers in 157 bytes (1 switches on core 0)
Nov 10 17:44:20 user devstack@g-api.service[77851]: DEBUG glance.api.middleware.version_negotiation [None req-577fe7ba-1668-4862-ab0c-a4eb8452eb03 tempest-ServerRescueNegativeTestJSON-783763036 tempest-ServerRescueNegativeTestJSON-783763036-project-member] Determining version of request: GET /v2/schemas/image Accept: */* {{(pid=77851) process_request /opt/stack/glance/glance/api/middleware/version_negotiation.py:44}}
Nov 10 17:44:20 user devstack@g-api.service[77851]: DEBUG glance.api.middleware.version_negotiation [None req-577fe7ba-1668-4862-ab0c-a4eb8452eb03 tempest-ServerRescueNegativeTestJSON-783763036 tempest-ServerRescueNegativeTestJSON-783763036-project-member] Using url versioning {{(pid=77851) process_request /opt/stack/glance/glance/api/middleware/version_negotiation.py:57}}
Nov 10 17:44:20 user devstack@g-api.service[77851]: DEBUG glance.api.middleware.version_negotiation [None req-577fe7ba-1668-4862-ab0c-a4eb8452eb03 tempest-ServerRescueNegativeTestJSON-783763036 tempest-ServerRescueNegativeTestJSON-783763036-project-member] Matched version: v2 {{(pid=77851) process_request /opt/stack/glance/glance/api/middleware/version_negotiation.py:69}}
Nov 10 17:44:20 user devstack@g-api.service[77851]: DEBUG glance.api.middleware.version_negotiation [None req-577fe7ba-1668-4862-ab0c-a4eb8452eb03 tempest-ServerRescueNegativeTestJSON-783763036 tempest-ServerRescueNegativeTestJSON-783763036-project-member] new path /v2/schemas/image {{(pid=77851) process_request /opt/stack/glance/glance/api/middleware/version_negotiation.py:70}}
Nov 10 17:44:20 user devstack@g-api.service[77851]: [pid: 77851|app: 0|req: 5/16] 127.0.0.1 () {42 vars in 981 bytes} [Fri Nov 10 17:44:20 2023] GET /v2/schemas/image => generated 6083 bytes in 6 msecs (HTTP/1.1 200) 4 headers in 158 bytes (1 switches on core 0)
Nov 10 17:44:21 user devstack@g-api.service[77850]: DEBUG glance.api.middleware.version_negotiation [None req-dc64f6e0-e0af-4e23-8a13-06caa4ff0089 None None] Determining version of request: GET /v2/images/e3cc5321-4d40-49ee-885c-700e14741732 Accept: */* {{(pid=77850) process_request /opt/stack/glance/glance/api/middleware/version_negotiation.py:44}}
Nov 10 17:44:21 user devstack@g-api.service[77850]: DEBUG glance.api.middleware.version_negotiation [None req-dc64f6e0-e0af-4e23-8a13-06caa4ff0089 None None] Using url versioning {{(pid=77850) process_request /opt/stack/glance/glance/api/middleware/version_negotiation.py:57}}
Nov 10 17:44:21 user devstack@g-api.service[77850]: DEBUG glance.api.middleware.version_negotiation [None req-dc64f6e0-e0af-4e23-8a13-06caa4ff0089 None None] Matched version: v2 {{(pid=77850) process_request /opt/stack/glance/glance/api/middleware/version_negotiation.py:69}}
Nov 10 17:44:21 user devstack@g-api.service[77850]: DEBUG glance.api.middleware.version_negotiation [None req-dc64f6e0-e0af-4e23-8a13-06caa4ff0089 None None] new path /v2/images/e3cc5321-4d40-49ee-885c-700e14741732 {{(pid=77850) process_request /opt/stack/glance/glance/api/middleware/version_negotiation.py:70}}
Nov 10 17:44:21 user devstack@g-api.service[77850]: WARNING keystonemiddleware.auth_token [None req-dc64f6e0-e0af-4e23-8a13-06caa4ff0089 None None] A valid token was submitted as a service token, but it was not a valid service token. This is incorrect but backwards compatible behaviour. This will be removed in future releases.
Nov 10 17:44:21 user devstack@g-api.service[77850]: INFO dbcounter [None req-51bf4239-d99a-4d3c-8a1c-c8348212712c tempest-ServerBootFromVolumeStableRescueTest-2001759307 tempest-ServerBootFromVolumeStableRescueTest-2001759307-project-member] Registered counter for database glance
Nov 10 17:44:21 user devstack@g-api.service[77850]: DEBUG oslo_db.sqlalchemy.engines [None req-51bf4239-d99a-4d3c-8a1c-c8348212712c tempest-ServerBootFromVolumeStableRescueTest-2001759307 tempest-ServerBootFromVolumeStableRescueTest-2001759307-project-member] MySQL server mode set to STRICT_TRANS_TABLES,STRICT_ALL_TABLES,NO_ZERO_IN_DATE,NO_ZERO_DATE,ERROR_FOR_DIVISION_BY_ZERO,TRADITIONAL,NO_ENGINE_SUBSTITUTION {{(pid=77850) _check_effective_sql_mode /opt/stack/data/venv/lib/python3.10/site-packages/oslo_db/sqlalchemy/engines.py:342}}
Nov 10 17:44:21 user devstack@g-api.service[77850]: DEBUG dbcounter [-] [77850] Writer thread running {{(pid=77850) stat_writer /opt/stack/data/venv/lib/python3.10/site-packages/dbcounter.py:102}}
Nov 10 17:44:21 user devstack@g-api.service[77852]: DEBUG glance.api.middleware.version_negotiation [None req-de594ec5-3298-4dea-8dec-3806973f999a tempest-ServerRescueNegativeTestJSON-783763036 tempest-ServerRescueNegativeTestJSON-783763036-project-member] Determining version of request: GET /v2/images/e3cc5321-4d40-49ee-885c-700e14741732 Accept: */* {{(pid=77852) process_request /opt/stack/glance/glance/api/middleware/version_negotiation.py:44}}
Nov 10 17:44:21 user devstack@g-api.service[77852]: DEBUG glance.api.middleware.version_negotiation [None req-de594ec5-3298-4dea-8dec-3806973f999a tempest-ServerRescueNegativeTestJSON-783763036 tempest-ServerRescueNegativeTestJSON-783763036-project-member] Using url versioning {{(pid=77852) process_request /opt/stack/glance/glance/api/middleware/version_negotiation.py:57}}
Nov 10 17:44:21 user devstack@g-api.service[77852]: DEBUG glance.api.middleware.version_negotiation [None req-de594ec5-3298-4dea-8dec-3806973f999a tempest-ServerRescueNegativeTestJSON-783763036 tempest-ServerRescueNegativeTestJSON-783763036-project-member] Matched version: v2 {{(pid=77852) process_request /opt/stack/glance/glance/api/middleware/version_negotiation.py:69}}
Nov 10 17:44:21 user devstack@g-api.service[77852]: DEBUG glance.api.middleware.version_negotiation [None req-de594ec5-3298-4dea-8dec-3806973f999a tempest-ServerRescueNegativeTestJSON-783763036 tempest-ServerRescueNegativeTestJSON-783763036-project-member] new path /v2/images/e3cc5321-4d40-49ee-885c-700e14741732 {{(pid=77852) process_request /opt/stack/glance/glance/api/middleware/version_negotiation.py:70}}
Nov 10 17:44:21 user devstack@g-api.service[77850]: [pid: 77850|app: 0|req: 7/17] 127.0.0.1 () {42 vars in 1041 bytes} [Fri Nov 10 17:44:21 2023] GET /v2/images/e3cc5321-4d40-49ee-885c-700e14741732 => generated 976 bytes in 568 msecs (HTTP/1.1 200) 4 headers in 157 bytes (1 switches on core 0)
Nov 10 17:44:21 user devstack@g-api.service[77852]: [pid: 77852|app: 0|req: 6/18] 127.0.0.1 () {42 vars in 1041 bytes} [Fri Nov 10 17:44:21 2023] GET /v2/images/e3cc5321-4d40-49ee-885c-700e14741732 => generated 976 bytes in 21 msecs (HTTP/1.1 200) 4 headers in 157 bytes (1 switches on core 0)
Nov 10 17:44:21 user devstack@g-api.service[77851]: DEBUG glance.api.middleware.version_negotiation [None req-de594ec5-3298-4dea-8dec-3806973f999a tempest-ServerRescueNegativeTestJSON-783763036 tempest-ServerRescueNegativeTestJSON-783763036-project-member] Determining version of request: GET /v2/images/e3cc5321-4d40-49ee-885c-700e14741732/file Accept: */* {{(pid=77851) process_request /opt/stack/glance/glance/api/middleware/version_negotiation.py:44}}
Nov 10 17:44:21 user devstack@g-api.service[77851]: DEBUG glance.api.middleware.version_negotiation [None req-de594ec5-3298-4dea-8dec-3806973f999a tempest-ServerRescueNegativeTestJSON-783763036 tempest-ServerRescueNegativeTestJSON-783763036-project-member] Using url versioning {{(pid=77851) process_request /opt/stack/glance/glance/api/middleware/version_negotiation.py:57}}
Nov 10 17:44:21 user devstack@g-api.service[77851]: DEBUG glance.api.middleware.version_negotiation [None req-de594ec5-3298-4dea-8dec-3806973f999a tempest-ServerRescueNegativeTestJSON-783763036 tempest-ServerRescueNegativeTestJSON-783763036-project-member] Matched version: v2 {{(pid=77851) process_request /opt/stack/glance/glance/api/middleware/version_negotiation.py:69}}
Nov 10 17:44:21 user devstack@g-api.service[77851]: DEBUG glance.api.middleware.version_negotiation [None req-de594ec5-3298-4dea-8dec-3806973f999a tempest-ServerRescueNegativeTestJSON-783763036 tempest-ServerRescueNegativeTestJSON-783763036-project-member] new path /v2/images/e3cc5321-4d40-49ee-885c-700e14741732/file {{(pid=77851) process_request /opt/stack/glance/glance/api/middleware/version_negotiation.py:70}}
Nov 10 17:44:21 user devstack@g-api.service[77850]: DEBUG glance.api.middleware.version_negotiation [None req-51bf4239-d99a-4d3c-8a1c-c8348212712c tempest-ServerBootFromVolumeStableRescueTest-2001759307 tempest-ServerBootFromVolumeStableRescueTest-2001759307-project-member] Determining version of request: GET /v2/schemas/image Accept: */* {{(pid=77850) process_request /opt/stack/glance/glance/api/middleware/version_negotiation.py:44}}
Nov 10 17:44:21 user devstack@g-api.service[77850]: DEBUG glance.api.middleware.version_negotiation [None req-51bf4239-d99a-4d3c-8a1c-c8348212712c tempest-ServerBootFromVolumeStableRescueTest-2001759307 tempest-ServerBootFromVolumeStableRescueTest-2001759307-project-member] Using url versioning {{(pid=77850) process_request /opt/stack/glance/glance/api/middleware/version_negotiation.py:57}}
Nov 10 17:44:21 user devstack@g-api.service[77850]: DEBUG glance.api.middleware.version_negotiation [None req-51bf4239-d99a-4d3c-8a1c-c8348212712c tempest-ServerBootFromVolumeStableRescueTest-2001759307 tempest-ServerBootFromVolumeStableRescueTest-2001759307-project-member] Matched version: v2 {{(pid=77850) process_request /opt/stack/glance/glance/api/middleware/version_negotiation.py:69}}
Nov 10 17:44:21 user devstack@g-api.service[77850]: DEBUG glance.api.middleware.version_negotiation [None req-51bf4239-d99a-4d3c-8a1c-c8348212712c tempest-ServerBootFromVolumeStableRescueTest-2001759307 tempest-ServerBootFromVolumeStableRescueTest-2001759307-project-member] new path /v2/schemas/image {{(pid=77850) process_request /opt/stack/glance/glance/api/middleware/version_negotiation.py:70}}
Nov 10 17:44:21 user devstack@g-api.service[77850]: [pid: 77850|app: 0|req: 8/19] 127.0.0.1 () {42 vars in 981 bytes} [Fri Nov 10 17:44:21 2023] GET /v2/schemas/image => generated 6083 bytes in 8 msecs (HTTP/1.1 200) 4 headers in 158 bytes (1 switches on core 0)
Nov 10 17:44:21 user devstack@g-api.service[77851]: DEBUG glance_store._drivers.filesystem [None req-51bf4239-d99a-4d3c-8a1c-c8348212712c tempest-ServerBootFromVolumeStableRescueTest-2001759307 tempest-ServerBootFromVolumeStableRescueTest-2001759307-project-member] Found image at /opt/stack/data/glance/images/e3cc5321-4d40-49ee-885c-700e14741732. Returning in ChunkedFile. {{(pid=77851) get /opt/stack/data/venv/lib/python3.10/site-packages/glance_store/_drivers/filesystem.py:614}}
Nov 10 17:44:21 user devstack@g-api.service[77851]: DEBUG glance.image_cache [None req-51bf4239-d99a-4d3c-8a1c-c8348212712c tempest-ServerBootFromVolumeStableRescueTest-2001759307 tempest-ServerBootFromVolumeStableRescueTest-2001759307-project-member] Tee'ing image 'e3cc5321-4d40-49ee-885c-700e14741732' into cache {{(pid=77851) get_caching_iter /opt/stack/glance/glance/image_cache/__init__.py:343}}
Nov 10 17:44:22 user devstack@g-api.service[77851]: DEBUG glance.image_cache.drivers.sqlite [None req-51bf4239-d99a-4d3c-8a1c-c8348212712c tempest-ServerBootFromVolumeStableRescueTest-2001759307 tempest-ServerBootFromVolumeStableRescueTest-2001759307-project-member] Fetch finished, moving '/opt/stack/data/glance/cache/incomplete/e3cc5321-4d40-49ee-885c-700e14741732' to '/opt/stack/data/glance/cache/e3cc5321-4d40-49ee-885c-700e14741732' {{(pid=77851) commit /opt/stack/glance/glance/image_cache/drivers/sqlite.py:324}}
Nov 10 17:44:22 user devstack@g-api.service[77851]: [pid: 77851|app: 0|req: 6/20] 127.0.0.1 () {42 vars in 1051 bytes} [Fri Nov 10 17:44:21 2023] GET /v2/images/e3cc5321-4d40-49ee-885c-700e14741732/file => generated 21430272 bytes in 261 msecs (HTTP/1.1 200) 4 headers in 191 bytes (327 switches on core 0)
Nov 10 17:44:24 user devstack@g-api.service[77852]: DEBUG glance.api.middleware.version_negotiation [None req-e60c50ac-a6e1-461c-87ef-4f39cb141061 tempest-DeleteServersTestJSON-1805291581 tempest-DeleteServersTestJSON-1805291581-project-member] Determining version of request: GET /v2/images/e3cc5321-4d40-49ee-885c-700e14741732 Accept: */* {{(pid=77852) process_request /opt/stack/glance/glance/api/middleware/version_negotiation.py:44}}
Nov 10 17:44:24 user devstack@g-api.service[77852]: DEBUG glance.api.middleware.version_negotiation [None req-e60c50ac-a6e1-461c-87ef-4f39cb141061 tempest-DeleteServersTestJSON-1805291581 tempest-DeleteServersTestJSON-1805291581-project-member] Using url versioning {{(pid=77852) process_request /opt/stack/glance/glance/api/middleware/version_negotiation.py:57}}
Nov 10 17:44:24 user devstack@g-api.service[77852]: DEBUG glance.api.middleware.version_negotiation [None req-e60c50ac-a6e1-461c-87ef-4f39cb141061 tempest-DeleteServersTestJSON-1805291581 tempest-DeleteServersTestJSON-1805291581-project-member] Matched version: v2 {{(pid=77852) process_request /opt/stack/glance/glance/api/middleware/version_negotiation.py:69}}
Nov 10 17:44:24 user devstack@g-api.service[77852]: DEBUG glance.api.middleware.version_negotiation [None req-e60c50ac-a6e1-461c-87ef-4f39cb141061 tempest-DeleteServersTestJSON-1805291581 tempest-DeleteServersTestJSON-1805291581-project-member] new path /v2/images/e3cc5321-4d40-49ee-885c-700e14741732 {{(pid=77852) process_request /opt/stack/glance/glance/api/middleware/version_negotiation.py:70}}
Nov 10 17:44:24 user devstack@g-api.service[77852]: [pid: 77852|app: 0|req: 7/21] 127.0.0.1 () {40 vars in 834 bytes} [Fri Nov 10 17:44:24 2023] GET /v2/images/e3cc5321-4d40-49ee-885c-700e14741732 => generated 976 bytes in 23 msecs (HTTP/1.1 200) 4 headers in 157 bytes (1 switches on core 0)
Nov 10 17:44:24 user devstack@g-api.service[77850]: DEBUG glance.api.middleware.version_negotiation [None req-e60c50ac-a6e1-461c-87ef-4f39cb141061 tempest-DeleteServersTestJSON-1805291581 tempest-DeleteServersTestJSON-1805291581-project-member] Determining version of request: GET /v2/schemas/image Accept: */* {{(pid=77850) process_request /opt/stack/glance/glance/api/middleware/version_negotiation.py:44}}
Nov 10 17:44:24 user devstack@g-api.service[77850]: DEBUG glance.api.middleware.version_negotiation [None req-e60c50ac-a6e1-461c-87ef-4f39cb141061 tempest-DeleteServersTestJSON-1805291581 tempest-DeleteServersTestJSON-1805291581-project-member] Using url versioning {{(pid=77850) process_request /opt/stack/glance/glance/api/middleware/version_negotiation.py:57}}
Nov 10 17:44:24 user devstack@g-api.service[77850]: DEBUG glance.api.middleware.version_negotiation [None req-e60c50ac-a6e1-461c-87ef-4f39cb141061 tempest-DeleteServersTestJSON-1805291581 tempest-DeleteServersTestJSON-1805291581-project-member] Matched version: v2 {{(pid=77850) process_request /opt/stack/glance/glance/api/middleware/version_negotiation.py:69}}
Nov 10 17:44:24 user devstack@g-api.service[77850]: DEBUG glance.api.middleware.version_negotiation [None req-e60c50ac-a6e1-461c-87ef-4f39cb141061 tempest-DeleteServersTestJSON-1805291581 tempest-DeleteServersTestJSON-1805291581-project-member] new path /v2/schemas/image {{(pid=77850) process_request /opt/stack/glance/glance/api/middleware/version_negotiation.py:70}}
Nov 10 17:44:24 user devstack@g-api.service[77850]: [pid: 77850|app: 0|req: 9/22] 127.0.0.1 () {40 vars in 774 bytes} [Fri Nov 10 17:44:24 2023] GET /v2/schemas/image => generated 6083 bytes in 9 msecs (HTTP/1.1 200) 4 headers in 158 bytes (1 switches on core 0)
Nov 10 17:44:24 user devstack@g-api.service[77851]: DEBUG glance.api.middleware.version_negotiation [None req-51bf4239-d99a-4d3c-8a1c-c8348212712c tempest-ServerBootFromVolumeStableRescueTest-2001759307 tempest-ServerBootFromVolumeStableRescueTest-2001759307-project-member] Determining version of request: GET /v2/schemas/image Accept: */* {{(pid=77851) process_request /opt/stack/glance/glance/api/middleware/version_negotiation.py:44}}
Nov 10 17:44:24 user devstack@g-api.service[77851]: DEBUG glance.api.middleware.version_negotiation [None req-51bf4239-d99a-4d3c-8a1c-c8348212712c tempest-ServerBootFromVolumeStableRescueTest-2001759307 tempest-ServerBootFromVolumeStableRescueTest-2001759307-project-member] Using url versioning {{(pid=77851) process_request /opt/stack/glance/glance/api/middleware/version_negotiation.py:57}}
Nov 10 17:44:24 user devstack@g-api.service[77851]: DEBUG glance.api.middleware.version_negotiation [None req-51bf4239-d99a-4d3c-8a1c-c8348212712c tempest-ServerBootFromVolumeStableRescueTest-2001759307 tempest-ServerBootFromVolumeStableRescueTest-2001759307-project-member] Matched version: v2 {{(pid=77851) process_request /opt/stack/glance/glance/api/middleware/version_negotiation.py:69}}
Nov 10 17:44:24 user devstack@g-api.service[77851]: DEBUG glance.api.middleware.version_negotiation [None req-51bf4239-d99a-4d3c-8a1c-c8348212712c tempest-ServerBootFromVolumeStableRescueTest-2001759307 tempest-ServerBootFromVolumeStableRescueTest-2001759307-project-member] new path /v2/schemas/image {{(pid=77851) process_request /opt/stack/glance/glance/api/middleware/version_negotiation.py:70}}
Nov 10 17:44:24 user devstack@g-api.service[77851]: [pid: 77851|app: 0|req: 7/23] 127.0.0.1 () {40 vars in 774 bytes} [Fri Nov 10 17:44:24 2023] GET /v2/schemas/image => generated 6083 bytes in 5 msecs (HTTP/1.1 200) 4 headers in 158 bytes (1 switches on core 0)
Nov 10 17:44:24 user devstack@g-api.service[77852]: DEBUG glance.api.middleware.version_negotiation [None req-0bf81b95-6013-4522-ad26-b5ea15bf866f tempest-ServerActionsV293TestJSON-2085671475 tempest-ServerActionsV293TestJSON-2085671475-project-member] Determining version of request: GET /v2/images/e3cc5321-4d40-49ee-885c-700e14741732 Accept: */* {{(pid=77852) process_request /opt/stack/glance/glance/api/middleware/version_negotiation.py:44}}
Nov 10 17:44:24 user devstack@g-api.service[77852]: DEBUG glance.api.middleware.version_negotiation [None req-0bf81b95-6013-4522-ad26-b5ea15bf866f tempest-ServerActionsV293TestJSON-2085671475 tempest-ServerActionsV293TestJSON-2085671475-project-member] Using url versioning {{(pid=77852) process_request /opt/stack/glance/glance/api/middleware/version_negotiation.py:57}}
Nov 10 17:44:24 user devstack@g-api.service[77852]: DEBUG glance.api.middleware.version_negotiation [None req-0bf81b95-6013-4522-ad26-b5ea15bf866f tempest-ServerActionsV293TestJSON-2085671475 tempest-ServerActionsV293TestJSON-2085671475-project-member] Matched version: v2 {{(pid=77852) process_request /opt/stack/glance/glance/api/middleware/version_negotiation.py:69}}
Nov 10 17:44:24 user devstack@g-api.service[77852]: DEBUG glance.api.middleware.version_negotiation [None req-0bf81b95-6013-4522-ad26-b5ea15bf866f tempest-ServerActionsV293TestJSON-2085671475 tempest-ServerActionsV293TestJSON-2085671475-project-member] new path /v2/images/e3cc5321-4d40-49ee-885c-700e14741732 {{(pid=77852) process_request /opt/stack/glance/glance/api/middleware/version_negotiation.py:70}}
Nov 10 17:44:24 user devstack@g-api.service[77852]: [pid: 77852|app: 0|req: 8/24] 127.0.0.1 () {40 vars in 834 bytes} [Fri Nov 10 17:44:24 2023] GET /v2/images/e3cc5321-4d40-49ee-885c-700e14741732 => generated 976 bytes in 30 msecs (HTTP/1.1 200) 4 headers in 157 bytes (1 switches on core 0)
