Aug 03 04:31:14 user devstack@keystone.service[44113]: DEBUG keystone.server.flask.request_processing.req_logging [None req-23b85f01-5132-4585-b9f9-47ec2b9aa9d7 None None] PATH_INFO: `/` {{(pid=44113) log_request_info /opt/stack/keystone/keystone/server/flask/request_processing/req_logging.py:29}}
Aug 03 04:31:14 user devstack@keystone.service[44113]: [pid: 44113|app: 0|req: 92/273] 10.0.0.210 () {54 vars in 921 bytes} [Thu Aug 3 04:31:14 2023] GET /identity => generated 269 bytes in 3 msecs (HTTP/1.1 300) 6 headers in 233 bytes (1 switches on core 0)
Aug 03 04:31:14 user devstack@keystone.service[44113]: DEBUG keystone.server.flask.request_processing.middleware.auth_context [None req-23b85f01-5132-4585-b9f9-47ec2b9aa9d7 None None] Authenticating user token {{(pid=44113) process_request /usr/local/lib/python3.10/dist-packages/keystonemiddleware/auth_token/__init__.py:406}}
Aug 03 04:31:14 user devstack@keystone.service[44112]: [pid: 44112|app: 0|req: 92/274] 10.0.0.210 () {58 vars in 1018 bytes} [Thu Aug 3 04:31:14 2023] POST /identity/v3/auth/tokens => generated 913 bytes in 39 msecs (HTTP/1.1 201) 6 headers in 384 bytes (1 switches on core 0)
Aug 03 04:31:14 user devstack@keystone.service[44111]: [pid: 44111|app: 0|req: 91/275] 10.0.0.210 () {58 vars in 1458 bytes} [Thu Aug 3 04:31:14 2023] PUT /identity/v3/projects/372cbf1bacc143da950153553cc43600/groups/09d2d1ae8b164162a3cab99e807cbfba/roles/0e4638bf56a7400bb1a4e89c93b149f2 => generated 0 bytes in 57 msecs (HTTP/1.1 204) 3 headers in 132 bytes (0 switches on core 0)
Aug 03 04:31:14 user devstack@keystone.service[44112]: DEBUG keystone.server.flask.request_processing.req_logging [None req-0712a004-c6f0-41a0-ae4e-bd4ba129429f None None] REQUEST_METHOD: `POST` {{(pid=44112) log_request_info /opt/stack/keystone/keystone/server/flask/request_processing/req_logging.py:27}}
Aug 03 04:31:14 user devstack@keystone.service[44112]: DEBUG keystone.server.flask.request_processing.req_logging [None req-0712a004-c6f0-41a0-ae4e-bd4ba129429f None None] SCRIPT_NAME: `/identity` {{(pid=44112) log_request_info /opt/stack/keystone/keystone/server/flask/request_processing/req_logging.py:28}}
Aug 03 04:31:14 user devstack@keystone.service[44112]: DEBUG keystone.server.flask.request_processing.req_logging [None req-0712a004-c6f0-41a0-ae4e-bd4ba129429f None None] PATH_INFO: `/v3/auth/tokens` {{(pid=44112) log_request_info /opt/stack/keystone/keystone/server/flask/request_processing/req_logging.py:29}}
Aug 03 04:31:14 user devstack@keystone.service[44112]: WARNING keystone.common.password_hashing [None req-0712a004-c6f0-41a0-ae4e-bd4ba129429f None None] Truncating password to algorithm specific maximum length 54 characters.
Aug 03 04:31:14 user devstack@keystone.service[44112]: DEBUG keystone.auth.core [None req-0712a004-c6f0-41a0-ae4e-bd4ba129429f None None] MFA Rules not processed for user `4a1a8434652b43a7bbceba34ad88c94b`. Rule list: `[]` (Enabled: `True`). {{(pid=44112) check_auth_methods_against_rules /opt/stack/keystone/keystone/auth/core.py:438}}
Aug 03 04:31:14 user devstack@keystone.service[44112]: DEBUG keystone.common.fernet_utils [None req-0712a004-c6f0-41a0-ae4e-bd4ba129429f None None] Loaded 2 Fernet keys from /etc/keystone/fernet-keys/, but `[fernet_tokens] max_active_keys = 3`; perhaps there have not been enough key rotations to reach `max_active_keys` yet? {{(pid=44112) load_keys /opt/stack/keystone/keystone/common/fernet_utils.py:286}}
Aug 03 04:31:14 user devstack@keystone.service[44113]: DEBUG keystone.server.flask.request_processing.middleware.auth_context [None req-23b85f01-5132-4585-b9f9-47ec2b9aa9d7 None None] Validating token access rules against request {{(pid=44113) validate_allowed_request /usr/local/lib/python3.10/dist-packages/keystonemiddleware/auth_token/__init__.py:544}}
Aug 03 04:31:14 user devstack@keystone.service[44113]: DEBUG keystone.server.flask.request_processing.middleware.auth_context [None req-39ec9d06-c4b4-4f73-9a5e-1a4827a7feac admin admin] RBAC: auth_context: {'token': , 'domain_id': None, 'trust_id': None, 'trustor_id': None, 'trustee_id': None, 'domain_name': None, 'group_ids': [], 'user_id': '4a1a8434652b43a7bbceba34ad88c94b', 'user_domain_id': 'default', 'system_scope': None, 'project_id': '50aa3805febd42378b17cc229e7597c6', 'project_domain_id': 'default', 'roles': ['reader', 'member', 'admin'], 'is_admin_project': True, 'service_user_id': None, 'service_user_domain_id': None, 'service_project_id': None, 'service_project_domain_id': None, 'service_roles': []} {{(pid=44113) fill_context /opt/stack/keystone/keystone/server/flask/request_processing/middleware/auth_context.py:480}}
Aug 03 04:31:14 user devstack@keystone.service[44113]: DEBUG keystone.server.flask.request_processing.req_logging [None req-39ec9d06-c4b4-4f73-9a5e-1a4827a7feac admin admin] REQUEST_METHOD: `GET` {{(pid=44113) log_request_info /opt/stack/keystone/keystone/server/flask/request_processing/req_logging.py:27}}
Aug 03 04:31:14 user devstack@keystone.service[44113]: DEBUG keystone.server.flask.request_processing.req_logging [None req-39ec9d06-c4b4-4f73-9a5e-1a4827a7feac admin admin] SCRIPT_NAME: `/identity` {{(pid=44113) log_request_info /opt/stack/keystone/keystone/server/flask/request_processing/req_logging.py:28}}
Aug 03 04:31:14 user devstack@keystone.service[44113]: DEBUG keystone.server.flask.request_processing.req_logging [None req-39ec9d06-c4b4-4f73-9a5e-1a4827a7feac admin admin] PATH_INFO: `/v3/roles` {{(pid=44113) log_request_info /opt/stack/keystone/keystone/server/flask/request_processing/req_logging.py:29}}
Aug 03 04:31:14 user devstack@keystone.service[44113]: DEBUG keystone.common.rbac_enforcer.enforcer [None req-39ec9d06-c4b4-4f73-9a5e-1a4827a7feac admin admin] RBAC: Adding query filter params (name=member) {{(pid=44113) _extract_filter_values /opt/stack/keystone/keystone/common/rbac_enforcer/enforcer.py:167}}
Aug 03 04:31:14 user devstack@keystone.service[44113]: DEBUG keystone.common.rbac_enforcer.enforcer [None req-39ec9d06-c4b4-4f73-9a5e-1a4827a7feac admin admin] RBAC: Authorizing `identity:list_roles()` {{(pid=44113) enforce_call /opt/stack/keystone/keystone/common/rbac_enforcer/enforcer.py:449}}
Aug 03 04:31:14 user devstack@keystone.service[44113]: DEBUG keystone.common.rbac_enforcer.enforcer [None req-39ec9d06-c4b4-4f73-9a5e-1a4827a7feac admin admin] RBAC: Authorization granted {{(pid=44113) enforce_call /opt/stack/keystone/keystone/common/rbac_enforcer/enforcer.py:457}}
Aug 03 04:31:14 user devstack@keystone.service[44113]: [pid: 44113|app: 0|req: 93/276] 10.0.0.210 () {56 vars in 1117 bytes} [Thu Aug 3 04:31:14 2023] GET /identity/v3/roles?name=member => generated 339 bytes in 86 msecs (HTTP/1.1 200) 5 headers in 177 bytes (2 switches on core 0)
Aug 03 04:31:14 user devstack@keystone.service[44111]: DEBUG keystone.server.flask.request_processing.middleware.auth_context [None req-e44ebb53-bf03-4c51-a0b6-e74c629633bb admin admin] Authenticating user token {{(pid=44111) process_request /usr/local/lib/python3.10/dist-packages/keystonemiddleware/auth_token/__init__.py:406}}
Aug 03 04:31:14 user devstack@keystone.service[44111]: DEBUG keystone.server.flask.request_processing.middleware.auth_context [None req-e44ebb53-bf03-4c51-a0b6-e74c629633bb admin admin] Validating token access rules against request {{(pid=44111) validate_allowed_request /usr/local/lib/python3.10/dist-packages/keystonemiddleware/auth_token/__init__.py:544}}
Aug 03 04:31:14 user devstack@keystone.service[44111]: DEBUG keystone.server.flask.request_processing.middleware.auth_context [None req-3d79d5c3-e1e6-49d8-bbe8-028e236f159e admin admin] RBAC: auth_context: {'token': , 'domain_id': None, 'trust_id': None, 'trustor_id': None, 'trustee_id': None, 'domain_name': None, 'group_ids': [], 'user_id': '4a1a8434652b43a7bbceba34ad88c94b', 'user_domain_id': 'default', 'system_scope': None, 'project_id': '50aa3805febd42378b17cc229e7597c6', 'project_domain_id': 'default', 'roles': ['reader', 'member', 'admin'], 'is_admin_project': True, 'service_user_id': None, 'service_user_domain_id': None, 'service_project_id': None, 'service_project_domain_id': None, 'service_roles': []} {{(pid=44111) fill_context /opt/stack/keystone/keystone/server/flask/request_processing/middleware/auth_context.py:480}}
Aug 03 04:31:14 user devstack@keystone.service[44112]: [pid: 44112|app: 0|req: 93/277] 10.0.0.210 () {58 vars in 1018 bytes} [Thu Aug 3 04:31:14 2023] POST /identity/v3/auth/tokens => generated 798 bytes in 105 msecs (HTTP/1.1 201) 6 headers in 363 bytes (2 switches on core 0)
Aug 03 04:31:14 user devstack@keystone.service[44111]: DEBUG keystone.server.flask.request_processing.req_logging [None req-3d79d5c3-e1e6-49d8-bbe8-028e236f159e admin admin] REQUEST_METHOD: `GET` {{(pid=44111) log_request_info /opt/stack/keystone/keystone/server/flask/request_processing/req_logging.py:27}}
Aug 03 04:31:14 user devstack@keystone.service[44111]: DEBUG keystone.server.flask.request_processing.req_logging [None req-3d79d5c3-e1e6-49d8-bbe8-028e236f159e admin admin] SCRIPT_NAME: `/identity` {{(pid=44111) log_request_info /opt/stack/keystone/keystone/server/flask/request_processing/req_logging.py:28}}
Aug 03 04:31:14 user devstack@keystone.service[44111]: DEBUG keystone.server.flask.request_processing.req_logging [None req-3d79d5c3-e1e6-49d8-bbe8-028e236f159e admin admin] PATH_INFO: `/v3/groups/09d2d1ae8b164162a3cab99e807cbfba` {{(pid=44111) log_request_info /opt/stack/keystone/keystone/server/flask/request_processing/req_logging.py:29}}
Aug 03 04:31:14 user devstack@keystone.service[44111]: DEBUG keystone.common.rbac_enforcer.enforcer [None req-3d79d5c3-e1e6-49d8-bbe8-028e236f159e admin admin] RBAC: Authorizing `identity:get_group(group_id=09d2d1ae8b164162a3cab99e807cbfba)` {{(pid=44111) enforce_call /opt/stack/keystone/keystone/common/rbac_enforcer/enforcer.py:449}}
Aug 03 04:31:14 user devstack@keystone.service[44111]: WARNING py.warnings [None req-3d79d5c3-e1e6-49d8-bbe8-028e236f159e admin admin] /usr/local/lib/python3.10/dist-packages/oslo_policy/policy.py:1130: UserWarning: Policy "identity:get_group": "(role:reader and system_scope:all) or (role:reader and domain_id:%(target.group.domain_id)s)" failed scope check. The token used to make the request was project scoped but the policy requires ['system', 'domain'] scope. This behavior may change in the future where using the intended scope is required
Aug 03 04:31:14 user devstack@keystone.service[44111]: warnings.warn(msg)
Aug 03 04:31:14 user devstack@keystone.service[44111]:
Aug 03 04:31:14 user devstack@keystone.service[44111]: DEBUG keystone.common.rbac_enforcer.enforcer [None req-3d79d5c3-e1e6-49d8-bbe8-028e236f159e admin admin] RBAC: Authorization granted {{(pid=44111) enforce_call /opt/stack/keystone/keystone/common/rbac_enforcer/enforcer.py:457}}
Aug 03 04:31:14 user devstack@keystone.service[44111]: [pid: 44111|app: 0|req: 92/278] 10.0.0.210 () {56 vars in 1196 bytes} [Thu Aug 3 04:31:14 2023] GET /identity/v3/groups/09d2d1ae8b164162a3cab99e807cbfba => generated 225 bytes in 23 msecs (HTTP/1.1 200) 5 headers in 177 bytes (1 switches on core 0)
Aug 03 04:31:14 user devstack@keystone.service[44113]: DEBUG keystone.server.flask.request_processing.middleware.auth_context [None req-39ec9d06-c4b4-4f73-9a5e-1a4827a7feac admin admin] Authenticating user token {{(pid=44113) process_request /usr/local/lib/python3.10/dist-packages/keystonemiddleware/auth_token/__init__.py:406}}
Aug 03 04:31:14 user devstack@keystone.service[44113]: DEBUG keystone.server.flask.request_processing.middleware.auth_context [None req-39ec9d06-c4b4-4f73-9a5e-1a4827a7feac admin admin] Validating token access rules against request {{(pid=44113) validate_allowed_request /usr/local/lib/python3.10/dist-packages/keystonemiddleware/auth_token/__init__.py:544}}
Aug 03 04:31:14 user devstack@keystone.service[44113]: DEBUG keystone.server.flask.request_processing.middleware.auth_context [None req-8be49178-7114-4d38-a99d-7a81cbff5374 admin admin] RBAC: auth_context: {'token': , 'domain_id': None, 'trust_id': None, 'trustor_id': None, 'trustee_id': None, 'domain_name': None, 'group_ids': [], 'user_id': '4a1a8434652b43a7bbceba34ad88c94b', 'user_domain_id': 'default', 'system_scope': None, 'project_id': '50aa3805febd42378b17cc229e7597c6', 'project_domain_id': 'default', 'roles': ['reader', 'member', 'admin'], 'is_admin_project': True, 'service_user_id': None, 'service_user_domain_id': None, 'service_project_id': None, 'service_project_domain_id': None, 'service_roles': []} {{(pid=44113) fill_context /opt/stack/keystone/keystone/server/flask/request_processing/middleware/auth_context.py:480}}
Aug 03 04:31:14 user devstack@keystone.service[44113]: DEBUG keystone.server.flask.request_processing.req_logging [None req-8be49178-7114-4d38-a99d-7a81cbff5374 admin admin] REQUEST_METHOD: `GET` {{(pid=44113) log_request_info /opt/stack/keystone/keystone/server/flask/request_processing/req_logging.py:27}}
Aug 03 04:31:14 user devstack@keystone.service[44113]: DEBUG keystone.server.flask.request_processing.req_logging [None req-8be49178-7114-4d38-a99d-7a81cbff5374 admin admin] SCRIPT_NAME: `/identity` {{(pid=44113) log_request_info /opt/stack/keystone/keystone/server/flask/request_processing/req_logging.py:28}}
Aug 03 04:31:14 user devstack@keystone.service[44113]: DEBUG keystone.server.flask.request_processing.req_logging [None req-8be49178-7114-4d38-a99d-7a81cbff5374 admin admin] PATH_INFO: `/v3/projects/741fce53c03a42208ae6b2913863e844` {{(pid=44113) log_request_info /opt/stack/keystone/keystone/server/flask/request_processing/req_logging.py:29}}
Aug 03 04:31:14 user devstack@keystone.service[44113]: DEBUG keystone.common.rbac_enforcer.enforcer [None req-8be49178-7114-4d38-a99d-7a81cbff5374 admin admin] RBAC: Authorizing `identity:get_project(project_id=741fce53c03a42208ae6b2913863e844)` {{(pid=44113) enforce_call /opt/stack/keystone/keystone/common/rbac_enforcer/enforcer.py:449}}
Aug 03 04:31:14 user devstack@keystone.service[44113]: DEBUG keystone.common.rbac_enforcer.enforcer [None req-8be49178-7114-4d38-a99d-7a81cbff5374 admin admin] RBAC: Authorization granted {{(pid=44113) enforce_call /opt/stack/keystone/keystone/common/rbac_enforcer/enforcer.py:457}}
Aug 03 04:31:14 user devstack@keystone.service[44113]: [pid: 44113|app: 0|req: 94/279] 10.0.0.210 () {56 vars in 1202 bytes} [Thu Aug 3 04:31:14 2023] GET /identity/v3/projects/741fce53c03a42208ae6b2913863e844 => generated 301 bytes in 24 msecs (HTTP/1.1 200) 5 headers in 177 bytes (1 switches on core 0)
Aug 03 04:31:14 user devstack@keystone.service[44112]: DEBUG keystone.server.flask.request_processing.middleware.auth_context [None req-0712a004-c6f0-41a0-ae4e-bd4ba129429f None None] Authenticating user token {{(pid=44112) process_request /usr/local/lib/python3.10/dist-packages/keystonemiddleware/auth_token/__init__.py:406}}
Aug 03 04:31:14 user devstack@keystone.service[44111]: DEBUG keystone.server.flask.request_processing.req_logging [None req-94134c74-5c11-42c2-9de8-e94bfe31f70e None None] REQUEST_METHOD: `GET` {{(pid=44111) log_request_info /opt/stack/keystone/keystone/server/flask/request_processing/req_logging.py:27}}
Aug 03 04:31:14 user devstack@keystone.service[44111]: DEBUG keystone.server.flask.request_processing.req_logging [None req-94134c74-5c11-42c2-9de8-e94bfe31f70e None None] SCRIPT_NAME: `/identity` {{(pid=44111) log_request_info /opt/stack/keystone/keystone/server/flask/request_processing/req_logging.py:28}}
Aug 03 04:31:14 user devstack@keystone.service[44111]: DEBUG keystone.server.flask.request_processing.req_logging [None req-94134c74-5c11-42c2-9de8-e94bfe31f70e None None] PATH_INFO: `/` {{(pid=44111) log_request_info /opt/stack/keystone/keystone/server/flask/request_processing/req_logging.py:29}}
Aug 03 04:31:14 user devstack@keystone.service[44111]: [pid: 44111|app: 0|req: 93/280] 10.0.0.210 () {54 vars in 921 bytes} [Thu Aug 3 04:31:14 2023] GET /identity => generated 269 bytes in 2 msecs (HTTP/1.1 300) 6 headers in 233 bytes (1 switches on core 0)
Aug 03 04:31:14 user devstack@keystone.service[44113]: DEBUG keystone.server.flask.request_processing.req_logging [None req-fbaa3c7a-dbbd-4fcc-ae58-cc4669b11070 None None] REQUEST_METHOD: `POST` {{(pid=44113) log_request_info /opt/stack/keystone/keystone/server/flask/request_processing/req_logging.py:27}}
Aug 03 04:31:14 user devstack@keystone.service[44113]: DEBUG keystone.server.flask.request_processing.req_logging [None req-fbaa3c7a-dbbd-4fcc-ae58-cc4669b11070 None None] SCRIPT_NAME: `/identity` {{(pid=44113) log_request_info /opt/stack/keystone/keystone/server/flask/request_processing/req_logging.py:28}}
Aug 03 04:31:14 user devstack@keystone.service[44113]: DEBUG keystone.server.flask.request_processing.req_logging [None req-fbaa3c7a-dbbd-4fcc-ae58-cc4669b11070 None None] PATH_INFO: `/v3/auth/tokens` {{(pid=44113) log_request_info /opt/stack/keystone/keystone/server/flask/request_processing/req_logging.py:29}}
Aug 03 04:31:14 user devstack@keystone.service[44112]: DEBUG keystone.server.flask.request_processing.middleware.auth_context [None req-0712a004-c6f0-41a0-ae4e-bd4ba129429f None None] Validating token access rules against request {{(pid=44112) validate_allowed_request /usr/local/lib/python3.10/dist-packages/keystonemiddleware/auth_token/__init__.py:544}}
Aug 03 04:31:14 user devstack@keystone.service[44112]: DEBUG keystone.server.flask.request_processing.middleware.auth_context [None req-7fc15d2a-01e6-4104-99a8-027a584c120b admin admin] RBAC: auth_context: {'token': , 'domain_id': None, 'trust_id': None, 'trustor_id': None, 'trustee_id': None, 'domain_name': None, 'group_ids': [], 'user_id': '4a1a8434652b43a7bbceba34ad88c94b', 'user_domain_id': 'default', 'system_scope': None, 'project_id': '50aa3805febd42378b17cc229e7597c6', 'project_domain_id': 'default', 'roles': ['reader', 'member', 'admin'], 'is_admin_project': True, 'service_user_id': None, 'service_user_domain_id': None, 'service_project_id': None, 'service_project_domain_id': None, 'service_roles': []} {{(pid=44112) fill_context /opt/stack/keystone/keystone/server/flask/request_processing/middleware/auth_context.py:480}}
Aug 03 04:31:14 user devstack@keystone.service[44112]: DEBUG keystone.server.flask.request_processing.req_logging [None req-7fc15d2a-01e6-4104-99a8-027a584c120b admin admin] REQUEST_METHOD: `PUT` {{(pid=44112) log_request_info /opt/stack/keystone/keystone/server/flask/request_processing/req_logging.py:27}}
Aug 03 04:31:14 user devstack@keystone.service[44112]: DEBUG keystone.server.flask.request_processing.req_logging [None req-7fc15d2a-01e6-4104-99a8-027a584c120b admin admin] SCRIPT_NAME: `/identity` {{(pid=44112) log_request_info /opt/stack/keystone/keystone/server/flask/request_processing/req_logging.py:28}}
Aug 03 04:31:14 user devstack@keystone.service[44112]: DEBUG keystone.server.flask.request_processing.req_logging [None req-7fc15d2a-01e6-4104-99a8-027a584c120b admin admin] PATH_INFO: `/v3/projects/741fce53c03a42208ae6b2913863e844/groups/09d2d1ae8b164162a3cab99e807cbfba/roles/3ef2297c64014963893ce568bb6aa9a6` {{(pid=44112) log_request_info /opt/stack/keystone/keystone/server/flask/request_processing/req_logging.py:29}}
Aug 03 04:31:14 user devstack@keystone.service[44112]: DEBUG keystone.common.rbac_enforcer.enforcer [None req-7fc15d2a-01e6-4104-99a8-027a584c120b admin admin] RBAC: Authorizing `identity:create_grant(project_id=741fce53c03a42208ae6b2913863e844, group_id=09d2d1ae8b164162a3cab99e807cbfba, role_id=3ef2297c64014963893ce568bb6aa9a6)` {{(pid=44112) enforce_call /opt/stack/keystone/keystone/common/rbac_enforcer/enforcer.py:449}}
Aug 03 04:31:14 user devstack@keystone.service[44112]: WARNING py.warnings [None req-7fc15d2a-01e6-4104-99a8-027a584c120b admin admin] /usr/local/lib/python3.10/dist-packages/oslo_policy/policy.py:1130: UserWarning: Policy "identity:create_grant": "(role:admin and system_scope:all) or ((role:admin and domain_id:%(target.user.domain_id)s and domain_id:%(target.project.domain_id)s) or (role:admin and domain_id:%(target.user.domain_id)s and domain_id:%(target.domain.id)s) or (role:admin and domain_id:%(target.group.domain_id)s and domain_id:%(target.project.domain_id)s) or (role:admin and domain_id:%(target.group.domain_id)s and domain_id:%(target.domain.id)s)) and (domain_id:%(target.role.domain_id)s or None:%(target.role.domain_id)s)" failed scope check. The token used to make the request was project scoped but the policy requires ['system', 'domain'] scope. This behavior may change in the future where using the intended scope is required
Aug 03 04:31:14 user devstack@keystone.service[44112]: warnings.warn(msg)
Aug 03 04:31:14 user devstack@keystone.service[44112]:
Aug 03 04:31:14 user devstack@keystone.service[44112]: DEBUG keystone.common.rbac_enforcer.enforcer [None req-7fc15d2a-01e6-4104-99a8-027a584c120b admin admin] RBAC: Authorization granted {{(pid=44112) enforce_call /opt/stack/keystone/keystone/common/rbac_enforcer/enforcer.py:457}}
Aug 03 04:31:14 user devstack@keystone.service[44113]: WARNING keystone.common.password_hashing [None req-fbaa3c7a-dbbd-4fcc-ae58-cc4669b11070 None None] Truncating password to algorithm specific maximum length 54 characters.
Aug 03 04:31:14 user devstack@keystone.service[44113]: DEBUG keystone.auth.core [None req-fbaa3c7a-dbbd-4fcc-ae58-cc4669b11070 None None] MFA Rules not processed for user `4a1a8434652b43a7bbceba34ad88c94b`. Rule list: `[]` (Enabled: `True`). {{(pid=44113) check_auth_methods_against_rules /opt/stack/keystone/keystone/auth/core.py:438}}
Aug 03 04:31:14 user devstack@keystone.service[44113]: DEBUG keystone.common.fernet_utils [None req-fbaa3c7a-dbbd-4fcc-ae58-cc4669b11070 None None] Loaded 2 Fernet keys from /etc/keystone/fernet-keys/, but `[fernet_tokens] max_active_keys = 3`; perhaps there have not been enough key rotations to reach `max_active_keys` yet? {{(pid=44113) load_keys /opt/stack/keystone/keystone/common/fernet_utils.py:286}}
Aug 03 04:31:14 user devstack@keystone.service[44112]: [pid: 44112|app: 0|req: 94/281] 10.0.0.210 () {58 vars in 1458 bytes} [Thu Aug 3 04:31:14 2023] PUT /identity/v3/projects/741fce53c03a42208ae6b2913863e844/groups/09d2d1ae8b164162a3cab99e807cbfba/roles/3ef2297c64014963893ce568bb6aa9a6 => generated 0 bytes in 37 msecs (HTTP/1.1 204) 3 headers in 132 bytes (0 switches on core 0)
Aug 03 04:31:14 user devstack@keystone.service[44111]: DEBUG keystone.server.flask.request_processing.middleware.auth_context [None req-94134c74-5c11-42c2-9de8-e94bfe31f70e None None] Authenticating user token {{(pid=44111) process_request /usr/local/lib/python3.10/dist-packages/keystonemiddleware/auth_token/__init__.py:406}}
Aug 03 04:31:14 user devstack@keystone.service[44113]: [pid: 44113|app: 0|req: 95/282] 10.0.0.210 () {58 vars in 1018 bytes} [Thu Aug 3 04:31:14 2023] POST /identity/v3/auth/tokens => generated 913 bytes in 82 msecs (HTTP/1.1 201) 6 headers in 384 bytes (1 switches on core 0)
Aug 03 04:31:14 user devstack@keystone.service[44111]: DEBUG keystone.server.flask.request_processing.middleware.auth_context [None req-94134c74-5c11-42c2-9de8-e94bfe31f70e None None] Validating token access rules against request {{(pid=44111) validate_allowed_request /usr/local/lib/python3.10/dist-packages/keystonemiddleware/auth_token/__init__.py:544}}
Aug 03 04:31:14 user devstack@keystone.service[44111]: DEBUG keystone.server.flask.request_processing.middleware.auth_context [None req-76593cde-38a7-48ca-a824-5f1437a0ad32 admin admin] RBAC: auth_context: {'token': , 'domain_id': None, 'trust_id': None, 'trustor_id': None, 'trustee_id': None, 'domain_name': None, 'group_ids': [], 'user_id': '4a1a8434652b43a7bbceba34ad88c94b', 'user_domain_id': 'default', 'system_scope': None, 'project_id': '50aa3805febd42378b17cc229e7597c6', 'project_domain_id': 'default', 'roles': ['reader', 'member', 'admin'], 'is_admin_project': True, 'service_user_id': None, 'service_user_domain_id': None, 'service_project_id': None, 'service_project_domain_id': None, 'service_roles': []} {{(pid=44111) fill_context /opt/stack/keystone/keystone/server/flask/request_processing/middleware/auth_context.py:480}}
Aug 03 04:31:14 user devstack@keystone.service[44111]: DEBUG keystone.server.flask.request_processing.req_logging [None req-76593cde-38a7-48ca-a824-5f1437a0ad32 admin admin] REQUEST_METHOD: `GET` {{(pid=44111) log_request_info /opt/stack/keystone/keystone/server/flask/request_processing/req_logging.py:27}}
Aug 03 04:31:14 user devstack@keystone.service[44111]: DEBUG keystone.server.flask.request_processing.req_logging [None req-76593cde-38a7-48ca-a824-5f1437a0ad32 admin admin] SCRIPT_NAME: `/identity` {{(pid=44111) log_request_info /opt/stack/keystone/keystone/server/flask/request_processing/req_logging.py:28}}
Aug 03 04:31:14 user devstack@keystone.service[44111]: DEBUG keystone.server.flask.request_processing.req_logging [None req-76593cde-38a7-48ca-a824-5f1437a0ad32 admin admin] PATH_INFO: `/v3/roles/anotherrole` {{(pid=44111) log_request_info /opt/stack/keystone/keystone/server/flask/request_processing/req_logging.py:29}}
Aug 03 04:31:14 user devstack@keystone.service[44111]: DEBUG keystone.common.rbac_enforcer.enforcer [None req-76593cde-38a7-48ca-a824-5f1437a0ad32 admin admin] Extracting inferred target data resulted in "NOT FOUND (404)". {{(pid=44111) enforce_call /opt/stack/keystone/keystone/common/rbac_enforcer/enforcer.py:409}}
Aug 03 04:31:14 user devstack@keystone.service[44111]: ERROR keystone.server.flask.application [None req-76593cde-38a7-48ca-a824-5f1437a0ad32 admin admin] Could not find role: anotherrole.: keystone.exception.RoleNotFound: Could not find role: anotherrole.
Aug 03 04:31:14 user devstack@keystone.service[44111]: ERROR keystone.server.flask.application
Traceback (most recent call last):
Aug 03 04:31:14 user devstack@keystone.service[44111]: ERROR keystone.server.flask.application
File "/usr/local/lib/python3.10/dist-packages/flask/app.py", line 1823, in full_dispatch_request
Aug 03 04:31:14 user devstack@keystone.service[44111]: ERROR keystone.server.flask.application rv = self.dispatch_request()
Aug 03 04:31:14 user devstack@keystone.service[44111]: ERROR keystone.server.flask.application
File "/usr/local/lib/python3.10/dist-packages/flask/app.py", line 1799, in dispatch_request
Aug 03 04:31:14 user devstack@keystone.service[44111]: ERROR keystone.server.flask.application return self.ensure_sync(self.view_functions[rule.endpoint])(**view_args)
Aug 03 04:31:14 user devstack@keystone.service[44111]: ERROR keystone.server.flask.application
File "/usr/local/lib/python3.10/dist-packages/flask_restful/__init__.py", line 467, in wrapper
Aug 03 04:31:14 user devstack@keystone.service[44111]: ERROR keystone.server.flask.application resp = resource(*args, **kwargs)
Aug 03 04:31:14 user devstack@keystone.service[44111]: ERROR keystone.server.flask.application
File "/usr/local/lib/python3.10/dist-packages/flask/views.py", line 107, in view
Aug 03 04:31:14 user devstack@keystone.service[44111]: ERROR keystone.server.flask.application return current_app.ensure_sync(self.dispatch_request)(**kwargs)
Aug 03 04:31:14 user devstack@keystone.service[44111]: ERROR keystone.server.flask.application
File "/usr/local/lib/python3.10/dist-packages/flask_restful/__init__.py", line 582, in dispatch_request
Aug 03 04:31:14 user devstack@keystone.service[44111]: ERROR keystone.server.flask.application resp = meth(*args, **kwargs)
Aug 03 04:31:14 user devstack@keystone.service[44111]: ERROR keystone.server.flask.application
File "/opt/stack/keystone/keystone/api/roles.py", line 50, in get
Aug 03 04:31:14 user devstack@keystone.service[44111]: ERROR keystone.server.flask.application return self._get_role(role_id)
Aug 03 04:31:14 user devstack@keystone.service[44111]: ERROR keystone.server.flask.application
File "/opt/stack/keystone/keystone/api/roles.py", line 70, in _get_role
Aug 03 04:31:14 user devstack@keystone.service[44111]: ERROR keystone.server.flask.application ENFORCER.enforce_call(action='identity:get_role')
Aug 03 04:31:14 user devstack@keystone.service[44111]: ERROR keystone.server.flask.application
File "/opt/stack/keystone/keystone/common/rbac_enforcer/enforcer.py", line 402, in enforce_call
Aug 03 04:31:14 user devstack@keystone.service[44111]: ERROR keystone.server.flask.application policy_dict.update(cls._extract_member_target_data(
Aug 03 04:31:14 user devstack@keystone.service[44111]: ERROR keystone.server.flask.application
File "/opt/stack/keystone/keystone/common/rbac_enforcer/enforcer.py", line 234, in _extract_member_target_data
Aug 03 04:31:14 user devstack@keystone.service[44111]: ERROR keystone.server.flask.application member_name: func(flask.request.view_args[key])
Aug 03 04:31:14 user devstack@keystone.service[44111]: ERROR keystone.server.flask.application
File "/opt/stack/keystone/keystone/common/manager.py", line 115, in wrapped
Aug 03 04:31:14 user devstack@keystone.service[44111]: ERROR keystone.server.flask.application __ret_val = __f(*args, **kwargs)
Aug 03 04:31:14 user devstack@keystone.service[44111]: ERROR keystone.server.flask.application
File "/usr/local/lib/python3.10/dist-packages/decorator.py", line 232, in fun
Aug 03 04:31:14 user devstack@keystone.service[44111]: ERROR keystone.server.flask.application return caller(func, *(extras + args), **kw)
Aug 03 04:31:14 user devstack@keystone.service[44111]: ERROR keystone.server.flask.application
File "/usr/local/lib/python3.10/dist-packages/dogpile/cache/region.py", line 1577, in get_or_create_for_user_func
Aug 03 04:31:14 user devstack@keystone.service[44111]: ERROR keystone.server.flask.application return self.get_or_create(
Aug 03 04:31:14 user devstack@keystone.service[44111]: ERROR keystone.server.flask.application
File "/usr/local/lib/python3.10/dist-packages/dogpile/cache/region.py", line 1042, in get_or_create
Aug 03 04:31:14 user devstack@keystone.service[44111]: ERROR keystone.server.flask.application with Lock(
Aug 03 04:31:14 user devstack@keystone.service[44111]: ERROR keystone.server.flask.application
File "/usr/local/lib/python3.10/dist-packages/dogpile/lock.py", line 185, in __enter__
Aug 03 04:31:14 user devstack@keystone.service[44111]: ERROR keystone.server.flask.application return self._enter()
Aug 03 04:31:14 user devstack@keystone.service[44111]: ERROR keystone.server.flask.application
File "/usr/local/lib/python3.10/dist-packages/dogpile/lock.py", line 94, in _enter
Aug 03 04:31:14 user devstack@keystone.service[44111]: ERROR keystone.server.flask.application generated = self._enter_create(value, createdtime)
Aug 03 04:31:14 user devstack@keystone.service[44111]: ERROR keystone.server.flask.application
File "/usr/local/lib/python3.10/dist-packages/dogpile/lock.py", line 178, in _enter_create
Aug 03 04:31:14 user devstack@keystone.service[44111]: ERROR keystone.server.flask.application return self.creator()
Aug 03 04:31:14 user devstack@keystone.service[44111]: ERROR keystone.server.flask.application
File "/usr/local/lib/python3.10/dist-packages/dogpile/cache/region.py", line 995, in gen_value
Aug 03 04:31:14 user devstack@keystone.service[44111]: ERROR keystone.server.flask.application created_value = creator(
Aug 03 04:31:14 user devstack@keystone.service[44111]: ERROR keystone.server.flask.application
File "/opt/stack/keystone/keystone/assignment/core.py", line 1276, in get_role
Aug 03 04:31:14 user devstack@keystone.service[44111]: ERROR keystone.server.flask.application return self.driver.get_role(role_id)
Aug 03 04:31:14 user devstack@keystone.service[44111]: ERROR keystone.server.flask.application
File "/opt/stack/keystone/keystone/assignment/role_backends/sql.py", line 70, in get_role
Aug 03 04:31:14 user devstack@keystone.service[44111]: ERROR keystone.server.flask.application return self._get_role(session, role_id).to_dict()
Aug 03 04:31:14 user devstack@keystone.service[44111]: ERROR keystone.server.flask.application
File "/opt/stack/keystone/keystone/assignment/role_backends/sql.py", line 65, in _get_role
Aug 03 04:31:14 user devstack@keystone.service[44111]: ERROR keystone.server.flask.application raise exception.RoleNotFound(role_id=role_id)
Aug 03 04:31:14 user devstack@keystone.service[44111]: ERROR keystone.server.flask.application keystone.exception.RoleNotFound: Could not find role: anotherrole.
Aug 03 04:31:14 user devstack@keystone.service[44111]: ERROR keystone.server.flask.application
Aug 03 04:31:14 user devstack@keystone.service[44111]: [pid: 44111|app: 0|req: 94/283] 10.0.0.210 () {56 vars in 1130 bytes} [Thu Aug 3 04:31:14 2023] GET /identity/v3/roles/anotherrole => generated 89 bytes in 95 msecs (HTTP/1.1 404) 5 headers in 183 bytes (1 switches on core 0)
Aug 03 04:31:14 user devstack@keystone.service[44112]: DEBUG keystone.server.flask.request_processing.middleware.auth_context [None req-7fc15d2a-01e6-4104-99a8-027a584c120b admin admin] Authenticating user token {{(pid=44112) process_request /usr/local/lib/python3.10/dist-packages/keystonemiddleware/auth_token/__init__.py:406}}
Aug 03 04:31:15 user devstack@keystone.service[44112]: DEBUG keystone.server.flask.request_processing.middleware.auth_context [None req-7fc15d2a-01e6-4104-99a8-027a584c120b admin admin] Validating token access rules against request {{(pid=44112) validate_allowed_request /usr/local/lib/python3.10/dist-packages/keystonemiddleware/auth_token/__init__.py:544}}
Aug 03 04:31:15 user devstack@keystone.service[44113]: DEBUG keystone.server.flask.request_processing.middleware.auth_context [None req-fbaa3c7a-dbbd-4fcc-ae58-cc4669b11070 None None] Authenticating user token {{(pid=44113) process_request /usr/local/lib/python3.10/dist-packages/keystonemiddleware/auth_token/__init__.py:406}}
Aug 03 04:31:15 user devstack@keystone.service[44112]: DEBUG keystone.server.flask.request_processing.middleware.auth_context [None req-56cf2bc7-96da-45be-aae1-22d66ebbefb0 admin admin] RBAC: auth_context: {'token': , 'domain_id': None, 'trust_id': None, 'trustor_id': None, 'trustee_id': None, 'domain_name': None, 'group_ids': [], 'user_id': '4a1a8434652b43a7bbceba34ad88c94b', 'user_domain_id': 'default', 'system_scope': None, 'project_id': '50aa3805febd42378b17cc229e7597c6', 'project_domain_id': 'default', 'roles': ['reader', 'member', 'admin'], 'is_admin_project': True, 'service_user_id': None, 'service_user_domain_id': None, 'service_project_id': None, 'service_project_domain_id': None, 'service_roles': []} {{(pid=44112) fill_context /opt/stack/keystone/keystone/server/flask/request_processing/middleware/auth_context.py:480}}
Aug 03 04:31:15 user devstack@keystone.service[44112]: DEBUG keystone.server.flask.request_processing.req_logging [None req-56cf2bc7-96da-45be-aae1-22d66ebbefb0 admin admin] REQUEST_METHOD: `GET` {{(pid=44112) log_request_info /opt/stack/keystone/keystone/server/flask/request_processing/req_logging.py:27}}
Aug 03 04:31:15 user devstack@keystone.service[44112]: DEBUG keystone.server.flask.request_processing.req_logging [None req-56cf2bc7-96da-45be-aae1-22d66ebbefb0 admin admin] SCRIPT_NAME: `/identity` {{(pid=44112) log_request_info /opt/stack/keystone/keystone/server/flask/request_processing/req_logging.py:28}}
Aug 03 04:31:15 user devstack@keystone.service[44112]: DEBUG keystone.server.flask.request_processing.req_logging [None req-56cf2bc7-96da-45be-aae1-22d66ebbefb0 admin admin] PATH_INFO: `/v3/roles` {{(pid=44112) log_request_info /opt/stack/keystone/keystone/server/flask/request_processing/req_logging.py:29}}
Aug 03 04:31:15 user devstack@keystone.service[44112]: DEBUG keystone.common.rbac_enforcer.enforcer [None req-56cf2bc7-96da-45be-aae1-22d66ebbefb0 admin admin] RBAC: Adding query filter params (name=anotherrole) {{(pid=44112) _extract_filter_values /opt/stack/keystone/keystone/common/rbac_enforcer/enforcer.py:167}}
Aug 03 04:31:15 user devstack@keystone.service[44112]: DEBUG keystone.common.rbac_enforcer.enforcer [None req-56cf2bc7-96da-45be-aae1-22d66ebbefb0 admin admin] RBAC: Authorizing `identity:list_roles()` {{(pid=44112) enforce_call /opt/stack/keystone/keystone/common/rbac_enforcer/enforcer.py:449}}
Aug 03 04:31:15 user devstack@keystone.service[44112]: WARNING py.warnings [None req-56cf2bc7-96da-45be-aae1-22d66ebbefb0 admin admin] /usr/local/lib/python3.10/dist-packages/oslo_policy/policy.py:1130: UserWarning: Policy "identity:list_roles": "role:reader and system_scope:all" failed scope check. The token used to make the request was project scoped but the policy requires ['system'] scope. This behavior may change in the future where using the intended scope is required
Aug 03 04:31:15 user devstack@keystone.service[44112]: warnings.warn(msg)
Aug 03 04:31:15 user devstack@keystone.service[44112]:
Aug 03 04:31:15 user devstack@keystone.service[44112]: DEBUG keystone.common.rbac_enforcer.enforcer [None req-56cf2bc7-96da-45be-aae1-22d66ebbefb0 admin admin] RBAC: Authorization granted {{(pid=44112) enforce_call /opt/stack/keystone/keystone/common/rbac_enforcer/enforcer.py:457}}
Aug 03 04:31:15 user devstack@keystone.service[44112]: [pid: 44112|app: 0|req: 95/284] 10.0.0.210 () {56 vars in 1127 bytes} [Thu Aug 3 04:31:14 2023] GET /identity/v3/roles?name=anotherrole => generated 332 bytes in 47 msecs (HTTP/1.1 200) 5 headers in 177 bytes (1 switches on core 0)
Aug 03 04:31:15 user devstack@keystone.service[44111]: DEBUG keystone.server.flask.request_processing.middleware.auth_context [None req-76593cde-38a7-48ca-a824-5f1437a0ad32 admin admin] Authenticating user token {{(pid=44111) process_request /usr/local/lib/python3.10/dist-packages/keystonemiddleware/auth_token/__init__.py:406}}
Aug 03 04:31:15 user devstack@keystone.service[44111]: DEBUG keystone.server.flask.request_processing.middleware.auth_context [None req-76593cde-38a7-48ca-a824-5f1437a0ad32 admin admin] Validating token access rules against request {{(pid=44111) validate_allowed_request /usr/local/lib/python3.10/dist-packages/keystonemiddleware/auth_token/__init__.py:544}}
Aug 03 04:31:15 user devstack@keystone.service[44111]: DEBUG keystone.server.flask.request_processing.middleware.auth_context [None req-2ca3e48e-8f0e-40a6-97ec-721657f48b17 admin admin] RBAC: auth_context: {'token': , 'domain_id': None, 'trust_id': None, 'trustor_id': None, 'trustee_id': None, 'domain_name': None, 'group_ids': [], 'user_id': '4a1a8434652b43a7bbceba34ad88c94b', 'user_domain_id': 'default', 'system_scope': None, 'project_id': '50aa3805febd42378b17cc229e7597c6', 'project_domain_id': 'default', 'roles': ['reader', 'member', 'admin'], 'is_admin_project': True, 'service_user_id': None, 'service_user_domain_id': None, 'service_project_id': None, 'service_project_domain_id': None, 'service_roles': []} {{(pid=44111) fill_context /opt/stack/keystone/keystone/server/flask/request_processing/middleware/auth_context.py:480}}
Aug 03 04:31:15 user devstack@keystone.service[44111]: DEBUG keystone.server.flask.request_processing.req_logging [None req-2ca3e48e-8f0e-40a6-97ec-721657f48b17 admin admin] REQUEST_METHOD: `GET` {{(pid=44111) log_request_info /opt/stack/keystone/keystone/server/flask/request_processing/req_logging.py:27}}
Aug 03 04:31:15 user devstack@keystone.service[44111]: DEBUG keystone.server.flask.request_processing.req_logging [None req-2ca3e48e-8f0e-40a6-97ec-721657f48b17 admin admin] SCRIPT_NAME: `/identity` {{(pid=44111) log_request_info /opt/stack/keystone/keystone/server/flask/request_processing/req_logging.py:28}}
Aug 03 04:31:15 user devstack@keystone.service[44111]: DEBUG keystone.server.flask.request_processing.req_logging [None req-2ca3e48e-8f0e-40a6-97ec-721657f48b17 admin admin] PATH_INFO: `/v3/groups/09d2d1ae8b164162a3cab99e807cbfba` {{(pid=44111) log_request_info /opt/stack/keystone/keystone/server/flask/request_processing/req_logging.py:29}}
Aug 03 04:31:15 user devstack@keystone.service[44111]: DEBUG keystone.common.rbac_enforcer.enforcer [None req-2ca3e48e-8f0e-40a6-97ec-721657f48b17 admin admin] RBAC: Authorizing `identity:get_group(group_id=09d2d1ae8b164162a3cab99e807cbfba)` {{(pid=44111) enforce_call /opt/stack/keystone/keystone/common/rbac_enforcer/enforcer.py:449}}
Aug 03 04:31:15 user devstack@keystone.service[44111]: DEBUG keystone.common.rbac_enforcer.enforcer [None req-2ca3e48e-8f0e-40a6-97ec-721657f48b17 admin admin] RBAC: Authorization granted {{(pid=44111) enforce_call /opt/stack/keystone/keystone/common/rbac_enforcer/enforcer.py:457}}
Aug 03 04:31:15 user devstack@keystone.service[44111]: [pid: 44111|app: 0|req: 95/285] 10.0.0.210 () {56 vars in 1196 bytes} [Thu Aug 3 04:31:15 2023] GET /identity/v3/groups/09d2d1ae8b164162a3cab99e807cbfba => generated 225 bytes in 19 msecs (HTTP/1.1 200) 5 headers in 177 bytes (1 switches on core 0)
Aug 03 04:31:15 user devstack@keystone.service[44112]: DEBUG keystone.server.flask.request_processing.middleware.auth_context [None req-56cf2bc7-96da-45be-aae1-22d66ebbefb0 admin admin] Authenticating user token {{(pid=44112) process_request /usr/local/lib/python3.10/dist-packages/keystonemiddleware/auth_token/__init__.py:406}}
Aug 03 04:31:15 user devstack@keystone.service[44112]: DEBUG keystone.server.flask.request_processing.middleware.auth_context [None req-56cf2bc7-96da-45be-aae1-22d66ebbefb0 admin admin] Validating token access rules against request {{(pid=44112) validate_allowed_request /usr/local/lib/python3.10/dist-packages/keystonemiddleware/auth_token/__init__.py:544}}
Aug 03 04:31:15 user devstack@keystone.service[44112]: DEBUG keystone.server.flask.request_processing.middleware.auth_context [None req-c572f8ba-132a-4497-93b0-d29a52d3f2d9 admin admin] RBAC: auth_context: {'token': , 'domain_id': None, 'trust_id': None, 'trustor_id': None, 'trustee_id': None, 'domain_name': None, 'group_ids': [], 'user_id': '4a1a8434652b43a7bbceba34ad88c94b', 'user_domain_id': 'default', 'system_scope': None, 'project_id': '50aa3805febd42378b17cc229e7597c6', 'project_domain_id': 'default', 'roles': ['reader', 'member', 'admin'], 'is_admin_project': True, 'service_user_id': None, 'service_user_domain_id': None, 'service_project_id': None, 'service_project_domain_id': None, 'service_roles': []} {{(pid=44112) fill_context /opt/stack/keystone/keystone/server/flask/request_processing/middleware/auth_context.py:480}}
Aug 03 04:31:15 user devstack@keystone.service[44112]: DEBUG keystone.server.flask.request_processing.req_logging [None req-c572f8ba-132a-4497-93b0-d29a52d3f2d9 admin admin] REQUEST_METHOD: `GET` {{(pid=44112) log_request_info /opt/stack/keystone/keystone/server/flask/request_processing/req_logging.py:27}}
Aug 03 04:31:15 user devstack@keystone.service[44112]: DEBUG keystone.server.flask.request_processing.req_logging [None req-c572f8ba-132a-4497-93b0-d29a52d3f2d9 admin admin] SCRIPT_NAME: `/identity` {{(pid=44112) log_request_info /opt/stack/keystone/keystone/server/flask/request_processing/req_logging.py:28}}
Aug 03 04:31:15 user devstack@keystone.service[44112]: DEBUG keystone.server.flask.request_processing.req_logging [None req-c572f8ba-132a-4497-93b0-d29a52d3f2d9 admin admin] PATH_INFO: `/v3/projects/741fce53c03a42208ae6b2913863e844` {{(pid=44112) log_request_info /opt/stack/keystone/keystone/server/flask/request_processing/req_logging.py:29}}
Aug 03 04:31:15 user devstack@keystone.service[44112]: DEBUG keystone.common.rbac_enforcer.enforcer [None req-c572f8ba-132a-4497-93b0-d29a52d3f2d9 admin admin] RBAC: Authorizing `identity:get_project(project_id=741fce53c03a42208ae6b2913863e844)` {{(pid=44112) enforce_call /opt/stack/keystone/keystone/common/rbac_enforcer/enforcer.py:449}}
Aug 03 04:31:15 user devstack@keystone.service[44112]: DEBUG keystone.common.rbac_enforcer.enforcer [None req-c572f8ba-132a-4497-93b0-d29a52d3f2d9 admin admin] RBAC: Authorization granted {{(pid=44112) enforce_call /opt/stack/keystone/keystone/common/rbac_enforcer/enforcer.py:457}}
Aug 03 04:31:15 user devstack@keystone.service[44112]: [pid: 44112|app: 0|req: 96/286] 10.0.0.210 () {56 vars in 1202 bytes} [Thu Aug 3 04:31:15 2023] GET /identity/v3/projects/741fce53c03a42208ae6b2913863e844 => generated 301 bytes in 26 msecs (HTTP/1.1 200) 5 headers in 177 bytes (1 switches on core 0)
Aug 03 04:31:15 user devstack@keystone.service[44111]: DEBUG keystone.server.flask.request_processing.middleware.auth_context [None req-2ca3e48e-8f0e-40a6-97ec-721657f48b17 admin admin] Authenticating user token {{(pid=44111) process_request /usr/local/lib/python3.10/dist-packages/keystonemiddleware/auth_token/__init__.py:406}}
Aug 03 04:31:15 user devstack@keystone.service[44111]: DEBUG keystone.server.flask.request_processing.middleware.auth_context [None req-2ca3e48e-8f0e-40a6-97ec-721657f48b17 admin admin] Validating token access rules against request {{(pid=44111) validate_allowed_request /usr/local/lib/python3.10/dist-packages/keystonemiddleware/auth_token/__init__.py:544}}
Aug 03 04:31:15 user devstack@keystone.service[44111]: DEBUG keystone.server.flask.request_processing.middleware.auth_context [None req-bbaa9595-8ce1-4a92-bcbd-c044e0cd40a4 admin admin] RBAC: auth_context: {'token': , 'domain_id': None, 'trust_id': None, 'trustor_id': None, 'trustee_id': None, 'domain_name': None, 'group_ids': [], 'user_id': '4a1a8434652b43a7bbceba34ad88c94b', 'user_domain_id': 'default', 'system_scope': None, 'project_id': '50aa3805febd42378b17cc229e7597c6', 'project_domain_id': 'default', 'roles': ['reader', 'member', 'admin'], 'is_admin_project': True, 'service_user_id': None, 'service_user_domain_id': None, 'service_project_id': None, 'service_project_domain_id': None, 'service_roles': []} {{(pid=44111) fill_context /opt/stack/keystone/keystone/server/flask/request_processing/middleware/auth_context.py:480}}
Aug 03 04:31:15 user devstack@keystone.service[44111]: DEBUG keystone.server.flask.request_processing.req_logging [None req-bbaa9595-8ce1-4a92-bcbd-c044e0cd40a4 admin admin] REQUEST_METHOD: `PUT` {{(pid=44111) log_request_info /opt/stack/keystone/keystone/server/flask/request_processing/req_logging.py:27}}
Aug 03 04:31:15 user devstack@keystone.service[44111]: DEBUG keystone.server.flask.request_processing.req_logging [None req-bbaa9595-8ce1-4a92-bcbd-c044e0cd40a4 admin admin] SCRIPT_NAME: `/identity` {{(pid=44111) log_request_info /opt/stack/keystone/keystone/server/flask/request_processing/req_logging.py:28}}
Aug 03 04:31:15 user devstack@keystone.service[44111]: DEBUG keystone.server.flask.request_processing.req_logging [None req-bbaa9595-8ce1-4a92-bcbd-c044e0cd40a4 admin admin] PATH_INFO: `/v3/projects/741fce53c03a42208ae6b2913863e844/groups/09d2d1ae8b164162a3cab99e807cbfba/roles/0e4638bf56a7400bb1a4e89c93b149f2` {{(pid=44111) log_request_info /opt/stack/keystone/keystone/server/flask/request_processing/req_logging.py:29}}
Aug 03 04:31:15 user devstack@keystone.service[44111]: DEBUG keystone.common.rbac_enforcer.enforcer [None req-bbaa9595-8ce1-4a92-bcbd-c044e0cd40a4 admin admin] RBAC: Authorizing `identity:create_grant(project_id=741fce53c03a42208ae6b2913863e844, group_id=09d2d1ae8b164162a3cab99e807cbfba, role_id=0e4638bf56a7400bb1a4e89c93b149f2)` {{(pid=44111) enforce_call /opt/stack/keystone/keystone/common/rbac_enforcer/enforcer.py:449}}
Aug 03 04:31:15 user devstack@keystone.service[44111]: DEBUG keystone.common.rbac_enforcer.enforcer [None req-bbaa9595-8ce1-4a92-bcbd-c044e0cd40a4 admin admin] RBAC: Authorization granted {{(pid=44111) enforce_call /opt/stack/keystone/keystone/common/rbac_enforcer/enforcer.py:457}}
Aug 03 04:31:15 user devstack@keystone.service[44113]: DEBUG keystone.server.flask.request_processing.middleware.auth_context [None req-fbaa3c7a-dbbd-4fcc-ae58-cc4669b11070 None None] Validating token access rules against request {{(pid=44113) validate_allowed_request /usr/local/lib/python3.10/dist-packages/keystonemiddleware/auth_token/__init__.py:544}}
Aug 03 04:31:15 user devstack@keystone.service[44112]: DEBUG keystone.server.flask.request_processing.middleware.auth_context [None req-c572f8ba-132a-4497-93b0-d29a52d3f2d9 admin admin] Authenticating user token {{(pid=44112) process_request /usr/local/lib/python3.10/dist-packages/keystonemiddleware/auth_token/__init__.py:406}}
Aug 03 04:31:15 user devstack@keystone.service[44111]: [pid: 44111|app: 0|req: 96/287] 10.0.0.210 () {58 vars in 1458 bytes} [Thu Aug 3 04:31:15 2023] PUT /identity/v3/projects/741fce53c03a42208ae6b2913863e844/groups/09d2d1ae8b164162a3cab99e807cbfba/roles/0e4638bf56a7400bb1a4e89c93b149f2 => generated 0 bytes in 36 msecs (HTTP/1.1 204) 3 headers in 132 bytes (0 switches on core 0)
Aug 03 04:31:15 user devstack@keystone.service[44112]: DEBUG keystone.server.flask.request_processing.middleware.auth_context [None req-c572f8ba-132a-4497-93b0-d29a52d3f2d9 admin admin] Validating token access rules against request {{(pid=44112) validate_allowed_request /usr/local/lib/python3.10/dist-packages/keystonemiddleware/auth_token/__init__.py:544}}
Aug 03 04:31:15 user devstack@keystone.service[44113]: DEBUG keystone.server.flask.request_processing.middleware.auth_context [None req-9d37cad9-2924-4e33-8772-e200e04a0ea0 None admin] RBAC: auth_context: {'token': , 'domain_id': None, 'trust_id': None, 'trustor_id': None, 'trustee_id': None, 'domain_name': None, 'group_ids': [], 'user_id': '4a1a8434652b43a7bbceba34ad88c94b', 'user_domain_id': 'default', 'system_scope': 'all', 'project_id': None, 'project_domain_id': None, 'roles': ['admin', 'member', 'reader'], 'is_admin_project': True, 'service_user_id': None, 'service_user_domain_id': None, 'service_project_id': None, 'service_project_domain_id': None, 'service_roles': []} {{(pid=44113) fill_context /opt/stack/keystone/keystone/server/flask/request_processing/middleware/auth_context.py:480}}
Aug 03 04:31:15 user devstack@keystone.service[44113]: DEBUG keystone.server.flask.request_processing.req_logging [None req-9d37cad9-2924-4e33-8772-e200e04a0ea0 None admin] REQUEST_METHOD: `GET` {{(pid=44113) log_request_info /opt/stack/keystone/keystone/server/flask/request_processing/req_logging.py:27}}
