Nov 09 03:26:43 user devstack@keystone.service[46567]: DEBUG keystone.server.flask.request_processing.middleware.auth_context [None req-8a3e37c1-f475-4ee6-aacf-ef86d335dddf None admin] Authenticating user token {{(pid=46567) process_request /opt/stack/data/venv/lib/python3.10/site-packages/keystonemiddleware/auth_token/__init__.py:406}}
Nov 09 03:26:43 user devstack@keystone.service[46566]: DEBUG keystone.server.flask.request_processing.middleware.auth_context [None req-ea88fb54-07b2-4a92-b29a-1c6cabe0a98d None admin] Authenticating user token {{(pid=46566) process_request /opt/stack/data/venv/lib/python3.10/site-packages/keystonemiddleware/auth_token/__init__.py:406}}
Nov 09 03:26:43 user devstack@keystone.service[46568]: DEBUG keystone.server.flask.request_processing.middleware.auth_context [None req-dd6e35b9-517e-45a5-8e75-ecb7711bfc44 None admin] Validating token access rules against request {{(pid=46568) validate_allowed_request /opt/stack/data/venv/lib/python3.10/site-packages/keystonemiddleware/auth_token/__init__.py:544}}
Nov 09 03:26:43 user devstack@keystone.service[46568]: DEBUG keystone.server.flask.request_processing.middleware.auth_context [None req-c8dc3eea-d7df-4094-b093-03ddab630483 None admin] RBAC: auth_context: {'token': , 'domain_id': None, 'trust_id': None, 'trustor_id': None, 'trustee_id': None, 'domain_name': None, 'group_ids': [], 'user_id': '0bd62221c8de4bb1bd44f52dee9398fe', 'user_domain_id': 'default', 'system_scope': 'all', 'project_id': None, 'project_domain_id': None, 'roles': ['admin', 'manager', 'member', 'reader'], 'is_admin_project': True, 'service_user_id': None, 'service_user_domain_id': None, 'service_project_id': None, 'service_project_domain_id': None, 'service_roles': []} {{(pid=46568) fill_context /opt/stack/keystone/keystone/server/flask/request_processing/middleware/auth_context.py:480}}
Nov 09 03:26:43 user devstack@keystone.service[46568]: DEBUG keystone.server.flask.request_processing.req_logging [None req-c8dc3eea-d7df-4094-b093-03ddab630483 None admin] REQUEST_METHOD: `POST` {{(pid=46568) log_request_info /opt/stack/keystone/keystone/server/flask/request_processing/req_logging.py:27}}
Nov 09 03:26:43 user devstack@keystone.service[46568]: DEBUG keystone.server.flask.request_processing.req_logging [None req-c8dc3eea-d7df-4094-b093-03ddab630483 None admin] SCRIPT_NAME: `/identity` {{(pid=46568) log_request_info /opt/stack/keystone/keystone/server/flask/request_processing/req_logging.py:28}}
Nov 09 03:26:43 user devstack@keystone.service[46568]: DEBUG keystone.server.flask.request_processing.req_logging [None req-c8dc3eea-d7df-4094-b093-03ddab630483 None admin] PATH_INFO: `/v3/users` {{(pid=46568) log_request_info /opt/stack/keystone/keystone/server/flask/request_processing/req_logging.py:29}}
Nov 09 03:26:43 user devstack@keystone.service[46568]: DEBUG keystone.common.rbac_enforcer.enforcer [None req-c8dc3eea-d7df-4094-b093-03ddab630483 None admin] RBAC: Authorizing `identity:create_user()` {{(pid=46568) enforce_call /opt/stack/keystone/keystone/common/rbac_enforcer/enforcer.py:449}}
Nov 09 03:26:43 user devstack@keystone.service[46568]: DEBUG keystone.common.rbac_enforcer.enforcer [None req-c8dc3eea-d7df-4094-b093-03ddab630483 None admin] RBAC: Authorization granted {{(pid=46568) enforce_call /opt/stack/keystone/keystone/common/rbac_enforcer/enforcer.py:457}}
Nov 09 03:26:43 user devstack@keystone.service[46568]: WARNING keystone.common.password_hashing [None req-c8dc3eea-d7df-4094-b093-03ddab630483 None admin] Truncating password to algorithm specific maximum length 72 characters.
Nov 09 03:26:43 user devstack@keystone.service[46568]: [pid: 46568|app: 0|req: 60/168] 10.0.0.210 () {60 vars in 1127 bytes} [Thu Nov 9 03:26:43 2023] POST /identity/v3/users => generated 292 bytes in 155 msecs (HTTP/1.1 201) 5 headers in 182 bytes (1 switches on core 0)
Nov 09 03:26:43 user devstack@keystone.service[46567]: DEBUG keystone.server.flask.request_processing.middleware.auth_context [None req-8a3e37c1-f475-4ee6-aacf-ef86d335dddf None admin] Validating token access rules against request {{(pid=46567) validate_allowed_request /opt/stack/data/venv/lib/python3.10/site-packages/keystonemiddleware/auth_token/__init__.py:544}}
Nov 09 03:26:43 user devstack@keystone.service[46566]: DEBUG keystone.server.flask.request_processing.middleware.auth_context [None req-ea88fb54-07b2-4a92-b29a-1c6cabe0a98d None admin] Validating token access rules against request {{(pid=46566) validate_allowed_request /opt/stack/data/venv/lib/python3.10/site-packages/keystonemiddleware/auth_token/__init__.py:544}}
Nov 09 03:26:43 user devstack@keystone.service[46567]: DEBUG keystone.server.flask.request_processing.middleware.auth_context [None req-339de768-be8c-4012-bf2a-30c170976052 None admin] RBAC: auth_context: {'token': , 'domain_id': None, 'trust_id': None, 'trustor_id': None, 'trustee_id': None, 'domain_name': None, 'group_ids': [], 'user_id': '0bd62221c8de4bb1bd44f52dee9398fe', 'user_domain_id': 'default', 'system_scope': 'all', 'project_id': None, 'project_domain_id': None, 'roles': ['admin', 'manager', 'member', 'reader'], 'is_admin_project': True, 'service_user_id': None, 'service_user_domain_id': None, 'service_project_id': None, 'service_project_domain_id': None, 'service_roles': []} {{(pid=46567) fill_context /opt/stack/keystone/keystone/server/flask/request_processing/middleware/auth_context.py:480}}
Nov 09 03:26:43 user devstack@keystone.service[46567]: DEBUG keystone.server.flask.request_processing.req_logging [None req-339de768-be8c-4012-bf2a-30c170976052 None admin] REQUEST_METHOD: `GET` {{(pid=46567) log_request_info /opt/stack/keystone/keystone/server/flask/request_processing/req_logging.py:27}}
Nov 09 03:26:43 user devstack@keystone.service[46567]: DEBUG keystone.server.flask.request_processing.req_logging [None req-339de768-be8c-4012-bf2a-30c170976052 None admin] SCRIPT_NAME: `/identity` {{(pid=46567) log_request_info /opt/stack/keystone/keystone/server/flask/request_processing/req_logging.py:28}}
Nov 09 03:26:43 user devstack@keystone.service[46567]: DEBUG keystone.server.flask.request_processing.req_logging [None req-339de768-be8c-4012-bf2a-30c170976052 None admin] PATH_INFO: `/v3/users/0c4bb8e09f394862805dbc37a36c9f0b` {{(pid=46567) log_request_info /opt/stack/keystone/keystone/server/flask/request_processing/req_logging.py:29}}
Nov 09 03:26:43 user devstack@keystone.service[46567]: DEBUG keystone.common.rbac_enforcer.enforcer [None req-339de768-be8c-4012-bf2a-30c170976052 None admin] RBAC: Authorizing `identity:get_user(user_id=0c4bb8e09f394862805dbc37a36c9f0b)` {{(pid=46567) enforce_call /opt/stack/keystone/keystone/common/rbac_enforcer/enforcer.py:449}}
Nov 09 03:26:43 user devstack@keystone.service[46566]: DEBUG keystone.server.flask.request_processing.middleware.auth_context [None req-61d32d3a-8787-45d7-ac60-b1805d768757 None admin] RBAC: auth_context: {'token': , 'domain_id': None, 'trust_id': None, 'trustor_id': None, 'trustee_id': None, 'domain_name': None, 'group_ids': [], 'user_id': '0bd62221c8de4bb1bd44f52dee9398fe', 'user_domain_id': 'default', 'system_scope': 'all', 'project_id': None, 'project_domain_id': None, 'roles': ['admin', 'manager', 'member', 'reader'], 'is_admin_project': True, 'service_user_id': None, 'service_user_domain_id': None, 'service_project_id': None, 'service_project_domain_id': None, 'service_roles': []} {{(pid=46566) fill_context /opt/stack/keystone/keystone/server/flask/request_processing/middleware/auth_context.py:480}}
Nov 09 03:26:43 user devstack@keystone.service[46566]: DEBUG keystone.server.flask.request_processing.req_logging [None req-61d32d3a-8787-45d7-ac60-b1805d768757 None admin] REQUEST_METHOD: `GET` {{(pid=46566) log_request_info /opt/stack/keystone/keystone/server/flask/request_processing/req_logging.py:27}}
Nov 09 03:26:43 user devstack@keystone.service[46566]: DEBUG keystone.server.flask.request_processing.req_logging [None req-61d32d3a-8787-45d7-ac60-b1805d768757 None admin] SCRIPT_NAME: `/identity` {{(pid=46566) log_request_info /opt/stack/keystone/keystone/server/flask/request_processing/req_logging.py:28}}
Nov 09 03:26:43 user devstack@keystone.service[46567]: DEBUG keystone.common.rbac_enforcer.enforcer [None req-339de768-be8c-4012-bf2a-30c170976052 None admin] RBAC: Authorization granted {{(pid=46567) enforce_call /opt/stack/keystone/keystone/common/rbac_enforcer/enforcer.py:457}}
Nov 09 03:26:43 user devstack@keystone.service[46566]: DEBUG keystone.server.flask.request_processing.req_logging [None req-61d32d3a-8787-45d7-ac60-b1805d768757 None admin] PATH_INFO: `/v3/users/56bd232d1f8d44e1a0c05c166e473c09` {{(pid=46566) log_request_info /opt/stack/keystone/keystone/server/flask/request_processing/req_logging.py:29}}
Nov 09 03:26:43 user devstack@keystone.service[46567]: [pid: 46567|app: 0|req: 54/169] 10.0.0.210 () {56 vars in 1172 bytes} [Thu Nov 9 03:26:43 2023] GET /identity/v3/users/0c4bb8e09f394862805dbc37a36c9f0b => generated 296 bytes in 139 msecs (HTTP/1.1 200) 5 headers in 177 bytes (1 switches on core 0)
Nov 09 03:26:43 user devstack@keystone.service[46568]: DEBUG keystone.server.flask.request_processing.middleware.auth_context [None req-c8dc3eea-d7df-4094-b093-03ddab630483 None admin] Authenticating user token {{(pid=46568) process_request /opt/stack/data/venv/lib/python3.10/site-packages/keystonemiddleware/auth_token/__init__.py:406}}
Nov 09 03:26:43 user devstack@keystone.service[46566]: DEBUG keystone.common.rbac_enforcer.enforcer [None req-61d32d3a-8787-45d7-ac60-b1805d768757 None admin] RBAC: Authorizing `identity:get_user(user_id=56bd232d1f8d44e1a0c05c166e473c09)` {{(pid=46566) enforce_call /opt/stack/keystone/keystone/common/rbac_enforcer/enforcer.py:449}}
Nov 09 03:26:43 user devstack@keystone.service[46566]: DEBUG keystone.common.rbac_enforcer.enforcer [None req-61d32d3a-8787-45d7-ac60-b1805d768757 None admin] RBAC: Authorization granted {{(pid=46566) enforce_call /opt/stack/keystone/keystone/common/rbac_enforcer/enforcer.py:457}}
Nov 09 03:26:43 user devstack@keystone.service[46566]: [pid: 46566|app: 0|req: 56/170] 10.0.0.210 () {56 vars in 1172 bytes} [Thu Nov 9 03:26:43 2023] GET /identity/v3/users/56bd232d1f8d44e1a0c05c166e473c09 => generated 296 bytes in 154 msecs (HTTP/1.1 200) 5 headers in 177 bytes (1 switches on core 0)
Nov 09 03:26:43 user devstack@keystone.service[46567]: DEBUG keystone.server.flask.request_processing.middleware.auth_context [None req-339de768-be8c-4012-bf2a-30c170976052 None admin] Authenticating user token {{(pid=46567) process_request /opt/stack/data/venv/lib/python3.10/site-packages/keystonemiddleware/auth_token/__init__.py:406}}
Nov 09 03:26:43 user devstack@keystone.service[46568]: DEBUG keystone.server.flask.request_processing.middleware.auth_context [None req-c8dc3eea-d7df-4094-b093-03ddab630483 None admin] Validating token access rules against request {{(pid=46568) validate_allowed_request /opt/stack/data/venv/lib/python3.10/site-packages/keystonemiddleware/auth_token/__init__.py:544}}
Nov 09 03:26:43 user devstack@keystone.service[46567]: DEBUG keystone.server.flask.request_processing.middleware.auth_context [None req-339de768-be8c-4012-bf2a-30c170976052 None admin] Validating token access rules against request {{(pid=46567) validate_allowed_request /opt/stack/data/venv/lib/python3.10/site-packages/keystonemiddleware/auth_token/__init__.py:544}}
Nov 09 03:26:43 user devstack@keystone.service[46568]: DEBUG keystone.server.flask.request_processing.middleware.auth_context [None req-e5ee66c6-02a9-4d5f-a209-9e4f2f17a88c None admin] RBAC: auth_context: {'token': , 'domain_id': None, 'trust_id': None, 'trustor_id': None, 'trustee_id': None, 'domain_name': None, 'group_ids': [], 'user_id': '0bd62221c8de4bb1bd44f52dee9398fe', 'user_domain_id': 'default', 'system_scope': 'all', 'project_id': None, 'project_domain_id': None, 'roles': ['admin', 'manager', 'member', 'reader'], 'is_admin_project': True, 'service_user_id': None, 'service_user_domain_id': None, 'service_project_id': None, 'service_project_domain_id': None, 'service_roles': []} {{(pid=46568) fill_context /opt/stack/keystone/keystone/server/flask/request_processing/middleware/auth_context.py:480}}
Nov 09 03:26:43 user devstack@keystone.service[46568]: DEBUG keystone.server.flask.request_processing.req_logging [None req-e5ee66c6-02a9-4d5f-a209-9e4f2f17a88c None admin] REQUEST_METHOD: `GET` {{(pid=46568) log_request_info /opt/stack/keystone/keystone/server/flask/request_processing/req_logging.py:27}}
Nov 09 03:26:43 user devstack@keystone.service[46568]: DEBUG keystone.server.flask.request_processing.req_logging [None req-e5ee66c6-02a9-4d5f-a209-9e4f2f17a88c None admin] SCRIPT_NAME: `/identity` {{(pid=46568) log_request_info /opt/stack/keystone/keystone/server/flask/request_processing/req_logging.py:28}}
Nov 09 03:26:43 user devstack@keystone.service[46568]: DEBUG keystone.server.flask.request_processing.req_logging [None req-e5ee66c6-02a9-4d5f-a209-9e4f2f17a88c None admin] PATH_INFO: `/v3/auth/tokens` {{(pid=46568) log_request_info /opt/stack/keystone/keystone/server/flask/request_processing/req_logging.py:29}}
Nov 09 03:26:43 user devstack@keystone.service[46567]: DEBUG keystone.server.flask.request_processing.middleware.auth_context [None req-9040aca1-6b7d-42d4-b392-62bdbf124751 None admin] RBAC: auth_context: {'token': , 'domain_id': None, 'trust_id': None, 'trustor_id': None, 'trustee_id': None, 'domain_name': None, 'group_ids': [], 'user_id': '0bd62221c8de4bb1bd44f52dee9398fe', 'user_domain_id': 'default', 'system_scope': 'all', 'project_id': None, 'project_domain_id': None, 'roles': ['admin', 'manager', 'member', 'reader'], 'is_admin_project': True, 'service_user_id': None, 'service_user_domain_id': None, 'service_project_id': None, 'service_project_domain_id': None, 'service_roles': []} {{(pid=46567) fill_context /opt/stack/keystone/keystone/server/flask/request_processing/middleware/auth_context.py:480}}
Nov 09 03:26:43 user devstack@keystone.service[46567]: DEBUG keystone.server.flask.request_processing.req_logging [None req-9040aca1-6b7d-42d4-b392-62bdbf124751 None admin] REQUEST_METHOD: `GET` {{(pid=46567) log_request_info /opt/stack/keystone/keystone/server/flask/request_processing/req_logging.py:27}}
Nov 09 03:26:43 user devstack@keystone.service[46567]: DEBUG keystone.server.flask.request_processing.req_logging [None req-9040aca1-6b7d-42d4-b392-62bdbf124751 None admin] SCRIPT_NAME: `/identity` {{(pid=46567) log_request_info /opt/stack/keystone/keystone/server/flask/request_processing/req_logging.py:28}}
Nov 09 03:26:43 user devstack@keystone.service[46567]: DEBUG keystone.server.flask.request_processing.req_logging [None req-9040aca1-6b7d-42d4-b392-62bdbf124751 None admin] PATH_INFO: `/v3/projects/f7c39874872d4122b6f6fce2c47a6ba5` {{(pid=46567) log_request_info /opt/stack/keystone/keystone/server/flask/request_processing/req_logging.py:29}}
Nov 09 03:26:43 user devstack@keystone.service[46567]: DEBUG keystone.common.rbac_enforcer.enforcer [None req-9040aca1-6b7d-42d4-b392-62bdbf124751 None admin] RBAC: Authorizing `identity:get_project(project_id=f7c39874872d4122b6f6fce2c47a6ba5)` {{(pid=46567) enforce_call /opt/stack/keystone/keystone/common/rbac_enforcer/enforcer.py:449}}
Nov 09 03:26:43 user devstack@keystone.service[46567]: DEBUG keystone.common.rbac_enforcer.enforcer [None req-9040aca1-6b7d-42d4-b392-62bdbf124751 None admin] RBAC: Authorization granted {{(pid=46567) enforce_call /opt/stack/keystone/keystone/common/rbac_enforcer/enforcer.py:457}}
Nov 09 03:26:43 user devstack@keystone.service[46567]: [pid: 46567|app: 0|req: 55/171] 10.0.0.210 () {56 vars in 1181 bytes} [Thu Nov 9 03:26:43 2023] GET /identity/v3/projects/f7c39874872d4122b6f6fce2c47a6ba5 => generated 301 bytes in 140 msecs (HTTP/1.1 200) 5 headers in 177 bytes (1 switches on core 0)
Nov 09 03:26:43 user devstack@keystone.service[46566]: DEBUG keystone.server.flask.request_processing.middleware.auth_context [None req-61d32d3a-8787-45d7-ac60-b1805d768757 None admin] Authenticating user token {{(pid=46566) process_request /opt/stack/data/venv/lib/python3.10/site-packages/keystonemiddleware/auth_token/__init__.py:406}}
Nov 09 03:26:43 user devstack@keystone.service[46568]: DEBUG keystone.common.rbac_enforcer.enforcer [None req-e5ee66c6-02a9-4d5f-a209-9e4f2f17a88c None admin] RBAC: Authorizing `identity:validate_token()` {{(pid=46568) enforce_call /opt/stack/keystone/keystone/common/rbac_enforcer/enforcer.py:449}}
Nov 09 03:26:43 user devstack@keystone.service[46568]: DEBUG keystone.common.rbac_enforcer.enforcer [None req-e5ee66c6-02a9-4d5f-a209-9e4f2f17a88c None admin] RBAC: Authorization granted {{(pid=46568) enforce_call /opt/stack/keystone/keystone/common/rbac_enforcer/enforcer.py:457}}
Nov 09 03:26:44 user devstack@keystone.service[46566]: DEBUG keystone.server.flask.request_processing.middleware.auth_context [None req-61d32d3a-8787-45d7-ac60-b1805d768757 None admin] Validating token access rules against request {{(pid=46566) validate_allowed_request /opt/stack/data/venv/lib/python3.10/site-packages/keystonemiddleware/auth_token/__init__.py:544}}
Nov 09 03:26:44 user devstack@keystone.service[46568]: [pid: 46568|app: 0|req: 61/172] 10.0.0.210 () {58 vars in 1277 bytes} [Thu Nov 9 03:26:43 2023] GET /identity/v3/auth/tokens => generated 861 bytes in 308 msecs (HTTP/1.1 200) 6 headers in 358 bytes (1 switches on core 0)
Nov 09 03:26:44 user devstack@keystone.service[46567]: DEBUG keystone.server.flask.request_processing.middleware.auth_context [None req-9040aca1-6b7d-42d4-b392-62bdbf124751 None admin] Authenticating user token {{(pid=46567) process_request /opt/stack/data/venv/lib/python3.10/site-packages/keystonemiddleware/auth_token/__init__.py:406}}
Nov 09 03:26:44 user devstack@keystone.service[46566]: DEBUG keystone.server.flask.request_processing.middleware.auth_context [None req-319bfe4f-b423-44d0-923f-b718b202d168 None admin] RBAC: auth_context: {'token': , 'domain_id': None, 'trust_id': None, 'trustor_id': None, 'trustee_id': None, 'domain_name': None, 'group_ids': [], 'user_id': '0bd62221c8de4bb1bd44f52dee9398fe', 'user_domain_id': 'default', 'system_scope': 'all', 'project_id': None, 'project_domain_id': None, 'roles': ['admin', 'manager', 'member', 'reader'], 'is_admin_project': True, 'service_user_id': None, 'service_user_domain_id': None, 'service_project_id': None, 'service_project_domain_id': None, 'service_roles': []} {{(pid=46566) fill_context /opt/stack/keystone/keystone/server/flask/request_processing/middleware/auth_context.py:480}}
Nov 09 03:26:44 user devstack@keystone.service[46566]: DEBUG keystone.server.flask.request_processing.req_logging [None req-319bfe4f-b423-44d0-923f-b718b202d168 None admin] REQUEST_METHOD: `PUT` {{(pid=46566) log_request_info /opt/stack/keystone/keystone/server/flask/request_processing/req_logging.py:27}}
Nov 09 03:26:44 user devstack@keystone.service[46566]: DEBUG keystone.server.flask.request_processing.req_logging [None req-319bfe4f-b423-44d0-923f-b718b202d168 None admin] SCRIPT_NAME: `/identity` {{(pid=46566) log_request_info /opt/stack/keystone/keystone/server/flask/request_processing/req_logging.py:28}}
Nov 09 03:26:44 user devstack@keystone.service[46566]: DEBUG keystone.server.flask.request_processing.req_logging [None req-319bfe4f-b423-44d0-923f-b718b202d168 None admin] PATH_INFO: `/v3/projects/f7c39874872d4122b6f6fce2c47a6ba5/users/56bd232d1f8d44e1a0c05c166e473c09/roles/63ce177c23d6464a81a38725e6dcebdc` {{(pid=46566) log_request_info /opt/stack/keystone/keystone/server/flask/request_processing/req_logging.py:29}}
Nov 09 03:26:44 user devstack@keystone.service[46566]: DEBUG keystone.common.rbac_enforcer.enforcer [None req-319bfe4f-b423-44d0-923f-b718b202d168 None admin] RBAC: Authorizing `identity:create_grant(project_id=f7c39874872d4122b6f6fce2c47a6ba5, user_id=56bd232d1f8d44e1a0c05c166e473c09, role_id=63ce177c23d6464a81a38725e6dcebdc)` {{(pid=46566) enforce_call /opt/stack/keystone/keystone/common/rbac_enforcer/enforcer.py:449}}
Nov 09 03:26:44 user devstack@keystone.service[46566]: DEBUG keystone.common.rbac_enforcer.enforcer [None req-319bfe4f-b423-44d0-923f-b718b202d168 None admin] RBAC: Authorization granted {{(pid=46566) enforce_call /opt/stack/keystone/keystone/common/rbac_enforcer/enforcer.py:457}}
Nov 09 03:26:44 user devstack@keystone.service[46566]: [pid: 46566|app: 0|req: 57/173] 10.0.0.210 () {58 vars in 1434 bytes} [Thu Nov 9 03:26:43 2023] PUT /identity/v3/projects/f7c39874872d4122b6f6fce2c47a6ba5/users/56bd232d1f8d44e1a0c05c166e473c09/roles/63ce177c23d6464a81a38725e6dcebdc => generated 0 bytes in 180 msecs (HTTP/1.1 204) 3 headers in 132 bytes (0 switches on core 0)
Nov 09 03:26:44 user devstack@keystone.service[46567]: DEBUG keystone.server.flask.request_processing.middleware.auth_context [None req-9040aca1-6b7d-42d4-b392-62bdbf124751 None admin] Validating token access rules against request {{(pid=46567) validate_allowed_request /opt/stack/data/venv/lib/python3.10/site-packages/keystonemiddleware/auth_token/__init__.py:544}}
Nov 09 03:26:44 user devstack@keystone.service[46567]: DEBUG keystone.server.flask.request_processing.middleware.auth_context [None req-099f696e-cf2c-4bcf-8d34-43d5a4f480d8 None admin] RBAC: auth_context: {'token': , 'domain_id': None, 'trust_id': None, 'trustor_id': None, 'trustee_id': None, 'domain_name': None, 'group_ids': [], 'user_id': '0bd62221c8de4bb1bd44f52dee9398fe', 'user_domain_id': 'default', 'system_scope': 'all', 'project_id': None, 'project_domain_id': None, 'roles': ['admin', 'manager', 'member', 'reader'], 'is_admin_project': True, 'service_user_id': None, 'service_user_domain_id': None, 'service_project_id': None, 'service_project_domain_id': None, 'service_roles': []} {{(pid=46567) fill_context /opt/stack/keystone/keystone/server/flask/request_processing/middleware/auth_context.py:480}}
Nov 09 03:26:44 user devstack@keystone.service[46567]: DEBUG keystone.server.flask.request_processing.req_logging [None req-099f696e-cf2c-4bcf-8d34-43d5a4f480d8 None admin] REQUEST_METHOD: `GET` {{(pid=46567) log_request_info /opt/stack/keystone/keystone/server/flask/request_processing/req_logging.py:27}}
Nov 09 03:26:44 user devstack@keystone.service[46567]: DEBUG keystone.server.flask.request_processing.req_logging [None req-099f696e-cf2c-4bcf-8d34-43d5a4f480d8 None admin] SCRIPT_NAME: `/identity` {{(pid=46567) log_request_info /opt/stack/keystone/keystone/server/flask/request_processing/req_logging.py:28}}
Nov 09 03:26:44 user devstack@keystone.service[46567]: DEBUG keystone.server.flask.request_processing.req_logging [None req-099f696e-cf2c-4bcf-8d34-43d5a4f480d8 None admin] PATH_INFO: `/v3/projects/f7c39874872d4122b6f6fce2c47a6ba5` {{(pid=46567) log_request_info /opt/stack/keystone/keystone/server/flask/request_processing/req_logging.py:29}}
Nov 09 03:26:44 user devstack@keystone.service[46567]: DEBUG keystone.common.rbac_enforcer.enforcer [None req-099f696e-cf2c-4bcf-8d34-43d5a4f480d8 None admin] RBAC: Authorizing `identity:get_project(project_id=f7c39874872d4122b6f6fce2c47a6ba5)` {{(pid=46567) enforce_call /opt/stack/keystone/keystone/common/rbac_enforcer/enforcer.py:449}}
Nov 09 03:26:44 user devstack@keystone.service[46567]: DEBUG keystone.common.rbac_enforcer.enforcer [None req-099f696e-cf2c-4bcf-8d34-43d5a4f480d8 None admin] RBAC: Authorization granted {{(pid=46567) enforce_call /opt/stack/keystone/keystone/common/rbac_enforcer/enforcer.py:457}}
Nov 09 03:26:44 user devstack@keystone.service[46567]: [pid: 46567|app: 0|req: 56/174] 10.0.0.210 () {56 vars in 1181 bytes} [Thu Nov 9 03:26:44 2023] GET /identity/v3/projects/f7c39874872d4122b6f6fce2c47a6ba5 => generated 301 bytes in 150 msecs (HTTP/1.1 200) 5 headers in 177 bytes (1 switches on core 0)
Nov 09 03:26:44 user devstack@keystone.service[46568]: DEBUG keystone.server.flask.request_processing.middleware.auth_context [None req-e5ee66c6-02a9-4d5f-a209-9e4f2f17a88c None admin] Authenticating user token {{(pid=46568) process_request /opt/stack/data/venv/lib/python3.10/site-packages/keystonemiddleware/auth_token/__init__.py:406}}
Nov 09 03:26:44 user devstack@keystone.service[46568]: DEBUG keystone.server.flask.request_processing.middleware.auth_context [None req-e5ee66c6-02a9-4d5f-a209-9e4f2f17a88c None admin] Validating token access rules against request {{(pid=46568) validate_allowed_request /opt/stack/data/venv/lib/python3.10/site-packages/keystonemiddleware/auth_token/__init__.py:544}}
Nov 09 03:26:44 user devstack@keystone.service[46568]: DEBUG keystone.server.flask.request_processing.middleware.auth_context [None req-691676d0-1116-4657-92fc-b6b6bdb44170 None admin] RBAC: auth_context: {'token': , 'domain_id': None, 'trust_id': None, 'trustor_id': None, 'trustee_id': None, 'domain_name': None, 'group_ids': [], 'user_id': '0bd62221c8de4bb1bd44f52dee9398fe', 'user_domain_id': 'default', 'system_scope': 'all', 'project_id': None, 'project_domain_id': None, 'roles': ['admin', 'manager', 'member', 'reader'], 'is_admin_project': True, 'service_user_id': None, 'service_user_domain_id': None, 'service_project_id': None, 'service_project_domain_id': None, 'service_roles': []} {{(pid=46568) fill_context /opt/stack/keystone/keystone/server/flask/request_processing/middleware/auth_context.py:480}}
Nov 09 03:26:44 user devstack@keystone.service[46568]: DEBUG keystone.server.flask.request_processing.req_logging [None req-691676d0-1116-4657-92fc-b6b6bdb44170 None admin] REQUEST_METHOD: `GET` {{(pid=46568) log_request_info /opt/stack/keystone/keystone/server/flask/request_processing/req_logging.py:27}}
Nov 09 03:26:44 user devstack@keystone.service[46568]: DEBUG keystone.server.flask.request_processing.req_logging [None req-691676d0-1116-4657-92fc-b6b6bdb44170 None admin] SCRIPT_NAME: `/identity` {{(pid=46568) log_request_info /opt/stack/keystone/keystone/server/flask/request_processing/req_logging.py:28}}
Nov 09 03:26:44 user devstack@keystone.service[46568]: DEBUG keystone.server.flask.request_processing.req_logging [None req-691676d0-1116-4657-92fc-b6b6bdb44170 None admin] PATH_INFO: `/v3/role_assignments` {{(pid=46568) log_request_info /opt/stack/keystone/keystone/server/flask/request_processing/req_logging.py:29}}
Nov 09 03:26:44 user devstack@keystone.service[46568]: DEBUG keystone.common.rbac_enforcer.enforcer [None req-691676d0-1116-4657-92fc-b6b6bdb44170 None admin] RBAC: Adding query filter params (role.id=8957104867364570b565557b637189f1, scope.project.id=f7c39874872d4122b6f6fce2c47a6ba5, user.id=0c4bb8e09f394862805dbc37a36c9f0b) {{(pid=46568) _extract_filter_values /opt/stack/keystone/keystone/common/rbac_enforcer/enforcer.py:167}}
Nov 09 03:26:44 user devstack@keystone.service[46568]: DEBUG keystone.common.rbac_enforcer.enforcer [None req-691676d0-1116-4657-92fc-b6b6bdb44170 None admin] RBAC: Authorizing `identity:list_role_assignments()` {{(pid=46568) enforce_call /opt/stack/keystone/keystone/common/rbac_enforcer/enforcer.py:449}}
Nov 09 03:26:44 user devstack@keystone.service[46568]: DEBUG keystone.common.rbac_enforcer.enforcer [None req-691676d0-1116-4657-92fc-b6b6bdb44170 None admin] RBAC: Authorization granted {{(pid=46568) enforce_call /opt/stack/keystone/keystone/common/rbac_enforcer/enforcer.py:457}}
Nov 09 03:26:44 user devstack@keystone.service[46568]: [pid: 46568|app: 0|req: 62/175] 10.0.0.210 () {56 vars in 1369 bytes} [Thu Nov 9 03:26:44 2023] GET /identity/v3/role_assignments?user.id=0c4bb8e09f394862805dbc37a36c9f0b&scope.project.id=f7c39874872d4122b6f6fce2c47a6ba5&role.id=8957104867364570b565557b637189f1 => generated 606 bytes in 141 msecs (HTTP/1.1 200) 5 headers in 177 bytes (1 switches on core 0)
Nov 09 03:26:45 user devstack@keystone.service[46566]: DEBUG keystone.server.flask.request_processing.req_logging [None req-c31dc0df-2a7f-4d94-a542-e900ebf61468 None None] REQUEST_METHOD: `GET` {{(pid=46566) log_request_info /opt/stack/keystone/keystone/server/flask/request_processing/req_logging.py:27}}
Nov 09 03:26:45 user devstack@keystone.service[46566]: DEBUG keystone.server.flask.request_processing.req_logging [None req-c31dc0df-2a7f-4d94-a542-e900ebf61468 None None] SCRIPT_NAME: `/identity` {{(pid=46566) log_request_info /opt/stack/keystone/keystone/server/flask/request_processing/req_logging.py:28}}
Nov 09 03:26:45 user devstack@keystone.service[46566]: DEBUG keystone.server.flask.request_processing.req_logging [None req-c31dc0df-2a7f-4d94-a542-e900ebf61468 None None] PATH_INFO: `/` {{(pid=46566) log_request_info /opt/stack/keystone/keystone/server/flask/request_processing/req_logging.py:29}}
Nov 09 03:26:45 user devstack@keystone.service[46566]: [pid: 46566|app: 0|req: 58/176] 10.0.0.210 () {54 vars in 921 bytes} [Thu Nov 9 03:26:45 2023] GET /identity => generated 269 bytes in 3 msecs (HTTP/1.1 300) 6 headers in 233 bytes (1 switches on core 0)
Nov 09 03:26:45 user devstack@keystone.service[46567]: DEBUG keystone.server.flask.request_processing.middleware.auth_context [None req-099f696e-cf2c-4bcf-8d34-43d5a4f480d8 None admin] Authenticating user token {{(pid=46567) process_request /opt/stack/data/venv/lib/python3.10/site-packages/keystonemiddleware/auth_token/__init__.py:406}}
Nov 09 03:26:45 user devstack@keystone.service[46568]: DEBUG keystone.server.flask.request_processing.req_logging [None req-aa5e82c6-5e77-4342-a74f-a6429a46c857 None None] REQUEST_METHOD: `GET` {{(pid=46568) log_request_info /opt/stack/keystone/keystone/server/flask/request_processing/req_logging.py:27}}
Nov 09 03:26:45 user devstack@keystone.service[46568]: DEBUG keystone.server.flask.request_processing.req_logging [None req-aa5e82c6-5e77-4342-a74f-a6429a46c857 None None] SCRIPT_NAME: `/identity` {{(pid=46568) log_request_info /opt/stack/keystone/keystone/server/flask/request_processing/req_logging.py:28}}
Nov 09 03:26:45 user devstack@keystone.service[46568]: DEBUG keystone.server.flask.request_processing.req_logging [None req-aa5e82c6-5e77-4342-a74f-a6429a46c857 None None] PATH_INFO: `/` {{(pid=46568) log_request_info /opt/stack/keystone/keystone/server/flask/request_processing/req_logging.py:29}}
Nov 09 03:26:45 user devstack@keystone.service[46568]: [pid: 46568|app: 0|req: 63/177] 10.0.0.210 () {54 vars in 921 bytes} [Thu Nov 9 03:26:45 2023] GET /identity => generated 269 bytes in 3 msecs (HTTP/1.1 300) 6 headers in 233 bytes (1 switches on core 0)
Nov 09 03:26:45 user devstack@keystone.service[46566]: DEBUG keystone.server.flask.request_processing.middleware.auth_context [None req-c31dc0df-2a7f-4d94-a542-e900ebf61468 None None] Authenticating user token {{(pid=46566) process_request /opt/stack/data/venv/lib/python3.10/site-packages/keystonemiddleware/auth_token/__init__.py:406}}
Nov 09 03:26:45 user devstack@keystone.service[46567]: DEBUG keystone.server.flask.request_processing.middleware.auth_context [None req-099f696e-cf2c-4bcf-8d34-43d5a4f480d8 None admin] Validating token access rules against request {{(pid=46567) validate_allowed_request /opt/stack/data/venv/lib/python3.10/site-packages/keystonemiddleware/auth_token/__init__.py:544}}
Nov 09 03:26:45 user devstack@keystone.service[46567]: DEBUG keystone.server.flask.request_processing.middleware.auth_context [None req-0359ac3c-2070-4566-bd2d-67ff78bfe5a6 None admin] RBAC: auth_context: {'token': , 'domain_id': None, 'trust_id': None, 'trustor_id': None, 'trustee_id': None, 'domain_name': None, 'group_ids': [], 'user_id': '0bd62221c8de4bb1bd44f52dee9398fe', 'user_domain_id': 'default', 'system_scope': 'all', 'project_id': None, 'project_domain_id': None, 'roles': ['admin', 'manager', 'member', 'reader'], 'is_admin_project': True, 'service_user_id': None, 'service_user_domain_id': None, 'service_project_id': None, 'service_project_domain_id': None, 'service_roles': []} {{(pid=46567) fill_context /opt/stack/keystone/keystone/server/flask/request_processing/middleware/auth_context.py:480}}
Nov 09 03:26:45 user devstack@keystone.service[46567]: DEBUG keystone.server.flask.request_processing.req_logging [None req-0359ac3c-2070-4566-bd2d-67ff78bfe5a6 None admin] REQUEST_METHOD: `GET` {{(pid=46567) log_request_info /opt/stack/keystone/keystone/server/flask/request_processing/req_logging.py:27}}
Nov 09 03:26:45 user devstack@keystone.service[46567]: DEBUG keystone.server.flask.request_processing.req_logging [None req-0359ac3c-2070-4566-bd2d-67ff78bfe5a6 None admin] SCRIPT_NAME: `/identity` {{(pid=46567) log_request_info /opt/stack/keystone/keystone/server/flask/request_processing/req_logging.py:28}}
Nov 09 03:26:45 user devstack@keystone.service[46567]: DEBUG keystone.server.flask.request_processing.req_logging [None req-0359ac3c-2070-4566-bd2d-67ff78bfe5a6 None admin] PATH_INFO: `/v3/roles/member` {{(pid=46567) log_request_info /opt/stack/keystone/keystone/server/flask/request_processing/req_logging.py:29}}
Nov 09 03:26:45 user devstack@keystone.service[46567]: DEBUG keystone.common.rbac_enforcer.enforcer [None req-0359ac3c-2070-4566-bd2d-67ff78bfe5a6 None admin] Extracting inferred target data resulted in "NOT FOUND (404)". {{(pid=46567) enforce_call /opt/stack/keystone/keystone/common/rbac_enforcer/enforcer.py:409}}
Nov 09 03:26:45 user devstack@keystone.service[46567]: ERROR keystone.server.flask.application [None req-0359ac3c-2070-4566-bd2d-67ff78bfe5a6 None admin] Could not find role: member.: keystone.exception.RoleNotFound: Could not find role: member.
Nov 09 03:26:45 user devstack@keystone.service[46567]: ERROR keystone.server.flask.application
Traceback (most recent call last):
Nov 09 03:26:45 user devstack@keystone.service[46567]: ERROR keystone.server.flask.application
File "/opt/stack/data/venv/lib/python3.10/site-packages/flask/app.py", line 1823, in full_dispatch_request
Nov 09 03:26:45 user devstack@keystone.service[46567]: ERROR keystone.server.flask.application rv = self.dispatch_request()
Nov 09 03:26:45 user devstack@keystone.service[46567]: ERROR keystone.server.flask.application
File "/opt/stack/data/venv/lib/python3.10/site-packages/flask/app.py", line 1799, in dispatch_request
Nov 09 03:26:45 user devstack@keystone.service[46567]: ERROR keystone.server.flask.application return self.ensure_sync(self.view_functions[rule.endpoint])(**view_args)
Nov 09 03:26:45 user devstack@keystone.service[46567]: ERROR keystone.server.flask.application
File "/opt/stack/data/venv/lib/python3.10/site-packages/flask_restful/__init__.py", line 489, in wrapper
Nov 09 03:26:45 user devstack@keystone.service[46567]: ERROR keystone.server.flask.application resp = resource(*args, **kwargs)
Nov 09 03:26:45 user devstack@keystone.service[46567]: ERROR keystone.server.flask.application
File "/opt/stack/data/venv/lib/python3.10/site-packages/flask/views.py", line 107, in view
Nov 09 03:26:45 user devstack@keystone.service[46567]: ERROR keystone.server.flask.application return current_app.ensure_sync(self.dispatch_request)(**kwargs)
Nov 09 03:26:45 user devstack@keystone.service[46567]: ERROR keystone.server.flask.application
File "/opt/stack/data/venv/lib/python3.10/site-packages/flask_restful/__init__.py", line 604, in dispatch_request
Nov 09 03:26:45 user devstack@keystone.service[46567]: ERROR keystone.server.flask.application resp = meth(*args, **kwargs)
Nov 09 03:26:45 user devstack@keystone.service[46567]: ERROR keystone.server.flask.application
File "/opt/stack/keystone/keystone/api/roles.py", line 50, in get
Nov 09 03:26:45 user devstack@keystone.service[46567]: ERROR keystone.server.flask.application return self._get_role(role_id)
Nov 09 03:26:45 user devstack@keystone.service[46567]: ERROR keystone.server.flask.application
File "/opt/stack/keystone/keystone/api/roles.py", line 70, in _get_role
Nov 09 03:26:45 user devstack@keystone.service[46567]: ERROR keystone.server.flask.application ENFORCER.enforce_call(action='identity:get_role')
Nov 09 03:26:45 user devstack@keystone.service[46567]: ERROR keystone.server.flask.application
File "/opt/stack/keystone/keystone/common/rbac_enforcer/enforcer.py", line 402, in enforce_call
Nov 09 03:26:45 user devstack@keystone.service[46567]: ERROR keystone.server.flask.application policy_dict.update(cls._extract_member_target_data(
Nov 09 03:26:45 user devstack@keystone.service[46567]: ERROR keystone.server.flask.application
File "/opt/stack/keystone/keystone/common/rbac_enforcer/enforcer.py", line 234, in _extract_member_target_data
Nov 09 03:26:45 user devstack@keystone.service[46567]: ERROR keystone.server.flask.application member_name: func(flask.request.view_args[key])
Nov 09 03:26:45 user devstack@keystone.service[46567]: ERROR keystone.server.flask.application
File "/opt/stack/keystone/keystone/common/manager.py", line 115, in wrapped
Nov 09 03:26:45 user devstack@keystone.service[46567]: ERROR keystone.server.flask.application __ret_val = __f(*args, **kwargs)
Nov 09 03:26:45 user devstack@keystone.service[46567]: ERROR keystone.server.flask.application
File "/opt/stack/data/venv/lib/python3.10/site-packages/decorator.py", line 232, in fun
Nov 09 03:26:45 user devstack@keystone.service[46567]: ERROR keystone.server.flask.application return caller(func, *(extras + args), **kw)
Nov 09 03:26:45 user devstack@keystone.service[46567]: ERROR keystone.server.flask.application
File "/opt/stack/data/venv/lib/python3.10/site-packages/dogpile/cache/region.py", line 1594, in get_or_create_for_user_func
Nov 09 03:26:45 user devstack@keystone.service[46567]: ERROR keystone.server.flask.application return self.get_or_create(
Nov 09 03:26:45 user devstack@keystone.service[46567]: ERROR keystone.server.flask.application
File "/opt/stack/data/venv/lib/python3.10/site-packages/dogpile/cache/region.py", line 1054, in get_or_create
Nov 09 03:26:45 user devstack@keystone.service[46567]: ERROR keystone.server.flask.application with Lock(
Nov 09 03:26:45 user devstack@keystone.service[46567]: ERROR keystone.server.flask.application
File "/opt/stack/data/venv/lib/python3.10/site-packages/dogpile/lock.py", line 185, in __enter__
Nov 09 03:26:45 user devstack@keystone.service[46567]: ERROR keystone.server.flask.application return self._enter()
Nov 09 03:26:45 user devstack@keystone.service[46567]: ERROR keystone.server.flask.application
File "/opt/stack/data/venv/lib/python3.10/site-packages/dogpile/lock.py", line 94, in _enter
Nov 09 03:26:45 user devstack@keystone.service[46567]: ERROR keystone.server.flask.application generated = self._enter_create(value, createdtime)
Nov 09 03:26:45 user devstack@keystone.service[46567]: ERROR keystone.server.flask.application
File "/opt/stack/data/venv/lib/python3.10/site-packages/dogpile/lock.py", line 178, in _enter_create
Nov 09 03:26:45 user devstack@keystone.service[46567]: ERROR keystone.server.flask.application return self.creator()
Nov 09 03:26:45 user devstack@keystone.service[46567]: ERROR keystone.server.flask.application
File "/opt/stack/data/venv/lib/python3.10/site-packages/dogpile/cache/region.py", line 1007, in gen_value
Nov 09 03:26:45 user devstack@keystone.service[46567]: ERROR keystone.server.flask.application created_value = creator(
Nov 09 03:26:45 user devstack@keystone.service[46567]: ERROR keystone.server.flask.application
File "/opt/stack/keystone/keystone/assignment/core.py", line 1276, in get_role
Nov 09 03:26:45 user devstack@keystone.service[46567]: ERROR keystone.server.flask.application return self.driver.get_role(role_id)
Nov 09 03:26:45 user devstack@keystone.service[46567]: ERROR keystone.server.flask.application
File "/opt/stack/keystone/keystone/assignment/role_backends/sql.py", line 70, in get_role
Nov 09 03:26:45 user devstack@keystone.service[46567]: ERROR keystone.server.flask.application return self._get_role(session, role_id).to_dict()
Nov 09 03:26:45 user devstack@keystone.service[46567]: ERROR keystone.server.flask.application
File "/opt/stack/keystone/keystone/assignment/role_backends/sql.py", line 65, in _get_role
Nov 09 03:26:45 user devstack@keystone.service[46567]: ERROR keystone.server.flask.application raise exception.RoleNotFound(role_id=role_id)
Nov 09 03:26:45 user devstack@keystone.service[46567]: ERROR keystone.server.flask.application keystone.exception.RoleNotFound: Could not find role: member.
Nov 09 03:26:45 user devstack@keystone.service[46567]: ERROR keystone.server.flask.application
Nov 09 03:26:45 user devstack@keystone.service[46567]: [pid: 46567|app: 0|req: 57/178] 10.0.0.210 () {56 vars in 1094 bytes} [Thu Nov 9 03:26:45 2023] GET /identity/v3/roles/member => generated 84 bytes in 147 msecs (HTTP/1.1 404) 5 headers in 183 bytes (1 switches on core 0)
Nov 09 03:26:45 user devstack@keystone.service[46568]: DEBUG keystone.server.flask.request_processing.middleware.auth_context [None req-aa5e82c6-5e77-4342-a74f-a6429a46c857 None None] Authenticating user token {{(pid=46568) process_request /opt/stack/data/venv/lib/python3.10/site-packages/keystonemiddleware/auth_token/__init__.py:406}}
Nov 09 03:26:45 user devstack@keystone.service[46566]: DEBUG keystone.server.flask.request_processing.middleware.auth_context [None req-c31dc0df-2a7f-4d94-a542-e900ebf61468 None None] Validating token access rules against request {{(pid=46566) validate_allowed_request /opt/stack/data/venv/lib/python3.10/site-packages/keystonemiddleware/auth_token/__init__.py:544}}
Nov 09 03:26:45 user devstack@keystone.service[46566]: DEBUG keystone.server.flask.request_processing.middleware.auth_context [None req-1b124348-46f3-42a9-b26a-e3cc7fc4377f None admin] RBAC: auth_context: {'token': , 'domain_id': None, 'trust_id': None, 'trustor_id': None, 'trustee_id': None, 'domain_name': None, 'group_ids': [], 'user_id': '0bd62221c8de4bb1bd44f52dee9398fe', 'user_domain_id': 'default', 'system_scope': 'all', 'project_id': None, 'project_domain_id': None, 'roles': ['admin', 'manager', 'member', 'reader'], 'is_admin_project': True, 'service_user_id': None, 'service_user_domain_id': None, 'service_project_id': None, 'service_project_domain_id': None, 'service_roles': []} {{(pid=46566) fill_context /opt/stack/keystone/keystone/server/flask/request_processing/middleware/auth_context.py:480}}
Nov 09 03:26:45 user devstack@keystone.service[46566]: DEBUG keystone.server.flask.request_processing.req_logging [None req-1b124348-46f3-42a9-b26a-e3cc7fc4377f None admin] REQUEST_METHOD: `GET` {{(pid=46566) log_request_info /opt/stack/keystone/keystone/server/flask/request_processing/req_logging.py:27}}
Nov 09 03:26:45 user devstack@keystone.service[46566]: DEBUG keystone.server.flask.request_processing.req_logging [None req-1b124348-46f3-42a9-b26a-e3cc7fc4377f None admin] SCRIPT_NAME: `/identity` {{(pid=46566) log_request_info /opt/stack/keystone/keystone/server/flask/request_processing/req_logging.py:28}}
Nov 09 03:26:45 user devstack@keystone.service[46566]: DEBUG keystone.server.flask.request_processing.req_logging [None req-1b124348-46f3-42a9-b26a-e3cc7fc4377f None admin] PATH_INFO: `/v3/domains/default` {{(pid=46566) log_request_info /opt/stack/keystone/keystone/server/flask/request_processing/req_logging.py:29}}
Nov 09 03:26:45 user devstack@keystone.service[46566]: DEBUG keystone.common.rbac_enforcer.enforcer [None req-1b124348-46f3-42a9-b26a-e3cc7fc4377f None admin] RBAC: Authorizing `identity:get_domain(domain_id=default)` {{(pid=46566) enforce_call /opt/stack/keystone/keystone/common/rbac_enforcer/enforcer.py:449}}
Nov 09 03:26:45 user devstack@keystone.service[46566]: DEBUG keystone.common.rbac_enforcer.enforcer [None req-1b124348-46f3-42a9-b26a-e3cc7fc4377f None admin] RBAC: Authorization granted {{(pid=46566) enforce_call /opt/stack/keystone/keystone/common/rbac_enforcer/enforcer.py:457}}
Nov 09 03:26:45 user devstack@keystone.service[46566]: [pid: 46566|app: 0|req: 59/179] 10.0.0.210 () {56 vars in 1103 bytes} [Thu Nov 9 03:26:45 2023] GET /identity/v3/domains/default => generated 198 bytes in 134 msecs (HTTP/1.1 200) 5 headers in 177 bytes (1 switches on core 0)
Nov 09 03:26:45 user devstack@keystone.service[46567]: DEBUG keystone.server.flask.request_processing.middleware.auth_context [None req-0359ac3c-2070-4566-bd2d-67ff78bfe5a6 None admin] Authenticating user token {{(pid=46567) process_request /opt/stack/data/venv/lib/python3.10/site-packages/keystonemiddleware/auth_token/__init__.py:406}}
Nov 09 03:26:45 user devstack@keystone.service[46566]: DEBUG keystone.server.flask.request_processing.req_logging [None req-eb85ad7c-a00f-462b-b85a-31fa539380af None None] REQUEST_METHOD: `GET` {{(pid=46566) log_request_info /opt/stack/keystone/keystone/server/flask/request_processing/req_logging.py:27}}
Nov 09 03:26:45 user devstack@keystone.service[46566]: DEBUG keystone.server.flask.request_processing.req_logging [None req-eb85ad7c-a00f-462b-b85a-31fa539380af None None] SCRIPT_NAME: `/identity` {{(pid=46566) log_request_info /opt/stack/keystone/keystone/server/flask/request_processing/req_logging.py:28}}
Nov 09 03:26:45 user devstack@keystone.service[46566]: DEBUG keystone.server.flask.request_processing.req_logging [None req-eb85ad7c-a00f-462b-b85a-31fa539380af None None] PATH_INFO: `/` {{(pid=46566) log_request_info /opt/stack/keystone/keystone/server/flask/request_processing/req_logging.py:29}}
Nov 09 03:26:45 user devstack@keystone.service[46566]: [pid: 46566|app: 0|req: 60/180] 10.0.0.210 () {54 vars in 921 bytes} [Thu Nov 9 03:26:45 2023] GET /identity => generated 269 bytes in 2 msecs (HTTP/1.1 300) 6 headers in 233 bytes (1 switches on core 0)
Nov 09 03:26:45 user devstack@keystone.service[46566]: DEBUG keystone.server.flask.request_processing.middleware.auth_context [None req-eb85ad7c-a00f-462b-b85a-31fa539380af None None] Authenticating user token {{(pid=46566) process_request /opt/stack/data/venv/lib/python3.10/site-packages/keystonemiddleware/auth_token/__init__.py:406}}
Nov 09 03:26:45 user devstack@keystone.service[46568]: DEBUG keystone.server.flask.request_processing.middleware.auth_context [None req-aa5e82c6-5e77-4342-a74f-a6429a46c857 None None] Validating token access rules against request {{(pid=46568) validate_allowed_request /opt/stack/data/venv/lib/python3.10/site-packages/keystonemiddleware/auth_token/__init__.py:544}}
Nov 09 03:26:46 user devstack@keystone.service[46568]: DEBUG keystone.server.flask.request_processing.middleware.auth_context [None req-2145f61d-006a-45cd-ad5b-b17c051c0ea0 None admin] RBAC: auth_context: {'token': , 'domain_id': None, 'trust_id': None, 'trustor_id': None, 'trustee_id': None, 'domain_name': None, 'group_ids': [], 'user_id': '0bd62221c8de4bb1bd44f52dee9398fe', 'user_domain_id': 'default', 'system_scope': 'all', 'project_id': None, 'project_domain_id': None, 'roles': ['admin', 'manager', 'member', 'reader'], 'is_admin_project': True, 'service_user_id': None, 'service_user_domain_id': None, 'service_project_id': None, 'service_project_domain_id': None, 'service_roles': []} {{(pid=46568) fill_context /opt/stack/keystone/keystone/server/flask/request_processing/middleware/auth_context.py:480}}
Nov 09 03:26:46 user devstack@keystone.service[46568]: DEBUG keystone.server.flask.request_processing.req_logging [None req-2145f61d-006a-45cd-ad5b-b17c051c0ea0 None admin] REQUEST_METHOD: `GET` {{(pid=46568) log_request_info /opt/stack/keystone/keystone/server/flask/request_processing/req_logging.py:27}}
Nov 09 03:26:46 user devstack@keystone.service[46568]: DEBUG keystone.server.flask.request_processing.req_logging [None req-2145f61d-006a-45cd-ad5b-b17c051c0ea0 None admin] SCRIPT_NAME: `/identity` {{(pid=46568) log_request_info /opt/stack/keystone/keystone/server/flask/request_processing/req_logging.py:28}}
Nov 09 03:26:46 user devstack@keystone.service[46568]: DEBUG keystone.server.flask.request_processing.req_logging [None req-2145f61d-006a-45cd-ad5b-b17c051c0ea0 None admin] PATH_INFO: `/v3/roles` {{(pid=46568) log_request_info /opt/stack/keystone/keystone/server/flask/request_processing/req_logging.py:29}}
Nov 09 03:26:46 user devstack@keystone.service[46568]: DEBUG keystone.common.rbac_enforcer.enforcer [None req-2145f61d-006a-45cd-ad5b-b17c051c0ea0 None admin] RBAC: Adding query filter params (name=member) {{(pid=46568) _extract_filter_values /opt/stack/keystone/keystone/common/rbac_enforcer/enforcer.py:167}}
Nov 09 03:26:46 user devstack@keystone.service[46568]: DEBUG keystone.common.rbac_enforcer.enforcer [None req-2145f61d-006a-45cd-ad5b-b17c051c0ea0 None admin] RBAC: Authorizing `identity:list_roles()` {{(pid=46568) enforce_call /opt/stack/keystone/keystone/common/rbac_enforcer/enforcer.py:449}}
Nov 09 03:26:46 user devstack@keystone.service[46568]: DEBUG keystone.common.rbac_enforcer.enforcer [None req-2145f61d-006a-45cd-ad5b-b17c051c0ea0 None admin] RBAC: Authorization granted {{(pid=46568) enforce_call /opt/stack/keystone/keystone/common/rbac_enforcer/enforcer.py:457}}
Nov 09 03:26:46 user devstack@keystone.service[46568]: [pid: 46568|app: 0|req: 64/181] 10.0.0.210 () {56 vars in 1096 bytes} [Thu Nov 9 03:26:45 2023] GET /identity/v3/roles?name=member => generated 339 bytes in 141 msecs (HTTP/1.1 200) 5 headers in 177 bytes (1 switches on core 0)
Nov 09 03:26:46 user devstack@keystone.service[46567]: DEBUG keystone.server.flask.request_processing.middleware.auth_context [None req-0359ac3c-2070-4566-bd2d-67ff78bfe5a6 None admin] Validating token access rules against request {{(pid=46567) validate_allowed_request /opt/stack/data/venv/lib/python3.10/site-packages/keystonemiddleware/auth_token/__init__.py:544}}
Nov 09 03:26:46 user devstack@keystone.service[46568]: DEBUG keystone.server.flask.request_processing.middleware.auth_context [None req-2145f61d-006a-45cd-ad5b-b17c051c0ea0 None admin] Authenticating user token {{(pid=46568) process_request /opt/stack/data/venv/lib/python3.10/site-packages/keystonemiddleware/auth_token/__init__.py:406}}
