Oct 20 02:02:18 user devstack@c-api.service[75077]: INFO cinder.api.openstack.wsgi [None req-1e763e0c-dcd3-4a52-835a-8c67935a37c8 tempest-SnapshotMetadataTestJSON-384081706 tempest-SnapshotMetadataTestJSON-384081706-project-member] http://10.0.0.210/volume/v3/109c4b6ef58746489a3030065b727a44/snapshots/98a3e651-7d4f-4f2d-9f6d-d29e06ac2eff returned with HTTP 200
Oct 20 02:02:18 user devstack@c-api.service[75077]: [pid: 75077|app: 0|req: 10/23] 10.0.0.210 () {62 vars in 1408 bytes} [Fri Oct 20 02:02:18 2023] GET /volume/v3/109c4b6ef58746489a3030065b727a44/snapshots/98a3e651-7d4f-4f2d-9f6d-d29e06ac2eff => generated 442 bytes in 72 msecs (HTTP/1.1 200) 7 headers in 285 bytes (1 switches on core 0)
Oct 20 02:02:18 user devstack@c-api.service[75076]: /opt/stack/data/venv/lib/python3.10/site-packages/oslo_context/context.py:100: DeprecationWarning: Policy enforcement is depending on the value of is_admin. This key is deprecated. Please update your policy file to use the standard policy values.
Oct 20 02:02:18 user devstack@c-api.service[75076]: warnings.warn('Policy enforcement is depending on the value of '
Oct 20 02:02:18 user devstack@c-api.service[75075]: INFO cinder.api.openstack.wsgi [None req-d662417e-20ce-4a99-9c42-7e1831d1d61e tempest-VolumeTypesAccessTest-1752193656 tempest-VolumeTypesAccessTest-1752193656-project-admin] POST http://10.0.0.210/volume/v3/f56cf481a0924c7c9b48e6954f3876bc/types
Oct 20 02:02:18 user devstack@c-api.service[75075]: DEBUG cinder.api.openstack.wsgi [None req-d662417e-20ce-4a99-9c42-7e1831d1d61e tempest-VolumeTypesAccessTest-1752193656 tempest-VolumeTypesAccessTest-1752193656-project-admin] Action: 'create', calling method: _create, body: {"volume_type": {"name": "tempest-VolumeTypesAccessTest-volume-type-1338869603", "os-volume-type-access:is_public": false}} {{(pid=75075) _process_stack /opt/stack/cinder/cinder/api/openstack/wsgi.py:866}}
Oct 20 02:02:18 user devstack@c-api.service[75076]: INFO cinder.volume.api [req-4f02f079-e88a-487a-bb8e-b74223c372f4 req-9a7a852f-00a1-4f3d-89a1-d10d74954a32 tempest-VolumesSnapshotsTestJSON-862527222 tempest-VolumesSnapshotsTestJSON-862527222-project-member] Volume info retrieved successfully.
Oct 20 02:02:18 user devstack@c-api.service[75076]: INFO cinder.api.openstack.wsgi [req-4f02f079-e88a-487a-bb8e-b74223c372f4 req-9a7a852f-00a1-4f3d-89a1-d10d74954a32 tempest-VolumesSnapshotsTestJSON-862527222 tempest-VolumesSnapshotsTestJSON-862527222-project-member] http://10.0.0.210/volume/v3/c390196d13e540aca5167f818c066db7/volumes/0b9a2a65-4f3a-44ba-82f0-54846a52673d returned with HTTP 200
Oct 20 02:02:18 user devstack@c-api.service[75076]: [pid: 75076|app: 0|req: 8/24] 10.0.0.210 () {64 vars in 1655 bytes} [Fri Oct 20 02:02:18 2023] GET /volume/v3/c390196d13e540aca5167f818c066db7/volumes/0b9a2a65-4f3a-44ba-82f0-54846a52673d => generated 915 bytes in 67 msecs (HTTP/1.1 200) 7 headers in 285 bytes (1 switches on core 0)
Oct 20 02:02:18 user devstack@c-api.service[75075]: INFO cinder.api.openstack.wsgi [None req-d662417e-20ce-4a99-9c42-7e1831d1d61e tempest-VolumeTypesAccessTest-1752193656 tempest-VolumeTypesAccessTest-1752193656-project-admin] http://10.0.0.210/volume/v3/f56cf481a0924c7c9b48e6954f3876bc/types returned with HTTP 200
Oct 20 02:02:18 user devstack@c-api.service[75075]: [pid: 75075|app: 0|req: 7/25] 10.0.0.210 () {64 vars in 1307 bytes} [Fri Oct 20 02:02:18 2023] POST /volume/v3/f56cf481a0924c7c9b48e6954f3876bc/types => generated 229 bytes in 214 msecs (HTTP/1.1 200) 7 headers in 285 bytes (1 switches on core 0)
Oct 20 02:02:18 user devstack@c-api.service[75077]: DEBUG cinder.api.middleware.request_id [None req-b7764f0b-0b7a-4486-94fe-580a71451450 None None] RequestId filter calling following filter/app {{(pid=75077) _context_setter /opt/stack/cinder/cinder/api/middleware/request_id.py:62}}
Oct 20 02:02:18 user devstack@c-api.service[75076]: DEBUG cinder.api.middleware.request_id [req-550d687b-2a90-4157-9b9f-b0e49f223a0d req-8b0a3f78-1855-48c7-8fac-6b3e771fae79 None None] RequestId filter calling following filter/app {{(pid=75076) _context_setter /opt/stack/cinder/cinder/api/middleware/request_id.py:62}}
Oct 20 02:02:18 user devstack@c-api.service[75076]: INFO cinder.api.openstack.wsgi [req-550d687b-2a90-4157-9b9f-b0e49f223a0d req-8b0a3f78-1855-48c7-8fac-6b3e771fae79 tempest-VolumesSnapshotsTestJSON-862527222 tempest-VolumesSnapshotsTestJSON-862527222-project-member] POST http://10.0.0.210/volume/v3/c390196d13e540aca5167f818c066db7/snapshots
Oct 20 02:02:18 user devstack@c-api.service[75076]: DEBUG cinder.api.openstack.wsgi [req-550d687b-2a90-4157-9b9f-b0e49f223a0d req-8b0a3f78-1855-48c7-8fac-6b3e771fae79 tempest-VolumesSnapshotsTestJSON-862527222 tempest-VolumesSnapshotsTestJSON-862527222-project-member] Action: 'create', calling method: create, body: {"snapshot": {"volume_id": "0b9a2a65-4f3a-44ba-82f0-54846a52673d", "force": false, "name": "tempest-VolumesSnapshotsTestJSON-Snapshot-1799720072", "description": null, "metadata": {}}} {{(pid=75076) _process_stack /opt/stack/cinder/cinder/api/openstack/wsgi.py:866}}
Oct 20 02:02:18 user devstack@c-api.service[75076]: /opt/stack/data/venv/lib/python3.10/site-packages/oslo_context/context.py:100: DeprecationWarning: Policy enforcement is depending on the value of is_admin. This key is deprecated. Please update your policy file to use the standard policy values.
Oct 20 02:02:18 user devstack@c-api.service[75076]: warnings.warn('Policy enforcement is depending on the value of '
Oct 20 02:02:18 user devstack@c-api.service[75076]: INFO cinder.volume.api [req-550d687b-2a90-4157-9b9f-b0e49f223a0d req-8b0a3f78-1855-48c7-8fac-6b3e771fae79 tempest-VolumesSnapshotsTestJSON-862527222 tempest-VolumesSnapshotsTestJSON-862527222-project-member] Volume info retrieved successfully.
Oct 20 02:02:18 user devstack@c-api.service[75076]: INFO cinder.api.v3.snapshots [req-550d687b-2a90-4157-9b9f-b0e49f223a0d req-8b0a3f78-1855-48c7-8fac-6b3e771fae79 tempest-VolumesSnapshotsTestJSON-862527222 tempest-VolumesSnapshotsTestJSON-862527222-project-member] Create snapshot from volume 0b9a2a65-4f3a-44ba-82f0-54846a52673d
Oct 20 02:02:18 user devstack@c-api.service[75077]: INFO cinder.api.openstack.wsgi [None req-b7764f0b-0b7a-4486-94fe-580a71451450 tempest-VolumeTypesAccessTest-1747542968 tempest-VolumeTypesAccessTest-1747542968-project-member] POST http://10.0.0.210/volume/v3/7a17355be2344003bcc86ad6c51d1e21/volumes
Oct 20 02:02:18 user devstack@c-api.service[75077]: DEBUG cinder.api.openstack.wsgi [None req-b7764f0b-0b7a-4486-94fe-580a71451450 tempest-VolumeTypesAccessTest-1747542968 tempest-VolumeTypesAccessTest-1747542968-project-member] Action: 'create', calling method: create, body: {"volume": {"volume_type": "3e859375-b811-444c-8c34-2ebce6492b3b", "size": 1}} {{(pid=75077) _process_stack /opt/stack/cinder/cinder/api/openstack/wsgi.py:866}}
Oct 20 02:02:18 user devstack@c-api.service[75077]: DEBUG cinder.api.v3.volumes [None req-b7764f0b-0b7a-4486-94fe-580a71451450 tempest-VolumeTypesAccessTest-1747542968 tempest-VolumeTypesAccessTest-1747542968-project-member] Create volume request body: {'volume': {'volume_type': '3e859375-b811-444c-8c34-2ebce6492b3b', 'size': 1}} {{(pid=75077) create /opt/stack/cinder/cinder/api/v3/volumes.py:297}}
Oct 20 02:02:18 user devstack@c-api.service[75077]: INFO cinder.api.openstack.wsgi [None req-b7764f0b-0b7a-4486-94fe-580a71451450 tempest-VolumeTypesAccessTest-1747542968 tempest-VolumeTypesAccessTest-1747542968-project-member] http://10.0.0.210/volume/v3/7a17355be2344003bcc86ad6c51d1e21/volumes returned with HTTP 404
Oct 20 02:02:18 user devstack@c-api.service[75077]: [pid: 75077|app: 0|req: 11/26] 10.0.0.210 () {64 vars in 1312 bytes} [Fri Oct 20 02:02:18 2023] POST /volume/v3/7a17355be2344003bcc86ad6c51d1e21/volumes => generated 114 bytes in 124 msecs (HTTP/1.1 404) 7 headers in 292 bytes (1 switches on core 0)
Oct 20 02:02:18 user devstack@c-api.service[75075]: DEBUG cinder.api.middleware.request_id [None req-0ecb12f4-f10d-4e69-a1d1-ddfd1357d658 None None] RequestId filter calling following filter/app {{(pid=75075) _context_setter /opt/stack/cinder/cinder/api/middleware/request_id.py:62}}
Oct 20 02:02:18 user devstack@c-api.service[75075]: INFO cinder.api.openstack.wsgi [None req-0ecb12f4-f10d-4e69-a1d1-ddfd1357d658 tempest-VolumeTypesAccessTest-1752193656 tempest-VolumeTypesAccessTest-1752193656-project-admin] POST http://10.0.0.210/volume/v3/f56cf481a0924c7c9b48e6954f3876bc/types/3e859375-b811-444c-8c34-2ebce6492b3b/action
Oct 20 02:02:18 user devstack@c-api.service[75075]: DEBUG cinder.api.openstack.wsgi [None req-0ecb12f4-f10d-4e69-a1d1-ddfd1357d658 tempest-VolumeTypesAccessTest-1752193656 tempest-VolumeTypesAccessTest-1752193656-project-admin] Action body: b'{"addProjectAccess": {"project": "7a17355be2344003bcc86ad6c51d1e21"}}' {{(pid=75075) get_method /opt/stack/cinder/cinder/api/openstack/wsgi.py:983}}
Oct 20 02:02:18 user devstack@c-api.service[75075]: DEBUG cinder.api.openstack.wsgi [None req-0ecb12f4-f10d-4e69-a1d1-ddfd1357d658 tempest-VolumeTypesAccessTest-1752193656 tempest-VolumeTypesAccessTest-1752193656-project-admin] Action: 'action', calling method: _addProjectAccess, body: {"addProjectAccess": {"project": "7a17355be2344003bcc86ad6c51d1e21"}} {{(pid=75075) _process_stack /opt/stack/cinder/cinder/api/openstack/wsgi.py:866}}
Oct 20 02:02:18 user devstack@c-api.service[75076]: DEBUG cinder.quota [req-550d687b-2a90-4157-9b9f-b0e49f223a0d req-8b0a3f78-1855-48c7-8fac-6b3e771fae79 tempest-VolumesSnapshotsTestJSON-862527222 tempest-VolumesSnapshotsTestJSON-862527222-project-member] Created reservations ['c24c0316-9386-45c8-bb4d-eba7b6cd77c1', '22c5a224-fc79-4006-91b1-5743b93706d0', 'e100aa0b-5220-4a93-bc7f-1418a4fa6df1', 'ce354fb8-422d-4467-aebf-13f94069d4b6'] {{(pid=75076) reserve /opt/stack/cinder/cinder/quota.py:755}}
Oct 20 02:02:18 user devstack@c-api.service[75075]: INFO cinder.api.openstack.wsgi [None req-0ecb12f4-f10d-4e69-a1d1-ddfd1357d658 tempest-VolumeTypesAccessTest-1752193656 tempest-VolumeTypesAccessTest-1752193656-project-admin] http://10.0.0.210/volume/v3/f56cf481a0924c7c9b48e6954f3876bc/types/3e859375-b811-444c-8c34-2ebce6492b3b/action returned with HTTP 202
Oct 20 02:02:18 user devstack@c-api.service[75075]: [pid: 75075|app: 0|req: 8/27] 10.0.0.210 () {64 vars in 1438 bytes} [Fri Oct 20 02:02:18 2023] POST /volume/v3/f56cf481a0924c7c9b48e6954f3876bc/types/3e859375-b811-444c-8c34-2ebce6492b3b/action => generated 0 bytes in 28 msecs (HTTP/1.1 202) 6 headers in 233 bytes (1 switches on core 0)
Oct 20 02:02:18 user devstack@c-api.service[75077]: DEBUG cinder.api.middleware.request_id [None req-91e2a868-65ec-48d9-8211-a6eea366a1bf None None] RequestId filter calling following filter/app {{(pid=75077) _context_setter /opt/stack/cinder/cinder/api/middleware/request_id.py:62}}
Oct 20 02:02:18 user devstack@c-api.service[75077]: INFO cinder.api.openstack.wsgi [None req-91e2a868-65ec-48d9-8211-a6eea366a1bf tempest-VolumeTypesAccessTest-1747542968 tempest-VolumeTypesAccessTest-1747542968-project-member] POST http://10.0.0.210/volume/v3/7a17355be2344003bcc86ad6c51d1e21/volumes
Oct 20 02:02:18 user devstack@c-api.service[75077]: DEBUG cinder.api.openstack.wsgi [None req-91e2a868-65ec-48d9-8211-a6eea366a1bf tempest-VolumeTypesAccessTest-1747542968 tempest-VolumeTypesAccessTest-1747542968-project-member] Action: 'create', calling method: create, body: {"volume": {"volume_type": "3e859375-b811-444c-8c34-2ebce6492b3b", "size": 1, "name": "tempest-VolumeTypesAccessTest-Volume-1156726255"}} {{(pid=75077) _process_stack /opt/stack/cinder/cinder/api/openstack/wsgi.py:866}}
Oct 20 02:02:18 user devstack@c-api.service[75077]: DEBUG cinder.api.v3.volumes [None req-91e2a868-65ec-48d9-8211-a6eea366a1bf tempest-VolumeTypesAccessTest-1747542968 tempest-VolumeTypesAccessTest-1747542968-project-member] Create volume request body: {'volume': {'volume_type': '3e859375-b811-444c-8c34-2ebce6492b3b', 'size': 1, 'name': 'tempest-VolumeTypesAccessTest-Volume-1156726255'}} {{(pid=75077) create /opt/stack/cinder/cinder/api/v3/volumes.py:297}}
Oct 20 02:02:18 user devstack@c-api.service[75077]: INFO cinder.api.v3.volumes [None req-91e2a868-65ec-48d9-8211-a6eea366a1bf tempest-VolumeTypesAccessTest-1747542968 tempest-VolumeTypesAccessTest-1747542968-project-member] Create volume of 1 GB
Oct 20 02:02:18 user devstack@c-api.service[75077]: /opt/stack/data/venv/lib/python3.10/site-packages/oslo_context/context.py:100: DeprecationWarning: Policy enforcement is depending on the value of is_admin. This key is deprecated. Please update your policy file to use the standard policy values.
Oct 20 02:02:18 user devstack@c-api.service[75077]: warnings.warn('Policy enforcement is depending on the value of '
Oct 20 02:02:18 user devstack@c-api.service[75077]: INFO cinder.volume.api [None req-91e2a868-65ec-48d9-8211-a6eea366a1bf tempest-VolumeTypesAccessTest-1747542968 tempest-VolumeTypesAccessTest-1747542968-project-member] Availability Zones retrieved successfully.
Oct 20 02:02:18 user devstack@c-api.service[75077]: DEBUG cinder.volume.api [None req-91e2a868-65ec-48d9-8211-a6eea366a1bf tempest-VolumeTypesAccessTest-1747542968 tempest-VolumeTypesAccessTest-1747542968-project-member] Flow 'volume_create_api' (4b0d6397-c6ba-4fbf-baec-6fab1136c19f) transitioned into state 'RUNNING' from state 'PENDING' {{(pid=75077) _flow_receiver /opt/stack/data/venv/lib/python3.10/site-packages/taskflow/listeners/logging.py:141}}
Oct 20 02:02:18 user devstack@c-api.service[75077]: DEBUG cinder.volume.api [None req-91e2a868-65ec-48d9-8211-a6eea366a1bf tempest-VolumeTypesAccessTest-1747542968 tempest-VolumeTypesAccessTest-1747542968-project-member] Task 'cinder.volume.flows.api.create_volume.ExtractVolumeRequestTask;volume:create' (7ce8ad74-7a64-4e32-875c-e239ae415786) transitioned into state 'RUNNING' from state 'PENDING' {{(pid=75077) _task_receiver /opt/stack/data/venv/lib/python3.10/site-packages/taskflow/listeners/logging.py:190}}
Oct 20 02:02:18 user devstack@c-api.service[75077]: DEBUG cinder.volume.flows.api.create_volume [None req-91e2a868-65ec-48d9-8211-a6eea366a1bf tempest-VolumeTypesAccessTest-1747542968 tempest-VolumeTypesAccessTest-1747542968-project-member] Validating volume size '1' using validate_int {{(pid=75077) _extract_size /opt/stack/cinder/cinder/volume/flows/api/create_volume.py:228}}
Oct 20 02:02:18 user devstack@c-api.service[75076]: INFO cinder.volume.api [req-550d687b-2a90-4157-9b9f-b0e49f223a0d req-8b0a3f78-1855-48c7-8fac-6b3e771fae79 tempest-VolumesSnapshotsTestJSON-862527222 tempest-VolumesSnapshotsTestJSON-862527222-project-member] Snapshot create request issued successfully.
Oct 20 02:02:18 user devstack@c-api.service[75076]: INFO cinder.api.openstack.wsgi [req-550d687b-2a90-4157-9b9f-b0e49f223a0d req-8b0a3f78-1855-48c7-8fac-6b3e771fae79 tempest-VolumesSnapshotsTestJSON-862527222 tempest-VolumesSnapshotsTestJSON-862527222-project-member] http://10.0.0.210/volume/v3/c390196d13e540aca5167f818c066db7/snapshots returned with HTTP 202
Oct 20 02:02:18 user devstack@c-api.service[75076]: [pid: 75076|app: 0|req: 9/28] 10.0.0.210 () {68 vars in 1604 bytes} [Fri Oct 20 02:02:18 2023] POST /volume/v3/c390196d13e540aca5167f818c066db7/snapshots => generated 311 bytes in 183 msecs (HTTP/1.1 202) 7 headers in 291 bytes (1 switches on core 0)
Oct 20 02:02:18 user devstack@c-api.service[75075]: DEBUG cinder.api.middleware.request_id [req-2f737e3a-8fc1-4e8b-988d-6a7361af8ad9 req-13d5bdc0-3ded-4d05-bc7b-0e76652e783c None None] RequestId filter calling following filter/app {{(pid=75075) _context_setter /opt/stack/cinder/cinder/api/middleware/request_id.py:62}}
Oct 20 02:02:18 user devstack@c-api.service[75077]: DEBUG cinder.volume.api [None req-91e2a868-65ec-48d9-8211-a6eea366a1bf tempest-VolumeTypesAccessTest-1747542968 tempest-VolumeTypesAccessTest-1747542968-project-member] Task 'cinder.volume.flows.api.create_volume.ExtractVolumeRequestTask;volume:create' (7ce8ad74-7a64-4e32-875c-e239ae415786) transitioned into state 'SUCCESS' from state 'RUNNING' with result '{'size': 1, 'snapshot_id': None, 'source_volid': None, 'volume_type': VolumeType(created_at=2023-10-20T02:02:18Z,deleted=False,deleted_at=None,description=None,extra_specs={},id=3e859375-b811-444c-8c34-2ebce6492b3b,is_public=False,name='tempest-VolumeTypesAccessTest-volume-type-1338869603',projects=[],qos_specs=,qos_specs_id=None,updated_at=None), 'volume_type_id': '3e859375-b811-444c-8c34-2ebce6492b3b', 'encryption_key_id': None, 'qos_specs': None, 'consistencygroup_id': None, 'cgsnapshot_id': None, 'group_id': None, 'replication_status': 'disabled', 'refresh_az': False, 'backup_id': None, 'multiattach': False, 'availability_zones': ['nova']}' {{(pid=75077) _task_receiver /opt/stack/data/venv/lib/python3.10/site-packages/taskflow/listeners/logging.py:178}}
Oct 20 02:02:18 user devstack@c-api.service[75077]: DEBUG cinder.volume.api [None req-91e2a868-65ec-48d9-8211-a6eea366a1bf tempest-VolumeTypesAccessTest-1747542968 tempest-VolumeTypesAccessTest-1747542968-project-member] Task 'cinder.volume.flows.api.create_volume.QuotaReserveTask;volume:create' (796f8250-62dc-4200-a4d2-91d46d079022) transitioned into state 'RUNNING' from state 'PENDING' {{(pid=75077) _task_receiver /opt/stack/data/venv/lib/python3.10/site-packages/taskflow/listeners/logging.py:190}}
Oct 20 02:02:18 user devstack@c-api.service[75075]: INFO cinder.api.openstack.wsgi [req-2f737e3a-8fc1-4e8b-988d-6a7361af8ad9 req-13d5bdc0-3ded-4d05-bc7b-0e76652e783c tempest-VolumesSnapshotsTestJSON-862527222 tempest-VolumesSnapshotsTestJSON-862527222-project-member] GET http://10.0.0.210/volume/v3/c390196d13e540aca5167f818c066db7/snapshots/bf67c672-e678-4e03-b1f0-1087aa9d1b97
Oct 20 02:02:18 user devstack@c-api.service[75075]: DEBUG cinder.api.openstack.wsgi [req-2f737e3a-8fc1-4e8b-988d-6a7361af8ad9 req-13d5bdc0-3ded-4d05-bc7b-0e76652e783c tempest-VolumesSnapshotsTestJSON-862527222 tempest-VolumesSnapshotsTestJSON-862527222-project-member] Empty body provided in request {{(pid=75075) get_body /opt/stack/cinder/cinder/api/openstack/wsgi.py:715}}
Oct 20 02:02:18 user devstack@c-api.service[75075]: DEBUG cinder.api.openstack.wsgi [req-2f737e3a-8fc1-4e8b-988d-6a7361af8ad9 req-13d5bdc0-3ded-4d05-bc7b-0e76652e783c tempest-VolumesSnapshotsTestJSON-862527222 tempest-VolumesSnapshotsTestJSON-862527222-project-member] Calling method 'show' {{(pid=75075) _process_stack /opt/stack/cinder/cinder/api/openstack/wsgi.py:868}}
Oct 20 02:02:18 user devstack@c-api.service[75077]: WARNING cinder.quota [None req-91e2a868-65ec-48d9-8211-a6eea366a1bf tempest-VolumeTypesAccessTest-1747542968 tempest-VolumeTypesAccessTest-1747542968-project-member] Deprecated: Default quota for resource: volumes_tempest-VolumeTypesAccessTest-volume-type-1338869603 is set by the default quota flag: quota_volumes_tempest-VolumeTypesAccessTest-volume-type-1338869603, it is now deprecated. Please use the default quota class for default quota.
Oct 20 02:02:18 user devstack@c-api.service[75077]: WARNING cinder.quota [None req-91e2a868-65ec-48d9-8211-a6eea366a1bf tempest-VolumeTypesAccessTest-1747542968 tempest-VolumeTypesAccessTest-1747542968-project-member] Deprecated: Default quota for resource: gigabytes_tempest-VolumeTypesAccessTest-volume-type-1338869603 is set by the default quota flag: quota_gigabytes_tempest-VolumeTypesAccessTest-volume-type-1338869603, it is now deprecated. Please use the default quota class for default quota.
Oct 20 02:02:18 user devstack@c-api.service[75075]: /opt/stack/data/venv/lib/python3.10/site-packages/oslo_context/context.py:100: DeprecationWarning: Policy enforcement is depending on the value of is_admin. This key is deprecated. Please update your policy file to use the standard policy values.
Oct 20 02:02:18 user devstack@c-api.service[75075]: warnings.warn('Policy enforcement is depending on the value of '
Oct 20 02:02:18 user devstack@c-api.service[75075]: INFO cinder.volume.api [req-2f737e3a-8fc1-4e8b-988d-6a7361af8ad9 req-13d5bdc0-3ded-4d05-bc7b-0e76652e783c tempest-VolumesSnapshotsTestJSON-862527222 tempest-VolumesSnapshotsTestJSON-862527222-project-member] Snapshot retrieved successfully.
Oct 20 02:02:18 user devstack@c-api.service[75075]: INFO cinder.api.openstack.wsgi [req-2f737e3a-8fc1-4e8b-988d-6a7361af8ad9 req-13d5bdc0-3ded-4d05-bc7b-0e76652e783c tempest-VolumesSnapshotsTestJSON-862527222 tempest-VolumesSnapshotsTestJSON-862527222-project-member] http://10.0.0.210/volume/v3/c390196d13e540aca5167f818c066db7/snapshots/bf67c672-e678-4e03-b1f0-1087aa9d1b97 returned with HTTP 200
Oct 20 02:02:18 user devstack@c-api.service[75075]: [pid: 75075|app: 0|req: 9/29] 10.0.0.210 () {64 vars in 1661 bytes} [Fri Oct 20 02:02:18 2023] GET /volume/v3/c390196d13e540aca5167f818c066db7/snapshots/bf67c672-e678-4e03-b1f0-1087aa9d1b97 => generated 443 bytes in 134 msecs (HTTP/1.1 200) 7 headers in 285 bytes (1 switches on core 0)
Oct 20 02:02:18 user devstack@c-api.service[75076]: DEBUG cinder.api.middleware.request_id [req-01469d39-ca64-47b4-a3e9-d9fdcbda94e3 req-a06350a8-e163-4dc4-b674-2af7bf2c35d2 None None] RequestId filter calling following filter/app {{(pid=75076) _context_setter /opt/stack/cinder/cinder/api/middleware/request_id.py:62}}
Oct 20 02:02:18 user devstack@c-api.service[75076]: INFO cinder.api.openstack.wsgi [req-01469d39-ca64-47b4-a3e9-d9fdcbda94e3 req-a06350a8-e163-4dc4-b674-2af7bf2c35d2 tempest-VolumesSnapshotsTestJSON-862527222 tempest-VolumesSnapshotsTestJSON-862527222-project-member] GET http://10.0.0.210/volume/v3/c390196d13e540aca5167f818c066db7/snapshots/detail
Oct 20 02:02:18 user devstack@c-api.service[75076]: DEBUG cinder.api.openstack.wsgi [req-01469d39-ca64-47b4-a3e9-d9fdcbda94e3 req-a06350a8-e163-4dc4-b674-2af7bf2c35d2 tempest-VolumesSnapshotsTestJSON-862527222 tempest-VolumesSnapshotsTestJSON-862527222-project-member] Empty body provided in request {{(pid=75076) get_body /opt/stack/cinder/cinder/api/openstack/wsgi.py:715}}
Oct 20 02:02:18 user devstack@c-api.service[75076]: DEBUG cinder.api.openstack.wsgi [req-01469d39-ca64-47b4-a3e9-d9fdcbda94e3 req-a06350a8-e163-4dc4-b674-2af7bf2c35d2 tempest-VolumesSnapshotsTestJSON-862527222 tempest-VolumesSnapshotsTestJSON-862527222-project-member] Calling method 'detail' {{(pid=75076) _process_stack /opt/stack/cinder/cinder/api/openstack/wsgi.py:868}}
Oct 20 02:02:18 user devstack@c-api.service[75076]: DEBUG cinder.api.api_utils [req-01469d39-ca64-47b4-a3e9-d9fdcbda94e3 req-a06350a8-e163-4dc4-b674-2af7bf2c35d2 tempest-VolumesSnapshotsTestJSON-862527222 tempest-VolumesSnapshotsTestJSON-862527222-project-member] Removing options '' from query. {{(pid=75076) remove_invalid_filter_options /opt/stack/cinder/cinder/api/api_utils.py:83}}
Oct 20 02:02:18 user devstack@c-api.service[75076]: /opt/stack/data/venv/lib/python3.10/site-packages/oslo_context/context.py:100: DeprecationWarning: Policy enforcement is depending on the value of is_admin. This key is deprecated. Please update your policy file to use the standard policy values.
Oct 20 02:02:18 user devstack@c-api.service[75076]: warnings.warn('Policy enforcement is depending on the value of '
Oct 20 02:02:18 user devstack@c-api.service[75077]: DEBUG cinder.quota [None req-91e2a868-65ec-48d9-8211-a6eea366a1bf tempest-VolumeTypesAccessTest-1747542968 tempest-VolumeTypesAccessTest-1747542968-project-member] Created reservations ['22850557-1ced-48fa-bd29-b37d269f7eea', '4a22b161-924c-4046-bc55-eec89433ce08', 'fcf479ae-ee49-431a-bde4-916a4a31ea6b', '64528cc2-b3e0-4719-936b-dd883ca99d26'] {{(pid=75077) reserve /opt/stack/cinder/cinder/quota.py:755}}
Oct 20 02:02:18 user devstack@c-api.service[75076]: DEBUG cinder.db.sqlalchemy.api [req-01469d39-ca64-47b4-a3e9-d9fdcbda94e3 req-a06350a8-e163-4dc4-b674-2af7bf2c35d2 tempest-VolumesSnapshotsTestJSON-862527222 tempest-VolumesSnapshotsTestJSON-862527222-project-member] Building query based on filter {{(pid=75076) _process_snaps_filters /opt/stack/cinder/cinder/db/sqlalchemy/api.py:3926}}
Oct 20 02:02:18 user devstack@c-api.service[75077]: DEBUG cinder.volume.api [None req-91e2a868-65ec-48d9-8211-a6eea366a1bf tempest-VolumeTypesAccessTest-1747542968 tempest-VolumeTypesAccessTest-1747542968-project-member] Task 'cinder.volume.flows.api.create_volume.QuotaReserveTask;volume:create' (796f8250-62dc-4200-a4d2-91d46d079022) transitioned into state 'SUCCESS' from state 'RUNNING' with result '{'reservations': ['22850557-1ced-48fa-bd29-b37d269f7eea', '4a22b161-924c-4046-bc55-eec89433ce08', 'fcf479ae-ee49-431a-bde4-916a4a31ea6b', '64528cc2-b3e0-4719-936b-dd883ca99d26']}' {{(pid=75077) _task_receiver /opt/stack/data/venv/lib/python3.10/site-packages/taskflow/listeners/logging.py:178}}
Oct 20 02:02:18 user devstack@c-api.service[75077]: DEBUG cinder.volume.api [None req-91e2a868-65ec-48d9-8211-a6eea366a1bf tempest-VolumeTypesAccessTest-1747542968 tempest-VolumeTypesAccessTest-1747542968-project-member] Task 'cinder.volume.flows.api.create_volume.EntryCreateTask;volume:create' (071f4037-03bc-4e01-a332-257cc90ffe7e) transitioned into state 'RUNNING' from state 'PENDING' {{(pid=75077) _task_receiver /opt/stack/data/venv/lib/python3.10/site-packages/taskflow/listeners/logging.py:190}}
Oct 20 02:02:18 user devstack@c-api.service[75076]: INFO cinder.volume.api [req-01469d39-ca64-47b4-a3e9-d9fdcbda94e3 req-a06350a8-e163-4dc4-b674-2af7bf2c35d2 tempest-VolumesSnapshotsTestJSON-862527222 tempest-VolumesSnapshotsTestJSON-862527222-project-member] Get all snapshots completed successfully.
Oct 20 02:02:18 user devstack@c-api.service[75076]: /opt/stack/data/venv/lib/python3.10/site-packages/oslo_context/context.py:100: DeprecationWarning: Policy enforcement is depending on the value of is_admin. This key is deprecated. Please update your policy file to use the standard policy values.
Oct 20 02:02:18 user devstack@c-api.service[75076]: warnings.warn('Policy enforcement is depending on the value of '
Oct 20 02:02:18 user devstack@c-api.service[75076]: INFO cinder.api.openstack.wsgi [req-01469d39-ca64-47b4-a3e9-d9fdcbda94e3 req-a06350a8-e163-4dc4-b674-2af7bf2c35d2 tempest-VolumesSnapshotsTestJSON-862527222 tempest-VolumesSnapshotsTestJSON-862527222-project-member] http://10.0.0.210/volume/v3/c390196d13e540aca5167f818c066db7/snapshots/detail returned with HTTP 200
Oct 20 02:02:18 user devstack@c-api.service[75076]: [pid: 75076|app: 0|req: 10/30] 10.0.0.210 () {64 vars in 1571 bytes} [Fri Oct 20 02:02:18 2023] GET /volume/v3/c390196d13e540aca5167f818c066db7/snapshots/detail => generated 446 bytes in 53 msecs (HTTP/1.1 200) 7 headers in 285 bytes (1 switches on core 0)
Oct 20 02:02:18 user devstack@c-api.service[75075]: DEBUG cinder.api.middleware.request_id [req-e90e8251-4e47-44b4-b7c7-abd963a920cd req-5288914d-a767-4d4f-b7ed-b872f0b8f4fd None None] RequestId filter calling following filter/app {{(pid=75075) _context_setter /opt/stack/cinder/cinder/api/middleware/request_id.py:62}}
Oct 20 02:02:18 user devstack@c-api.service[75075]: INFO cinder.api.openstack.wsgi [req-e90e8251-4e47-44b4-b7c7-abd963a920cd req-5288914d-a767-4d4f-b7ed-b872f0b8f4fd tempest-VolumesSnapshotsTestJSON-862527222 tempest-VolumesSnapshotsTestJSON-862527222-project-member] GET http://10.0.0.210/volume/v3/c390196d13e540aca5167f818c066db7/snapshots/bf67c672-e678-4e03-b1f0-1087aa9d1b97
Oct 20 02:02:18 user devstack@c-api.service[75077]: DEBUG cinder.volume.api [None req-91e2a868-65ec-48d9-8211-a6eea366a1bf tempest-VolumeTypesAccessTest-1747542968 tempest-VolumeTypesAccessTest-1747542968-project-member] Task 'cinder.volume.flows.api.create_volume.EntryCreateTask;volume:create' (071f4037-03bc-4e01-a332-257cc90ffe7e) transitioned into state 'SUCCESS' from state 'RUNNING' with result '{'volume_id': '22ed9d62-f39a-40f1-b62b-0f8c2b9e58a2', 'volume_properties': VolumeProperties(attach_status='detached',availability_zone='nova',cgsnapshot_id=None,consistencygroup_id=None,display_description=None,display_name='tempest-VolumeTypesAccessTest-Volume-1156726255',encryption_key_id=None,group_id=None,group_type_id=,metadata={},multiattach=False,project_id='7a17355be2344003bcc86ad6c51d1e21',qos_specs=None,replication_status=,reservations=['22850557-1ced-48fa-bd29-b37d269f7eea','4a22b161-924c-4046-bc55-eec89433ce08','fcf479ae-ee49-431a-bde4-916a4a31ea6b','64528cc2-b3e0-4719-936b-dd883ca99d26'],size=1,snapshot_id=None,source_replicaid=,source_volid=None,status='creating',user_id='432db3b214bd49c7b99e0b697b40c97f',volume_type_id=3e859375-b811-444c-8c34-2ebce6492b3b), 'volume': Volume(_name_id=None,admin_metadata=,attach_status='detached',availability_zone='nova',bootable=False,cluster=,cluster_name=None,consistencygroup=,consistencygroup_id=None,created_at=2023-10-20T02:02:18Z,deleted=False,deleted_at=None,display_description=None,display_name='tempest-VolumeTypesAccessTest-Volume-1156726255',ec2_id=None,encryption_key_id=None,glance_metadata=,group=,group_id=None,host=None,id=22ed9d62-f39a-40f1-b62b-0f8c2b9e58a2,launched_at=None,metadata={},migration_status=None,multiattach=False,previous_status=None,project_id='7a17355be2344003bcc86ad6c51d1e21',provider_auth=None,provider_geometry=None,provider_id=None,provider_location=None,replication_driver_data=None,replication_extended_status=None,replication_status=None,scheduled_at=None,service_uuid=None,shared_targets=True,size=1,snapshot_id=None,snapshots=,source_volid=None,status='creating',terminated_at=None,updated_at=None,use_quota=True,user_id='432db3b214bd49c7b99e0b697b40c97f',volume_attachment=VolumeAttachmentList,volume_type=VolumeType(3e859375-b811-444c-8c34-2ebce6492b3b),volume_type_id=3e859375-b811-444c-8c34-2ebce6492b3b)}' {{(pid=75077) _task_receiver /opt/stack/data/venv/lib/python3.10/site-packages/taskflow/listeners/logging.py:178}}
Oct 20 02:02:18 user devstack@c-api.service[75075]: DEBUG cinder.api.openstack.wsgi [req-e90e8251-4e47-44b4-b7c7-abd963a920cd req-5288914d-a767-4d4f-b7ed-b872f0b8f4fd tempest-VolumesSnapshotsTestJSON-862527222 tempest-VolumesSnapshotsTestJSON-862527222-project-member] Empty body provided in request {{(pid=75075) get_body /opt/stack/cinder/cinder/api/openstack/wsgi.py:715}}
Oct 20 02:02:18 user devstack@c-api.service[75075]: DEBUG cinder.api.openstack.wsgi [req-e90e8251-4e47-44b4-b7c7-abd963a920cd req-5288914d-a767-4d4f-b7ed-b872f0b8f4fd tempest-VolumesSnapshotsTestJSON-862527222 tempest-VolumesSnapshotsTestJSON-862527222-project-member] Calling method 'show' {{(pid=75075) _process_stack /opt/stack/cinder/cinder/api/openstack/wsgi.py:868}}
Oct 20 02:02:18 user devstack@c-api.service[75077]: DEBUG cinder.volume.api [None req-91e2a868-65ec-48d9-8211-a6eea366a1bf tempest-VolumeTypesAccessTest-1747542968 tempest-VolumeTypesAccessTest-1747542968-project-member] Task 'cinder.volume.flows.api.create_volume.QuotaCommitTask;volume:create' (77f40433-7744-4bf0-9f5b-b1aafc1707cf) transitioned into state 'RUNNING' from state 'PENDING' {{(pid=75077) _task_receiver /opt/stack/data/venv/lib/python3.10/site-packages/taskflow/listeners/logging.py:190}}
Oct 20 02:02:18 user devstack@c-api.service[75075]: /opt/stack/data/venv/lib/python3.10/site-packages/oslo_context/context.py:100: DeprecationWarning: Policy enforcement is depending on the value of is_admin. This key is deprecated. Please update your policy file to use the standard policy values.
Oct 20 02:02:18 user devstack@c-api.service[75075]: warnings.warn('Policy enforcement is depending on the value of '
Oct 20 02:02:18 user devstack@c-api.service[75075]: INFO cinder.volume.api [req-e90e8251-4e47-44b4-b7c7-abd963a920cd req-5288914d-a767-4d4f-b7ed-b872f0b8f4fd tempest-VolumesSnapshotsTestJSON-862527222 tempest-VolumesSnapshotsTestJSON-862527222-project-member] Snapshot retrieved successfully.
Oct 20 02:02:18 user devstack@c-api.service[75075]: INFO cinder.api.openstack.wsgi [req-e90e8251-4e47-44b4-b7c7-abd963a920cd req-5288914d-a767-4d4f-b7ed-b872f0b8f4fd tempest-VolumesSnapshotsTestJSON-862527222 tempest-VolumesSnapshotsTestJSON-862527222-project-member] http://10.0.0.210/volume/v3/c390196d13e540aca5167f818c066db7/snapshots/bf67c672-e678-4e03-b1f0-1087aa9d1b97 returned with HTTP 200
Oct 20 02:02:18 user devstack@c-api.service[75075]: [pid: 75075|app: 0|req: 10/31] 10.0.0.210 () {64 vars in 1661 bytes} [Fri Oct 20 02:02:18 2023] GET /volume/v3/c390196d13e540aca5167f818c066db7/snapshots/bf67c672-e678-4e03-b1f0-1087aa9d1b97 => generated 443 bytes in 36 msecs (HTTP/1.1 200) 7 headers in 285 bytes (1 switches on core 0)
Oct 20 02:02:18 user devstack@c-api.service[75077]: DEBUG cinder.volume.api [None req-91e2a868-65ec-48d9-8211-a6eea366a1bf tempest-VolumeTypesAccessTest-1747542968 tempest-VolumeTypesAccessTest-1747542968-project-member] Task 'cinder.volume.flows.api.create_volume.QuotaCommitTask;volume:create' (77f40433-7744-4bf0-9f5b-b1aafc1707cf) transitioned into state 'SUCCESS' from state 'RUNNING' with result '{'volume_properties': VolumeProperties(attach_status='detached',availability_zone='nova',cgsnapshot_id=None,consistencygroup_id=None,display_description=None,display_name='tempest-VolumeTypesAccessTest-Volume-1156726255',encryption_key_id=None,group_id=None,group_type_id=,metadata={},multiattach=False,project_id='7a17355be2344003bcc86ad6c51d1e21',qos_specs=None,replication_status=,reservations=['22850557-1ced-48fa-bd29-b37d269f7eea','4a22b161-924c-4046-bc55-eec89433ce08','fcf479ae-ee49-431a-bde4-916a4a31ea6b','64528cc2-b3e0-4719-936b-dd883ca99d26'],size=1,snapshot_id=None,source_replicaid=,source_volid=None,status='creating',user_id='432db3b214bd49c7b99e0b697b40c97f',volume_type_id=3e859375-b811-444c-8c34-2ebce6492b3b)}' {{(pid=75077) _task_receiver /opt/stack/data/venv/lib/python3.10/site-packages/taskflow/listeners/logging.py:178}}
Oct 20 02:02:18 user devstack@c-api.service[75077]: DEBUG cinder.volume.api [None req-91e2a868-65ec-48d9-8211-a6eea366a1bf tempest-VolumeTypesAccessTest-1747542968 tempest-VolumeTypesAccessTest-1747542968-project-member] Task 'cinder.volume.flows.api.create_volume.VolumeCastTask;volume:create' (996396be-9afa-40e9-92e2-d3bec1d9ea6e) transitioned into state 'RUNNING' from state 'PENDING' {{(pid=75077) _task_receiver /opt/stack/data/venv/lib/python3.10/site-packages/taskflow/listeners/logging.py:190}}
Oct 20 02:02:18 user devstack@c-api.service[75077]: DEBUG cinder.volume.api [None req-91e2a868-65ec-48d9-8211-a6eea366a1bf tempest-VolumeTypesAccessTest-1747542968 tempest-VolumeTypesAccessTest-1747542968-project-member] Task 'cinder.volume.flows.api.create_volume.VolumeCastTask;volume:create' (996396be-9afa-40e9-92e2-d3bec1d9ea6e) transitioned into state 'SUCCESS' from state 'RUNNING' with result 'None' {{(pid=75077) _task_receiver /opt/stack/data/venv/lib/python3.10/site-packages/taskflow/listeners/logging.py:178}}
Oct 20 02:02:18 user devstack@c-api.service[75077]: DEBUG cinder.volume.api [None req-91e2a868-65ec-48d9-8211-a6eea366a1bf tempest-VolumeTypesAccessTest-1747542968 tempest-VolumeTypesAccessTest-1747542968-project-member] Flow 'volume_create_api' (4b0d6397-c6ba-4fbf-baec-6fab1136c19f) transitioned into state 'SUCCESS' from state 'RUNNING' {{(pid=75077) _flow_receiver /opt/stack/data/venv/lib/python3.10/site-packages/taskflow/listeners/logging.py:141}}
Oct 20 02:02:18 user devstack@c-api.service[75077]: INFO cinder.volume.api [None req-91e2a868-65ec-48d9-8211-a6eea366a1bf tempest-VolumeTypesAccessTest-1747542968 tempest-VolumeTypesAccessTest-1747542968-project-member] Create volume request issued successfully.
Oct 20 02:02:18 user devstack@c-api.service[75077]: INFO cinder.api.openstack.wsgi [None req-91e2a868-65ec-48d9-8211-a6eea366a1bf tempest-VolumeTypesAccessTest-1747542968 tempest-VolumeTypesAccessTest-1747542968-project-member] http://10.0.0.210/volume/v3/7a17355be2344003bcc86ad6c51d1e21/volumes returned with HTTP 202
Oct 20 02:02:18 user devstack@c-api.service[75077]: [pid: 75077|app: 0|req: 12/32] 10.0.0.210 () {64 vars in 1313 bytes} [Fri Oct 20 02:02:18 2023] POST /volume/v3/7a17355be2344003bcc86ad6c51d1e21/volumes => generated 860 bytes in 466 msecs (HTTP/1.1 202) 7 headers in 291 bytes (1 switches on core 0)
Oct 20 02:02:19 user devstack@c-api.service[75076]: DEBUG cinder.api.middleware.request_id [None req-b8351b88-518d-49bd-80c1-ca85a023c7c6 None None] RequestId filter calling following filter/app {{(pid=75076) _context_setter /opt/stack/cinder/cinder/api/middleware/request_id.py:62}}
Oct 20 02:02:19 user devstack@c-api.service[75076]: INFO cinder.api.openstack.wsgi [None req-b8351b88-518d-49bd-80c1-ca85a023c7c6 tempest-VolumeTypesAccessTest-1747542968 tempest-VolumeTypesAccessTest-1747542968-project-member] GET http://10.0.0.210/volume/v3/7a17355be2344003bcc86ad6c51d1e21/volumes/22ed9d62-f39a-40f1-b62b-0f8c2b9e58a2
Oct 20 02:02:19 user devstack@c-api.service[75076]: DEBUG cinder.api.openstack.wsgi [None req-b8351b88-518d-49bd-80c1-ca85a023c7c6 tempest-VolumeTypesAccessTest-1747542968 tempest-VolumeTypesAccessTest-1747542968-project-member] Empty body provided in request {{(pid=75076) get_body /opt/stack/cinder/cinder/api/openstack/wsgi.py:715}}
Oct 20 02:02:19 user devstack@c-api.service[75076]: DEBUG cinder.api.openstack.wsgi [None req-b8351b88-518d-49bd-80c1-ca85a023c7c6 tempest-VolumeTypesAccessTest-1747542968 tempest-VolumeTypesAccessTest-1747542968-project-member] Calling method 'show' {{(pid=75076) _process_stack /opt/stack/cinder/cinder/api/openstack/wsgi.py:868}}
Oct 20 02:02:19 user devstack@c-api.service[75076]: /opt/stack/data/venv/lib/python3.10/site-packages/oslo_context/context.py:100: DeprecationWarning: Policy enforcement is depending on the value of is_admin. This key is deprecated. Please update your policy file to use the standard policy values.
Oct 20 02:02:19 user devstack@c-api.service[75076]: warnings.warn('Policy enforcement is depending on the value of '
Oct 20 02:02:19 user devstack@c-api.service[75076]: INFO cinder.volume.api [None req-b8351b88-518d-49bd-80c1-ca85a023c7c6 tempest-VolumeTypesAccessTest-1747542968 tempest-VolumeTypesAccessTest-1747542968-project-member] Volume info retrieved successfully.
Oct 20 02:02:19 user devstack@c-api.service[75076]: INFO cinder.api.openstack.wsgi [None req-b8351b88-518d-49bd-80c1-ca85a023c7c6 tempest-VolumeTypesAccessTest-1747542968 tempest-VolumeTypesAccessTest-1747542968-project-member] http://10.0.0.210/volume/v3/7a17355be2344003bcc86ad6c51d1e21/volumes/22ed9d62-f39a-40f1-b62b-0f8c2b9e58a2 returned with HTTP 200
Oct 20 02:02:19 user devstack@c-api.service[75076]: [pid: 75076|app: 0|req: 11/33] 10.0.0.210 () {62 vars in 1402 bytes} [Fri Oct 20 02:02:19 2023] GET /volume/v3/7a17355be2344003bcc86ad6c51d1e21/volumes/22ed9d62-f39a-40f1-b62b-0f8c2b9e58a2 => generated 928 bytes in 63 msecs (HTTP/1.1 200) 7 headers in 285 bytes (1 switches on core 0)
Oct 20 02:02:19 user devstack@c-api.service[75075]: DEBUG cinder.api.middleware.request_id [None req-451ccfcc-3c27-4f04-b74b-5a0cc922c37a None None] RequestId filter calling following filter/app {{(pid=75075) _context_setter /opt/stack/cinder/cinder/api/middleware/request_id.py:62}}
Oct 20 02:02:19 user devstack@c-api.service[75075]: INFO cinder.api.openstack.wsgi [None req-451ccfcc-3c27-4f04-b74b-5a0cc922c37a tempest-SnapshotMetadataTestJSON-384081706 tempest-SnapshotMetadataTestJSON-384081706-project-member] GET http://10.0.0.210/volume/v3/109c4b6ef58746489a3030065b727a44/snapshots/98a3e651-7d4f-4f2d-9f6d-d29e06ac2eff
Oct 20 02:02:19 user devstack@c-api.service[75075]: DEBUG cinder.api.openstack.wsgi [None req-451ccfcc-3c27-4f04-b74b-5a0cc922c37a tempest-SnapshotMetadataTestJSON-384081706 tempest-SnapshotMetadataTestJSON-384081706-project-member] Empty body provided in request {{(pid=75075) get_body /opt/stack/cinder/cinder/api/openstack/wsgi.py:715}}
Oct 20 02:02:19 user devstack@c-api.service[75075]: DEBUG cinder.api.openstack.wsgi [None req-451ccfcc-3c27-4f04-b74b-5a0cc922c37a tempest-SnapshotMetadataTestJSON-384081706 tempest-SnapshotMetadataTestJSON-384081706-project-member] Calling method 'show' {{(pid=75075) _process_stack /opt/stack/cinder/cinder/api/openstack/wsgi.py:868}}
Oct 20 02:02:19 user devstack@c-api.service[75075]: /opt/stack/data/venv/lib/python3.10/site-packages/oslo_context/context.py:100: DeprecationWarning: Policy enforcement is depending on the value of is_admin. This key is deprecated. Please update your policy file to use the standard policy values.
Oct 20 02:02:19 user devstack@c-api.service[75075]: warnings.warn('Policy enforcement is depending on the value of '
Oct 20 02:02:19 user devstack@c-api.service[75075]: INFO cinder.volume.api [None req-451ccfcc-3c27-4f04-b74b-5a0cc922c37a tempest-SnapshotMetadataTestJSON-384081706 tempest-SnapshotMetadataTestJSON-384081706-project-member] Snapshot retrieved successfully.
Oct 20 02:02:19 user devstack@c-api.service[75075]: INFO cinder.api.openstack.wsgi [None req-451ccfcc-3c27-4f04-b74b-5a0cc922c37a tempest-SnapshotMetadataTestJSON-384081706 tempest-SnapshotMetadataTestJSON-384081706-project-member] http://10.0.0.210/volume/v3/109c4b6ef58746489a3030065b727a44/snapshots/98a3e651-7d4f-4f2d-9f6d-d29e06ac2eff returned with HTTP 200
Oct 20 02:02:19 user devstack@c-api.service[75075]: [pid: 75075|app: 0|req: 11/34] 10.0.0.210 () {62 vars in 1408 bytes} [Fri Oct 20 02:02:19 2023] GET /volume/v3/109c4b6ef58746489a3030065b727a44/snapshots/98a3e651-7d4f-4f2d-9f6d-d29e06ac2eff => generated 442 bytes in 41 msecs (HTTP/1.1 200) 7 headers in 285 bytes (1 switches on core 0)
Oct 20 02:02:19 user devstack@c-api.service[75077]: DEBUG cinder.api.middleware.request_id [req-7e96334b-ec19-43dd-bd87-bf505c9898b4 req-3bbf0a6f-36bd-4a65-a494-8ed7b6039385 None None] RequestId filter calling following filter/app {{(pid=75077) _context_setter /opt/stack/cinder/cinder/api/middleware/request_id.py:62}}
Oct 20 02:02:19 user devstack@c-api.service[75077]: INFO cinder.api.openstack.wsgi [req-7e96334b-ec19-43dd-bd87-bf505c9898b4 req-3bbf0a6f-36bd-4a65-a494-8ed7b6039385 tempest-VolumesSnapshotsTestJSON-862527222 tempest-VolumesSnapshotsTestJSON-862527222-project-member] GET http://10.0.0.210/volume/v3/c390196d13e540aca5167f818c066db7/snapshots/bf67c672-e678-4e03-b1f0-1087aa9d1b97
Oct 20 02:02:19 user devstack@c-api.service[75077]: DEBUG cinder.api.openstack.wsgi [req-7e96334b-ec19-43dd-bd87-bf505c9898b4 req-3bbf0a6f-36bd-4a65-a494-8ed7b6039385 tempest-VolumesSnapshotsTestJSON-862527222 tempest-VolumesSnapshotsTestJSON-862527222-project-member] Empty body provided in request {{(pid=75077) get_body /opt/stack/cinder/cinder/api/openstack/wsgi.py:715}}
Oct 20 02:02:19 user devstack@c-api.service[75077]: DEBUG cinder.api.openstack.wsgi [req-7e96334b-ec19-43dd-bd87-bf505c9898b4 req-3bbf0a6f-36bd-4a65-a494-8ed7b6039385 tempest-VolumesSnapshotsTestJSON-862527222 tempest-VolumesSnapshotsTestJSON-862527222-project-member] Calling method 'show' {{(pid=75077) _process_stack /opt/stack/cinder/cinder/api/openstack/wsgi.py:868}}
Oct 20 02:02:19 user devstack@c-api.service[75077]: /opt/stack/data/venv/lib/python3.10/site-packages/oslo_context/context.py:100: DeprecationWarning: Policy enforcement is depending on the value of is_admin. This key is deprecated. Please update your policy file to use the standard policy values.
Oct 20 02:02:19 user devstack@c-api.service[75077]: warnings.warn('Policy enforcement is depending on the value of '
Oct 20 02:02:19 user devstack@c-api.service[75077]: INFO cinder.volume.api [req-7e96334b-ec19-43dd-bd87-bf505c9898b4 req-3bbf0a6f-36bd-4a65-a494-8ed7b6039385 tempest-VolumesSnapshotsTestJSON-862527222 tempest-VolumesSnapshotsTestJSON-862527222-project-member] Snapshot retrieved successfully.
Oct 20 02:02:19 user devstack@c-api.service[75077]: INFO cinder.api.openstack.wsgi [req-7e96334b-ec19-43dd-bd87-bf505c9898b4 req-3bbf0a6f-36bd-4a65-a494-8ed7b6039385 tempest-VolumesSnapshotsTestJSON-862527222 tempest-VolumesSnapshotsTestJSON-862527222-project-member] http://10.0.0.210/volume/v3/c390196d13e540aca5167f818c066db7/snapshots/bf67c672-e678-4e03-b1f0-1087aa9d1b97 returned with HTTP 200
Oct 20 02:02:19 user devstack@c-api.service[75077]: [pid: 75077|app: 0|req: 13/35] 10.0.0.210 () {64 vars in 1661 bytes} [Fri Oct 20 02:02:19 2023] GET /volume/v3/c390196d13e540aca5167f818c066db7/snapshots/bf67c672-e678-4e03-b1f0-1087aa9d1b97 => generated 443 bytes in 43 msecs (HTTP/1.1 200) 7 headers in 285 bytes (1 switches on core 0)
Oct 20 02:02:20 user devstack@c-api.service[75076]: DEBUG cinder.api.middleware.request_id [None req-254d8f4f-ff91-4742-9ba9-720446809776 None None] RequestId filter calling following filter/app {{(pid=75076) _context_setter /opt/stack/cinder/cinder/api/middleware/request_id.py:62}}
Oct 20 02:02:20 user devstack@c-api.service[75076]: INFO cinder.api.openstack.wsgi [None req-254d8f4f-ff91-4742-9ba9-720446809776 tempest-VolumeTypesAccessTest-1747542968 tempest-VolumeTypesAccessTest-1747542968-project-member] GET http://10.0.0.210/volume/v3/7a17355be2344003bcc86ad6c51d1e21/volumes/22ed9d62-f39a-40f1-b62b-0f8c2b9e58a2
Oct 20 02:02:20 user devstack@c-api.service[75076]: DEBUG cinder.api.openstack.wsgi [None req-254d8f4f-ff91-4742-9ba9-720446809776 tempest-VolumeTypesAccessTest-1747542968 tempest-VolumeTypesAccessTest-1747542968-project-member] Empty body provided in request {{(pid=75076) get_body /opt/stack/cinder/cinder/api/openstack/wsgi.py:715}}
Oct 20 02:02:20 user devstack@c-api.service[75076]: DEBUG cinder.api.openstack.wsgi [None req-254d8f4f-ff91-4742-9ba9-720446809776 tempest-VolumeTypesAccessTest-1747542968 tempest-VolumeTypesAccessTest-1747542968-project-member] Calling method 'show' {{(pid=75076) _process_stack /opt/stack/cinder/cinder/api/openstack/wsgi.py:868}}
Oct 20 02:02:20 user devstack@c-api.service[75076]: /opt/stack/data/venv/lib/python3.10/site-packages/oslo_context/context.py:100: DeprecationWarning: Policy enforcement is depending on the value of is_admin. This key is deprecated. Please update your policy file to use the standard policy values.
Oct 20 02:02:20 user devstack@c-api.service[75076]: warnings.warn('Policy enforcement is depending on the value of '
Oct 20 02:02:20 user devstack@c-api.service[75076]: INFO cinder.volume.api [None req-254d8f4f-ff91-4742-9ba9-720446809776 tempest-VolumeTypesAccessTest-1747542968 tempest-VolumeTypesAccessTest-1747542968-project-member] Volume info retrieved successfully.
Oct 20 02:02:20 user devstack@c-api.service[75076]: INFO cinder.api.openstack.wsgi [None req-254d8f4f-ff91-4742-9ba9-720446809776 tempest-VolumeTypesAccessTest-1747542968 tempest-VolumeTypesAccessTest-1747542968-project-member] http://10.0.0.210/volume/v3/7a17355be2344003bcc86ad6c51d1e21/volumes/22ed9d62-f39a-40f1-b62b-0f8c2b9e58a2 returned with HTTP 200
Oct 20 02:02:20 user devstack@c-api.service[75076]: [pid: 75076|app: 0|req: 12/36] 10.0.0.210 () {62 vars in 1402 bytes} [Fri Oct 20 02:02:20 2023] GET /volume/v3/7a17355be2344003bcc86ad6c51d1e21/volumes/22ed9d62-f39a-40f1-b62b-0f8c2b9e58a2 => generated 952 bytes in 62 msecs (HTTP/1.1 200) 7 headers in 285 bytes (1 switches on core 0)
Oct 20 02:02:20 user devstack@c-api.service[75075]: DEBUG cinder.api.middleware.request_id [None req-6a929e73-c060-4726-bd5b-df6112698d75 None None] RequestId filter calling following filter/app {{(pid=75075) _context_setter /opt/stack/cinder/cinder/api/middleware/request_id.py:62}}
Oct 20 02:02:20 user devstack@c-api.service[75075]: INFO cinder.api.openstack.wsgi [None req-6a929e73-c060-4726-bd5b-df6112698d75 tempest-SnapshotMetadataTestJSON-384081706 tempest-SnapshotMetadataTestJSON-384081706-project-member] GET http://10.0.0.210/volume/v3/109c4b6ef58746489a3030065b727a44/snapshots/98a3e651-7d4f-4f2d-9f6d-d29e06ac2eff
Oct 20 02:02:20 user devstack@c-api.service[75075]: DEBUG cinder.api.openstack.wsgi [None req-6a929e73-c060-4726-bd5b-df6112698d75 tempest-SnapshotMetadataTestJSON-384081706 tempest-SnapshotMetadataTestJSON-384081706-project-member] Empty body provided in request {{(pid=75075) get_body /opt/stack/cinder/cinder/api/openstack/wsgi.py:715}}
Oct 20 02:02:20 user devstack@c-api.service[75075]: DEBUG cinder.api.openstack.wsgi [None req-6a929e73-c060-4726-bd5b-df6112698d75 tempest-SnapshotMetadataTestJSON-384081706 tempest-SnapshotMetadataTestJSON-384081706-project-member] Calling method 'show' {{(pid=75075) _process_stack /opt/stack/cinder/cinder/api/openstack/wsgi.py:868}}
Oct 20 02:02:20 user devstack@c-api.service[75075]: /opt/stack/data/venv/lib/python3.10/site-packages/oslo_context/context.py:100: DeprecationWarning: Policy enforcement is depending on the value of is_admin. This key is deprecated. Please update your policy file to use the standard policy values.
Oct 20 02:02:20 user devstack@c-api.service[75075]: warnings.warn('Policy enforcement is depending on the value of '
Oct 20 02:02:20 user devstack@c-api.service[75075]: INFO cinder.volume.api [None req-6a929e73-c060-4726-bd5b-df6112698d75 tempest-SnapshotMetadataTestJSON-384081706 tempest-SnapshotMetadataTestJSON-384081706-project-member] Snapshot retrieved successfully.
Oct 20 02:02:20 user devstack@c-api.service[75075]: INFO cinder.api.openstack.wsgi [None req-6a929e73-c060-4726-bd5b-df6112698d75 tempest-SnapshotMetadataTestJSON-384081706 tempest-SnapshotMetadataTestJSON-384081706-project-member] http://10.0.0.210/volume/v3/109c4b6ef58746489a3030065b727a44/snapshots/98a3e651-7d4f-4f2d-9f6d-d29e06ac2eff returned with HTTP 200
Oct 20 02:02:20 user devstack@c-api.service[75075]: [pid: 75075|app: 0|req: 12/37] 10.0.0.210 () {62 vars in 1408 bytes} [Fri Oct 20 02:02:20 2023] GET /volume/v3/109c4b6ef58746489a3030065b727a44/snapshots/98a3e651-7d4f-4f2d-9f6d-d29e06ac2eff => generated 442 bytes in 21 msecs (HTTP/1.1 200) 7 headers in 285 bytes (1 switches on core 0)
Oct 20 02:02:21 user devstack@c-api.service[75077]: DEBUG cinder.api.middleware.request_id [req-ddb6ab00-dcbf-4b42-be9e-dff22751b0a2 req-eb69f049-332b-41f1-8864-7b8660d22742 None None] RequestId filter calling following filter/app {{(pid=75077) _context_setter /opt/stack/cinder/cinder/api/middleware/request_id.py:62}}
