Oct 20 01:52:49 user devstack@keystone.service[45355]: DEBUG keystone.server.flask.request_processing.middleware.auth_context [None req-17d9d834-eaff-4f12-810e-cb440a0a318c None None] Authenticating user token {{(pid=45355) process_request /opt/stack/data/venv/lib/python3.10/site-packages/keystonemiddleware/auth_token/__init__.py:406}}
Oct 20 01:52:49 user devstack@keystone.service[45354]: DEBUG keystone.server.flask.request_processing.middleware.auth_context [None req-805d22fc-b63f-480b-ac07-e20752ba5a05 None admin] Authenticating user token {{(pid=45354) process_request /opt/stack/data/venv/lib/python3.10/site-packages/keystonemiddleware/auth_token/__init__.py:406}}
Oct 20 01:52:49 user devstack@keystone.service[45356]: DEBUG keystone.server.flask.request_processing.middleware.auth_context [None req-f0b4173e-5a1e-443d-ab7b-c84cb331b4f8 None None] Validating token access rules against request {{(pid=45356) validate_allowed_request /opt/stack/data/venv/lib/python3.10/site-packages/keystonemiddleware/auth_token/__init__.py:544}}
Oct 20 01:52:49 user devstack@keystone.service[45355]: DEBUG keystone.server.flask.request_processing.middleware.auth_context [None req-17d9d834-eaff-4f12-810e-cb440a0a318c None None] Validating token access rules against request {{(pid=45355) validate_allowed_request /opt/stack/data/venv/lib/python3.10/site-packages/keystonemiddleware/auth_token/__init__.py:544}}
Oct 20 01:52:49 user devstack@keystone.service[45356]: DEBUG keystone.server.flask.request_processing.middleware.auth_context [None req-6fce02a1-bc42-408e-8ce7-bf45af7a2dfa None admin] RBAC: auth_context: {'token': , 'domain_id': None, 'trust_id': None, 'trustor_id': None, 'trustee_id': None, 'domain_name': None, 'group_ids': [], 'user_id': '50246525d46341419d98bd58581ae3c0', 'user_domain_id': 'default', 'system_scope': 'all', 'project_id': None, 'project_domain_id': None, 'roles': ['admin', 'manager', 'member', 'reader'], 'is_admin_project': True, 'service_user_id': None, 'service_user_domain_id': None, 'service_project_id': None, 'service_project_domain_id': None, 'service_roles': []} {{(pid=45356) fill_context /opt/stack/keystone/keystone/server/flask/request_processing/middleware/auth_context.py:480}}
Oct 20 01:52:49 user devstack@keystone.service[45356]: DEBUG keystone.server.flask.request_processing.req_logging [None req-6fce02a1-bc42-408e-8ce7-bf45af7a2dfa None admin] REQUEST_METHOD: `GET` {{(pid=45356) log_request_info /opt/stack/keystone/keystone/server/flask/request_processing/req_logging.py:27}}
Oct 20 01:52:49 user devstack@keystone.service[45356]: DEBUG keystone.server.flask.request_processing.req_logging [None req-6fce02a1-bc42-408e-8ce7-bf45af7a2dfa None admin] SCRIPT_NAME: `/identity` {{(pid=45356) log_request_info /opt/stack/keystone/keystone/server/flask/request_processing/req_logging.py:28}}
Oct 20 01:52:49 user devstack@keystone.service[45356]: DEBUG keystone.server.flask.request_processing.req_logging [None req-6fce02a1-bc42-408e-8ce7-bf45af7a2dfa None admin] PATH_INFO: `/v3/roles` {{(pid=45356) log_request_info /opt/stack/keystone/keystone/server/flask/request_processing/req_logging.py:29}}
Oct 20 01:52:49 user devstack@keystone.service[45356]: DEBUG keystone.common.rbac_enforcer.enforcer [None req-6fce02a1-bc42-408e-8ce7-bf45af7a2dfa None admin] RBAC: Adding query filter params (name=reader) {{(pid=45356) _extract_filter_values /opt/stack/keystone/keystone/common/rbac_enforcer/enforcer.py:167}}
Oct 20 01:52:49 user devstack@keystone.service[45355]: DEBUG keystone.server.flask.request_processing.middleware.auth_context [None req-4ce575d5-301b-48f3-bbec-24d9186501ce None admin] RBAC: auth_context: {'token': , 'domain_id': None, 'trust_id': None, 'trustor_id': None, 'trustee_id': None, 'domain_name': None, 'group_ids': [], 'user_id': '50246525d46341419d98bd58581ae3c0', 'user_domain_id': 'default', 'system_scope': 'all', 'project_id': None, 'project_domain_id': None, 'roles': ['admin', 'manager', 'member', 'reader'], 'is_admin_project': True, 'service_user_id': None, 'service_user_domain_id': None, 'service_project_id': None, 'service_project_domain_id': None, 'service_roles': []} {{(pid=45355) fill_context /opt/stack/keystone/keystone/server/flask/request_processing/middleware/auth_context.py:480}}
Oct 20 01:52:49 user devstack@keystone.service[45356]: DEBUG keystone.common.rbac_enforcer.enforcer [None req-6fce02a1-bc42-408e-8ce7-bf45af7a2dfa None admin] RBAC: Authorizing `identity:list_roles()` {{(pid=45356) enforce_call /opt/stack/keystone/keystone/common/rbac_enforcer/enforcer.py:449}}
Oct 20 01:52:49 user devstack@keystone.service[45355]: DEBUG keystone.server.flask.request_processing.req_logging [None req-4ce575d5-301b-48f3-bbec-24d9186501ce None admin] REQUEST_METHOD: `GET` {{(pid=45355) log_request_info /opt/stack/keystone/keystone/server/flask/request_processing/req_logging.py:27}}
Oct 20 01:52:49 user devstack@keystone.service[45355]: DEBUG keystone.server.flask.request_processing.req_logging [None req-4ce575d5-301b-48f3-bbec-24d9186501ce None admin] SCRIPT_NAME: `/identity` {{(pid=45355) log_request_info /opt/stack/keystone/keystone/server/flask/request_processing/req_logging.py:28}}
Oct 20 01:52:49 user devstack@keystone.service[45355]: DEBUG keystone.server.flask.request_processing.req_logging [None req-4ce575d5-301b-48f3-bbec-24d9186501ce None admin] PATH_INFO: `/v3/domains/default` {{(pid=45355) log_request_info /opt/stack/keystone/keystone/server/flask/request_processing/req_logging.py:29}}
Oct 20 01:52:49 user devstack@keystone.service[45356]: DEBUG keystone.common.rbac_enforcer.enforcer [None req-6fce02a1-bc42-408e-8ce7-bf45af7a2dfa None admin] RBAC: Authorization granted {{(pid=45356) enforce_call /opt/stack/keystone/keystone/common/rbac_enforcer/enforcer.py:457}}
Oct 20 01:52:49 user devstack@keystone.service[45355]: DEBUG keystone.common.rbac_enforcer.enforcer [None req-4ce575d5-301b-48f3-bbec-24d9186501ce None admin] RBAC: Authorizing `identity:get_domain(domain_id=default)` {{(pid=45355) enforce_call /opt/stack/keystone/keystone/common/rbac_enforcer/enforcer.py:449}}
Oct 20 01:52:49 user devstack@keystone.service[45355]: DEBUG keystone.common.rbac_enforcer.enforcer [None req-4ce575d5-301b-48f3-bbec-24d9186501ce None admin] RBAC: Authorization granted {{(pid=45355) enforce_call /opt/stack/keystone/keystone/common/rbac_enforcer/enforcer.py:457}}
Oct 20 01:52:49 user devstack@keystone.service[45355]: [pid: 45355|app: 0|req: 63/196] 10.0.0.210 () {56 vars in 1103 bytes} [Fri Oct 20 01:52:49 2023] GET /identity/v3/domains/default => generated 198 bytes in 143 msecs (HTTP/1.1 200) 5 headers in 177 bytes (1 switches on core 0)
Oct 20 01:52:49 user devstack@keystone.service[45356]: [pid: 45356|app: 0|req: 71/197] 10.0.0.210 () {56 vars in 1096 bytes} [Fri Oct 20 01:52:49 2023] GET /identity/v3/roles?name=reader => generated 339 bytes in 148 msecs (HTTP/1.1 200) 5 headers in 177 bytes (1 switches on core 0)
Oct 20 01:52:49 user devstack@keystone.service[45355]: DEBUG keystone.server.flask.request_processing.middleware.auth_context [None req-4ce575d5-301b-48f3-bbec-24d9186501ce None admin] Authenticating user token {{(pid=45355) process_request /opt/stack/data/venv/lib/python3.10/site-packages/keystonemiddleware/auth_token/__init__.py:406}}
Oct 20 01:52:49 user devstack@keystone.service[45356]: DEBUG keystone.server.flask.request_processing.middleware.auth_context [None req-6fce02a1-bc42-408e-8ce7-bf45af7a2dfa None admin] Authenticating user token {{(pid=45356) process_request /opt/stack/data/venv/lib/python3.10/site-packages/keystonemiddleware/auth_token/__init__.py:406}}
Oct 20 01:52:49 user devstack@keystone.service[45354]: DEBUG keystone.server.flask.request_processing.middleware.auth_context [None req-805d22fc-b63f-480b-ac07-e20752ba5a05 None admin] Validating token access rules against request {{(pid=45354) validate_allowed_request /opt/stack/data/venv/lib/python3.10/site-packages/keystonemiddleware/auth_token/__init__.py:544}}
Oct 20 01:52:49 user devstack@keystone.service[45354]: DEBUG keystone.server.flask.request_processing.middleware.auth_context [None req-f412b0d3-746a-4e8b-8f6d-2be97cc8c3f6 None admin] RBAC: auth_context: {'token': , 'domain_id': None, 'trust_id': None, 'trustor_id': None, 'trustee_id': None, 'domain_name': None, 'group_ids': [], 'user_id': '50246525d46341419d98bd58581ae3c0', 'user_domain_id': 'default', 'system_scope': 'all', 'project_id': None, 'project_domain_id': None, 'roles': ['admin', 'manager', 'member', 'reader'], 'is_admin_project': True, 'service_user_id': None, 'service_user_domain_id': None, 'service_project_id': None, 'service_project_domain_id': None, 'service_roles': []} {{(pid=45354) fill_context /opt/stack/keystone/keystone/server/flask/request_processing/middleware/auth_context.py:480}}
Oct 20 01:52:49 user devstack@keystone.service[45354]: DEBUG keystone.server.flask.request_processing.req_logging [None req-f412b0d3-746a-4e8b-8f6d-2be97cc8c3f6 None admin] REQUEST_METHOD: `GET` {{(pid=45354) log_request_info /opt/stack/keystone/keystone/server/flask/request_processing/req_logging.py:27}}
Oct 20 01:52:49 user devstack@keystone.service[45354]: DEBUG keystone.server.flask.request_processing.req_logging [None req-f412b0d3-746a-4e8b-8f6d-2be97cc8c3f6 None admin] SCRIPT_NAME: `/identity` {{(pid=45354) log_request_info /opt/stack/keystone/keystone/server/flask/request_processing/req_logging.py:28}}
Oct 20 01:52:49 user devstack@keystone.service[45354]: DEBUG keystone.server.flask.request_processing.req_logging [None req-f412b0d3-746a-4e8b-8f6d-2be97cc8c3f6 None admin] PATH_INFO: `/v3/roles/member` {{(pid=45354) log_request_info /opt/stack/keystone/keystone/server/flask/request_processing/req_logging.py:29}}
Oct 20 01:52:49 user devstack@keystone.service[45354]: DEBUG keystone.common.rbac_enforcer.enforcer [None req-f412b0d3-746a-4e8b-8f6d-2be97cc8c3f6 None admin] Extracting inferred target data resulted in "NOT FOUND (404)". {{(pid=45354) enforce_call /opt/stack/keystone/keystone/common/rbac_enforcer/enforcer.py:409}}
Oct 20 01:52:49 user devstack@keystone.service[45354]: ERROR keystone.server.flask.application [None req-f412b0d3-746a-4e8b-8f6d-2be97cc8c3f6 None admin] Could not find role: member.: keystone.exception.RoleNotFound: Could not find role: member.
Oct 20 01:52:49 user devstack@keystone.service[45354]: ERROR keystone.server.flask.application
Traceback (most recent call last):
Oct 20 01:52:49 user devstack@keystone.service[45354]: ERROR keystone.server.flask.application
File "/opt/stack/data/venv/lib/python3.10/site-packages/flask/app.py", line 1823, in full_dispatch_request
Oct 20 01:52:49 user devstack@keystone.service[45354]: ERROR keystone.server.flask.application rv = self.dispatch_request()
Oct 20 01:52:49 user devstack@keystone.service[45354]: ERROR keystone.server.flask.application
File "/opt/stack/data/venv/lib/python3.10/site-packages/flask/app.py", line 1799, in dispatch_request
Oct 20 01:52:49 user devstack@keystone.service[45354]: ERROR keystone.server.flask.application return self.ensure_sync(self.view_functions[rule.endpoint])(**view_args)
Oct 20 01:52:49 user devstack@keystone.service[45354]: ERROR keystone.server.flask.application
File "/opt/stack/data/venv/lib/python3.10/site-packages/flask_restful/__init__.py", line 489, in wrapper
Oct 20 01:52:49 user devstack@keystone.service[45354]: ERROR keystone.server.flask.application resp = resource(*args, **kwargs)
Oct 20 01:52:49 user devstack@keystone.service[45354]: ERROR keystone.server.flask.application
File "/opt/stack/data/venv/lib/python3.10/site-packages/flask/views.py", line 107, in view
Oct 20 01:52:49 user devstack@keystone.service[45354]: ERROR keystone.server.flask.application return current_app.ensure_sync(self.dispatch_request)(**kwargs)
Oct 20 01:52:49 user devstack@keystone.service[45354]: ERROR keystone.server.flask.application
File "/opt/stack/data/venv/lib/python3.10/site-packages/flask_restful/__init__.py", line 604, in dispatch_request
Oct 20 01:52:49 user devstack@keystone.service[45354]: ERROR keystone.server.flask.application resp = meth(*args, **kwargs)
Oct 20 01:52:49 user devstack@keystone.service[45354]: ERROR keystone.server.flask.application
File "/opt/stack/keystone/keystone/api/roles.py", line 50, in get
Oct 20 01:52:49 user devstack@keystone.service[45354]: ERROR keystone.server.flask.application return self._get_role(role_id)
Oct 20 01:52:49 user devstack@keystone.service[45354]: ERROR keystone.server.flask.application
File "/opt/stack/keystone/keystone/api/roles.py", line 70, in _get_role
Oct 20 01:52:49 user devstack@keystone.service[45354]: ERROR keystone.server.flask.application ENFORCER.enforce_call(action='identity:get_role')
Oct 20 01:52:49 user devstack@keystone.service[45354]: ERROR keystone.server.flask.application
File "/opt/stack/keystone/keystone/common/rbac_enforcer/enforcer.py", line 402, in enforce_call
Oct 20 01:52:49 user devstack@keystone.service[45354]: ERROR keystone.server.flask.application policy_dict.update(cls._extract_member_target_data(
Oct 20 01:52:49 user devstack@keystone.service[45354]: ERROR keystone.server.flask.application
File "/opt/stack/keystone/keystone/common/rbac_enforcer/enforcer.py", line 234, in _extract_member_target_data
Oct 20 01:52:49 user devstack@keystone.service[45354]: ERROR keystone.server.flask.application member_name: func(flask.request.view_args[key])
Oct 20 01:52:49 user devstack@keystone.service[45354]: ERROR keystone.server.flask.application
File "/opt/stack/keystone/keystone/common/manager.py", line 115, in wrapped
Oct 20 01:52:49 user devstack@keystone.service[45354]: ERROR keystone.server.flask.application __ret_val = __f(*args, **kwargs)
Oct 20 01:52:49 user devstack@keystone.service[45354]: ERROR keystone.server.flask.application
File "/opt/stack/data/venv/lib/python3.10/site-packages/decorator.py", line 232, in fun
Oct 20 01:52:49 user devstack@keystone.service[45354]: ERROR keystone.server.flask.application return caller(func, *(extras + args), **kw)
Oct 20 01:52:49 user devstack@keystone.service[45354]: ERROR keystone.server.flask.application
File "/opt/stack/data/venv/lib/python3.10/site-packages/dogpile/cache/region.py", line 1594, in get_or_create_for_user_func
Oct 20 01:52:49 user devstack@keystone.service[45354]: ERROR keystone.server.flask.application return self.get_or_create(
Oct 20 01:52:49 user devstack@keystone.service[45354]: ERROR keystone.server.flask.application
File "/opt/stack/data/venv/lib/python3.10/site-packages/dogpile/cache/region.py", line 1054, in get_or_create
Oct 20 01:52:49 user devstack@keystone.service[45354]: ERROR keystone.server.flask.application with Lock(
Oct 20 01:52:49 user devstack@keystone.service[45354]: ERROR keystone.server.flask.application
File "/opt/stack/data/venv/lib/python3.10/site-packages/dogpile/lock.py", line 185, in __enter__
Oct 20 01:52:49 user devstack@keystone.service[45354]: ERROR keystone.server.flask.application return self._enter()
Oct 20 01:52:49 user devstack@keystone.service[45354]: ERROR keystone.server.flask.application
File "/opt/stack/data/venv/lib/python3.10/site-packages/dogpile/lock.py", line 94, in _enter
Oct 20 01:52:49 user devstack@keystone.service[45354]: ERROR keystone.server.flask.application generated = self._enter_create(value, createdtime)
Oct 20 01:52:49 user devstack@keystone.service[45354]: ERROR keystone.server.flask.application
File "/opt/stack/data/venv/lib/python3.10/site-packages/dogpile/lock.py", line 178, in _enter_create
Oct 20 01:52:49 user devstack@keystone.service[45354]: ERROR keystone.server.flask.application return self.creator()
Oct 20 01:52:49 user devstack@keystone.service[45354]: ERROR keystone.server.flask.application
File "/opt/stack/data/venv/lib/python3.10/site-packages/dogpile/cache/region.py", line 1007, in gen_value
Oct 20 01:52:49 user devstack@keystone.service[45354]: ERROR keystone.server.flask.application created_value = creator(
Oct 20 01:52:49 user devstack@keystone.service[45354]: ERROR keystone.server.flask.application
File "/opt/stack/keystone/keystone/assignment/core.py", line 1276, in get_role
Oct 20 01:52:49 user devstack@keystone.service[45354]: ERROR keystone.server.flask.application return self.driver.get_role(role_id)
Oct 20 01:52:49 user devstack@keystone.service[45354]: ERROR keystone.server.flask.application
File "/opt/stack/keystone/keystone/assignment/role_backends/sql.py", line 70, in get_role
Oct 20 01:52:49 user devstack@keystone.service[45354]: ERROR keystone.server.flask.application return self._get_role(session, role_id).to_dict()
Oct 20 01:52:49 user devstack@keystone.service[45354]: ERROR keystone.server.flask.application
File "/opt/stack/keystone/keystone/assignment/role_backends/sql.py", line 65, in _get_role
Oct 20 01:52:49 user devstack@keystone.service[45354]: ERROR keystone.server.flask.application raise exception.RoleNotFound(role_id=role_id)
Oct 20 01:52:49 user devstack@keystone.service[45354]: ERROR keystone.server.flask.application keystone.exception.RoleNotFound: Could not find role: member.
Oct 20 01:52:49 user devstack@keystone.service[45354]: ERROR keystone.server.flask.application
Oct 20 01:52:49 user devstack@keystone.service[45354]: [pid: 45354|app: 0|req: 64/198] 10.0.0.210 () {56 vars in 1094 bytes} [Fri Oct 20 01:52:49 2023] GET /identity/v3/roles/member => generated 84 bytes in 143 msecs (HTTP/1.1 404) 5 headers in 183 bytes (1 switches on core 0)
Oct 20 01:52:49 user devstack@keystone.service[45354]: DEBUG keystone.server.flask.request_processing.middleware.auth_context [None req-f412b0d3-746a-4e8b-8f6d-2be97cc8c3f6 None admin] Authenticating user token {{(pid=45354) process_request /opt/stack/data/venv/lib/python3.10/site-packages/keystonemiddleware/auth_token/__init__.py:406}}
Oct 20 01:52:49 user devstack@keystone.service[45355]: DEBUG keystone.server.flask.request_processing.middleware.auth_context [None req-4ce575d5-301b-48f3-bbec-24d9186501ce None admin] Validating token access rules against request {{(pid=45355) validate_allowed_request /opt/stack/data/venv/lib/python3.10/site-packages/keystonemiddleware/auth_token/__init__.py:544}}
Oct 20 01:52:49 user devstack@keystone.service[45356]: DEBUG keystone.server.flask.request_processing.middleware.auth_context [None req-6fce02a1-bc42-408e-8ce7-bf45af7a2dfa None admin] Validating token access rules against request {{(pid=45356) validate_allowed_request /opt/stack/data/venv/lib/python3.10/site-packages/keystonemiddleware/auth_token/__init__.py:544}}
Oct 20 01:52:49 user devstack@keystone.service[45355]: DEBUG keystone.server.flask.request_processing.middleware.auth_context [None req-7872ec1f-3e5d-48bf-917d-c38c29e1da36 None admin] RBAC: auth_context: {'token': , 'domain_id': None, 'trust_id': None, 'trustor_id': None, 'trustee_id': None, 'domain_name': None, 'group_ids': [], 'user_id': '50246525d46341419d98bd58581ae3c0', 'user_domain_id': 'default', 'system_scope': 'all', 'project_id': None, 'project_domain_id': None, 'roles': ['admin', 'manager', 'member', 'reader'], 'is_admin_project': True, 'service_user_id': None, 'service_user_domain_id': None, 'service_project_id': None, 'service_project_domain_id': None, 'service_roles': []} {{(pid=45355) fill_context /opt/stack/keystone/keystone/server/flask/request_processing/middleware/auth_context.py:480}}
Oct 20 01:52:49 user devstack@keystone.service[45355]: DEBUG keystone.server.flask.request_processing.req_logging [None req-7872ec1f-3e5d-48bf-917d-c38c29e1da36 None admin] REQUEST_METHOD: `POST` {{(pid=45355) log_request_info /opt/stack/keystone/keystone/server/flask/request_processing/req_logging.py:27}}
Oct 20 01:52:49 user devstack@keystone.service[45355]: DEBUG keystone.server.flask.request_processing.req_logging [None req-7872ec1f-3e5d-48bf-917d-c38c29e1da36 None admin] SCRIPT_NAME: `/identity` {{(pid=45355) log_request_info /opt/stack/keystone/keystone/server/flask/request_processing/req_logging.py:28}}
Oct 20 01:52:49 user devstack@keystone.service[45355]: DEBUG keystone.server.flask.request_processing.req_logging [None req-7872ec1f-3e5d-48bf-917d-c38c29e1da36 None admin] PATH_INFO: `/v3/users` {{(pid=45355) log_request_info /opt/stack/keystone/keystone/server/flask/request_processing/req_logging.py:29}}
Oct 20 01:52:49 user devstack@keystone.service[45355]: DEBUG keystone.common.rbac_enforcer.enforcer [None req-7872ec1f-3e5d-48bf-917d-c38c29e1da36 None admin] RBAC: Authorizing `identity:create_user()` {{(pid=45355) enforce_call /opt/stack/keystone/keystone/common/rbac_enforcer/enforcer.py:449}}
Oct 20 01:52:49 user devstack@keystone.service[45355]: DEBUG keystone.common.rbac_enforcer.enforcer [None req-7872ec1f-3e5d-48bf-917d-c38c29e1da36 None admin] RBAC: Authorization granted {{(pid=45355) enforce_call /opt/stack/keystone/keystone/common/rbac_enforcer/enforcer.py:457}}
Oct 20 01:52:49 user devstack@keystone.service[45356]: DEBUG keystone.server.flask.request_processing.middleware.auth_context [None req-915d04b4-7c09-4a05-b5e9-d63d80689608 None admin] RBAC: auth_context: {'token': , 'domain_id': None, 'trust_id': None, 'trustor_id': None, 'trustee_id': None, 'domain_name': None, 'group_ids': [], 'user_id': '50246525d46341419d98bd58581ae3c0', 'user_domain_id': 'default', 'system_scope': 'all', 'project_id': None, 'project_domain_id': None, 'roles': ['admin', 'manager', 'member', 'reader'], 'is_admin_project': True, 'service_user_id': None, 'service_user_domain_id': None, 'service_project_id': None, 'service_project_domain_id': None, 'service_roles': []} {{(pid=45356) fill_context /opt/stack/keystone/keystone/server/flask/request_processing/middleware/auth_context.py:480}}
Oct 20 01:52:49 user devstack@keystone.service[45356]: DEBUG keystone.server.flask.request_processing.req_logging [None req-915d04b4-7c09-4a05-b5e9-d63d80689608 None admin] REQUEST_METHOD: `GET` {{(pid=45356) log_request_info /opt/stack/keystone/keystone/server/flask/request_processing/req_logging.py:27}}
Oct 20 01:52:49 user devstack@keystone.service[45355]: WARNING keystone.common.password_hashing [None req-7872ec1f-3e5d-48bf-917d-c38c29e1da36 None admin] Truncating password to algorithm specific maximum length 72 characters.
Oct 20 01:52:49 user devstack@keystone.service[45356]: DEBUG keystone.server.flask.request_processing.req_logging [None req-915d04b4-7c09-4a05-b5e9-d63d80689608 None admin] SCRIPT_NAME: `/identity` {{(pid=45356) log_request_info /opt/stack/keystone/keystone/server/flask/request_processing/req_logging.py:28}}
Oct 20 01:52:49 user devstack@keystone.service[45356]: DEBUG keystone.server.flask.request_processing.req_logging [None req-915d04b4-7c09-4a05-b5e9-d63d80689608 None admin] PATH_INFO: `/v3/users/015fa9d973f347c6a715c724f1315a43` {{(pid=45356) log_request_info /opt/stack/keystone/keystone/server/flask/request_processing/req_logging.py:29}}
Oct 20 01:52:49 user devstack@keystone.service[45356]: DEBUG keystone.common.rbac_enforcer.enforcer [None req-915d04b4-7c09-4a05-b5e9-d63d80689608 None admin] RBAC: Authorizing `identity:get_user(user_id=015fa9d973f347c6a715c724f1315a43)` {{(pid=45356) enforce_call /opt/stack/keystone/keystone/common/rbac_enforcer/enforcer.py:449}}
Oct 20 01:52:49 user devstack@keystone.service[45356]: DEBUG keystone.common.rbac_enforcer.enforcer [None req-915d04b4-7c09-4a05-b5e9-d63d80689608 None admin] RBAC: Authorization granted {{(pid=45356) enforce_call /opt/stack/keystone/keystone/common/rbac_enforcer/enforcer.py:457}}
Oct 20 01:52:49 user devstack@keystone.service[45355]: [pid: 45355|app: 0|req: 64/199] 10.0.0.210 () {60 vars in 1127 bytes} [Fri Oct 20 01:52:49 2023] POST /identity/v3/users => generated 292 bytes in 153 msecs (HTTP/1.1 201) 5 headers in 182 bytes (1 switches on core 0)
Oct 20 01:52:49 user devstack@keystone.service[45356]: [pid: 45356|app: 0|req: 72/200] 10.0.0.210 () {56 vars in 1172 bytes} [Fri Oct 20 01:52:49 2023] GET /identity/v3/users/015fa9d973f347c6a715c724f1315a43 => generated 296 bytes in 151 msecs (HTTP/1.1 200) 5 headers in 177 bytes (1 switches on core 0)
Oct 20 01:52:49 user devstack@keystone.service[45355]: DEBUG keystone.server.flask.request_processing.middleware.auth_context [None req-7872ec1f-3e5d-48bf-917d-c38c29e1da36 None admin] Authenticating user token {{(pid=45355) process_request /opt/stack/data/venv/lib/python3.10/site-packages/keystonemiddleware/auth_token/__init__.py:406}}
Oct 20 01:52:49 user devstack@keystone.service[45354]: DEBUG keystone.server.flask.request_processing.middleware.auth_context [None req-f412b0d3-746a-4e8b-8f6d-2be97cc8c3f6 None admin] Validating token access rules against request {{(pid=45354) validate_allowed_request /opt/stack/data/venv/lib/python3.10/site-packages/keystonemiddleware/auth_token/__init__.py:544}}
Oct 20 01:52:49 user devstack@keystone.service[45354]: DEBUG keystone.server.flask.request_processing.middleware.auth_context [None req-c394b7f5-0db0-4e0a-bd2a-1b6f90e36a04 None admin] RBAC: auth_context: {'token': , 'domain_id': None, 'trust_id': None, 'trustor_id': None, 'trustee_id': None, 'domain_name': None, 'group_ids': [], 'user_id': '50246525d46341419d98bd58581ae3c0', 'user_domain_id': 'default', 'system_scope': 'all', 'project_id': None, 'project_domain_id': None, 'roles': ['admin', 'manager', 'member', 'reader'], 'is_admin_project': True, 'service_user_id': None, 'service_user_domain_id': None, 'service_project_id': None, 'service_project_domain_id': None, 'service_roles': []} {{(pid=45354) fill_context /opt/stack/keystone/keystone/server/flask/request_processing/middleware/auth_context.py:480}}
Oct 20 01:52:49 user devstack@keystone.service[45354]: DEBUG keystone.server.flask.request_processing.req_logging [None req-c394b7f5-0db0-4e0a-bd2a-1b6f90e36a04 None admin] REQUEST_METHOD: `GET` {{(pid=45354) log_request_info /opt/stack/keystone/keystone/server/flask/request_processing/req_logging.py:27}}
Oct 20 01:52:49 user devstack@keystone.service[45354]: DEBUG keystone.server.flask.request_processing.req_logging [None req-c394b7f5-0db0-4e0a-bd2a-1b6f90e36a04 None admin] SCRIPT_NAME: `/identity` {{(pid=45354) log_request_info /opt/stack/keystone/keystone/server/flask/request_processing/req_logging.py:28}}
Oct 20 01:52:49 user devstack@keystone.service[45354]: DEBUG keystone.server.flask.request_processing.req_logging [None req-c394b7f5-0db0-4e0a-bd2a-1b6f90e36a04 None admin] PATH_INFO: `/v3/roles` {{(pid=45354) log_request_info /opt/stack/keystone/keystone/server/flask/request_processing/req_logging.py:29}}
Oct 20 01:52:49 user devstack@keystone.service[45354]: DEBUG keystone.common.rbac_enforcer.enforcer [None req-c394b7f5-0db0-4e0a-bd2a-1b6f90e36a04 None admin] RBAC: Adding query filter params (name=member) {{(pid=45354) _extract_filter_values /opt/stack/keystone/keystone/common/rbac_enforcer/enforcer.py:167}}
Oct 20 01:52:49 user devstack@keystone.service[45354]: DEBUG keystone.common.rbac_enforcer.enforcer [None req-c394b7f5-0db0-4e0a-bd2a-1b6f90e36a04 None admin] RBAC: Authorizing `identity:list_roles()` {{(pid=45354) enforce_call /opt/stack/keystone/keystone/common/rbac_enforcer/enforcer.py:449}}
Oct 20 01:52:49 user devstack@keystone.service[45354]: DEBUG keystone.common.rbac_enforcer.enforcer [None req-c394b7f5-0db0-4e0a-bd2a-1b6f90e36a04 None admin] RBAC: Authorization granted {{(pid=45354) enforce_call /opt/stack/keystone/keystone/common/rbac_enforcer/enforcer.py:457}}
Oct 20 01:52:49 user devstack@keystone.service[45354]: [pid: 45354|app: 0|req: 65/201] 10.0.0.210 () {56 vars in 1096 bytes} [Fri Oct 20 01:52:49 2023] GET /identity/v3/roles?name=member => generated 339 bytes in 159 msecs (HTTP/1.1 200) 5 headers in 177 bytes (1 switches on core 0)
Oct 20 01:52:49 user devstack@keystone.service[45356]: DEBUG keystone.server.flask.request_processing.middleware.auth_context [None req-915d04b4-7c09-4a05-b5e9-d63d80689608 None admin] Authenticating user token {{(pid=45356) process_request /opt/stack/data/venv/lib/python3.10/site-packages/keystonemiddleware/auth_token/__init__.py:406}}
Oct 20 01:52:49 user devstack@keystone.service[45355]: DEBUG keystone.server.flask.request_processing.middleware.auth_context [None req-7872ec1f-3e5d-48bf-917d-c38c29e1da36 None admin] Validating token access rules against request {{(pid=45355) validate_allowed_request /opt/stack/data/venv/lib/python3.10/site-packages/keystonemiddleware/auth_token/__init__.py:544}}
Oct 20 01:52:49 user devstack@keystone.service[45355]: DEBUG keystone.server.flask.request_processing.middleware.auth_context [None req-faa25e3a-5a76-4b9f-b757-cd769bc86846 None admin] RBAC: auth_context: {'token': , 'domain_id': None, 'trust_id': None, 'trustor_id': None, 'trustee_id': None, 'domain_name': None, 'group_ids': [], 'user_id': '50246525d46341419d98bd58581ae3c0', 'user_domain_id': 'default', 'system_scope': 'all', 'project_id': None, 'project_domain_id': None, 'roles': ['admin', 'manager', 'member', 'reader'], 'is_admin_project': True, 'service_user_id': None, 'service_user_domain_id': None, 'service_project_id': None, 'service_project_domain_id': None, 'service_roles': []} {{(pid=45355) fill_context /opt/stack/keystone/keystone/server/flask/request_processing/middleware/auth_context.py:480}}
Oct 20 01:52:49 user devstack@keystone.service[45355]: DEBUG keystone.server.flask.request_processing.req_logging [None req-faa25e3a-5a76-4b9f-b757-cd769bc86846 None admin] REQUEST_METHOD: `GET` {{(pid=45355) log_request_info /opt/stack/keystone/keystone/server/flask/request_processing/req_logging.py:27}}
Oct 20 01:52:49 user devstack@keystone.service[45355]: DEBUG keystone.server.flask.request_processing.req_logging [None req-faa25e3a-5a76-4b9f-b757-cd769bc86846 None admin] SCRIPT_NAME: `/identity` {{(pid=45355) log_request_info /opt/stack/keystone/keystone/server/flask/request_processing/req_logging.py:28}}
Oct 20 01:52:49 user devstack@keystone.service[45355]: DEBUG keystone.server.flask.request_processing.req_logging [None req-faa25e3a-5a76-4b9f-b757-cd769bc86846 None admin] PATH_INFO: `/v3/projects/2fc9ff86411e4323b88dcad22bd7a63c` {{(pid=45355) log_request_info /opt/stack/keystone/keystone/server/flask/request_processing/req_logging.py:29}}
Oct 20 01:52:49 user devstack@keystone.service[45355]: DEBUG keystone.common.rbac_enforcer.enforcer [None req-faa25e3a-5a76-4b9f-b757-cd769bc86846 None admin] RBAC: Authorizing `identity:get_project(project_id=2fc9ff86411e4323b88dcad22bd7a63c)` {{(pid=45355) enforce_call /opt/stack/keystone/keystone/common/rbac_enforcer/enforcer.py:449}}
Oct 20 01:52:49 user devstack@keystone.service[45355]: DEBUG keystone.common.rbac_enforcer.enforcer [None req-faa25e3a-5a76-4b9f-b757-cd769bc86846 None admin] RBAC: Authorization granted {{(pid=45355) enforce_call /opt/stack/keystone/keystone/common/rbac_enforcer/enforcer.py:457}}
Oct 20 01:52:49 user devstack@keystone.service[45355]: [pid: 45355|app: 0|req: 65/202] 10.0.0.210 () {56 vars in 1181 bytes} [Fri Oct 20 01:52:49 2023] GET /identity/v3/projects/2fc9ff86411e4323b88dcad22bd7a63c => generated 301 bytes in 133 msecs (HTTP/1.1 200) 5 headers in 177 bytes (2 switches on core 0)
Oct 20 01:52:49 user devstack@keystone.service[45354]: DEBUG keystone.server.flask.request_processing.middleware.auth_context [None req-c394b7f5-0db0-4e0a-bd2a-1b6f90e36a04 None admin] Authenticating user token {{(pid=45354) process_request /opt/stack/data/venv/lib/python3.10/site-packages/keystonemiddleware/auth_token/__init__.py:406}}
Oct 20 01:52:49 user devstack@keystone.service[45356]: DEBUG keystone.server.flask.request_processing.middleware.auth_context [None req-915d04b4-7c09-4a05-b5e9-d63d80689608 None admin] Validating token access rules against request {{(pid=45356) validate_allowed_request /opt/stack/data/venv/lib/python3.10/site-packages/keystonemiddleware/auth_token/__init__.py:544}}
Oct 20 01:52:49 user devstack@keystone.service[45354]: DEBUG keystone.server.flask.request_processing.middleware.auth_context [None req-c394b7f5-0db0-4e0a-bd2a-1b6f90e36a04 None admin] Validating token access rules against request {{(pid=45354) validate_allowed_request /opt/stack/data/venv/lib/python3.10/site-packages/keystonemiddleware/auth_token/__init__.py:544}}
Oct 20 01:52:49 user devstack@keystone.service[45356]: DEBUG keystone.server.flask.request_processing.middleware.auth_context [None req-4d02f1a7-5daa-46ad-9324-db0a4a162d90 None admin] RBAC: auth_context: {'token': , 'domain_id': None, 'trust_id': None, 'trustor_id': None, 'trustee_id': None, 'domain_name': None, 'group_ids': [], 'user_id': '50246525d46341419d98bd58581ae3c0', 'user_domain_id': 'default', 'system_scope': 'all', 'project_id': None, 'project_domain_id': None, 'roles': ['admin', 'manager', 'member', 'reader'], 'is_admin_project': True, 'service_user_id': None, 'service_user_domain_id': None, 'service_project_id': None, 'service_project_domain_id': None, 'service_roles': []} {{(pid=45356) fill_context /opt/stack/keystone/keystone/server/flask/request_processing/middleware/auth_context.py:480}}
Oct 20 01:52:49 user devstack@keystone.service[45356]: DEBUG keystone.server.flask.request_processing.req_logging [None req-4d02f1a7-5daa-46ad-9324-db0a4a162d90 None admin] REQUEST_METHOD: `GET` {{(pid=45356) log_request_info /opt/stack/keystone/keystone/server/flask/request_processing/req_logging.py:27}}
Oct 20 01:52:49 user devstack@keystone.service[45356]: DEBUG keystone.server.flask.request_processing.req_logging [None req-4d02f1a7-5daa-46ad-9324-db0a4a162d90 None admin] SCRIPT_NAME: `/identity` {{(pid=45356) log_request_info /opt/stack/keystone/keystone/server/flask/request_processing/req_logging.py:28}}
Oct 20 01:52:49 user devstack@keystone.service[45356]: DEBUG keystone.server.flask.request_processing.req_logging [None req-4d02f1a7-5daa-46ad-9324-db0a4a162d90 None admin] PATH_INFO: `/v3/users/558e7b52f8d74635bc0bd16d6791c78e` {{(pid=45356) log_request_info /opt/stack/keystone/keystone/server/flask/request_processing/req_logging.py:29}}
Oct 20 01:52:49 user devstack@keystone.service[45356]: DEBUG keystone.common.rbac_enforcer.enforcer [None req-4d02f1a7-5daa-46ad-9324-db0a4a162d90 None admin] RBAC: Authorizing `identity:get_user(user_id=558e7b52f8d74635bc0bd16d6791c78e)` {{(pid=45356) enforce_call /opt/stack/keystone/keystone/common/rbac_enforcer/enforcer.py:449}}
Oct 20 01:52:49 user devstack@keystone.service[45356]: DEBUG keystone.common.rbac_enforcer.enforcer [None req-4d02f1a7-5daa-46ad-9324-db0a4a162d90 None admin] RBAC: Authorization granted {{(pid=45356) enforce_call /opt/stack/keystone/keystone/common/rbac_enforcer/enforcer.py:457}}
Oct 20 01:52:49 user devstack@keystone.service[45356]: [pid: 45356|app: 0|req: 73/203] 10.0.0.210 () {56 vars in 1172 bytes} [Fri Oct 20 01:52:49 2023] GET /identity/v3/users/558e7b52f8d74635bc0bd16d6791c78e => generated 296 bytes in 159 msecs (HTTP/1.1 200) 5 headers in 177 bytes (1 switches on core 0)
Oct 20 01:52:49 user devstack@keystone.service[45355]: DEBUG keystone.server.flask.request_processing.middleware.auth_context [None req-faa25e3a-5a76-4b9f-b757-cd769bc86846 None admin] Authenticating user token {{(pid=45355) process_request /opt/stack/data/venv/lib/python3.10/site-packages/keystonemiddleware/auth_token/__init__.py:406}}
Oct 20 01:52:49 user devstack@keystone.service[45354]: DEBUG keystone.server.flask.request_processing.middleware.auth_context [None req-ecb27949-6f34-43a0-adbd-338cb4d89bf9 None admin] RBAC: auth_context: {'token': , 'domain_id': None, 'trust_id': None, 'trustor_id': None, 'trustee_id': None, 'domain_name': None, 'group_ids': [], 'user_id': '50246525d46341419d98bd58581ae3c0', 'user_domain_id': 'default', 'system_scope': 'all', 'project_id': None, 'project_domain_id': None, 'roles': ['admin', 'manager', 'member', 'reader'], 'is_admin_project': True, 'service_user_id': None, 'service_user_domain_id': None, 'service_project_id': None, 'service_project_domain_id': None, 'service_roles': []} {{(pid=45354) fill_context /opt/stack/keystone/keystone/server/flask/request_processing/middleware/auth_context.py:480}}
Oct 20 01:52:49 user devstack@keystone.service[45354]: DEBUG keystone.server.flask.request_processing.req_logging [None req-ecb27949-6f34-43a0-adbd-338cb4d89bf9 None admin] REQUEST_METHOD: `PUT` {{(pid=45354) log_request_info /opt/stack/keystone/keystone/server/flask/request_processing/req_logging.py:27}}
Oct 20 01:52:49 user devstack@keystone.service[45354]: DEBUG keystone.server.flask.request_processing.req_logging [None req-ecb27949-6f34-43a0-adbd-338cb4d89bf9 None admin] SCRIPT_NAME: `/identity` {{(pid=45354) log_request_info /opt/stack/keystone/keystone/server/flask/request_processing/req_logging.py:28}}
Oct 20 01:52:49 user devstack@keystone.service[45354]: DEBUG keystone.server.flask.request_processing.req_logging [None req-ecb27949-6f34-43a0-adbd-338cb4d89bf9 None admin] PATH_INFO: `/v3/projects/2fc9ff86411e4323b88dcad22bd7a63c/users/015fa9d973f347c6a715c724f1315a43/roles/47ca6eaa25574e7a8207e7d2f7182f39` {{(pid=45354) log_request_info /opt/stack/keystone/keystone/server/flask/request_processing/req_logging.py:29}}
Oct 20 01:52:49 user devstack@keystone.service[45354]: DEBUG keystone.common.rbac_enforcer.enforcer [None req-ecb27949-6f34-43a0-adbd-338cb4d89bf9 None admin] RBAC: Authorizing `identity:create_grant(project_id=2fc9ff86411e4323b88dcad22bd7a63c, user_id=015fa9d973f347c6a715c724f1315a43, role_id=47ca6eaa25574e7a8207e7d2f7182f39)` {{(pid=45354) enforce_call /opt/stack/keystone/keystone/common/rbac_enforcer/enforcer.py:449}}
Oct 20 01:52:49 user devstack@keystone.service[45354]: DEBUG keystone.common.rbac_enforcer.enforcer [None req-ecb27949-6f34-43a0-adbd-338cb4d89bf9 None admin] RBAC: Authorization granted {{(pid=45354) enforce_call /opt/stack/keystone/keystone/common/rbac_enforcer/enforcer.py:457}}
Oct 20 01:52:49 user devstack@keystone.service[45354]: [pid: 45354|app: 0|req: 66/204] 10.0.0.210 () {58 vars in 1434 bytes} [Fri Oct 20 01:52:49 2023] PUT /identity/v3/projects/2fc9ff86411e4323b88dcad22bd7a63c/users/015fa9d973f347c6a715c724f1315a43/roles/47ca6eaa25574e7a8207e7d2f7182f39 => generated 0 bytes in 155 msecs (HTTP/1.1 204) 3 headers in 132 bytes (0 switches on core 0)
Oct 20 01:52:49 user devstack@keystone.service[45355]: DEBUG keystone.server.flask.request_processing.middleware.auth_context [None req-faa25e3a-5a76-4b9f-b757-cd769bc86846 None admin] Validating token access rules against request {{(pid=45355) validate_allowed_request /opt/stack/data/venv/lib/python3.10/site-packages/keystonemiddleware/auth_token/__init__.py:544}}
Oct 20 01:52:49 user devstack@keystone.service[45355]: DEBUG keystone.server.flask.request_processing.middleware.auth_context [None req-378dc869-79fd-4e7c-a7b8-67bcaf9f2f56 None admin] RBAC: auth_context: {'token': , 'domain_id': None, 'trust_id': None, 'trustor_id': None, 'trustee_id': None, 'domain_name': None, 'group_ids': [], 'user_id': '50246525d46341419d98bd58581ae3c0', 'user_domain_id': 'default', 'system_scope': 'all', 'project_id': None, 'project_domain_id': None, 'roles': ['admin', 'manager', 'member', 'reader'], 'is_admin_project': True, 'service_user_id': None, 'service_user_domain_id': None, 'service_project_id': None, 'service_project_domain_id': None, 'service_roles': []} {{(pid=45355) fill_context /opt/stack/keystone/keystone/server/flask/request_processing/middleware/auth_context.py:480}}
Oct 20 01:52:49 user devstack@keystone.service[45355]: DEBUG keystone.server.flask.request_processing.req_logging [None req-378dc869-79fd-4e7c-a7b8-67bcaf9f2f56 None admin] REQUEST_METHOD: `GET` {{(pid=45355) log_request_info /opt/stack/keystone/keystone/server/flask/request_processing/req_logging.py:27}}
Oct 20 01:52:49 user devstack@keystone.service[45355]: DEBUG keystone.server.flask.request_processing.req_logging [None req-378dc869-79fd-4e7c-a7b8-67bcaf9f2f56 None admin] SCRIPT_NAME: `/identity` {{(pid=45355) log_request_info /opt/stack/keystone/keystone/server/flask/request_processing/req_logging.py:28}}
Oct 20 01:52:49 user devstack@keystone.service[45355]: DEBUG keystone.server.flask.request_processing.req_logging [None req-378dc869-79fd-4e7c-a7b8-67bcaf9f2f56 None admin] PATH_INFO: `/v3/auth/tokens` {{(pid=45355) log_request_info /opt/stack/keystone/keystone/server/flask/request_processing/req_logging.py:29}}
Oct 20 01:52:50 user devstack@keystone.service[45355]: DEBUG keystone.common.rbac_enforcer.enforcer [None req-378dc869-79fd-4e7c-a7b8-67bcaf9f2f56 None admin] RBAC: Authorizing `identity:validate_token()` {{(pid=45355) enforce_call /opt/stack/keystone/keystone/common/rbac_enforcer/enforcer.py:449}}
Oct 20 01:52:50 user devstack@keystone.service[45355]: DEBUG keystone.common.rbac_enforcer.enforcer [None req-378dc869-79fd-4e7c-a7b8-67bcaf9f2f56 None admin] RBAC: Authorization granted {{(pid=45355) enforce_call /opt/stack/keystone/keystone/common/rbac_enforcer/enforcer.py:457}}
Oct 20 01:52:50 user devstack@keystone.service[45355]: [pid: 45355|app: 0|req: 66/205] 10.0.0.210 () {58 vars in 1277 bytes} [Fri Oct 20 01:52:49 2023] GET /identity/v3/auth/tokens => generated 861 bytes in 331 msecs (HTTP/1.1 200) 6 headers in 358 bytes (2 switches on core 0)
Oct 20 01:52:50 user devstack@keystone.service[45356]: DEBUG keystone.server.flask.request_processing.middleware.auth_context [None req-4d02f1a7-5daa-46ad-9324-db0a4a162d90 None admin] Authenticating user token {{(pid=45356) process_request /opt/stack/data/venv/lib/python3.10/site-packages/keystonemiddleware/auth_token/__init__.py:406}}
Oct 20 01:52:50 user devstack@keystone.service[45356]: DEBUG keystone.server.flask.request_processing.middleware.auth_context [None req-4d02f1a7-5daa-46ad-9324-db0a4a162d90 None admin] Validating token access rules against request {{(pid=45356) validate_allowed_request /opt/stack/data/venv/lib/python3.10/site-packages/keystonemiddleware/auth_token/__init__.py:544}}
Oct 20 01:52:50 user devstack@keystone.service[45356]: DEBUG keystone.server.flask.request_processing.middleware.auth_context [None req-41b9abf9-7d4b-48e3-b7b3-412b1e41b875 None admin] RBAC: auth_context: {'token': , 'domain_id': None, 'trust_id': None, 'trustor_id': None, 'trustee_id': None, 'domain_name': None, 'group_ids': [], 'user_id': '50246525d46341419d98bd58581ae3c0', 'user_domain_id': 'default', 'system_scope': 'all', 'project_id': None, 'project_domain_id': None, 'roles': ['admin', 'manager', 'member', 'reader'], 'is_admin_project': True, 'service_user_id': None, 'service_user_domain_id': None, 'service_project_id': None, 'service_project_domain_id': None, 'service_roles': []} {{(pid=45356) fill_context /opt/stack/keystone/keystone/server/flask/request_processing/middleware/auth_context.py:480}}
Oct 20 01:52:50 user devstack@keystone.service[45356]: DEBUG keystone.server.flask.request_processing.req_logging [None req-41b9abf9-7d4b-48e3-b7b3-412b1e41b875 None admin] REQUEST_METHOD: `GET` {{(pid=45356) log_request_info /opt/stack/keystone/keystone/server/flask/request_processing/req_logging.py:27}}
Oct 20 01:52:50 user devstack@keystone.service[45356]: DEBUG keystone.server.flask.request_processing.req_logging [None req-41b9abf9-7d4b-48e3-b7b3-412b1e41b875 None admin] SCRIPT_NAME: `/identity` {{(pid=45356) log_request_info /opt/stack/keystone/keystone/server/flask/request_processing/req_logging.py:28}}
Oct 20 01:52:50 user devstack@keystone.service[45356]: DEBUG keystone.server.flask.request_processing.req_logging [None req-41b9abf9-7d4b-48e3-b7b3-412b1e41b875 None admin] PATH_INFO: `/v3/projects/2fc9ff86411e4323b88dcad22bd7a63c` {{(pid=45356) log_request_info /opt/stack/keystone/keystone/server/flask/request_processing/req_logging.py:29}}
Oct 20 01:52:50 user devstack@keystone.service[45356]: DEBUG keystone.common.rbac_enforcer.enforcer [None req-41b9abf9-7d4b-48e3-b7b3-412b1e41b875 None admin] RBAC: Authorizing `identity:get_project(project_id=2fc9ff86411e4323b88dcad22bd7a63c)` {{(pid=45356) enforce_call /opt/stack/keystone/keystone/common/rbac_enforcer/enforcer.py:449}}
Oct 20 01:52:50 user devstack@keystone.service[45356]: DEBUG keystone.common.rbac_enforcer.enforcer [None req-41b9abf9-7d4b-48e3-b7b3-412b1e41b875 None admin] RBAC: Authorization granted {{(pid=45356) enforce_call /opt/stack/keystone/keystone/common/rbac_enforcer/enforcer.py:457}}
Oct 20 01:52:50 user devstack@keystone.service[45356]: [pid: 45356|app: 0|req: 74/206] 10.0.0.210 () {56 vars in 1181 bytes} [Fri Oct 20 01:52:50 2023] GET /identity/v3/projects/2fc9ff86411e4323b88dcad22bd7a63c => generated 301 bytes in 135 msecs (HTTP/1.1 200) 5 headers in 177 bytes (1 switches on core 0)
Oct 20 01:52:50 user devstack@keystone.service[45354]: DEBUG keystone.server.flask.request_processing.middleware.auth_context [None req-ecb27949-6f34-43a0-adbd-338cb4d89bf9 None admin] Authenticating user token {{(pid=45354) process_request /opt/stack/data/venv/lib/python3.10/site-packages/keystonemiddleware/auth_token/__init__.py:406}}
Oct 20 01:52:50 user devstack@keystone.service[45354]: DEBUG keystone.server.flask.request_processing.middleware.auth_context [None req-ecb27949-6f34-43a0-adbd-338cb4d89bf9 None admin] Validating token access rules against request {{(pid=45354) validate_allowed_request /opt/stack/data/venv/lib/python3.10/site-packages/keystonemiddleware/auth_token/__init__.py:544}}
Oct 20 01:52:50 user devstack@keystone.service[45354]: DEBUG keystone.server.flask.request_processing.middleware.auth_context [None req-6b80d5ac-4ae4-471d-9a3b-b8b1036cb56e None admin] RBAC: auth_context: {'token': , 'domain_id': None, 'trust_id': None, 'trustor_id': None, 'trustee_id': None, 'domain_name': None, 'group_ids': [], 'user_id': '50246525d46341419d98bd58581ae3c0', 'user_domain_id': 'default', 'system_scope': 'all', 'project_id': None, 'project_domain_id': None, 'roles': ['admin', 'manager', 'member', 'reader'], 'is_admin_project': True, 'service_user_id': None, 'service_user_domain_id': None, 'service_project_id': None, 'service_project_domain_id': None, 'service_roles': []} {{(pid=45354) fill_context /opt/stack/keystone/keystone/server/flask/request_processing/middleware/auth_context.py:480}}
Oct 20 01:52:50 user devstack@keystone.service[45354]: DEBUG keystone.server.flask.request_processing.req_logging [None req-6b80d5ac-4ae4-471d-9a3b-b8b1036cb56e None admin] REQUEST_METHOD: `GET` {{(pid=45354) log_request_info /opt/stack/keystone/keystone/server/flask/request_processing/req_logging.py:27}}
Oct 20 01:52:50 user devstack@keystone.service[45354]: DEBUG keystone.server.flask.request_processing.req_logging [None req-6b80d5ac-4ae4-471d-9a3b-b8b1036cb56e None admin] SCRIPT_NAME: `/identity` {{(pid=45354) log_request_info /opt/stack/keystone/keystone/server/flask/request_processing/req_logging.py:28}}
Oct 20 01:52:50 user devstack@keystone.service[45354]: DEBUG keystone.server.flask.request_processing.req_logging [None req-6b80d5ac-4ae4-471d-9a3b-b8b1036cb56e None admin] PATH_INFO: `/v3/role_assignments` {{(pid=45354) log_request_info /opt/stack/keystone/keystone/server/flask/request_processing/req_logging.py:29}}
Oct 20 01:52:50 user devstack@keystone.service[45354]: DEBUG keystone.common.rbac_enforcer.enforcer [None req-6b80d5ac-4ae4-471d-9a3b-b8b1036cb56e None admin] RBAC: Adding query filter params (role.id=2ef542be7e2a489980412b8103ec70c2, scope.project.id=2fc9ff86411e4323b88dcad22bd7a63c, user.id=558e7b52f8d74635bc0bd16d6791c78e) {{(pid=45354) _extract_filter_values /opt/stack/keystone/keystone/common/rbac_enforcer/enforcer.py:167}}
Oct 20 01:52:50 user devstack@keystone.service[45354]: DEBUG keystone.common.rbac_enforcer.enforcer [None req-6b80d5ac-4ae4-471d-9a3b-b8b1036cb56e None admin] RBAC: Authorizing `identity:list_role_assignments()` {{(pid=45354) enforce_call /opt/stack/keystone/keystone/common/rbac_enforcer/enforcer.py:449}}
Oct 20 01:52:50 user devstack@keystone.service[45354]: DEBUG keystone.common.rbac_enforcer.enforcer [None req-6b80d5ac-4ae4-471d-9a3b-b8b1036cb56e None admin] RBAC: Authorization granted {{(pid=45354) enforce_call /opt/stack/keystone/keystone/common/rbac_enforcer/enforcer.py:457}}
Oct 20 01:52:50 user devstack@keystone.service[45354]: [pid: 45354|app: 0|req: 67/207] 10.0.0.210 () {56 vars in 1369 bytes} [Fri Oct 20 01:52:50 2023] GET /identity/v3/role_assignments?user.id=558e7b52f8d74635bc0bd16d6791c78e&scope.project.id=2fc9ff86411e4323b88dcad22bd7a63c&role.id=2ef542be7e2a489980412b8103ec70c2 => generated 606 bytes in 134 msecs (HTTP/1.1 200) 5 headers in 177 bytes (1 switches on core 0)
Oct 20 01:52:51 user devstack@keystone.service[45355]: DEBUG keystone.server.flask.request_processing.req_logging [None req-2e44ac17-ec0a-4de4-a90a-7ce48604c28d None None] REQUEST_METHOD: `GET` {{(pid=45355) log_request_info /opt/stack/keystone/keystone/server/flask/request_processing/req_logging.py:27}}
Oct 20 01:52:51 user devstack@keystone.service[45355]: DEBUG keystone.server.flask.request_processing.req_logging [None req-2e44ac17-ec0a-4de4-a90a-7ce48604c28d None None] SCRIPT_NAME: `/identity` {{(pid=45355) log_request_info /opt/stack/keystone/keystone/server/flask/request_processing/req_logging.py:28}}
Oct 20 01:52:51 user devstack@keystone.service[45355]: DEBUG keystone.server.flask.request_processing.req_logging [None req-2e44ac17-ec0a-4de4-a90a-7ce48604c28d None None] PATH_INFO: `/` {{(pid=45355) log_request_info /opt/stack/keystone/keystone/server/flask/request_processing/req_logging.py:29}}
Oct 20 01:52:51 user devstack@keystone.service[45355]: [pid: 45355|app: 0|req: 67/208] 10.0.0.210 () {54 vars in 921 bytes} [Fri Oct 20 01:52:51 2023] GET /identity => generated 269 bytes in 3 msecs (HTTP/1.1 300) 6 headers in 233 bytes (1 switches on core 0)
Oct 20 01:52:51 user devstack@keystone.service[45356]: DEBUG keystone.server.flask.request_processing.req_logging [None req-eb99e84b-5aa0-4902-9da0-73207e3edb07 None None] REQUEST_METHOD: `POST` {{(pid=45356) log_request_info /opt/stack/keystone/keystone/server/flask/request_processing/req_logging.py:27}}
